{"id":1392,"date":"2023-03-16T09:26:51","date_gmt":"2023-03-16T08:26:51","guid":{"rendered":"https:\/\/hoyre.no\/nordre-follo\/?page_id=1392"},"modified":"2025-03-17T19:31:49","modified_gmt":"2025-03-17T18:31:49","slug":"atte-gode-grunner-til-a-stemme-nordre-follo-hoyre","status":"publish","type":"page","link":"https:\/\/hoyre.no\/nordre-follo\/atte-gode-grunner-til-a-stemme-nordre-follo-hoyre\/","title":{"rendered":"\u00c5tte gode grunner til \u00e5 stemme H\u00f8yre i Nordre Follo"},"content":{"rendered":"\n<div class=\"wp-block-hoyre-hero with-image-gradient text-color-light  has-media alignfull has-background\"><div class=\"hoyre-hero has-image\"><h1 class=\"title\">\u00c5tte gode grunner til \u00e5 stemme H\u00f8yre i Nordre Follo<\/h1><figure class=\"hoyre-image-wrapper\"><div class=\"hoyre-image\"><img loading=\"lazy\" decoding=\"async\" width=\"1612\" height=\"1606\" src=\"https:\/\/hoyre.no\/content\/uploads\/sites\/169\/2022\/10\/Foto-Hans-Kristian-Thorbjornsen-5352-1-scaled-e1686150841245.jpg\" class=\"attachment-scaled size-scaled\" alt=\"\" style=\"object-position: 50% 24%\" srcset=\"https:\/\/hoyre.no\/content\/uploads\/sites\/169\/2022\/10\/Foto-Hans-Kristian-Thorbjornsen-5352-1-scaled-e1686150841245.jpg 1612w, https:\/\/hoyre.no\/content\/uploads\/sites\/169\/2022\/10\/Foto-Hans-Kristian-Thorbjornsen-5352-1-scaled-e1686150841245-300x300.jpg 300w, https:\/\/hoyre.no\/content\/uploads\/sites\/169\/2022\/10\/Foto-Hans-Kristian-Thorbjornsen-5352-1-scaled-e1686150841245-1024x1020.jpg 1024w, https:\/\/hoyre.no\/content\/uploads\/sites\/169\/2022\/10\/Foto-Hans-Kristian-Thorbjornsen-5352-1-scaled-e1686150841245-150x150.jpg 150w, https:\/\/hoyre.no\/content\/uploads\/sites\/169\/2022\/10\/Foto-Hans-Kristian-Thorbjornsen-5352-1-scaled-e1686150841245-768x765.jpg 768w, https:\/\/hoyre.no\/content\/uploads\/sites\/169\/2022\/10\/Foto-Hans-Kristian-Thorbjornsen-5352-1-scaled-e1686150841245-1536x1530.jpg 1536w\" sizes=\"auto, (max-width: 1612px) 100vw, 1612px\" \/><\/div><\/figure><\/div><\/div>\n\n\n\n\n<div class=\"wp-block-hoyre-banner alignwide undefined  is-style-blue\"><div class=\"banner-inner\"><figure class=\"hoyre-image-wrapper\"><div class=\"hoyre-image\"><img loading=\"lazy\" decoding=\"async\" width=\"2500\" height=\"1678\" src=\"https:\/\/hoyre.no\/content\/uploads\/sites\/169\/2025\/03\/Erna-og-nfh-scaled.jpg\" class=\"attachment-scaled size-scaled\" alt=\"\" style=\"object-position: 50% 50%\" srcset=\"https:\/\/hoyre.no\/content\/uploads\/sites\/169\/2025\/03\/Erna-og-nfh-scaled.jpg 2500w, https:\/\/hoyre.no\/content\/uploads\/sites\/169\/2025\/03\/Erna-og-nfh-300x201.jpg 300w, https:\/\/hoyre.no\/content\/uploads\/sites\/169\/2025\/03\/Erna-og-nfh-1024x687.jpg 1024w, https:\/\/hoyre.no\/content\/uploads\/sites\/169\/2025\/03\/Erna-og-nfh-768x516.jpg 768w, https:\/\/hoyre.no\/content\/uploads\/sites\/169\/2025\/03\/Erna-og-nfh-1536x1031.jpg 1536w, https:\/\/hoyre.no\/content\/uploads\/sites\/169\/2025\/03\/Erna-og-nfh-2048x1375.jpg 2048w\" sizes=\"auto, (max-width: 2500px) 100vw, 2500px\" \/><\/div><\/figure><div class=\"banner-content\"><div class=\"entry-content\">\n<p>H\u00f8yre vil spille p\u00e5 lag med jobbskaperne, lytte til innbyggerne og sette enkeltmennesket foran systemet. Vi vil rett og slett mer for Nordre Follo!<\/p>\n\n\n\n<div class=\"wp-block-buttons is-layout-flex wp-block-buttons-is-layout-flex\"><\/div>\n<\/div><\/div><\/div><\/div>\n\n\n\n<div class=\"wp-block-media-text alignwide is-stacked-on-mobile\"><figure class=\"wp-block-media-text__media\"><img loading=\"lazy\" decoding=\"async\" width=\"1024\" height=\"682\" src=\"https:\/\/hoyre.no\/content\/uploads\/sites\/169\/2023\/03\/m347xAnU-1024x682.jpeg\" alt=\"\" class=\"wp-image-1394 size-full\" srcset=\"https:\/\/hoyre.no\/content\/uploads\/sites\/169\/2023\/03\/m347xAnU-1024x682.jpeg 1024w, https:\/\/hoyre.no\/content\/uploads\/sites\/169\/2023\/03\/m347xAnU-300x200.jpeg 300w, https:\/\/hoyre.no\/content\/uploads\/sites\/169\/2023\/03\/m347xAnU-768x511.jpeg 768w, https:\/\/hoyre.no\/content\/uploads\/sites\/169\/2023\/03\/m347xAnU-1536x1022.jpeg 1536w, https:\/\/hoyre.no\/content\/uploads\/sites\/169\/2023\/03\/m347xAnU.jpeg 2048w\" sizes=\"auto, (max-width: 1024px) 100vw, 1024px\" \/><\/figure><div class=\"wp-block-media-text__content\">\n<h2 class=\"wp-block-heading\"><strong>1. Godt \u00e5 bli gammel i Nordre Follo<\/strong><\/h2>\n\n\n\n<p>H\u00f8yre vil at alle v\u00e5re innbyggere skal kunne leve&nbsp;<em>hele&nbsp;<\/em>livet i et mer aldersvennlig samfunn og v\u00e6re sjef i eget liv. Det skal legges godt til rette for \u00e5 bo hjemme s\u00e5 lenge, men ogs\u00e5 v\u00e6re tilstrekkelig tilbud om sykehjem- og omsorgsplasser. Kommunen skal legge til rette for en aktiv alderdom, ved \u00e5 skape gode m\u00f8teplasser og redusere digitalt utenforskap. H\u00f8yre vil ogs\u00e5 jobbe for at det bygges flere boliger tilpasset eldre, der det er enkelt \u00e5 opps\u00f8ke aktiviteter og m\u00f8teplasser. Vi m\u00e5 i st\u00f8rre grad ta i bruk ny teknologi, jobbe for at de eldre f\u00e5r f\u00e6rre personer \u00e5 forholde seg til og s\u00f8rge for gode fellesskapsl\u00f8sninger.<\/p>\n<\/div><\/div>\n\n\n\n<div class=\"wp-block-media-text alignwide has-media-on-the-right is-stacked-on-mobile\"><div class=\"wp-block-media-text__content\">\n<h2 class=\"wp-block-heading\">2. <strong>God psykisk helse<\/strong><\/h2>\n\n\n\n<p>Rask og riktig hjelp er avgj\u00f8rende. Vi vil ha flere lavterskeltilbud, mer opps\u00f8kende hjelp og flere helsearbeidere innenfor psykisk helse- og rusarbeid. Sammen med Follo-kommunene vil vi fors\u00f8ke en lokal rusreform hvor vi g\u00e5r fra straffereaksjoner til helsehjelp og oppf\u00f8lging.<\/p>\n<\/div><figure class=\"wp-block-media-text__media\"><img loading=\"lazy\" decoding=\"async\" width=\"1024\" height=\"654\" src=\"https:\/\/hoyre.no\/content\/uploads\/sites\/169\/2023\/03\/T_1SW92A-1024x654.jpeg\" alt=\"\" class=\"wp-image-1395 size-full\" srcset=\"https:\/\/hoyre.no\/content\/uploads\/sites\/169\/2023\/03\/T_1SW92A-1024x654.jpeg 1024w, https:\/\/hoyre.no\/content\/uploads\/sites\/169\/2023\/03\/T_1SW92A-300x192.jpeg 300w, https:\/\/hoyre.no\/content\/uploads\/sites\/169\/2023\/03\/T_1SW92A-768x490.jpeg 768w, https:\/\/hoyre.no\/content\/uploads\/sites\/169\/2023\/03\/T_1SW92A-1536x981.jpeg 1536w, https:\/\/hoyre.no\/content\/uploads\/sites\/169\/2023\/03\/T_1SW92A-2048x1308.jpeg 2048w\" sizes=\"auto, (max-width: 1024px) 100vw, 1024px\" \/><\/figure><\/div>\n\n\n\n<div class=\"wp-block-media-text alignwide is-stacked-on-mobile\"><figure class=\"wp-block-media-text__media\"><img loading=\"lazy\" decoding=\"async\" width=\"1024\" height=\"683\" src=\"https:\/\/hoyre.no\/content\/uploads\/sites\/169\/2023\/03\/w5OHPr4c-1024x683.jpeg\" alt=\"\" class=\"wp-image-1396 size-full\" srcset=\"https:\/\/hoyre.no\/content\/uploads\/sites\/169\/2023\/03\/w5OHPr4c-1024x683.jpeg 1024w, https:\/\/hoyre.no\/content\/uploads\/sites\/169\/2023\/03\/w5OHPr4c-300x200.jpeg 300w, https:\/\/hoyre.no\/content\/uploads\/sites\/169\/2023\/03\/w5OHPr4c-768x512.jpeg 768w, https:\/\/hoyre.no\/content\/uploads\/sites\/169\/2023\/03\/w5OHPr4c-1536x1024.jpeg 1536w, https:\/\/hoyre.no\/content\/uploads\/sites\/169\/2023\/03\/w5OHPr4c-2048x1365.jpeg 2048w\" sizes=\"auto, (max-width: 1024px) 100vw, 1024px\" \/><\/figure><div class=\"wp-block-media-text__content\">\n<h2 class=\"wp-block-heading\">3. <strong>En kunnskapsskole med muligheter for alle<\/strong><\/h2>\n\n\n\n<p>H\u00f8yre vil ha skoler der elever opplever mestringsf\u00f8lelsen. Vi vil tilby flere l\u00e6rere etter- og videreutdanning, slik at alle elever m\u00f8ter dr\u00f8mmel\u00e6reren. L\u00e6rerne m\u00e5 f\u00e5 mer tid til \u00e5 v\u00e6re l\u00e6rere. Vi vil satse mer p\u00e5 tidlig innsats og en skole tilpasset den enkelte elev. Vi m\u00e5 bygge et lag rundt eleven, slik at de opplever mestring og trivsel. Ved \u00e5 bestemme mer over egen skolehverdag, tror vi at elevene vil trives bedre og l\u00e6re mer.<\/p>\n<\/div><\/div>\n\n\n\n<div class=\"wp-block-media-text alignwide has-media-on-the-right is-stacked-on-mobile\"><div class=\"wp-block-media-text__content\">\n<h2 class=\"wp-block-heading\">4. <strong>En attraktiv bolig- og stedsutvikling<\/strong><\/h2>\n\n\n\n<p>God utvikling skaper en attraktiv kommune. Derfor vil vi f\u00f8re en offensiv og forutsigbar politikk p\u00e5 by- og stedsutvikling. Vi vil stille krav til stedstilpasset utbygging som tilpasses omgivelsene og hvor man forandrer for \u00e5 bevare. H\u00f8yre vil ha en helhetlig utviklingsplan og bygge for fremtiden med gode sentrumsrom, gr\u00f8nne oaser og aktiviteter.<\/p>\n\n\n\n<p>H\u00f8yre vil at flere skal kunne oppleve boligdr\u00f8mmen og at man skal kunne leve hele livet sitt i kommunen. H\u00f8yres m\u00e5l er et mer inkluderende og variert boligmarked. Vi vil derfor ta i bruk ulike boligsosiale modeller, som f.eks leie-til-eie i flere prosjekter, og jobbe for et mer variert boligmarked tilpasset alle aldersgrupper.<\/p>\n<\/div><figure class=\"wp-block-media-text__media\"><img loading=\"lazy\" decoding=\"async\" width=\"1024\" height=\"683\" src=\"https:\/\/hoyre.no\/content\/uploads\/sites\/169\/2023\/03\/ECMyiXs0-1024x683.jpeg\" alt=\"\" class=\"wp-image-1397 size-full\" srcset=\"https:\/\/hoyre.no\/content\/uploads\/sites\/169\/2023\/03\/ECMyiXs0-1024x683.jpeg 1024w, https:\/\/hoyre.no\/content\/uploads\/sites\/169\/2023\/03\/ECMyiXs0-300x200.jpeg 300w, https:\/\/hoyre.no\/content\/uploads\/sites\/169\/2023\/03\/ECMyiXs0-768x512.jpeg 768w, https:\/\/hoyre.no\/content\/uploads\/sites\/169\/2023\/03\/ECMyiXs0-1536x1024.jpeg 1536w, https:\/\/hoyre.no\/content\/uploads\/sites\/169\/2023\/03\/ECMyiXs0-2048x1365.jpeg 2048w\" sizes=\"auto, (max-width: 1024px) 100vw, 1024px\" \/><\/figure><\/div>\n\n\n\n<div class=\"wp-block-media-text alignwide is-stacked-on-mobile\"><figure class=\"wp-block-media-text__media\"><img loading=\"lazy\" decoding=\"async\" width=\"1024\" height=\"566\" src=\"https:\/\/hoyre.no\/content\/uploads\/sites\/169\/2023\/03\/fYzG9_RE-1024x566.jpeg\" alt=\"\" class=\"wp-image-1398 size-full\" srcset=\"https:\/\/hoyre.no\/content\/uploads\/sites\/169\/2023\/03\/fYzG9_RE-1024x566.jpeg 1024w, https:\/\/hoyre.no\/content\/uploads\/sites\/169\/2023\/03\/fYzG9_RE-300x166.jpeg 300w, https:\/\/hoyre.no\/content\/uploads\/sites\/169\/2023\/03\/fYzG9_RE-768x425.jpeg 768w, https:\/\/hoyre.no\/content\/uploads\/sites\/169\/2023\/03\/fYzG9_RE-1536x850.jpeg 1536w, https:\/\/hoyre.no\/content\/uploads\/sites\/169\/2023\/03\/fYzG9_RE-2048x1133.jpeg 2048w\" sizes=\"auto, (max-width: 1024px) 100vw, 1024px\" \/><\/figure><div class=\"wp-block-media-text__content\">\n<h2 class=\"wp-block-heading\">5. <strong>Gode liv for barnefamilier<\/strong><\/h2>\n\n\n\n<p>Mange familier i Nordre Follo sliter med \u00e5 f\u00e5 endene til \u00e5 m\u00f8tes. H\u00f8yre vil at alle barn og unge i Nordre Follo skal kunne delta p\u00e5 minst \u00e9n fritidsaktivitet i uka, uavhengig av foreldrenes lommebok.<\/p>\n<\/div><\/div>\n\n\n\n<div class=\"wp-block-media-text alignwide has-media-on-the-right is-stacked-on-mobile\"><div class=\"wp-block-media-text__content\">\n<h2 class=\"wp-block-heading\">6. En gr\u00f8nn kommune med bl\u00e5 politikk<\/h2>\n\n\n\n<p>Nordre Follo skal bli en gr\u00f8nnere og mer b\u00e6rekraftig kommune. Vi skal legge til rette for gr\u00f8nt n\u00e6ringsliv, mer sirkul\u00e6r \u00f8konomi og gj\u00f8re det enklere for folk \u00e5 ta klima- og milj\u00f8vennlige valg. Vi vil jobbe for \u00e5 f\u00e5 et gjenbruksanlegg for byggematerialer i regionen.<\/p>\n<\/div><figure class=\"wp-block-media-text__media\"><img loading=\"lazy\" decoding=\"async\" width=\"1024\" height=\"683\" src=\"https:\/\/hoyre.no\/content\/uploads\/sites\/169\/2022\/06\/wheat-g91f33b361_1920-1024x683.jpg\" alt=\"\" class=\"wp-image-1049 size-full\" srcset=\"https:\/\/hoyre.no\/content\/uploads\/sites\/169\/2022\/06\/wheat-g91f33b361_1920-1024x683.jpg 1024w, https:\/\/hoyre.no\/content\/uploads\/sites\/169\/2022\/06\/wheat-g91f33b361_1920-300x200.jpg 300w, https:\/\/hoyre.no\/content\/uploads\/sites\/169\/2022\/06\/wheat-g91f33b361_1920-768x512.jpg 768w, https:\/\/hoyre.no\/content\/uploads\/sites\/169\/2022\/06\/wheat-g91f33b361_1920-1536x1024.jpg 1536w, https:\/\/hoyre.no\/content\/uploads\/sites\/169\/2022\/06\/wheat-g91f33b361_1920.jpg 1920w\" sizes=\"auto, (max-width: 1024px) 100vw, 1024px\" \/><\/figure><\/div>\n\n\n\n<div class=\"wp-block-media-text alignwide is-stacked-on-mobile\"><figure class=\"wp-block-media-text__media\"><img loading=\"lazy\" decoding=\"async\" width=\"1024\" height=\"683\" src=\"https:\/\/hoyre.no\/content\/uploads\/sites\/169\/2023\/03\/CbPdonjc-1024x683.jpeg\" alt=\"\" class=\"wp-image-1400 size-full\" srcset=\"https:\/\/hoyre.no\/content\/uploads\/sites\/169\/2023\/03\/CbPdonjc-1024x683.jpeg 1024w, https:\/\/hoyre.no\/content\/uploads\/sites\/169\/2023\/03\/CbPdonjc-300x200.jpeg 300w, https:\/\/hoyre.no\/content\/uploads\/sites\/169\/2023\/03\/CbPdonjc-768x512.jpeg 768w, https:\/\/hoyre.no\/content\/uploads\/sites\/169\/2023\/03\/CbPdonjc-1536x1024.jpeg 1536w, https:\/\/hoyre.no\/content\/uploads\/sites\/169\/2023\/03\/CbPdonjc-2048x1365.jpeg 2048w\" sizes=\"auto, (max-width: 1024px) 100vw, 1024px\" \/><\/figure><div class=\"wp-block-media-text__content\">\n<h2 class=\"wp-block-heading\"><strong>7. P\u00e5 lag med jobbskaperne<\/strong><\/h2>\n\n\n\n<p>V\u00e5re bedrifter skaper arbeidsplasser og vi vil prioritere arbeidet med \u00e5 etablere flere n\u00e6ringsarealer. Vi st\u00f8tter dem som \u00f8nsker \u00e5 skape sin egen arbeidsplass og det m\u00e5 det bli lettere for bedrifter \u00e5 etablere seg. Vi trenger retningsendring fra dagens styre, v\u00e6re en JA-kommune, som ser muligheter istedenfor utfordringer.<\/p>\n<\/div><\/div>\n\n\n\n<div class=\"wp-block-media-text alignwide has-media-on-the-right is-stacked-on-mobile\"><div class=\"wp-block-media-text__content\">\n<h2 class=\"wp-block-heading\">8. <strong>Garantist mot eiendomsskatt<\/strong><\/h2>\n\n\n\n<p>H\u00f8yre vil ikke innf\u00f8re eiendomsskatt.<\/p>\n\n\n\n<p>Det siste innbyggerne p\u00e5 Nordre Follo trenger er en ny skatt p\u00e5 hjemmene deres. Du f\u00e5r beholde mer av dine egne penger med H\u00f8yre i posisjon.<\/p>\n<\/div><figure class=\"wp-block-media-text__media\"><img loading=\"lazy\" decoding=\"async\" width=\"1024\" height=\"683\" src=\"https:\/\/hoyre.no\/content\/uploads\/sites\/169\/2023\/03\/gseyyHzw-1024x683.jpeg\" alt=\"\" class=\"wp-image-1401 size-full\" srcset=\"https:\/\/hoyre.no\/content\/uploads\/sites\/169\/2023\/03\/gseyyHzw-1024x683.jpeg 1024w, https:\/\/hoyre.no\/content\/uploads\/sites\/169\/2023\/03\/gseyyHzw-300x200.jpeg 300w, https:\/\/hoyre.no\/content\/uploads\/sites\/169\/2023\/03\/gseyyHzw-768x513.jpeg 768w, https:\/\/hoyre.no\/content\/uploads\/sites\/169\/2023\/03\/gseyyHzw-1536x1025.jpeg 1536w, https:\/\/hoyre.no\/content\/uploads\/sites\/169\/2023\/03\/gseyyHzw-2048x1367.jpeg 2048w\" sizes=\"auto, (max-width: 1024px) 100vw, 1024px\" \/><\/figure><\/div>\n\n\n\n<div class=\"wp-block-hoyre-banner alignwide undefined  is-style-dark\"><div class=\"banner-inner\"><figure class=\"hoyre-image-wrapper\"><div class=\"hoyre-image\"><img loading=\"lazy\" decoding=\"async\" width=\"2000\" height=\"1372\" src=\"https:\/\/hoyre.no\/content\/uploads\/sites\/169\/2022\/08\/nordre-follo.jpeg\" class=\"attachment-scaled size-scaled\" alt=\"\" style=\"object-position: 50% 50%\" srcset=\"https:\/\/hoyre.no\/content\/uploads\/sites\/169\/2022\/08\/nordre-follo.jpeg 2000w, https:\/\/hoyre.no\/content\/uploads\/sites\/169\/2022\/08\/nordre-follo-300x206.jpeg 300w, https:\/\/hoyre.no\/content\/uploads\/sites\/169\/2022\/08\/nordre-follo-1024x702.jpeg 1024w, https:\/\/hoyre.no\/content\/uploads\/sites\/169\/2022\/08\/nordre-follo-768x527.jpeg 768w, https:\/\/hoyre.no\/content\/uploads\/sites\/169\/2022\/08\/nordre-follo-1536x1054.jpeg 1536w\" sizes=\"auto, (max-width: 2000px) 100vw, 2000px\" \/><\/div><\/figure><div class=\"banner-content\"><div class=\"entry-content\">\n<h2 class=\"wp-block-heading\" id=\"h-var-ordforer-cecilie\">V\u00e5r ordf\u00f8rer Cecilie<\/h2>\n\n\n\n<p>Cecilie Dahl-J\u00f8rgensen Pind er H\u00f8yres ordf\u00f8rer i Nordre Follo. Bli bedre kjent med henne her!<\/p>\n\n\n\n<div class=\"wp-block-buttons is-layout-flex wp-block-buttons-is-layout-flex\">\n<div class=\"wp-block-button\"><a class=\"wp-block-button__link wp-element-button\" href=\"https:\/\/hoyre.no\/nordre-follo\/ordforer-cecilie-dahl-jorgensen-pind\/\">Les mer<\/a><\/div>\n<\/div>\n<\/div><\/div><\/div><\/div>\n\n\n\n<div class=\"wp-block hoyre-section alignfull has-background is-style-light-blue wp-block-hoyre-section\"><div class=\"inner-blocks alignwide\">\n\n<h1 class=\"wp-block-heading has-text-align-center\" id=\"h-finn-ditt-naermeste-valglokale\">Finn ditt n\u00e6rmeste valglokale<\/h1>\n\n\n\n<p class=\"has-text-align-center\">Du kan forh\u00e5ndsstemme fra 10. august til og med 8. september. I denne perioden kan du stemme i valglokaler over hele landet. Se oversikt over lokale valglokaler og \u00e5pningstider her:<\/p>\n\n\n\n<div class=\"wp-block-buttons is-layout-flex wp-block-buttons-is-layout-flex\">\n<div class=\"wp-block-button is-style-fill aligncenter\"><a class=\"wp-block-button__link wp-element-button\" href=\"https:\/\/www.valg.no\/valglokaler\/valglokaler2\/stem-pa-forhand\/?mpid=3207\" target=\"_blank\" rel=\"noreferrer noopener\">lokaler for forh\u00e5ndsstemming<\/a><\/div>\n<\/div>\n\n\n\n<p class=\"has-text-align-center\">Valgdagene i \u00e5r er s\u00f8ndag 10. september og mandag 11. september. P\u00e5 valgdagen(e) m\u00e5 du stemme i Nordre Follo kommune. Se oversikt over lokale valglokaler og \u00e5pningstider her:<\/p>\n\n\n\n<div class=\"wp-block-buttons is-layout-flex wp-block-buttons-is-layout-flex\">\n<div class=\"wp-block-button aligncenter\"><a class=\"wp-block-button__link wp-element-button\" href=\"https:\/\/www.valg.no\/valglokaler\/valglokaler2\/stemme-pa-valgdagen\/?mpid=3207\" target=\"_blank\" rel=\"noreferrer noopener\">valglokaler p\u00e5 valgdagen<\/a><\/div>\n<\/div>\n\n\n\n<p class=\"has-text-align-center\"><strong>Husk \u00e5 ta med legitimasjon n\u00e5r du skal stemme. Godt valg!<\/strong><\/p>\n\n<\/div><\/div>","protected":false},"excerpt":{"rendered":"","protected":false},"author":15381,"featured_media":0,"parent":0,"menu_order":0,"comment_status":"closed","ping_status":"closed","template":"","meta":{"teft_cards_image_url":"","teft_cards_custom_pretitle":"","teft_cards_image_id":0,"teft_cards_image_focal_point_x":0,"teft_cards_image_focal_point_y":0,"teft_cards_title":"","teft_cards_excerpt":"","teft_show_chapters":false,"footnotes":""},"class_list":["post-1392","page","type-page","status-publish","hentry"],"yoast_head":"<!-- This site is optimized with the Yoast SEO plugin v26.6 - https:\/\/yoast.com\/wordpress\/plugins\/seo\/ -->\n<title>\u00c5tte gode grunner til \u00e5 stemme H\u00f8yre i Nordre Follo - Nordre Follo H\u00f8yre<\/title>\n<meta name=\"robots\" content=\"index, follow, max-snippet:-1, max-image-preview:large, max-video-preview:-1\" \/>\n<link rel=\"canonical\" href=\"https:\/\/hoyre.no\/nordre-follo\/atte-gode-grunner-til-a-stemme-nordre-follo-hoyre\/\" \/>\n<meta property=\"og:locale\" content=\"nb_NO\" \/>\n<meta property=\"og:type\" content=\"article\" \/>\n<meta property=\"og:title\" content=\"\u00c5tte gode grunner til \u00e5 stemme H\u00f8yre i Nordre Follo - Nordre Follo H\u00f8yre\" \/>\n<meta property=\"og:url\" content=\"https:\/\/hoyre.no\/nordre-follo\/atte-gode-grunner-til-a-stemme-nordre-follo-hoyre\/\" \/>\n<meta property=\"og:site_name\" content=\"Nordre Follo H\u00f8yre\" \/>\n<meta property=\"article:modified_time\" content=\"2025-03-17T18:31:49+00:00\" \/>\n<meta property=\"og:image\" content=\"https:\/\/hoyre.no\/content\/uploads\/sites\/169\/2023\/03\/m347xAnU-1024x682.jpeg\" \/>\n<meta name=\"twitter:card\" content=\"summary_large_image\" \/>\n<meta name=\"twitter:label1\" content=\"Ansl. lesetid\" \/>\n\t<meta name=\"twitter:data1\" content=\"6 minutter\" \/>\n<script type=\"application\/ld+json\" class=\"yoast-schema-graph\">{\"@context\":\"https:\/\/schema.org\",\"@graph\":[{\"@type\":\"WebPage\",\"@id\":\"https:\/\/hoyre.no\/nordre-follo\/atte-gode-grunner-til-a-stemme-nordre-follo-hoyre\/\",\"url\":\"https:\/\/hoyre.no\/nordre-follo\/atte-gode-grunner-til-a-stemme-nordre-follo-hoyre\/\",\"name\":\"\u00c5tte gode grunner til \u00e5 stemme H\u00f8yre i Nordre Follo - Nordre Follo H\u00f8yre\",\"isPartOf\":{\"@id\":\"https:\/\/hoyre.no\/nordre-follo\/#website\"},\"image\":{\"@id\":\"https:\/\/hoyre.no\/nordre-follo\/atte-gode-grunner-til-a-stemme-nordre-follo-hoyre\/#primaryimage\"},\"thumbnailUrl\":\"https:\/\/hoyre.no\/content\/uploads\/sites\/169\/2023\/03\/m347xAnU-1024x682.jpeg\",\"datePublished\":\"2023-03-16T08:26:51+00:00\",\"dateModified\":\"2025-03-17T18:31:49+00:00\",\"breadcrumb\":{\"@id\":\"https:\/\/hoyre.no\/nordre-follo\/atte-gode-grunner-til-a-stemme-nordre-follo-hoyre\/#breadcrumb\"},\"inLanguage\":\"nb-NO\",\"potentialAction\":[{\"@type\":\"ReadAction\",\"target\":[\"https:\/\/hoyre.no\/nordre-follo\/atte-gode-grunner-til-a-stemme-nordre-follo-hoyre\/\"]}]},{\"@type\":\"ImageObject\",\"inLanguage\":\"nb-NO\",\"@id\":\"https:\/\/hoyre.no\/nordre-follo\/atte-gode-grunner-til-a-stemme-nordre-follo-hoyre\/#primaryimage\",\"url\":\"https:\/\/hoyre.no\/content\/uploads\/sites\/169\/2023\/03\/m347xAnU-1024x682.jpeg\",\"contentUrl\":\"https:\/\/hoyre.no\/content\/uploads\/sites\/169\/2023\/03\/m347xAnU-1024x682.jpeg\"},{\"@type\":\"BreadcrumbList\",\"@id\":\"https:\/\/hoyre.no\/nordre-follo\/atte-gode-grunner-til-a-stemme-nordre-follo-hoyre\/#breadcrumb\",\"itemListElement\":[{\"@type\":\"ListItem\",\"position\":1,\"name\":\"Til hoyre.no\",\"item\":\"https:\/\/hoyre.no\"},{\"@type\":\"ListItem\",\"position\":2,\"name\":\"Hjem\",\"item\":\"https:\/\/hoyre.no\/nordre-follo\/\"},{\"@type\":\"ListItem\",\"position\":3,\"name\":\"\u00c5tte gode grunner til \u00e5 stemme H\u00f8yre i Nordre Follo\"}]},{\"@type\":\"WebSite\",\"@id\":\"https:\/\/hoyre.no\/nordre-follo\/#website\",\"url\":\"https:\/\/hoyre.no\/nordre-follo\/\",\"name\":\"Nordre Follo H\u00f8yre\",\"description\":\"Bare enda et H\u00f8yres nettsteder-nettsted\",\"inLanguage\":\"nb-NO\"}]}<\/script>\n<!-- \/ Yoast SEO plugin. -->","yoast_head_json":{"title":"\u00c5tte gode grunner til \u00e5 stemme H\u00f8yre i Nordre Follo - Nordre Follo H\u00f8yre","robots":{"index":"index","follow":"follow","max-snippet":"max-snippet:-1","max-image-preview":"max-image-preview:large","max-video-preview":"max-video-preview:-1"},"canonical":"https:\/\/hoyre.no\/nordre-follo\/atte-gode-grunner-til-a-stemme-nordre-follo-hoyre\/","og_locale":"nb_NO","og_type":"article","og_title":"\u00c5tte gode grunner til \u00e5 stemme H\u00f8yre i Nordre Follo - Nordre Follo H\u00f8yre","og_url":"https:\/\/hoyre.no\/nordre-follo\/atte-gode-grunner-til-a-stemme-nordre-follo-hoyre\/","og_site_name":"Nordre Follo H\u00f8yre","article_modified_time":"2025-03-17T18:31:49+00:00","og_image":[{"url":"https:\/\/hoyre.no\/content\/uploads\/sites\/169\/2023\/03\/m347xAnU-1024x682.jpeg","type":"","width":"","height":""}],"twitter_card":"summary_large_image","twitter_misc":{"Ansl. lesetid":"6 minutter"},"schema":{"@context":"https:\/\/schema.org","@graph":[{"@type":"WebPage","@id":"https:\/\/hoyre.no\/nordre-follo\/atte-gode-grunner-til-a-stemme-nordre-follo-hoyre\/","url":"https:\/\/hoyre.no\/nordre-follo\/atte-gode-grunner-til-a-stemme-nordre-follo-hoyre\/","name":"\u00c5tte gode grunner til \u00e5 stemme H\u00f8yre i Nordre Follo - Nordre Follo H\u00f8yre","isPartOf":{"@id":"https:\/\/hoyre.no\/nordre-follo\/#website"},"image":{"@id":"https:\/\/hoyre.no\/nordre-follo\/atte-gode-grunner-til-a-stemme-nordre-follo-hoyre\/#primaryimage"},"thumbnailUrl":"https:\/\/hoyre.no\/content\/uploads\/sites\/169\/2023\/03\/m347xAnU-1024x682.jpeg","datePublished":"2023-03-16T08:26:51+00:00","dateModified":"2025-03-17T18:31:49+00:00","breadcrumb":{"@id":"https:\/\/hoyre.no\/nordre-follo\/atte-gode-grunner-til-a-stemme-nordre-follo-hoyre\/#breadcrumb"},"inLanguage":"nb-NO","potentialAction":[{"@type":"ReadAction","target":["https:\/\/hoyre.no\/nordre-follo\/atte-gode-grunner-til-a-stemme-nordre-follo-hoyre\/"]}]},{"@type":"ImageObject","inLanguage":"nb-NO","@id":"https:\/\/hoyre.no\/nordre-follo\/atte-gode-grunner-til-a-stemme-nordre-follo-hoyre\/#primaryimage","url":"https:\/\/hoyre.no\/content\/uploads\/sites\/169\/2023\/03\/m347xAnU-1024x682.jpeg","contentUrl":"https:\/\/hoyre.no\/content\/uploads\/sites\/169\/2023\/03\/m347xAnU-1024x682.jpeg"},{"@type":"BreadcrumbList","@id":"https:\/\/hoyre.no\/nordre-follo\/atte-gode-grunner-til-a-stemme-nordre-follo-hoyre\/#breadcrumb","itemListElement":[{"@type":"ListItem","position":1,"name":"Til hoyre.no","item":"https:\/\/hoyre.no"},{"@type":"ListItem","position":2,"name":"Hjem","item":"https:\/\/hoyre.no\/nordre-follo\/"},{"@type":"ListItem","position":3,"name":"\u00c5tte gode grunner til \u00e5 stemme H\u00f8yre i Nordre Follo"}]},{"@type":"WebSite","@id":"https:\/\/hoyre.no\/nordre-follo\/#website","url":"https:\/\/hoyre.no\/nordre-follo\/","name":"Nordre Follo H\u00f8yre","description":"Bare enda et H\u00f8yres nettsteder-nettsted","inLanguage":"nb-NO"}]}},"distributor_meta":false,"distributor_terms":false,"distributor_media":false,"distributor_original_site_name":"Nordre Follo H\u00f8yre","distributor_original_site_url":"https:\/\/hoyre.no\/nordre-follo","push-errors":false,"_links":{"self":[{"href":"https:\/\/hoyre.no\/nordre-follo\/wp-json\/wp\/v2\/pages\/1392","targetHints":{"allow":["GET"]}}],"collection":[{"href":"https:\/\/hoyre.no\/nordre-follo\/wp-json\/wp\/v2\/pages"}],"about":[{"href":"https:\/\/hoyre.no\/nordre-follo\/wp-json\/wp\/v2\/types\/page"}],"author":[{"embeddable":true,"href":"https:\/\/hoyre.no\/nordre-follo\/wp-json\/wp\/v2\/users\/15381"}],"replies":[{"embeddable":true,"href":"https:\/\/hoyre.no\/nordre-follo\/wp-json\/wp\/v2\/comments?post=1392"}],"version-history":[{"count":16,"href":"https:\/\/hoyre.no\/nordre-follo\/wp-json\/wp\/v2\/pages\/1392\/revisions"}],"predecessor-version":[{"id":2525,"href":"https:\/\/hoyre.no\/nordre-follo\/wp-json\/wp\/v2\/pages\/1392\/revisions\/2525"}],"wp:attachment":[{"href":"https:\/\/hoyre.no\/nordre-follo\/wp-json\/wp\/v2\/media?parent=1392"}],"curies":[{"name":"wp","href":"https:\/\/api.w.org\/{rel}","templated":true}]}}