{"id":255,"date":"2023-05-05T11:26:12","date_gmt":"2023-05-05T09:26:12","guid":{"rendered":"https:\/\/hoyre.no\/notodden\/?post_type=teft-events&#038;p=255"},"modified":"2023-05-05T13:49:37","modified_gmt":"2023-05-05T11:49:37","slug":"medlemstur-til-stortinget-9-juni","status":"publish","type":"teft-events","link":"https:\/\/hoyre.no\/notodden\/arrangementer\/medlemstur-til-stortinget-9-juni\/","title":{"rendered":"Medlemstur til Stortinget 9. juni"},"content":{"rendered":"\n<div class=\"wp-block-teft-event-top\">\n\n<div class=\"teft-event-date-top\">\n<div class=\"teft-event-date-wrapper\">\n\t<div class=\"date-square\" aria-hidden=\"true\">\n\t\t09\t\t\t<\/div>\n<\/div>\n\t<div class=\"top-text\">\n\t\t\t\t\t<p class=\"top-date-text\">fredag 09. juni 2023<\/p>\n\t\t\t\t\t\t\t<p class=\"top-time-text\">10:00 &#8211; 16:00<\/p>\n\t\t\t\t\t\t<\/div>\n\t\t<div class=\"sharing\">\n\t\t<a class=\"share-button share-link copy-link\" data-copy=\"https:\/\/hoyre.no\/notodden\/arrangementer\/medlemstur-til-stortinget-9-juni\/\" target=\"_blank\"><span class=\"screen-reader-text\">Del link<\/span><\/a>\n\t\t<a class=\"share-button share-twitter\" href=\"http:\/\/twitter.com\/share?text=Medlemstur til Stortinget 9. juni&#038;url=https:\/\/hoyre.no\/notodden\/arrangementer\/medlemstur-til-stortinget-9-juni\/&#038;hashtags=Hoyre\" target=\"_blank\"><span class=\"screen-reader-text\">Del p\u00e5 twitter<\/span><\/a>\n\t\t<a class=\"share-button share-facebook\" href=\"https:\/\/www.facebook.com\/sharer\/sharer.php?u=https:\/\/hoyre.no\/notodden\/arrangementer\/medlemstur-til-stortinget-9-juni\/\" target=\"_blank\"><span class=\"screen-reader-text\">Del p\u00e5 facebook<\/span><\/a>\n\t<\/div>\n\t<\/div>\n<p class=\"preamble\">Vi har f\u00e5tt invitasjon til et bes\u00f8k p\u00e5 Stortinget 9. juni. V\u00e5r stortingsrepresentant Mahmoud Farahmand tar imot og forbereder et program for oss med vekt p\u00e5 aktuell politikk og valgkamp. Etterp\u00e5 g\u00e5r vi ut \u00e5 spiser sammen.<br>\u00a0<br>Styret h\u00e5per mange av listekandidatene har mulighet til \u00e5 bli med. <\/p><figure class=\"hoyre-image-wrapper\"><div class=\"hoyre-image\"><img loading=\"lazy\" decoding=\"async\" width=\"1200\" height=\"799\" src=\"https:\/\/hoyre.no\/content\/uploads\/sites\/361\/2023\/05\/Stortinget.jpg\" class=\"attachment-scaled size-scaled\" alt=\"\" style=\"object-position: 51% 34%\" srcset=\"https:\/\/hoyre.no\/content\/uploads\/sites\/361\/2023\/05\/Stortinget.jpg 1200w, https:\/\/hoyre.no\/content\/uploads\/sites\/361\/2023\/05\/Stortinget-300x200.jpg 300w, https:\/\/hoyre.no\/content\/uploads\/sites\/361\/2023\/05\/Stortinget-1024x682.jpg 1024w, https:\/\/hoyre.no\/content\/uploads\/sites\/361\/2023\/05\/Stortinget-768x511.jpg 768w\" sizes=\"auto, (max-width: 1200px) 100vw, 1200px\" \/><\/div><\/figure>\n\n<div class=\"wp-block wp-block-teft-event-registration-button\">\n\t<div class=\"registration-button-wrapper\">\n\t\t\t<a href=\"https:\/\/fb.me\/e\/akmFdLte9\" class=\"wp-block-button__link\">Meld deg p\u00e5 her<\/a>\n\t\t\t\t\t\t\t<p class=\"registration-deadline\"><strong>P\u00e5meldingsfrist:<\/strong> ons 7. juni 2023<\/p>\n\t\t\n\t<\/div>\n<\/div>\n\n<div class=\"panel teft-details-panel\">\n\t\t<h3>Detaljer<\/h3>\n\n\t\t\t\t\t<dl class=\"info-misc-with-icons\">\n\t\t\t\t<dt class=\"venue\"><span class=\"screen-reader-text\">Stedet<\/span><\/dt>\n\t\t\t\t<dd>\n\t\t\t\t\t\t\t\t\t\t\t<span class=\"address-line-1\">Stortinget<\/span>\n\t\t\t\t\t\t\t\t\t\t\t\t\t\t<\/dd>\n\t\t\t<\/dl>\n\t\t\t\t\t\t\t<dl class=\"info-misc-with-icons\">\n\t\t<dt class=\"time\"><span class=\"screen-reader-text\">Arrangement dato<\/span><\/dt>\n\t\t<dd class=\"time\">\n\t\t\tfre 9. juni 2023 fra  10:00 &#8211; 16:00\t\t<\/dd>\n\t<\/dl>\n\t\t\t\t\t\t<dl class=\"info-misc-with-icons\">\n\t\t<dt class=\"registration\"><span class=\"screen-reader-text\">P\u00e5meldingsdetajer<\/span><\/dt>\n\t\t<dd class=\"registration\">\n\t\t\t\t\t\t\t\t\t\t<a href=\"https:\/\/fb.me\/e\/akmFdLte9\">Registrer<\/a>\n\t\t\t\t\t<\/dd>\n\t<\/dl>\n\t\t<\/dl>\n<\/div>\n<\/div>\n\n\n\n\n<h5 class=\"wp-block-heading\">Informasjon<\/h5>\n\n\n\n<p>Vi tar tog fra Darbu kl.08:48 og det legges opp til samkj\u00f8ring dit. Oppm\u00f8te p\u00e5 Stortinget kl.10:00<\/p>\n\n\n<div class=\"post-meta wp-block\">\n\t<div class=\"top\">\n\t\t<div class=\"sharing\">\n\t\t\t<a class=\"share-button share-link\" target=\"_blank\"><span class=\"screen-reader-text\">Del link<\/span><\/a>\n\t\t\t<a class=\"share-button share-twitter\" href=\"http:\/\/twitter.com\/share?text=Medlemstur til Stortinget 9. juni&#038;url=https:\/\/hoyre.no\/notodden\/arrangementer\/medlemstur-til-stortinget-9-juni\/&#038;hashtags=Hoyre\"><span class=\"screen-reader-text\">Del p\u00e5 twitter<\/span><\/a>\n\t\t\t<a class=\"share-button share-facebook\" href=\"https:\/\/www.facebook.com\/sharer\/sharer.php?u=https:\/\/hoyre.no\/notodden\/arrangementer\/medlemstur-til-stortinget-9-juni\/\" target=\"_blank\"><span class=\"screen-reader-text\">Del p\u00e5 facebook<\/span><\/a>\n\t\t<\/div>\n\t<\/div>\n<\/div>\n","protected":false},"template":"","meta":{"teft_cards_image_url":"","teft_cards_custom_pretitle":"","teft_cards_image_id":256,"teft_cards_image_focal_point_x":0.5,"teft_cards_image_focal_point_y":0.5,"teft_cards_title":"","teft_cards_excerpt":"","teft_show_chapters":false,"event_organizer":[],"event_start_date":"2023-06-09T10:00:00","event_end_date":"2023-06-09T16:00:00","event_registration_url":"https:\/\/fb.me\/e\/akmFdLte9","event_registration_deadline":"2023-06-07T23:22:00","event_ticket_cost":"0","event_venue_name":"Stortinget","event_venue_url":"","event_venue_address":""},"teft-events-category":[],"class_list":["post-255","teft-events","type-teft-events","status-publish","hentry"],"yoast_head":"<!-- This site is optimized with the Yoast SEO plugin v26.6 - https:\/\/yoast.com\/wordpress\/plugins\/seo\/ -->\n<title>Medlemstur til Stortinget 9. juni - Notodden H\u00f8yre<\/title>\n<meta name=\"robots\" content=\"index, follow, max-snippet:-1, max-image-preview:large, max-video-preview:-1\" \/>\n<link rel=\"canonical\" href=\"https:\/\/hoyre.no\/notodden\/arrangementer\/medlemstur-til-stortinget-9-juni\/\" \/>\n<meta property=\"og:locale\" content=\"nb_NO\" \/>\n<meta property=\"og:type\" content=\"article\" \/>\n<meta property=\"og:title\" content=\"Medlemstur til Stortinget 9. juni - Notodden H\u00f8yre\" \/>\n<meta property=\"og:url\" content=\"https:\/\/hoyre.no\/notodden\/arrangementer\/medlemstur-til-stortinget-9-juni\/\" \/>\n<meta property=\"og:site_name\" content=\"Notodden H\u00f8yre\" \/>\n<meta property=\"article:modified_time\" content=\"2023-05-05T11:49:37+00:00\" \/>\n<meta property=\"og:image\" content=\"https:\/\/hoyre.no\/content\/uploads\/sites\/361\/2023\/05\/Stortinget-1024x682.jpg\" \/>\n<meta name=\"twitter:card\" content=\"summary_large_image\" \/>\n<meta name=\"twitter:label1\" content=\"Ansl. lesetid\" \/>\n\t<meta name=\"twitter:data1\" content=\"1 minutt\" \/>\n<script type=\"application\/ld+json\" class=\"yoast-schema-graph\">{\"@context\":\"https:\/\/schema.org\",\"@graph\":[{\"@type\":\"WebPage\",\"@id\":\"https:\/\/hoyre.no\/notodden\/arrangementer\/medlemstur-til-stortinget-9-juni\/\",\"url\":\"https:\/\/hoyre.no\/notodden\/arrangementer\/medlemstur-til-stortinget-9-juni\/\",\"name\":\"Medlemstur til Stortinget 9. juni - Notodden H\u00f8yre\",\"isPartOf\":{\"@id\":\"https:\/\/hoyre.no\/notodden\/#website\"},\"datePublished\":\"2023-05-05T09:26:12+00:00\",\"dateModified\":\"2023-05-05T11:49:37+00:00\",\"breadcrumb\":{\"@id\":\"https:\/\/hoyre.no\/notodden\/arrangementer\/medlemstur-til-stortinget-9-juni\/#breadcrumb\"},\"inLanguage\":\"nb-NO\",\"potentialAction\":[{\"@type\":\"ReadAction\",\"target\":[\"https:\/\/hoyre.no\/notodden\/arrangementer\/medlemstur-til-stortinget-9-juni\/\"]}]},{\"@type\":\"BreadcrumbList\",\"@id\":\"https:\/\/hoyre.no\/notodden\/arrangementer\/medlemstur-til-stortinget-9-juni\/#breadcrumb\",\"itemListElement\":[{\"@type\":\"ListItem\",\"position\":1,\"name\":\"Til hoyre.no\",\"item\":\"https:\/\/hoyre.no\"},{\"@type\":\"ListItem\",\"position\":2,\"name\":\"Hjem\",\"item\":\"https:\/\/hoyre.no\/notodden\/\"},{\"@type\":\"ListItem\",\"position\":3,\"name\":\"Arrangement\",\"item\":\"https:\/\/hoyre.no\/notodden\/arrangementer\/\"},{\"@type\":\"ListItem\",\"position\":4,\"name\":\"Medlemstur til Stortinget 9. juni\"}]},{\"@type\":\"WebSite\",\"@id\":\"https:\/\/hoyre.no\/notodden\/#website\",\"url\":\"https:\/\/hoyre.no\/notodden\/\",\"name\":\"Notodden H\u00f8yre\",\"description\":\"Bare enda et H\u00f8yres nettsteder-nettsted\",\"inLanguage\":\"nb-NO\"}]}<\/script>\n<!-- \/ Yoast SEO plugin. -->","yoast_head_json":{"title":"Medlemstur til Stortinget 9. juni - Notodden H\u00f8yre","robots":{"index":"index","follow":"follow","max-snippet":"max-snippet:-1","max-image-preview":"max-image-preview:large","max-video-preview":"max-video-preview:-1"},"canonical":"https:\/\/hoyre.no\/notodden\/arrangementer\/medlemstur-til-stortinget-9-juni\/","og_locale":"nb_NO","og_type":"article","og_title":"Medlemstur til Stortinget 9. juni - Notodden H\u00f8yre","og_url":"https:\/\/hoyre.no\/notodden\/arrangementer\/medlemstur-til-stortinget-9-juni\/","og_site_name":"Notodden H\u00f8yre","article_modified_time":"2023-05-05T11:49:37+00:00","og_image":[{"url":"https:\/\/hoyre.no\/content\/uploads\/sites\/361\/2023\/05\/Stortinget-1024x682.jpg","width":"","height":"","type":""}],"twitter_card":"summary_large_image","twitter_misc":{"Ansl. lesetid":"1 minutt"},"schema":{"@context":"https:\/\/schema.org","@graph":[{"@type":"WebPage","@id":"https:\/\/hoyre.no\/notodden\/arrangementer\/medlemstur-til-stortinget-9-juni\/","url":"https:\/\/hoyre.no\/notodden\/arrangementer\/medlemstur-til-stortinget-9-juni\/","name":"Medlemstur til Stortinget 9. juni - Notodden H\u00f8yre","isPartOf":{"@id":"https:\/\/hoyre.no\/notodden\/#website"},"datePublished":"2023-05-05T09:26:12+00:00","dateModified":"2023-05-05T11:49:37+00:00","breadcrumb":{"@id":"https:\/\/hoyre.no\/notodden\/arrangementer\/medlemstur-til-stortinget-9-juni\/#breadcrumb"},"inLanguage":"nb-NO","potentialAction":[{"@type":"ReadAction","target":["https:\/\/hoyre.no\/notodden\/arrangementer\/medlemstur-til-stortinget-9-juni\/"]}]},{"@type":"BreadcrumbList","@id":"https:\/\/hoyre.no\/notodden\/arrangementer\/medlemstur-til-stortinget-9-juni\/#breadcrumb","itemListElement":[{"@type":"ListItem","position":1,"name":"Til hoyre.no","item":"https:\/\/hoyre.no"},{"@type":"ListItem","position":2,"name":"Hjem","item":"https:\/\/hoyre.no\/notodden\/"},{"@type":"ListItem","position":3,"name":"Arrangement","item":"https:\/\/hoyre.no\/notodden\/arrangementer\/"},{"@type":"ListItem","position":4,"name":"Medlemstur til Stortinget 9. juni"}]},{"@type":"WebSite","@id":"https:\/\/hoyre.no\/notodden\/#website","url":"https:\/\/hoyre.no\/notodden\/","name":"Notodden H\u00f8yre","description":"Bare enda et H\u00f8yres nettsteder-nettsted","inLanguage":"nb-NO"}]}},"distributor_meta":false,"distributor_terms":false,"distributor_media":false,"distributor_original_site_name":"Notodden H\u00f8yre","distributor_original_site_url":"https:\/\/hoyre.no\/notodden","push-errors":false,"_links":{"self":[{"href":"https:\/\/hoyre.no\/notodden\/wp-json\/wp\/v2\/teft-events\/255","targetHints":{"allow":["GET"]}}],"collection":[{"href":"https:\/\/hoyre.no\/notodden\/wp-json\/wp\/v2\/teft-events"}],"about":[{"href":"https:\/\/hoyre.no\/notodden\/wp-json\/wp\/v2\/types\/teft-events"}],"wp:attachment":[{"href":"https:\/\/hoyre.no\/notodden\/wp-json\/wp\/v2\/media?parent=255"}],"wp:term":[{"taxonomy":"teft-events-category","embeddable":true,"href":"https:\/\/hoyre.no\/notodden\/wp-json\/wp\/v2\/teft-events-category?post=255"}],"curies":[{"name":"wp","href":"https:\/\/api.w.org\/{rel}","templated":true}]}}

<div class="wp-block-teft-event-top">

<div class="teft-event-date-top">
<div class="teft-event-date-wrapper">
	<div class="date-square" aria-hidden="true">
		09			</div>
</div>
	<div class="top-text">
					<p class="top-date-text">fredag 09. juni 2023</p>
							<p class="top-time-text">10:00 &#8211; 16:00</p>
						</div>
		<div class="sharing">
		<a class="share-button share-link copy-link" data-copy="https://hoyre.no/notodden/arrangementer/medlemstur-til-stortinget-9-juni/" target="_blank"><span class="screen-reader-text">Del link</span></a>
		<a class="share-button share-twitter" href="http://twitter.com/share?text=Medlemstur til Stortinget 9. juni&#038;url=https://hoyre.no/notodden/arrangementer/medlemstur-til-stortinget-9-juni/&#038;hashtags=Hoyre" target="_blank"><span class="screen-reader-text">Del på twitter</span></a>
		<a class="share-button share-facebook" href="https://www.facebook.com/sharer/sharer.php?u=https://hoyre.no/notodden/arrangementer/medlemstur-til-stortinget-9-juni/" target="_blank"><span class="screen-reader-text">Del på facebook</span></a>
	</div>
	</div>
<p class="preamble">Vi har fått invitasjon til et besøk på Stortinget 9. juni. Vår stortingsrepresentant Mahmoud Farahmand tar imot og forbereder et program for oss med vekt på aktuell politikk og valgkamp. Etterpå går vi ut å spiser sammen.<br> <br>Styret håper mange av listekandidatene har mulighet til å bli med. </p><figure class="hoyre-image-wrapper"><div class="hoyre-image"><img loading="lazy" decoding="async" width="1200" height="799" src="https://hoyre.no/content/uploads/sites/361/2023/05/Stortinget.jpg" class="attachment-scaled size-scaled" alt="" style="object-position: 51% 34%" srcset="https://hoyre.no/content/uploads/sites/361/2023/05/Stortinget.jpg 1200w, https://hoyre.no/content/uploads/sites/361/2023/05/Stortinget-300x200.jpg 300w, https://hoyre.no/content/uploads/sites/361/2023/05/Stortinget-1024x682.jpg 1024w, https://hoyre.no/content/uploads/sites/361/2023/05/Stortinget-768x511.jpg 768w" sizes="auto, (max-width: 1200px) 100vw, 1200px" /></div></figure>

<div class="wp-block wp-block-teft-event-registration-button">
	<div class="registration-button-wrapper">
			<a href="https://fb.me/e/akmFdLte9" class="wp-block-button__link">Meld deg på her</a>
							<p class="registration-deadline"><strong>Påmeldingsfrist:</strong> ons 7. juni 2023</p>
		
	</div>
</div>

<div class="panel teft-details-panel">
		<h3>Detaljer</h3>

					<dl class="info-misc-with-icons">
				<dt class="venue"><span class="screen-reader-text">Stedet</span></dt>
				<dd>
											<span class="address-line-1">Stortinget</span>
														</dd>
			</dl>
							<dl class="info-misc-with-icons">
		<dt class="time"><span class="screen-reader-text">Arrangement dato</span></dt>
		<dd class="time">
			fre 9. juni 2023 fra  10:00 &#8211; 16:00		</dd>
	</dl>
						<dl class="info-misc-with-icons">
		<dt class="registration"><span class="screen-reader-text">Påmeldingsdetajer</span></dt>
		<dd class="registration">
										<a href="https://fb.me/e/akmFdLte9">Registrer</a>
					</dd>
	</dl>
		</dl>
</div>
</div>




<h5 class="wp-block-heading">Informasjon</h5>



<p>Vi tar tog fra Darbu kl.08:48 og det legges opp til samkjøring dit. Oppmøte på Stortinget kl.10:00</p>


<div class="post-meta wp-block">
	<div class="top">
		<div class="sharing">
			<a class="share-button share-link" target="_blank"><span class="screen-reader-text">Del link</span></a>
			<a class="share-button share-twitter" href="http://twitter.com/share?text=Medlemstur til Stortinget 9. juni&#038;url=https://hoyre.no/notodden/arrangementer/medlemstur-til-stortinget-9-juni/&#038;hashtags=Hoyre"><span class="screen-reader-text">Del på twitter</span></a>
			<a class="share-button share-facebook" href="https://www.facebook.com/sharer/sharer.php?u=https://hoyre.no/notodden/arrangementer/medlemstur-til-stortinget-9-juni/" target="_blank"><span class="screen-reader-text">Del på facebook</span></a>
		</div>
	</div>
</div>

<!-- This site is optimized with the Yoast SEO plugin v26.6 - https://yoast.com/wordpress/plugins/seo/ -->
<title>Medlemstur til Stortinget 9. juni - Notodden Høyre</title>
<meta name="robots" content="index, follow, max-snippet:-1, max-image-preview:large, max-video-preview:-1" />
<link rel="canonical" href="https://hoyre.no/notodden/arrangementer/medlemstur-til-stortinget-9-juni/" />
<meta property="og:locale" content="nb_NO" />
<meta property="og:type" content="article" />
<meta property="og:title" content="Medlemstur til Stortinget 9. juni - Notodden Høyre" />
<meta property="og:url" content="https://hoyre.no/notodden/arrangementer/medlemstur-til-stortinget-9-juni/" />
<meta property="og:site_name" content="Notodden Høyre" />
<meta property="article:modified_time" content="2023-05-05T11:49:37+00:00" />
<meta property="og:image" content="https://hoyre.no/content/uploads/sites/361/2023/05/Stortinget-1024x682.jpg" />
<meta name="twitter:card" content="summary_large_image" />
<meta name="twitter:label1" content="Ansl. lesetid" />
	<meta name="twitter:data1" content="1 minutt" />
<script type="application/ld+json" class="yoast-schema-graph">{"@context":"https://schema.org","@graph":[{"@type":"WebPage","@id":"https://hoyre.no/notodden/arrangementer/medlemstur-til-stortinget-9-juni/","url":"https://hoyre.no/notodden/arrangementer/medlemstur-til-stortinget-9-juni/","name":"Medlemstur til Stortinget 9. juni - Notodden Høyre","isPartOf":{"@id":"https://hoyre.no/notodden/#website"},"datePublished":"2023-05-05T09:26:12+00:00","dateModified":"2023-05-05T11:49:37+00:00","breadcrumb":{"@id":"https://hoyre.no/notodden/arrangementer/medlemstur-til-stortinget-9-juni/#breadcrumb"},"inLanguage":"nb-NO","potentialAction":[{"@type":"ReadAction","target":["https://hoyre.no/notodden/arrangementer/medlemstur-til-stortinget-9-juni/"]}]},{"@type":"BreadcrumbList","@id":"https://hoyre.no/notodden/arrangementer/medlemstur-til-stortinget-9-juni/#breadcrumb","itemListElement":[{"@type":"ListItem","position":1,"name":"Til hoyre.no","item":"https://hoyre.no"},{"@type":"ListItem","position":2,"name":"Hjem","item":"https://hoyre.no/notodden/"},{"@type":"ListItem","position":3,"name":"Arrangement","item":"https://hoyre.no/notodden/arrangementer/"},{"@type":"ListItem","position":4,"name":"Medlemstur til Stortinget 9. juni"}]},{"@type":"WebSite","@id":"https://hoyre.no/notodden/#website","url":"https://hoyre.no/notodden/","name":"Notodden Høyre","description":"Bare enda et Høyres nettsteder-nettsted","inLanguage":"nb-NO"}]}</script>
<!-- / Yoast SEO plugin. -->

Medlemstur til Stortinget 9. juni - Notodden Høyre

Notodden Høyre

Bare enda et Høyres nettsteder-nettsted
