{"id":47,"date":"2023-02-18T20:54:29","date_gmt":"2023-02-18T19:54:29","guid":{"rendered":"https:\/\/hoyre.no\/orland\/?page_id=47"},"modified":"2025-11-11T10:55:09","modified_gmt":"2025-11-11T09:55:09","slug":"mona-sjoli-ordforerkandidat","status":"publish","type":"page","link":"https:\/\/hoyre.no\/orland\/mona-sjoli-ordforerkandidat\/","title":{"rendered":"Mona Sj\u00f8li &#8211; ordf\u00f8rerkandidat"},"content":{"rendered":"\n<div class=\"wp-block-hoyre-hero with-image-gradient text-color-light  has-media alignfull has-background\"><div class=\"hoyre-hero has-image\"><h1 class=\"title\">\u00d8rland H\u00f8yres ordf\u00f8rerkandidat<\/h1><p class=\"preamble\">Bli bedre kjent med Mona Sj\u00f8li.<\/p>\t\t\t<div class=\"post-meta wp-block teft-byline-wrapper\">\n\t\t\t\t<div class=\"top\">\n\t\t\t\t\t<div class=\"signature\">\n\t\t\t\t\t\t<div class=\"teft-byline\">\n\t\t\t\t\t\t\t\t\t\t\t\t\t\t<div>\n\t\t\t\t\t\t\t\t<h3>H\u00f8yres redaksjon<\/h3>\t\t\t\t\t\t\t\t\n\t\t\t\t\t\t\t\t\t\t\t\t\t\t\t\t\t<span class=\"date\">Sist oppdatert: 11. november 2025<\/span>\n\t\t\t\t\t\t\t\t\t\t\t\t\t\t\t\t\t\t\t\t\t\t\t\t\t<span class=\"reading-time\" itemprop=\"timeRequired\" content=\"PT4M\"><em>Ca. 4 minutter lesetid<\/em><\/span>\n\t\t\t\t\t\t\t\t\t\t\t\t\t\t\t<\/div>\n\t\t\t\t\t\t<\/div>\n\t\t\t\t\t<\/div>\n\t\t\t\t\t\t<div class=\"sharing\">\n\t\t<a class=\"share-button share-link copy-link\" data-copy=\"https:\/\/hoyre.no\/orland\/mona-sjoli-ordforerkandidat\/\" target=\"_blank\"><span class=\"screen-reader-text\">Del link<\/span><\/a>\n\t\t<a class=\"share-button share-twitter\" href=\"http:\/\/twitter.com\/share?text=Mona Sj\u00f8li &#8211; ordf\u00f8rerkandidat&#038;url=https:\/\/hoyre.no\/orland\/mona-sjoli-ordforerkandidat\/&#038;hashtags=Hoyre\" target=\"_blank\"><span class=\"screen-reader-text\">Del p\u00e5 twitter<\/span><\/a>\n\t\t<a class=\"share-button share-facebook\" href=\"https:\/\/www.facebook.com\/sharer\/sharer.php?u=https:\/\/hoyre.no\/orland\/mona-sjoli-ordforerkandidat\/\" target=\"_blank\"><span class=\"screen-reader-text\">Del p\u00e5 facebook<\/span><\/a>\n\t<\/div>\n\t\t\t\t\t<\/div>\n\t\t\t<\/div>\n\n\t\t\t<figure class=\"hoyre-image-wrapper\"><div class=\"hoyre-image\"><img loading=\"lazy\" decoding=\"async\" width=\"1875\" height=\"2500\" src=\"https:\/\/hoyre.no\/content\/uploads\/sites\/268\/2023\/03\/Mona-ordforer-scaled.jpg\" class=\"attachment-scaled size-scaled\" alt=\"\" style=\"object-position: 57.99999999999999% 60%\" srcset=\"https:\/\/hoyre.no\/content\/uploads\/sites\/268\/2023\/03\/Mona-ordforer-scaled.jpg 1875w, https:\/\/hoyre.no\/content\/uploads\/sites\/268\/2023\/03\/Mona-ordforer-225x300.jpg 225w, https:\/\/hoyre.no\/content\/uploads\/sites\/268\/2023\/03\/Mona-ordforer-768x1024.jpg 768w, https:\/\/hoyre.no\/content\/uploads\/sites\/268\/2023\/03\/Mona-ordforer-1152x1536.jpg 1152w, https:\/\/hoyre.no\/content\/uploads\/sites\/268\/2023\/03\/Mona-ordforer-1536x2048.jpg 1536w\" sizes=\"auto, (max-width: 1875px) 100vw, 1875px\" \/><\/div><\/figure><\/div><\/div>\n\n\n\n\n<div class=\"wp-block-buttons is-layout-flex wp-block-buttons-is-layout-flex\">\n<div class=\"wp-block-button\"><a class=\"wp-block-button__link wp-element-button\" href=\"https:\/\/hoyre.no\/nyhetsbrev\/\">Abonner p\u00e5 h\u00f8yres nyhetsbrev<\/a><\/div>\n\n\n\n<div class=\"wp-block-button\"><a class=\"wp-block-button__link wp-element-button\" href=\"https:\/\/hoyre.no\/personprofiler\/mona-sjoli\/\">kom i kontakt med mona<\/a><\/div>\n\n\n\n<div class=\"wp-block-button\"><a class=\"wp-block-button__link wp-element-button\" href=\"https:\/\/www.facebook.com\/OrlandHoyre\">F\u00f8lg \u00f8rland h\u00f8yre p\u00e5 facebook<\/a><\/div>\n<\/div>\n\n\n\n<div class=\"wp-block-hoyre-banner undefined has-icon-title icon-heart is-style-blue\"><div class=\"banner-inner\"><div class=\"banner-content\"><div class=\"entry-content\">\n<h2 class=\"wp-block-heading has-text-align-center\" id=\"h-bli-bedre-kjent-med-navn\">Bli bedre kjent med Mona!<\/h2>\n\n\n\n<p class=\"has-text-align-left\"><strong>Bosted:<\/strong> \u00d8rland<\/p>\n\n\n\n<p class=\"has-text-align-left\"><strong>Sivilstatus:<\/strong> Gift med P\u00e5l, to barn, to bonusbarn og to barnebarn. <\/p>\n\n\n\n<p class=\"has-text-align-left\"><strong>Jobb:<\/strong> Terapeut hos Familie og forebygging Psykisk helse og rus i \u00d8rland kommune.<\/p>\n\n\n\n<p class=\"has-text-align-left\"><strong>Bakgrunn: <\/strong>Oppvokst p\u00e5 g\u00e5rd i min hjemkommune. Utdannet psykiatrisk sykepleier med over 20 \u00e5rs erfaring innen psykisk helse. <\/p>\n\n\n\n<p class=\"has-text-align-left\"><strong>Politisk erfaring: <\/strong>En periode som vararepresentant i \u00d8rland.<\/p>\n\n\n\n<p class=\"has-text-align-left\"><strong>Hvorfor er H\u00f8yre rett parti for deg?<\/strong> Fordi H\u00f8yre har en tro p\u00e5 det enkelte mennesker, det \u00e5 gi frihet under ansvar og vise tillit. Jeg liker ogs\u00e5 filosofien om at samfunnet har best av \u00e5 bygges nedenifra og opp.<\/p>\n\n\n\n<p class=\"has-text-align-left\"><strong>Det er l\u00f8rdag, klokka n\u00e6rmer seg 19. Hva spiser du helst til middag?<\/strong> Min manns pizza eller viltgryte.<\/p>\n\n\n\n<p class=\"has-text-align-left\"><strong>Konsert eller idrettsarrangement?<\/strong> Konsert.<\/p>\n\n\n\n<p class=\"has-text-align-left\"><strong>Hvis du skulle valgt en, hva er din favorittartist:<\/strong> Eva Cassidy.<\/p>\n\n\n\n<p class=\"has-text-align-left\"><strong>Funfact?<\/strong> N\u00e5r hjernen har behov for avslapning er det helt greit med serien \u00abSay Yes to the dress\u00bb p\u00e5 tv.<\/p>\n\n\n\n<p class=\"has-text-align-left\"><strong>Hva er din favorittplass i \u00d8rland og utenfor \u00d8rland?<\/strong> Turl\u00f8ypen Rusaset-Austr\u00e5tt og hjemme her p\u00e5 Eide. Utenfor er det p\u00e5 Bru i Stavanger.<\/p>\n\n\n\n<div class=\"wp-block-buttons is-layout-flex wp-block-buttons-is-layout-flex\"><\/div>\n<\/div><\/div><\/div><\/div>\n\n\n\n<div class=\"wp-block-teft-accentuated-link undefined has-image\"><div class=\"kf-link__wrapper\"><div class=\"kf-link__tagline\"><\/div><a class=\"kf-link__link\" href=\"https:\/\/hoyre.no\/personprofiler\/mona-sjoli\/\" rel=\"https:\/\/hoyre.no\/personprofiler\/mona-sjoli\/\">Kom i kontakt med Mona Sj\u00f8li<span class=\"kf-link__link-source\">hoyre.no<\/span><\/a><\/div><figure class=\"hoyre-image-wrapper\"><div class=\"hoyre-image\"><img loading=\"lazy\" decoding=\"async\" width=\"1875\" height=\"2500\" src=\"https:\/\/hoyre.no\/content\/uploads\/sites\/268\/2023\/03\/Mona-ordforer-scaled.jpg\" class=\"attachment-scaled size-scaled\" alt=\"\" style=\"object-position: 55.00000000000001% 57.99999999999999%\" srcset=\"https:\/\/hoyre.no\/content\/uploads\/sites\/268\/2023\/03\/Mona-ordforer-scaled.jpg 1875w, https:\/\/hoyre.no\/content\/uploads\/sites\/268\/2023\/03\/Mona-ordforer-225x300.jpg 225w, https:\/\/hoyre.no\/content\/uploads\/sites\/268\/2023\/03\/Mona-ordforer-768x1024.jpg 768w, https:\/\/hoyre.no\/content\/uploads\/sites\/268\/2023\/03\/Mona-ordforer-1152x1536.jpg 1152w, https:\/\/hoyre.no\/content\/uploads\/sites\/268\/2023\/03\/Mona-ordforer-1536x2048.jpg 1536w\" sizes=\"auto, (max-width: 1875px) 100vw, 1875px\" \/><\/div><\/figure><\/div>\n\n\n\n<figure class=\"wp-block-teft-gallery columns-3 count-3 rows-2 is-cropped\"><ul class=\"teft-gallery-grid\"><li class=\"teft-gallery-item \"><figure><a data-size=\"undefinedxundefined\"><img loading=\"lazy\" decoding=\"async\" width=\"1024\" height=\"768\" src=\"https:\/\/hoyre.no\/content\/uploads\/sites\/268\/2023\/02\/Kvinneforum-1024x768.jpg\" class=\"attachment-large size-large\" alt=\"\" srcset=\"https:\/\/hoyre.no\/content\/uploads\/sites\/268\/2023\/02\/Kvinneforum-1024x768.jpg 1024w, https:\/\/hoyre.no\/content\/uploads\/sites\/268\/2023\/02\/Kvinneforum-300x225.jpg 300w, https:\/\/hoyre.no\/content\/uploads\/sites\/268\/2023\/02\/Kvinneforum-768x576.jpg 768w, https:\/\/hoyre.no\/content\/uploads\/sites\/268\/2023\/02\/Kvinneforum-1536x1152.jpg 1536w, https:\/\/hoyre.no\/content\/uploads\/sites\/268\/2023\/02\/Kvinneforum-2048x1536.jpg 2048w\" sizes=\"auto, (max-width: 1024px) 100vw, 1024px\" \/ data-full-url=\"https:\/\/hoyre.no\/content\/uploads\/sites\/268\/2023\/02\/Kvinneforum-scaled.jpg\" data-id=\"65\" data-caption=\"65\"\/><\/a><\/figure><\/li><li class=\"teft-gallery-item \"><figure><a data-size=\"undefinedxundefined\"><img loading=\"lazy\" decoding=\"async\" width=\"768\" height=\"1024\" src=\"https:\/\/hoyre.no\/content\/uploads\/sites\/268\/2023\/02\/Fireglade-1-768x1024.jpg\" class=\"attachment-large size-large\" alt=\"\" srcset=\"https:\/\/hoyre.no\/content\/uploads\/sites\/268\/2023\/02\/Fireglade-1-768x1024.jpg 768w, https:\/\/hoyre.no\/content\/uploads\/sites\/268\/2023\/02\/Fireglade-1-225x300.jpg 225w, https:\/\/hoyre.no\/content\/uploads\/sites\/268\/2023\/02\/Fireglade-1-1152x1536.jpg 1152w, https:\/\/hoyre.no\/content\/uploads\/sites\/268\/2023\/02\/Fireglade-1-1536x2048.jpg 1536w, https:\/\/hoyre.no\/content\/uploads\/sites\/268\/2023\/02\/Fireglade-1-scaled.jpg 1875w\" sizes=\"auto, (max-width: 768px) 100vw, 768px\" \/ data-full-url=\"https:\/\/hoyre.no\/content\/uploads\/sites\/268\/2023\/02\/Fireglade-1-scaled.jpg\" data-id=\"73\" data-caption=\"73\"\/><\/a><\/figure><\/li><li class=\"teft-gallery-item \"><figure><a href=\"https:\/\/hoyre.no\/content\/uploads\/sites\/268\/2023\/02\/Mona-og-Erna-1.jpg\" data-size=\"1250x833\"><img loading=\"lazy\" decoding=\"async\" width=\"1024\" height=\"682\" src=\"https:\/\/hoyre.no\/content\/uploads\/sites\/268\/2023\/02\/Mona-og-Erna-1-1024x682.jpg\" class=\"attachment-large size-large\" alt=\"\" srcset=\"https:\/\/hoyre.no\/content\/uploads\/sites\/268\/2023\/02\/Mona-og-Erna-1-1024x682.jpg 1024w, https:\/\/hoyre.no\/content\/uploads\/sites\/268\/2023\/02\/Mona-og-Erna-1-300x200.jpg 300w, https:\/\/hoyre.no\/content\/uploads\/sites\/268\/2023\/02\/Mona-og-Erna-1-768x512.jpg 768w, https:\/\/hoyre.no\/content\/uploads\/sites\/268\/2023\/02\/Mona-og-Erna-1.jpg 1250w\" sizes=\"auto, (max-width: 1024px) 100vw, 1024px\" \/ data-full-url=\"https:\/\/hoyre.no\/content\/uploads\/sites\/268\/2023\/02\/Mona-og-Erna-1.jpg\" data-id=\"74\" data-caption=\"74\"\/><\/a><\/figure><\/li><\/ul><\/figure>\n\n\n\n<h2 class=\"wp-block-heading has-text-align-center\">Monas hjertesaker<\/h2>\n\n\n\n<h3 class=\"wp-block-heading\">\ud83d\udc99 <strong>De valg vi gj\u00f8r skal gj\u00f8re det bedre for innbyggerne<\/strong><\/h3>\n\n\n\n<p>Det er i lokalsamfunnet menneskene lever sine liv. Derfor er det viktig at samfunnet er en god og trygg plass \u00e5 leve i. Demokratiet skal v\u00e6re styrende, og jeg har respekt for at alle gode krefter skal v\u00e6re med p\u00e5 \u00e5 forme samfunnet v\u00e5rt.<\/p>\n\n\n\n<p>\u00d8rland kommune skal p\u00e5 denne m\u00e5ten bli en enda bedre kommune og bo og vokse i.<\/p>\n\n\n\n<p>\u201cSjef i eget liv\u201d er for meg et godt begrep for det enkelte mennesket til \u00e5 kunne ha valgfrihet og kunne bestemme mest mulig, og p\u00e5 den m\u00e5ten ta ansvar for sitt eget liv. V\u00e5r kommune m\u00e5 tilrettelegges for at folk i stor grad kan oppleve dette. Sammen m\u00e5 vi finne gode l\u00f8sninger p\u00e5 de utfordringer vi st\u00e5r ovenfor.<\/p>\n\n\n\n<p>Det er viktig for meg at H\u00f8yre er i politisk posisjon. Det vil v\u00e6re avgj\u00f8rende for at \u00d8rland skal f\u00e5 \u00f8nsket vekst, utvikling og fremgang. H\u00f8yre \u00f8nsker gj\u00f8re det enklere for n\u00e6ringslivet \u00e5 skape denne veksten. Trygge arbeidsplasser er en forutsetning for velferden i v\u00e5rt samfunn. Derfor trenger vi:<\/p>\n\n\n\n<ul class=\"wp-block-list\">\n<li>De store n\u00e6ringsakt\u00f8rene<\/li>\n\n\n\n<li>Forsvaret som en stor og viktig arbeidsplass<\/li>\n\n\n\n<li>Sm\u00e5 og mellomstore bedrifter og modige grundere<\/li>\n\n\n\n<li>Frivillige organisasjoner, lag og foreninger<\/li>\n\n\n\n<li>Positive krefter, et gl\u00f8dende engasjement, samhold, og gode ideer blant oss alle for \u00e5 bidra til at \u00d8rland skal v\u00e6re den beste kommunen vi vil bygge og bo i.<\/li>\n<\/ul>\n\n\n\n<p>H\u00f8yre skal jobbe for at vi har tjenester som leverer god kvalitet. Alle barn skal ha en trygg og god oppvekst med barnehager og skoler med positive og inkluderende l\u00e6ringsmilj\u00f8er.<\/p>\n\n\n\n<p>V\u00e5re eldre skal f\u00f8le seg trygge p\u00e5 at de f\u00e5r stell og pleie n\u00e5r de trenger det. Vi skal ta vare p\u00e5 de mest s\u00e5rbare menneskene, vi skal gi god psykisk helsehjelp p\u00e5 rett tid til rett sted. Vi skal inkludere flere inn i skolen, i n\u00e6rmilj\u00f8et, i arbeidslivet, i frivilligheten og p\u00e5 en slik m\u00e5te at alle f\u00e5r en mulighet til \u00e5 ta i bruk sitt potensiale i fellesskapet. H\u00f8yre \u00f8nsker en kommune med liv og bolyst i alle grender. Vi verdsetter samholdet oss mennesker imellom, og \u00e5 gi hverandre omsorg n\u00e5r vi ser det er behov for det.<\/p>\n\n\n\n<p>Dette er noe av det jeg tenker om god velferd.<\/p>\n\n\n\n<p>For H\u00f8yre henger n\u00e6ringsutvikling og velferd sammen. For oss er det grunnleggende \u00e5 bygge samfunnet nedenifra og opp. Det gir de mest langsiktige resultater og et godt fundament for den oppvoksende generasjon \u00e5 f\u00e5 leve i et velferdssamfunn.<\/p>\n\n\n\n<p>Dette er viktige saker for meg!<\/p>\n\n","protected":false},"excerpt":{"rendered":"","protected":false},"author":36157,"featured_media":0,"parent":0,"menu_order":0,"comment_status":"closed","ping_status":"closed","template":"","meta":{"teft_cards_image_url":"","teft_cards_custom_pretitle":"","teft_cards_image_id":77,"teft_cards_image_focal_point_x":0.61,"teft_cards_image_focal_point_y":0.56,"teft_cards_title":"","teft_cards_excerpt":"","teft_show_chapters":false,"footnotes":""},"class_list":["post-47","page","type-page","status-publish","hentry"],"yoast_head":"<!-- This site is optimized with the Yoast SEO plugin v26.6 - https:\/\/yoast.com\/wordpress\/plugins\/seo\/ -->\n<title>Mona Sj\u00f8li - ordf\u00f8rerkandidat - \u00d8rland H\u00f8yre<\/title>\n<meta name=\"description\" content=\"Bli bedre kjent med H\u00f8yres varaordf\u00f8rer i \u00d8rland kommune, Mona Sj\u00f8li.\" \/>\n<meta name=\"robots\" content=\"index, follow, max-snippet:-1, max-image-preview:large, max-video-preview:-1\" \/>\n<link rel=\"canonical\" href=\"https:\/\/hoyre.no\/orland\/mona-sjoli-ordforerkandidat\/\" \/>\n<meta property=\"og:locale\" content=\"nb_NO\" \/>\n<meta property=\"og:type\" content=\"article\" \/>\n<meta property=\"og:title\" content=\"Mona Sj\u00f8li - ordf\u00f8rerkandidat - \u00d8rland H\u00f8yre\" \/>\n<meta property=\"og:description\" content=\"Bli bedre kjent med H\u00f8yres varaordf\u00f8rer i \u00d8rland kommune, Mona Sj\u00f8li.\" \/>\n<meta property=\"og:url\" content=\"https:\/\/hoyre.no\/orland\/mona-sjoli-ordforerkandidat\/\" \/>\n<meta property=\"og:site_name\" content=\"\u00d8rland H\u00f8yre\" \/>\n<meta property=\"article:modified_time\" content=\"2025-11-11T09:55:09+00:00\" \/>\n<meta property=\"og:image\" content=\"https:\/\/hoyre.no\/content\/uploads\/sites\/268\/2023\/03\/Mona-ordforer-768x1024.jpg\" \/>\n<meta name=\"twitter:card\" content=\"summary_large_image\" \/>\n<meta name=\"twitter:label1\" content=\"Ansl. lesetid\" \/>\n\t<meta name=\"twitter:data1\" content=\"4 minutter\" \/>\n<script type=\"application\/ld+json\" class=\"yoast-schema-graph\">{\"@context\":\"https:\/\/schema.org\",\"@graph\":[{\"@type\":\"WebPage\",\"@id\":\"https:\/\/hoyre.no\/orland\/mona-sjoli-ordforerkandidat\/\",\"url\":\"https:\/\/hoyre.no\/orland\/mona-sjoli-ordforerkandidat\/\",\"name\":\"Mona Sj\u00f8li - ordf\u00f8rerkandidat - \u00d8rland H\u00f8yre\",\"isPartOf\":{\"@id\":\"https:\/\/hoyre.no\/orland\/#website\"},\"datePublished\":\"2023-02-18T19:54:29+00:00\",\"dateModified\":\"2025-11-11T09:55:09+00:00\",\"description\":\"Bli bedre kjent med H\u00f8yres varaordf\u00f8rer i \u00d8rland kommune, Mona Sj\u00f8li.\",\"breadcrumb\":{\"@id\":\"https:\/\/hoyre.no\/orland\/mona-sjoli-ordforerkandidat\/#breadcrumb\"},\"inLanguage\":\"nb-NO\",\"potentialAction\":[{\"@type\":\"ReadAction\",\"target\":[\"https:\/\/hoyre.no\/orland\/mona-sjoli-ordforerkandidat\/\"]}]},{\"@type\":\"BreadcrumbList\",\"@id\":\"https:\/\/hoyre.no\/orland\/mona-sjoli-ordforerkandidat\/#breadcrumb\",\"itemListElement\":[{\"@type\":\"ListItem\",\"position\":1,\"name\":\"Til hoyre.no\",\"item\":\"https:\/\/hoyre.no\"},{\"@type\":\"ListItem\",\"position\":2,\"name\":\"Hjem\",\"item\":\"https:\/\/hoyre.no\/orland\/\"},{\"@type\":\"ListItem\",\"position\":3,\"name\":\"Mona Sj\u00f8li &#8211; ordf\u00f8rerkandidat\"}]},{\"@type\":\"WebSite\",\"@id\":\"https:\/\/hoyre.no\/orland\/#website\",\"url\":\"https:\/\/hoyre.no\/orland\/\",\"name\":\"\u00d8rland H\u00f8yre\",\"description\":\"Bare enda et H\u00f8yres nettsteder-nettsted\",\"inLanguage\":\"nb-NO\"}]}<\/script>\n<!-- \/ Yoast SEO plugin. -->","yoast_head_json":{"title":"Mona Sj\u00f8li - ordf\u00f8rerkandidat - \u00d8rland H\u00f8yre","description":"Bli bedre kjent med H\u00f8yres varaordf\u00f8rer i \u00d8rland kommune, Mona Sj\u00f8li.","robots":{"index":"index","follow":"follow","max-snippet":"max-snippet:-1","max-image-preview":"max-image-preview:large","max-video-preview":"max-video-preview:-1"},"canonical":"https:\/\/hoyre.no\/orland\/mona-sjoli-ordforerkandidat\/","og_locale":"nb_NO","og_type":"article","og_title":"Mona Sj\u00f8li - ordf\u00f8rerkandidat - \u00d8rland H\u00f8yre","og_description":"Bli bedre kjent med H\u00f8yres varaordf\u00f8rer i \u00d8rland kommune, Mona Sj\u00f8li.","og_url":"https:\/\/hoyre.no\/orland\/mona-sjoli-ordforerkandidat\/","og_site_name":"\u00d8rland H\u00f8yre","article_modified_time":"2025-11-11T09:55:09+00:00","og_image":[{"url":"https:\/\/hoyre.no\/content\/uploads\/sites\/268\/2023\/03\/Mona-ordforer-768x1024.jpg","width":"","height":"","type":""}],"twitter_card":"summary_large_image","twitter_misc":{"Ansl. lesetid":"4 minutter"},"schema":{"@context":"https:\/\/schema.org","@graph":[{"@type":"WebPage","@id":"https:\/\/hoyre.no\/orland\/mona-sjoli-ordforerkandidat\/","url":"https:\/\/hoyre.no\/orland\/mona-sjoli-ordforerkandidat\/","name":"Mona Sj\u00f8li - ordf\u00f8rerkandidat - \u00d8rland H\u00f8yre","isPartOf":{"@id":"https:\/\/hoyre.no\/orland\/#website"},"datePublished":"2023-02-18T19:54:29+00:00","dateModified":"2025-11-11T09:55:09+00:00","description":"Bli bedre kjent med H\u00f8yres varaordf\u00f8rer i \u00d8rland kommune, Mona Sj\u00f8li.","breadcrumb":{"@id":"https:\/\/hoyre.no\/orland\/mona-sjoli-ordforerkandidat\/#breadcrumb"},"inLanguage":"nb-NO","potentialAction":[{"@type":"ReadAction","target":["https:\/\/hoyre.no\/orland\/mona-sjoli-ordforerkandidat\/"]}]},{"@type":"BreadcrumbList","@id":"https:\/\/hoyre.no\/orland\/mona-sjoli-ordforerkandidat\/#breadcrumb","itemListElement":[{"@type":"ListItem","position":1,"name":"Til hoyre.no","item":"https:\/\/hoyre.no"},{"@type":"ListItem","position":2,"name":"Hjem","item":"https:\/\/hoyre.no\/orland\/"},{"@type":"ListItem","position":3,"name":"Mona Sj\u00f8li &#8211; ordf\u00f8rerkandidat"}]},{"@type":"WebSite","@id":"https:\/\/hoyre.no\/orland\/#website","url":"https:\/\/hoyre.no\/orland\/","name":"\u00d8rland H\u00f8yre","description":"Bare enda et H\u00f8yres nettsteder-nettsted","inLanguage":"nb-NO"}]}},"distributor_meta":false,"distributor_terms":false,"distributor_media":false,"distributor_original_site_name":"\u00d8rland H\u00f8yre","distributor_original_site_url":"https:\/\/hoyre.no\/orland","push-errors":false,"_links":{"self":[{"href":"https:\/\/hoyre.no\/orland\/wp-json\/wp\/v2\/pages\/47","targetHints":{"allow":["GET"]}}],"collection":[{"href":"https:\/\/hoyre.no\/orland\/wp-json\/wp\/v2\/pages"}],"about":[{"href":"https:\/\/hoyre.no\/orland\/wp-json\/wp\/v2\/types\/page"}],"author":[{"embeddable":true,"href":"https:\/\/hoyre.no\/orland\/wp-json\/wp\/v2\/users\/36157"}],"replies":[{"embeddable":true,"href":"https:\/\/hoyre.no\/orland\/wp-json\/wp\/v2\/comments?post=47"}],"version-history":[{"count":15,"href":"https:\/\/hoyre.no\/orland\/wp-json\/wp\/v2\/pages\/47\/revisions"}],"predecessor-version":[{"id":278,"href":"https:\/\/hoyre.no\/orland\/wp-json\/wp\/v2\/pages\/47\/revisions\/278"}],"wp:attachment":[{"href":"https:\/\/hoyre.no\/orland\/wp-json\/wp\/v2\/media?parent=47"}],"curies":[{"name":"wp","href":"https:\/\/api.w.org\/{rel}","templated":true}]}}