{"id":190,"date":"2023-03-08T13:15:33","date_gmt":"2023-03-08T12:15:33","guid":{"rendered":"https:\/\/hoyre.no\/orsta\/?page_id=190"},"modified":"2025-02-11T19:19:46","modified_gmt":"2025-02-11T18:19:46","slug":"ti-gode-grunner-til-a-stemme-hogre-i-orsta","status":"publish","type":"page","link":"https:\/\/hoyre.no\/orsta\/forsiden\/ti-gode-grunner-til-a-stemme-hogre-i-orsta\/","title":{"rendered":"Ti gode grunner til \u00e5 r\u00f8yste H\u00f8gre i \u00d8rsta"},"content":{"rendered":"\n<div class=\"wp-block-hoyre-hero with-image-gradient text-color-light  has-media alignfull has-background\"><div class=\"hoyre-hero has-image\"><h1 class=\"title\">Ti gode grunner til \u00e5 r\u00f8yste H\u00f8gre i \u00d8rsta<\/h1><figure class=\"hoyre-image-wrapper\"><div class=\"hoyre-image\"><img loading=\"lazy\" decoding=\"async\" width=\"2500\" height=\"1667\" src=\"https:\/\/hoyre.no\/content\/uploads\/sites\/88\/2023\/04\/Trandal-scaled.jpg\" class=\"attachment-scaled size-scaled\" alt=\"\" style=\"object-position: 85% 55.00000000000001%\" srcset=\"https:\/\/hoyre.no\/content\/uploads\/sites\/88\/2023\/04\/Trandal-scaled.jpg 2500w, https:\/\/hoyre.no\/content\/uploads\/sites\/88\/2023\/04\/Trandal-300x200.jpg 300w, https:\/\/hoyre.no\/content\/uploads\/sites\/88\/2023\/04\/Trandal-1024x683.jpg 1024w, https:\/\/hoyre.no\/content\/uploads\/sites\/88\/2023\/04\/Trandal-768x512.jpg 768w, https:\/\/hoyre.no\/content\/uploads\/sites\/88\/2023\/04\/Trandal-1536x1024.jpg 1536w, https:\/\/hoyre.no\/content\/uploads\/sites\/88\/2023\/04\/Trandal-2048x1365.jpg 2048w\" sizes=\"auto, (max-width: 2500px) 100vw, 2500px\" \/><\/div><\/figure><\/div><\/div>\n\n\n\n\n<div class=\"wp-block-media-text alignwide is-stacked-on-mobile\"><figure class=\"wp-block-media-text__media\"><img loading=\"lazy\" decoding=\"async\" width=\"1024\" height=\"683\" src=\"https:\/\/hoyre.no\/content\/uploads\/sites\/88\/2023\/03\/GettyImages-1126060553-1024x683.jpg\" alt=\"\" class=\"wp-image-193 size-full\" srcset=\"https:\/\/hoyre.no\/content\/uploads\/sites\/88\/2023\/03\/GettyImages-1126060553-1024x683.jpg 1024w, https:\/\/hoyre.no\/content\/uploads\/sites\/88\/2023\/03\/GettyImages-1126060553-300x200.jpg 300w, https:\/\/hoyre.no\/content\/uploads\/sites\/88\/2023\/03\/GettyImages-1126060553-768x512.jpg 768w, https:\/\/hoyre.no\/content\/uploads\/sites\/88\/2023\/03\/GettyImages-1126060553-1536x1024.jpg 1536w, https:\/\/hoyre.no\/content\/uploads\/sites\/88\/2023\/03\/GettyImages-1126060553-2048x1365.jpg 2048w\" sizes=\"auto, (max-width: 1024px) 100vw, 1024px\" \/><\/figure><div class=\"wp-block-media-text__content\">\n<h2 class=\"wp-block-heading\">1. <strong>Ein meir familievenleg barnehage<\/strong><\/h2>\n\n\n\n<p>Vi vil utvide opningstidene i barnehagane slik at dei er tilpassa barnefamiliane sine behov.<\/p>\n\n\n\n<p class=\"is-style-default\">H\u00f8gre vil ha eit meir fleksibelt barnehageopptak slik at alle kan f\u00e5 ein barnehageplass n\u00e5r dei treng det.<\/p>\n<\/div><\/div>\n\n\n\n<div class=\"wp-block-media-text alignwide has-media-on-the-right is-stacked-on-mobile is-image-fill\"><div class=\"wp-block-media-text__content\">\n<h2 class=\"wp-block-heading\">2. Ein skule der alle kan lukkast<\/h2>\n\n\n\n<p>Vi vil prioritere tidleg innsats, fleire dyktige l\u00e6rarar og milj\u00f8arbeidarar, og gode skulebygg.<\/p>\n\n\n\n<p>Vi vil ha ein skule som legg vekt p\u00e5 fagleg utvikling og sosial meistring.<\/p>\n\n\n\n<p>Skulen skal sj\u00e5 kvar elev, og gi dei like mogelegheiter til \u00e5 utvikle evnene og realisere draumane sine.<br><\/p>\n<\/div><figure class=\"wp-block-media-text__media\" style=\"background-image:url('https:\/\/hoyre.no\/content\/uploads\/sites\/88\/2025\/01\/Skule-edited-1024x683.png');background-position:50% 50%\"><img loading=\"lazy\" decoding=\"async\" width=\"1024\" height=\"683\" src=\"https:\/\/hoyre.no\/content\/uploads\/sites\/88\/2025\/01\/Skule-edited-1024x683.png\" alt=\"\" class=\"wp-image-579 size-full\" srcset=\"https:\/\/hoyre.no\/content\/uploads\/sites\/88\/2025\/01\/Skule-edited-1024x683.png 1024w, https:\/\/hoyre.no\/content\/uploads\/sites\/88\/2025\/01\/Skule-edited-300x200.png 300w, https:\/\/hoyre.no\/content\/uploads\/sites\/88\/2025\/01\/Skule-edited-768x512.png 768w, https:\/\/hoyre.no\/content\/uploads\/sites\/88\/2025\/01\/Skule-edited-1536x1025.png 1536w, https:\/\/hoyre.no\/content\/uploads\/sites\/88\/2025\/01\/Skule-edited-2048x1366.png 2048w\" sizes=\"auto, (max-width: 1024px) 100vw, 1024px\" \/><\/figure><\/div>\n\n\n\n<div class=\"wp-block-media-text alignwide is-stacked-on-mobile\"><figure class=\"wp-block-media-text__media\"><img loading=\"lazy\" decoding=\"async\" width=\"1024\" height=\"683\" src=\"https:\/\/hoyre.no\/content\/uploads\/sites\/88\/2023\/03\/GettyImages-1173588116-1024x683.jpg\" alt=\"\" class=\"wp-image-195 size-full\" srcset=\"https:\/\/hoyre.no\/content\/uploads\/sites\/88\/2023\/03\/GettyImages-1173588116-1024x683.jpg 1024w, https:\/\/hoyre.no\/content\/uploads\/sites\/88\/2023\/03\/GettyImages-1173588116-300x200.jpg 300w, https:\/\/hoyre.no\/content\/uploads\/sites\/88\/2023\/03\/GettyImages-1173588116-768x512.jpg 768w, https:\/\/hoyre.no\/content\/uploads\/sites\/88\/2023\/03\/GettyImages-1173588116-1536x1024.jpg 1536w, https:\/\/hoyre.no\/content\/uploads\/sites\/88\/2023\/03\/GettyImages-1173588116-2048x1365.jpg 2048w\" sizes=\"auto, (max-width: 1024px) 100vw, 1024px\" \/><\/figure><div class=\"wp-block-media-text__content\">\n<h2 class=\"wp-block-heading\">3. Gode tilbod for alle barn og unge<\/h2>\n\n\n\n<p>Vi vil at alle barn og unge i \u00d8rsta skal kunne delta p\u00e5 minst ein fritidsaktivitet kvar veke.<\/p>\n\n\n\n<p>H\u00f8gre \u00f8nskjer eit inkluderande og breitt kultur- og idrettsliv.<\/p>\n<\/div><\/div>\n\n\n\n<div class=\"wp-block-media-text alignwide has-media-on-the-right is-stacked-on-mobile\"><div class=\"wp-block-media-text__content\">\n<h2 class=\"wp-block-heading\">4. <strong>Det skal vere trygt \u00e5 bli gammal i \u00d8rsta<\/strong><\/h2>\n\n\n\n<p>Dei eldre skal f\u00e5 v\u00e6re sjef i eige liv og sj\u00f8lv f\u00e5 velje mellom kommunale eller private tenester.<\/p>\n\n\n\n<p>H\u00f8gre \u00f8nskjer \u00e5 ta i bruk alle gode krefter for \u00e5 bygge eit best mogleg tenestetilbod.<br><\/p>\n<\/div><figure class=\"wp-block-media-text__media\"><img loading=\"lazy\" decoding=\"async\" width=\"1024\" height=\"683\" src=\"https:\/\/hoyre.no\/content\/uploads\/sites\/88\/2023\/03\/GettyImages-649145266-1024x683.jpg\" alt=\"\" class=\"wp-image-196 size-full\" srcset=\"https:\/\/hoyre.no\/content\/uploads\/sites\/88\/2023\/03\/GettyImages-649145266-1024x683.jpg 1024w, https:\/\/hoyre.no\/content\/uploads\/sites\/88\/2023\/03\/GettyImages-649145266-300x200.jpg 300w, https:\/\/hoyre.no\/content\/uploads\/sites\/88\/2023\/03\/GettyImages-649145266-768x513.jpg 768w, https:\/\/hoyre.no\/content\/uploads\/sites\/88\/2023\/03\/GettyImages-649145266-1536x1025.jpg 1536w, https:\/\/hoyre.no\/content\/uploads\/sites\/88\/2023\/03\/GettyImages-649145266-2048x1367.jpg 2048w\" sizes=\"auto, (max-width: 1024px) 100vw, 1024px\" \/><\/figure><\/div>\n\n\n\n<div class=\"wp-block-media-text alignwide is-stacked-on-mobile\"><figure class=\"wp-block-media-text__media\"><img loading=\"lazy\" decoding=\"async\" width=\"1024\" height=\"683\" src=\"https:\/\/hoyre.no\/content\/uploads\/sites\/88\/2023\/03\/GettyImages-1183967695-1024x683.jpg\" alt=\"\" class=\"wp-image-197 size-full\" srcset=\"https:\/\/hoyre.no\/content\/uploads\/sites\/88\/2023\/03\/GettyImages-1183967695-1024x683.jpg 1024w, https:\/\/hoyre.no\/content\/uploads\/sites\/88\/2023\/03\/GettyImages-1183967695-300x200.jpg 300w, https:\/\/hoyre.no\/content\/uploads\/sites\/88\/2023\/03\/GettyImages-1183967695-768x513.jpg 768w, https:\/\/hoyre.no\/content\/uploads\/sites\/88\/2023\/03\/GettyImages-1183967695-1536x1025.jpg 1536w, https:\/\/hoyre.no\/content\/uploads\/sites\/88\/2023\/03\/GettyImages-1183967695-2048x1367.jpg 2048w\" sizes=\"auto, (max-width: 1024px) 100vw, 1024px\" \/><\/figure><div class=\"wp-block-media-text__content\">\n<h2 class=\"wp-block-heading\">5. Raskare psykisk helsehjelp<\/h2>\n\n\n\n<p>Ventetida vert ofte for lang. Har du behov for hjelp, skal du f\u00e5 det f\u00f8r sm\u00e5 problem veks seg store.Vi m\u00e5 satse p\u00e5 gode og lett tilgjengelege tilbod med kort ventetid, utan krav om tilvisning fr\u00e5 lege.&nbsp;H\u00f8gre vil ha fleire lavterskeltilbod og fleire psykologar.<\/p>\n<\/div><\/div>\n\n\n\n<div class=\"wp-block-media-text alignwide has-media-on-the-right is-stacked-on-mobile is-image-fill\"><div class=\"wp-block-media-text__content\">\n<h2 class=\"wp-block-heading\">6. Vi er p\u00e5 lag med dei som skaper arbeidsplassar<\/h2>\n\n\n\n<p>For \u00e5 f\u00e5 utvikling og vekst i \u00d8rsta m\u00e5 vi ha eit sterkt privat n\u00e6ringsliv som skaper trygge og framtidsretta arbeidsplassar. <\/p>\n\n\n\n<p>Denne verdiskapinga er ein f\u00f8resetnad for \u00e5 kunne finansiere velferdssamfunnet v\u00e5rt.<\/p>\n<\/div><figure class=\"wp-block-media-text__media\" style=\"background-image:url('https:\/\/hoyre.no\/content\/uploads\/sites\/88\/2023\/08\/367431705_312016031185473_3197676950230123234_n-1024x768.jpg');background-position:51% 77%\"><img loading=\"lazy\" decoding=\"async\" width=\"1024\" height=\"768\" src=\"https:\/\/hoyre.no\/content\/uploads\/sites\/88\/2023\/08\/367431705_312016031185473_3197676950230123234_n-1024x768.jpg\" alt=\"\" class=\"wp-image-501 size-full\" srcset=\"https:\/\/hoyre.no\/content\/uploads\/sites\/88\/2023\/08\/367431705_312016031185473_3197676950230123234_n-1024x768.jpg 1024w, https:\/\/hoyre.no\/content\/uploads\/sites\/88\/2023\/08\/367431705_312016031185473_3197676950230123234_n-300x225.jpg 300w, https:\/\/hoyre.no\/content\/uploads\/sites\/88\/2023\/08\/367431705_312016031185473_3197676950230123234_n-768x576.jpg 768w, https:\/\/hoyre.no\/content\/uploads\/sites\/88\/2023\/08\/367431705_312016031185473_3197676950230123234_n-1536x1152.jpg 1536w, https:\/\/hoyre.no\/content\/uploads\/sites\/88\/2023\/08\/367431705_312016031185473_3197676950230123234_n-2048x1536.jpg 2048w\" sizes=\"auto, (max-width: 1024px) 100vw, 1024px\" \/><\/figure><\/div>\n\n\n\n<div class=\"wp-block-media-text alignwide is-stacked-on-mobile\"><figure class=\"wp-block-media-text__media\"><img loading=\"lazy\" decoding=\"async\" width=\"283\" height=\"178\" src=\"https:\/\/hoyre.no\/content\/uploads\/sites\/88\/2023\/04\/Alti.jpg\" alt=\"\" class=\"wp-image-319 size-full\" \/><\/figure><div class=\"wp-block-media-text__content\">\n<h2 class=\"wp-block-heading\">7. \u00d8rsta \u2013 regionsenter p\u00e5 s\u00f8re Sunnm\u00f8re<\/h2>\n\n\n\n<p>Vi vil gjere \u00d8rsta til ein attraktiv og sentral m\u00f8testad for folk, n\u00e6ringsliv, turisme, handel og kultur. V\u00e5rt m\u00e5l er \u00e5 styrke \u00d8rsta som eit regionsenter p\u00e5 S\u00f8re Sunnm\u00f8re.<\/p>\n<\/div><\/div>\n\n\n\n<div class=\"wp-block-media-text alignwide has-media-on-the-right is-stacked-on-mobile\"><div class=\"wp-block-media-text__content\">\n<h2 class=\"wp-block-heading\">8. JA-kommunen \u00d8rsta!<\/h2>\n\n\n\n<p>H\u00f8gre vil gjere \u00d8rsta kommune meir serviceorientert og effektiv. Vi \u00f8nskjer raske svar og ei positiv grunnhaldning til dei som tek kontakt.<\/p>\n<\/div><figure class=\"wp-block-media-text__media\"><img loading=\"lazy\" decoding=\"async\" width=\"1024\" height=\"626\" src=\"https:\/\/hoyre.no\/content\/uploads\/sites\/88\/2023\/03\/orsta-radhus-jan-2021-1024x626.jpg\" alt=\"\" class=\"wp-image-202 size-full\" srcset=\"https:\/\/hoyre.no\/content\/uploads\/sites\/88\/2023\/03\/orsta-radhus-jan-2021-1024x626.jpg 1024w, https:\/\/hoyre.no\/content\/uploads\/sites\/88\/2023\/03\/orsta-radhus-jan-2021-300x184.jpg 300w, https:\/\/hoyre.no\/content\/uploads\/sites\/88\/2023\/03\/orsta-radhus-jan-2021-768x470.jpg 768w, https:\/\/hoyre.no\/content\/uploads\/sites\/88\/2023\/03\/orsta-radhus-jan-2021.jpg 1200w\" sizes=\"auto, (max-width: 1024px) 100vw, 1024px\" \/><\/figure><\/div>\n\n\n\n<div class=\"wp-block-media-text alignwide is-stacked-on-mobile\"><figure class=\"wp-block-media-text__media\"><img loading=\"lazy\" decoding=\"async\" width=\"1024\" height=\"669\" src=\"https:\/\/hoyre.no\/content\/uploads\/sites\/88\/2023\/03\/GettyImages-1272671971-1024x669.jpg\" alt=\"\" class=\"wp-image-203 size-full\" srcset=\"https:\/\/hoyre.no\/content\/uploads\/sites\/88\/2023\/03\/GettyImages-1272671971-1024x669.jpg 1024w, https:\/\/hoyre.no\/content\/uploads\/sites\/88\/2023\/03\/GettyImages-1272671971-300x196.jpg 300w, https:\/\/hoyre.no\/content\/uploads\/sites\/88\/2023\/03\/GettyImages-1272671971-768x502.jpg 768w, https:\/\/hoyre.no\/content\/uploads\/sites\/88\/2023\/03\/GettyImages-1272671971-1536x1004.jpg 1536w, https:\/\/hoyre.no\/content\/uploads\/sites\/88\/2023\/03\/GettyImages-1272671971-2048x1339.jpg 2048w\" sizes=\"auto, (max-width: 1024px) 100vw, 1024px\" \/><\/figure><div class=\"wp-block-media-text__content\">\n<h2 class=\"wp-block-heading\">9. Ein tydeleg klimapolitikk<\/h2>\n\n\n\n<p>Vi treng ein klima- og milj\u00f8politikk som sikrar at innbyggarane kan ta gode og milj\u00f8vennlege val i kvardagen.<\/p>\n\n\n\n<p>Klimautfordringane er globale, men tiltaka er lokale.<\/p>\n<\/div><\/div>\n\n\n\n<div class=\"wp-block-media-text alignwide has-media-on-the-right is-stacked-on-mobile\"><div class=\"wp-block-media-text__content\">\n<h2 class=\"wp-block-heading\">10. Trygg \u00f8konomisk styring<\/h2>\n\n\n\n<p>Sist \u00d8rsta var i i \u00f8konomisk uf\u00f8re var det H\u00f8gre som rydda opp og s\u00f8rga for at kommunen fekk tilbake handlefridomen sin.<br>No er vi klar for \u00e5 gjere den jobben p\u00e5 ny, dersom \u00d8rstingane gir oss den n\u00f8dvendige tilliten.<\/p>\n\n\n\n<p>H\u00f8gre st\u00e5r for ein heilskapleg og ansvarleg \u00f8konomisk politikk.<\/p>\n<\/div><figure class=\"wp-block-media-text__media\"><img loading=\"lazy\" decoding=\"async\" width=\"1024\" height=\"683\" src=\"https:\/\/hoyre.no\/content\/uploads\/sites\/88\/2023\/03\/Bilde-PAS-2015-1024x683.jpg\" alt=\"\" class=\"wp-image-204 size-full\" srcset=\"https:\/\/hoyre.no\/content\/uploads\/sites\/88\/2023\/03\/Bilde-PAS-2015-1024x683.jpg 1024w, https:\/\/hoyre.no\/content\/uploads\/sites\/88\/2023\/03\/Bilde-PAS-2015-300x200.jpg 300w, https:\/\/hoyre.no\/content\/uploads\/sites\/88\/2023\/03\/Bilde-PAS-2015-768x512.jpg 768w, https:\/\/hoyre.no\/content\/uploads\/sites\/88\/2023\/03\/Bilde-PAS-2015-1536x1024.jpg 1536w, https:\/\/hoyre.no\/content\/uploads\/sites\/88\/2023\/03\/Bilde-PAS-2015-2048x1365.jpg 2048w\" sizes=\"auto, (max-width: 1024px) 100vw, 1024px\" \/><\/figure><\/div>\n\n","protected":false},"excerpt":{"rendered":"","protected":false},"author":30082,"featured_media":0,"parent":3,"menu_order":1,"comment_status":"closed","ping_status":"closed","template":"","meta":{"teft_cards_image_url":"","teft_cards_custom_pretitle":"","teft_cards_image_id":0,"teft_cards_image_focal_point_x":0.5,"teft_cards_image_focal_point_y":0.5,"teft_cards_title":"","teft_cards_excerpt":"","teft_show_chapters":false,"footnotes":""},"class_list":["post-190","page","type-page","status-publish","hentry"],"yoast_head":"<!-- This site is optimized with the Yoast SEO plugin v26.6 - https:\/\/yoast.com\/wordpress\/plugins\/seo\/ -->\n<title>Ti gode grunner til \u00e5 r\u00f8yste H\u00f8gre i \u00d8rsta - \u00d8rsta H\u00f8gre<\/title>\n<meta name=\"description\" content=\"Ti gode grunner til kvifor du b\u00f8r stemme H\u00f8gre i \u00d8rsta.\" \/>\n<meta name=\"robots\" content=\"index, follow, max-snippet:-1, max-image-preview:large, max-video-preview:-1\" \/>\n<link rel=\"canonical\" href=\"https:\/\/hoyre.no\/orsta\/forsiden\/ti-gode-grunner-til-a-stemme-hogre-i-orsta\/\" \/>\n<meta property=\"og:locale\" content=\"nn_NO\" \/>\n<meta property=\"og:type\" content=\"article\" \/>\n<meta property=\"og:title\" content=\"Ti gode grunner til \u00e5 r\u00f8yste H\u00f8gre i \u00d8rsta - \u00d8rsta H\u00f8gre\" \/>\n<meta property=\"og:description\" content=\"Ti gode grunner til kvifor du b\u00f8r stemme H\u00f8gre i \u00d8rsta.\" \/>\n<meta property=\"og:url\" content=\"https:\/\/hoyre.no\/orsta\/forsiden\/ti-gode-grunner-til-a-stemme-hogre-i-orsta\/\" \/>\n<meta property=\"og:site_name\" content=\"\u00d8rsta H\u00f8gre\" \/>\n<meta property=\"article:modified_time\" content=\"2025-02-11T18:19:46+00:00\" \/>\n<meta property=\"og:image\" content=\"https:\/\/hoyre.no\/content\/uploads\/sites\/88\/2023\/03\/GettyImages-1126060553-1024x683.jpg\" \/>\n<meta name=\"twitter:card\" content=\"summary_large_image\" \/>\n<meta name=\"twitter:label1\" content=\"Est. reading time\" \/>\n\t<meta name=\"twitter:data1\" content=\"5 minutt\" \/>\n<script type=\"application\/ld+json\" class=\"yoast-schema-graph\">{\"@context\":\"https:\/\/schema.org\",\"@graph\":[{\"@type\":\"WebPage\",\"@id\":\"https:\/\/hoyre.no\/orsta\/forsiden\/ti-gode-grunner-til-a-stemme-hogre-i-orsta\/\",\"url\":\"https:\/\/hoyre.no\/orsta\/forsiden\/ti-gode-grunner-til-a-stemme-hogre-i-orsta\/\",\"name\":\"Ti gode grunner til \u00e5 r\u00f8yste H\u00f8gre i \u00d8rsta - \u00d8rsta H\u00f8gre\",\"isPartOf\":{\"@id\":\"https:\/\/hoyre.no\/orsta\/#website\"},\"image\":{\"@id\":\"https:\/\/hoyre.no\/orsta\/forsiden\/ti-gode-grunner-til-a-stemme-hogre-i-orsta\/#primaryimage\"},\"thumbnailUrl\":\"https:\/\/hoyre.no\/content\/uploads\/sites\/88\/2023\/03\/GettyImages-1126060553-1024x683.jpg\",\"datePublished\":\"2023-03-08T12:15:33+00:00\",\"dateModified\":\"2025-02-11T18:19:46+00:00\",\"description\":\"Ti gode grunner til kvifor du b\u00f8r stemme H\u00f8gre i \u00d8rsta.\",\"breadcrumb\":{\"@id\":\"https:\/\/hoyre.no\/orsta\/forsiden\/ti-gode-grunner-til-a-stemme-hogre-i-orsta\/#breadcrumb\"},\"inLanguage\":\"nn-NO\",\"potentialAction\":[{\"@type\":\"ReadAction\",\"target\":[\"https:\/\/hoyre.no\/orsta\/forsiden\/ti-gode-grunner-til-a-stemme-hogre-i-orsta\/\"]}]},{\"@type\":\"ImageObject\",\"inLanguage\":\"nn-NO\",\"@id\":\"https:\/\/hoyre.no\/orsta\/forsiden\/ti-gode-grunner-til-a-stemme-hogre-i-orsta\/#primaryimage\",\"url\":\"https:\/\/hoyre.no\/content\/uploads\/sites\/88\/2023\/03\/GettyImages-1126060553-1024x683.jpg\",\"contentUrl\":\"https:\/\/hoyre.no\/content\/uploads\/sites\/88\/2023\/03\/GettyImages-1126060553-1024x683.jpg\"},{\"@type\":\"BreadcrumbList\",\"@id\":\"https:\/\/hoyre.no\/orsta\/forsiden\/ti-gode-grunner-til-a-stemme-hogre-i-orsta\/#breadcrumb\",\"itemListElement\":[{\"@type\":\"ListItem\",\"position\":1,\"name\":\"Til hoyre.no\",\"item\":\"https:\/\/hoyre.no\"},{\"@type\":\"ListItem\",\"position\":2,\"name\":\"Hjem\",\"item\":\"https:\/\/hoyre.no\/orsta\/\"},{\"@type\":\"ListItem\",\"position\":3,\"name\":\"Forsiden\",\"item\":\"https:\/\/hoyre.no\/orsta\/\"},{\"@type\":\"ListItem\",\"position\":4,\"name\":\"Ti gode grunner til \u00e5 r\u00f8yste H\u00f8gre i \u00d8rsta\"}]},{\"@type\":\"WebSite\",\"@id\":\"https:\/\/hoyre.no\/orsta\/#website\",\"url\":\"https:\/\/hoyre.no\/orsta\/\",\"name\":\"\u00d8rsta H\u00f8gre\",\"description\":\"Bare enda et H\u00f8yres nettsteder-nettsted\",\"inLanguage\":\"nn-NO\"}]}<\/script>\n<!-- \/ Yoast SEO plugin. -->","yoast_head_json":{"title":"Ti gode grunner til \u00e5 r\u00f8yste H\u00f8gre i \u00d8rsta - \u00d8rsta H\u00f8gre","description":"Ti gode grunner til kvifor du b\u00f8r stemme H\u00f8gre i \u00d8rsta.","robots":{"index":"index","follow":"follow","max-snippet":"max-snippet:-1","max-image-preview":"max-image-preview:large","max-video-preview":"max-video-preview:-1"},"canonical":"https:\/\/hoyre.no\/orsta\/forsiden\/ti-gode-grunner-til-a-stemme-hogre-i-orsta\/","og_locale":"nn_NO","og_type":"article","og_title":"Ti gode grunner til \u00e5 r\u00f8yste H\u00f8gre i \u00d8rsta - \u00d8rsta H\u00f8gre","og_description":"Ti gode grunner til kvifor du b\u00f8r stemme H\u00f8gre i \u00d8rsta.","og_url":"https:\/\/hoyre.no\/orsta\/forsiden\/ti-gode-grunner-til-a-stemme-hogre-i-orsta\/","og_site_name":"\u00d8rsta H\u00f8gre","article_modified_time":"2025-02-11T18:19:46+00:00","og_image":[{"url":"https:\/\/hoyre.no\/content\/uploads\/sites\/88\/2023\/03\/GettyImages-1126060553-1024x683.jpg","type":"","width":"","height":""}],"twitter_card":"summary_large_image","twitter_misc":{"Est. reading time":"5 minutt"},"schema":{"@context":"https:\/\/schema.org","@graph":[{"@type":"WebPage","@id":"https:\/\/hoyre.no\/orsta\/forsiden\/ti-gode-grunner-til-a-stemme-hogre-i-orsta\/","url":"https:\/\/hoyre.no\/orsta\/forsiden\/ti-gode-grunner-til-a-stemme-hogre-i-orsta\/","name":"Ti gode grunner til \u00e5 r\u00f8yste H\u00f8gre i \u00d8rsta - \u00d8rsta H\u00f8gre","isPartOf":{"@id":"https:\/\/hoyre.no\/orsta\/#website"},"image":{"@id":"https:\/\/hoyre.no\/orsta\/forsiden\/ti-gode-grunner-til-a-stemme-hogre-i-orsta\/#primaryimage"},"thumbnailUrl":"https:\/\/hoyre.no\/content\/uploads\/sites\/88\/2023\/03\/GettyImages-1126060553-1024x683.jpg","datePublished":"2023-03-08T12:15:33+00:00","dateModified":"2025-02-11T18:19:46+00:00","description":"Ti gode grunner til kvifor du b\u00f8r stemme H\u00f8gre i \u00d8rsta.","breadcrumb":{"@id":"https:\/\/hoyre.no\/orsta\/forsiden\/ti-gode-grunner-til-a-stemme-hogre-i-orsta\/#breadcrumb"},"inLanguage":"nn-NO","potentialAction":[{"@type":"ReadAction","target":["https:\/\/hoyre.no\/orsta\/forsiden\/ti-gode-grunner-til-a-stemme-hogre-i-orsta\/"]}]},{"@type":"ImageObject","inLanguage":"nn-NO","@id":"https:\/\/hoyre.no\/orsta\/forsiden\/ti-gode-grunner-til-a-stemme-hogre-i-orsta\/#primaryimage","url":"https:\/\/hoyre.no\/content\/uploads\/sites\/88\/2023\/03\/GettyImages-1126060553-1024x683.jpg","contentUrl":"https:\/\/hoyre.no\/content\/uploads\/sites\/88\/2023\/03\/GettyImages-1126060553-1024x683.jpg"},{"@type":"BreadcrumbList","@id":"https:\/\/hoyre.no\/orsta\/forsiden\/ti-gode-grunner-til-a-stemme-hogre-i-orsta\/#breadcrumb","itemListElement":[{"@type":"ListItem","position":1,"name":"Til hoyre.no","item":"https:\/\/hoyre.no"},{"@type":"ListItem","position":2,"name":"Hjem","item":"https:\/\/hoyre.no\/orsta\/"},{"@type":"ListItem","position":3,"name":"Forsiden","item":"https:\/\/hoyre.no\/orsta\/"},{"@type":"ListItem","position":4,"name":"Ti gode grunner til \u00e5 r\u00f8yste H\u00f8gre i \u00d8rsta"}]},{"@type":"WebSite","@id":"https:\/\/hoyre.no\/orsta\/#website","url":"https:\/\/hoyre.no\/orsta\/","name":"\u00d8rsta H\u00f8gre","description":"Bare enda et H\u00f8yres nettsteder-nettsted","inLanguage":"nn-NO"}]}},"distributor_meta":false,"distributor_terms":false,"distributor_media":false,"distributor_original_site_name":"\u00d8rsta H\u00f8gre","distributor_original_site_url":"https:\/\/hoyre.no\/orsta","push-errors":false,"_links":{"self":[{"href":"https:\/\/hoyre.no\/orsta\/wp-json\/wp\/v2\/pages\/190","targetHints":{"allow":["GET"]}}],"collection":[{"href":"https:\/\/hoyre.no\/orsta\/wp-json\/wp\/v2\/pages"}],"about":[{"href":"https:\/\/hoyre.no\/orsta\/wp-json\/wp\/v2\/types\/page"}],"author":[{"embeddable":true,"href":"https:\/\/hoyre.no\/orsta\/wp-json\/wp\/v2\/users\/30082"}],"replies":[{"embeddable":true,"href":"https:\/\/hoyre.no\/orsta\/wp-json\/wp\/v2\/comments?post=190"}],"version-history":[{"count":30,"href":"https:\/\/hoyre.no\/orsta\/wp-json\/wp\/v2\/pages\/190\/revisions"}],"predecessor-version":[{"id":607,"href":"https:\/\/hoyre.no\/orsta\/wp-json\/wp\/v2\/pages\/190\/revisions\/607"}],"up":[{"embeddable":true,"href":"https:\/\/hoyre.no\/orsta\/wp-json\/wp\/v2\/pages\/3"}],"wp:attachment":[{"href":"https:\/\/hoyre.no\/orsta\/wp-json\/wp\/v2\/media?parent=190"}],"curies":[{"name":"wp","href":"https:\/\/api.w.org\/{rel}","templated":true}]}}