{"id":234,"date":"2023-03-08T14:32:54","date_gmt":"2023-03-08T13:32:54","guid":{"rendered":"https:\/\/hoyre.no\/orsta\/?page_id=234"},"modified":"2023-06-17T12:52:12","modified_gmt":"2023-06-17T10:52:12","slug":"kultur-idrett-og-frivillige-organisasjonar","status":"publish","type":"page","link":"https:\/\/hoyre.no\/orsta\/kultur-idrett-og-frivillige-organisasjonar\/","title":{"rendered":"Kultur, idrett og frivillige organisasjonar"},"content":{"rendered":"\n<div class=\"wp-block-hoyre-hero with-image-gradient text-color-light  has-media alignfull has-background\"><div class=\"hoyre-hero has-image\"><h1 class=\"title\">Kultur, idrett og frivillige organisasjonar<\/h1><figure class=\"hoyre-image-wrapper\"><div class=\"hoyre-image\"><img loading=\"lazy\" decoding=\"async\" width=\"2500\" height=\"1667\" src=\"https:\/\/hoyre.no\/content\/uploads\/sites\/88\/2023\/03\/GettyImages-1173588116-scaled.jpg\" class=\"attachment-scaled size-scaled\" alt=\"\" style=\"object-position: 50% 50%\" srcset=\"https:\/\/hoyre.no\/content\/uploads\/sites\/88\/2023\/03\/GettyImages-1173588116-scaled.jpg 2500w, https:\/\/hoyre.no\/content\/uploads\/sites\/88\/2023\/03\/GettyImages-1173588116-300x200.jpg 300w, https:\/\/hoyre.no\/content\/uploads\/sites\/88\/2023\/03\/GettyImages-1173588116-1024x683.jpg 1024w, https:\/\/hoyre.no\/content\/uploads\/sites\/88\/2023\/03\/GettyImages-1173588116-768x512.jpg 768w, https:\/\/hoyre.no\/content\/uploads\/sites\/88\/2023\/03\/GettyImages-1173588116-1536x1024.jpg 1536w, https:\/\/hoyre.no\/content\/uploads\/sites\/88\/2023\/03\/GettyImages-1173588116-2048x1365.jpg 2048w\" sizes=\"auto, (max-width: 2500px) 100vw, 2500px\" \/><\/div><\/figure><\/div><\/div>\n\n\n\n\n<h2 class=\"wp-block-heading\">Kultur, idrett og frivillige organisasjonar<\/h2>\n\n\n\n<p>H\u00f8gre \u00f8nskjer eit inkluderande og breitt kultur- og idrettsliv. Frivillige organisasjonar er b\u00e6rebjelken i lokalsamfunna v\u00e5re. I ei tid d\u00e5 mange slit med \u00e5 f\u00e5 endane til \u00e5 m\u00f8test, vil vi at alle barn og unge i \u00d8rsta skal kunne delta p\u00e5 minst ein fritidsaktivitet kvar veke.<\/p>\n\n\n\n<p>H\u00f8gre meiner at eit breitt kulturtilbod er viktig for \u00e5 skape trivsel, og gjer det meir attraktivt \u00e5 bu i \u00d8rsta. Kultur og spr\u00e5k definerer kven vi er og kvar vi kjem ifr\u00e5. Kulturaktivitetar er viktig for \u00e5 skape tryggleik mellom folk p\u00e5 tvers av alder, kj\u00f8nn, sosial status og ulike kulturar. Frivillig innsats har ein eigenverdi i seg sj\u00f8lv, og bidreg til eit rikare lokalsamfunn.<\/p>\n\n\n\n<p><strong>H\u00f8gre vil:<\/strong><\/p>\n\n\n\n<ul class=\"wp-block-list\"><li>Legge til rette for at alle barn og unge skal kunne delta p\u00e5 minst ein fritidsaktivitet kvar veke. <ul><li>\u2013 Det m\u00e5 kome ein eigen turnhall, og han b\u00f8r kome p\u00e5 toppen av det nye symjeanlegget. <a href=\"https:\/\/hoyre.no\/orsta\/?p=462\">Her kan du lese heile forslaget.<\/a><\/li><\/ul><\/li><li>Sette av \u00e5rlege midlar til aktivitetar for uorganisert ungdom.<\/li><li>Flytte Kaihuset inn i det nye kulturhuset<\/li><li>Gi gode rammevilk\u00e5r til frivillige lag og organisasjonar,<\/li><li>Styrke samarbeidet mellom kommunen og frivillige lag og organisasjonar.<\/li><li>Ha ein god kulturskule, med eit breitt tilbod. Vi b\u00f8r vurdere om den kan utviklast i samarbeid med Volda.<\/li><li>Bygge ny symjehall ved \u00d8rstahallen.<\/li><li>Vurdere om det kan byggast ei ekstra etasje p\u00e5 den nye symjehallen, finansiert av private midlar, \u00a0og med det kunne realisere til d\u00f8mes ein turnhall p\u00e5 toppen av symjehallen.<\/li><li>Vi har vore skeptiske til \u00e5 kople nytt kulturhus til bygginga av ny vidareg\u00e5andeskule pga. gjeldsbelastninga i kommunen, men no er dette vedteke, og d\u00e5 vil ogs\u00e5 vi arbeide for \u00e5 ruste opp Kulturhuset i \u00d8rsta, i samarbeid med ny vidareg\u00e5ande skule.<\/li><li>Legge til rette for eit eige skyttarhus, som ei erstatning for tap av skytebaneanlegget i kulturhuset.<\/li><li>Legge til rette for ei kulturbasert n\u00e6ringsutvikling, s\u00e6rleg retta mot reiselivet.<\/li><li>Arbeide for ein god balanse for museumsdrift mellom kommunen og fylket.<\/li><li>At bygg tilh\u00f8yrande frivillige lag og organisasjonar skal fritakast for eigedomsskatt.<\/li><\/ul>\n\n","protected":false},"excerpt":{"rendered":"","protected":false},"author":30082,"featured_media":0,"parent":0,"menu_order":0,"comment_status":"closed","ping_status":"closed","template":"","meta":{"teft_cards_image_url":"","teft_cards_custom_pretitle":"","teft_cards_image_id":0,"teft_cards_image_focal_point_x":0,"teft_cards_image_focal_point_y":0,"teft_cards_title":"","teft_cards_excerpt":"","teft_show_chapters":false,"footnotes":""},"class_list":["post-234","page","type-page","status-publish","hentry"],"yoast_head":"<!-- This site is optimized with the Yoast SEO plugin v26.6 - https:\/\/yoast.com\/wordpress\/plugins\/seo\/ -->\n<title>Kultur, idrett og frivillige organisasjonar - \u00d8rsta H\u00f8gre<\/title>\n<meta name=\"robots\" content=\"index, follow, max-snippet:-1, max-image-preview:large, max-video-preview:-1\" \/>\n<link rel=\"canonical\" href=\"https:\/\/hoyre.no\/orsta\/kultur-idrett-og-frivillige-organisasjonar\/\" \/>\n<meta property=\"og:locale\" content=\"nn_NO\" \/>\n<meta property=\"og:type\" content=\"article\" \/>\n<meta property=\"og:title\" content=\"Kultur, idrett og frivillige organisasjonar - \u00d8rsta H\u00f8gre\" \/>\n<meta property=\"og:url\" content=\"https:\/\/hoyre.no\/orsta\/kultur-idrett-og-frivillige-organisasjonar\/\" \/>\n<meta property=\"og:site_name\" content=\"\u00d8rsta H\u00f8gre\" \/>\n<meta property=\"article:modified_time\" content=\"2023-06-17T10:52:12+00:00\" \/>\n<meta property=\"og:image\" content=\"https:\/\/hoyre.no\/content\/uploads\/sites\/88\/2022\/11\/Hoyres-logo.png\" \/>\n\t<meta property=\"og:image:width\" content=\"1000\" \/>\n\t<meta property=\"og:image:height\" content=\"1000\" \/>\n\t<meta property=\"og:image:type\" content=\"image\/png\" \/>\n<meta name=\"twitter:card\" content=\"summary_large_image\" \/>\n<meta name=\"twitter:label1\" content=\"Est. reading time\" \/>\n\t<meta name=\"twitter:data1\" content=\"2 minutt\" \/>\n<script type=\"application\/ld+json\" class=\"yoast-schema-graph\">{\"@context\":\"https:\/\/schema.org\",\"@graph\":[{\"@type\":\"WebPage\",\"@id\":\"https:\/\/hoyre.no\/orsta\/kultur-idrett-og-frivillige-organisasjonar\/\",\"url\":\"https:\/\/hoyre.no\/orsta\/kultur-idrett-og-frivillige-organisasjonar\/\",\"name\":\"Kultur, idrett og frivillige organisasjonar - \u00d8rsta H\u00f8gre\",\"isPartOf\":{\"@id\":\"https:\/\/hoyre.no\/orsta\/#website\"},\"datePublished\":\"2023-03-08T13:32:54+00:00\",\"dateModified\":\"2023-06-17T10:52:12+00:00\",\"breadcrumb\":{\"@id\":\"https:\/\/hoyre.no\/orsta\/kultur-idrett-og-frivillige-organisasjonar\/#breadcrumb\"},\"inLanguage\":\"nn-NO\",\"potentialAction\":[{\"@type\":\"ReadAction\",\"target\":[\"https:\/\/hoyre.no\/orsta\/kultur-idrett-og-frivillige-organisasjonar\/\"]}]},{\"@type\":\"BreadcrumbList\",\"@id\":\"https:\/\/hoyre.no\/orsta\/kultur-idrett-og-frivillige-organisasjonar\/#breadcrumb\",\"itemListElement\":[{\"@type\":\"ListItem\",\"position\":1,\"name\":\"Til hoyre.no\",\"item\":\"https:\/\/hoyre.no\"},{\"@type\":\"ListItem\",\"position\":2,\"name\":\"Hjem\",\"item\":\"https:\/\/hoyre.no\/orsta\/\"},{\"@type\":\"ListItem\",\"position\":3,\"name\":\"Kultur, idrett og frivillige organisasjonar\"}]},{\"@type\":\"WebSite\",\"@id\":\"https:\/\/hoyre.no\/orsta\/#website\",\"url\":\"https:\/\/hoyre.no\/orsta\/\",\"name\":\"\u00d8rsta H\u00f8gre\",\"description\":\"Bare enda et H\u00f8yres nettsteder-nettsted\",\"inLanguage\":\"nn-NO\"}]}<\/script>\n<!-- \/ Yoast SEO plugin. -->","yoast_head_json":{"title":"Kultur, idrett og frivillige organisasjonar - \u00d8rsta H\u00f8gre","robots":{"index":"index","follow":"follow","max-snippet":"max-snippet:-1","max-image-preview":"max-image-preview:large","max-video-preview":"max-video-preview:-1"},"canonical":"https:\/\/hoyre.no\/orsta\/kultur-idrett-og-frivillige-organisasjonar\/","og_locale":"nn_NO","og_type":"article","og_title":"Kultur, idrett og frivillige organisasjonar - \u00d8rsta H\u00f8gre","og_url":"https:\/\/hoyre.no\/orsta\/kultur-idrett-og-frivillige-organisasjonar\/","og_site_name":"\u00d8rsta H\u00f8gre","article_modified_time":"2023-06-17T10:52:12+00:00","og_image":[{"width":1000,"height":1000,"url":"https:\/\/hoyre.no\/content\/uploads\/sites\/88\/2022\/11\/Hoyres-logo.png","type":"image\/png"}],"twitter_card":"summary_large_image","twitter_misc":{"Est. reading time":"2 minutt"},"schema":{"@context":"https:\/\/schema.org","@graph":[{"@type":"WebPage","@id":"https:\/\/hoyre.no\/orsta\/kultur-idrett-og-frivillige-organisasjonar\/","url":"https:\/\/hoyre.no\/orsta\/kultur-idrett-og-frivillige-organisasjonar\/","name":"Kultur, idrett og frivillige organisasjonar - \u00d8rsta H\u00f8gre","isPartOf":{"@id":"https:\/\/hoyre.no\/orsta\/#website"},"datePublished":"2023-03-08T13:32:54+00:00","dateModified":"2023-06-17T10:52:12+00:00","breadcrumb":{"@id":"https:\/\/hoyre.no\/orsta\/kultur-idrett-og-frivillige-organisasjonar\/#breadcrumb"},"inLanguage":"nn-NO","potentialAction":[{"@type":"ReadAction","target":["https:\/\/hoyre.no\/orsta\/kultur-idrett-og-frivillige-organisasjonar\/"]}]},{"@type":"BreadcrumbList","@id":"https:\/\/hoyre.no\/orsta\/kultur-idrett-og-frivillige-organisasjonar\/#breadcrumb","itemListElement":[{"@type":"ListItem","position":1,"name":"Til hoyre.no","item":"https:\/\/hoyre.no"},{"@type":"ListItem","position":2,"name":"Hjem","item":"https:\/\/hoyre.no\/orsta\/"},{"@type":"ListItem","position":3,"name":"Kultur, idrett og frivillige organisasjonar"}]},{"@type":"WebSite","@id":"https:\/\/hoyre.no\/orsta\/#website","url":"https:\/\/hoyre.no\/orsta\/","name":"\u00d8rsta H\u00f8gre","description":"Bare enda et H\u00f8yres nettsteder-nettsted","inLanguage":"nn-NO"}]}},"distributor_meta":false,"distributor_terms":false,"distributor_media":false,"distributor_original_site_name":"\u00d8rsta H\u00f8gre","distributor_original_site_url":"https:\/\/hoyre.no\/orsta","push-errors":false,"_links":{"self":[{"href":"https:\/\/hoyre.no\/orsta\/wp-json\/wp\/v2\/pages\/234","targetHints":{"allow":["GET"]}}],"collection":[{"href":"https:\/\/hoyre.no\/orsta\/wp-json\/wp\/v2\/pages"}],"about":[{"href":"https:\/\/hoyre.no\/orsta\/wp-json\/wp\/v2\/types\/page"}],"author":[{"embeddable":true,"href":"https:\/\/hoyre.no\/orsta\/wp-json\/wp\/v2\/users\/30082"}],"replies":[{"embeddable":true,"href":"https:\/\/hoyre.no\/orsta\/wp-json\/wp\/v2\/comments?post=234"}],"version-history":[{"count":3,"href":"https:\/\/hoyre.no\/orsta\/wp-json\/wp\/v2\/pages\/234\/revisions"}],"predecessor-version":[{"id":467,"href":"https:\/\/hoyre.no\/orsta\/wp-json\/wp\/v2\/pages\/234\/revisions\/467"}],"wp:attachment":[{"href":"https:\/\/hoyre.no\/orsta\/wp-json\/wp\/v2\/media?parent=234"}],"curies":[{"name":"wp","href":"https:\/\/api.w.org\/{rel}","templated":true}]}}