{"id":237,"date":"2023-03-08T14:35:57","date_gmt":"2023-03-08T13:35:57","guid":{"rendered":"https:\/\/hoyre.no\/orsta\/?page_id=237"},"modified":"2023-08-30T20:52:07","modified_gmt":"2023-08-30T18:52:07","slug":"naering-og-samfunnsutvikling","status":"publish","type":"page","link":"https:\/\/hoyre.no\/orsta\/naering-og-samfunnsutvikling\/","title":{"rendered":"N\u00e6rings- og samfunnsutvikling"},"content":{"rendered":"\n<div class=\"wp-block-columns is-layout-flex wp-container-core-columns-is-layout-9d6595d7 wp-block-columns-is-layout-flex\">\n<div class=\"wp-block-column is-layout-flow wp-block-column-is-layout-flow\" style=\"flex-basis:100%\">\n<div class=\"wp-block-columns alignfull is-layout-flex wp-container-core-columns-is-layout-9d6595d7 wp-block-columns-is-layout-flex\">\n<div class=\"wp-block-column is-layout-flow wp-block-column-is-layout-flow\" style=\"flex-basis:100%\">\n<div class=\"wp-block-media-text is-stacked-on-mobile is-image-fill\" style=\"grid-template-columns:48% auto\"><figure class=\"wp-block-media-text__media\" style=\"background-image:url('https:\/\/hoyre.no\/content\/uploads\/sites\/88\/2023\/08\/367431705_312016031185473_3197676950230123234_n-1024x768.jpg');background-position:100% 150%\"><img loading=\"lazy\" decoding=\"async\" width=\"1024\" height=\"768\" src=\"https:\/\/hoyre.no\/content\/uploads\/sites\/88\/2023\/08\/367431705_312016031185473_3197676950230123234_n-1024x768.jpg\" alt=\"\" class=\"wp-image-501 size-full\" srcset=\"https:\/\/hoyre.no\/content\/uploads\/sites\/88\/2023\/08\/367431705_312016031185473_3197676950230123234_n-1024x768.jpg 1024w, https:\/\/hoyre.no\/content\/uploads\/sites\/88\/2023\/08\/367431705_312016031185473_3197676950230123234_n-300x225.jpg 300w, https:\/\/hoyre.no\/content\/uploads\/sites\/88\/2023\/08\/367431705_312016031185473_3197676950230123234_n-768x576.jpg 768w, https:\/\/hoyre.no\/content\/uploads\/sites\/88\/2023\/08\/367431705_312016031185473_3197676950230123234_n-1536x1152.jpg 1536w, https:\/\/hoyre.no\/content\/uploads\/sites\/88\/2023\/08\/367431705_312016031185473_3197676950230123234_n-2048x1536.jpg 2048w\" sizes=\"auto, (max-width: 1024px) 100vw, 1024px\" \/><\/figure><div class=\"wp-block-media-text__content\">\n<h2 class=\"wp-block-heading\">N\u00e6rings- og <br>samfunns-<br>utvikling<\/h2>\n<\/div><\/div>\n<\/div>\n<\/div>\n<\/div>\n<\/div>\n\n\n\n\n<h2 class=\"wp-block-heading\">Vi vil utvikle \u00d8rsta<\/h2>\n\n\n\n<p>Vi vil gjere \u00d8rsta til ein attraktiv og sentral m\u00f8testad for folk, n\u00e6ringsliv, turisme, handel og kultur. V\u00e5rt m\u00e5l er \u00e5 styrke \u00d8rsta som eit regionsenter p\u00e5 S\u00f8re Sunnm\u00f8re.<\/p>\n\n\n\n<p>Oppf\u00f8lginga av planane for \u00d8rsta sentrum og Hovdebygda har dei siste \u00e5ra gitt oss vekst og ei positiv folketalsutvikling. H\u00f8gre vil halde fram denne utviklinga, og med det legge til rette b\u00e5de for ei fortetting av bustadar i sentrum og areal for bustadbygging i omr\u00e5da rundt.<\/p>\n\n\n\n<p>\u00d8rsta skal vere ein levande kommune med attraktive arbeidsplassar og eit allsidig kulturtilbod. Eit sterkt sentrum og levande bygder gir gode oppvekstvilk\u00e5r, og gjer at unge og vaksne ynskjer \u00e5 kome attende og etablere seg p\u00e5 heimstaden. Vi vil at det skal satsast p\u00e5 busetjing i alle deler i kommunen, i kommunal eller privat regi.<\/p>\n\n\n\n<p><strong>H\u00f8gre vil:<\/strong><\/p>\n\n\n\n<ul class=\"wp-block-list\"><li>F\u00e5 til ei fortetting i \u00d8rsta sentrum med handel, kontorarbeidsplassar og bustadar.<\/li><li>St\u00f8tte planane om utbygging av Alti og M\u00f8rebiltomta.<\/li><li>St\u00f8tte planane om bygging av ny vg.skule i \u00d8rsta.<\/li><li>St\u00f8tte planane om bygging av Velle skule og nytt symjebasseng.<\/li><li>St\u00f8tte planane om utvikling av sentrumsomr\u00e5da Haftor Hovdensplass og Haldeplassen.<\/li><li>St\u00f8tte planane om utviklinga av sj\u00f8sida i \u00d8rsta sentrum, fr\u00e5 Haftor Hovdensplass og vestover.<\/li><li>Utvikle \u00d8rsta sentrum vidare i tr\u00e5d med vedtekne arealplanar.<\/li><li>Starte planlegginga av Sunnm\u00f8re sj\u00f8bad p\u00e5 Ose.<\/li><li>Starte arbeidet med ein sentrumsplan for S\u00e6b\u00f8 sentrum<\/li><li>Legge til rette for utviding og utvikling av bustadfelt b\u00e5de p\u00e5 bygdene og i sentrum.<\/li><\/ul>\n\n\n\n<h2 class=\"wp-block-heading\">Lokal verdiskaping \u2013 det er no vi skal skape framtida<\/h2>\n\n\n\n<p>For \u00e5 f\u00e5 utvikling og vekst i \u00d8rsta m\u00e5 vi ha eit sterkt privat n\u00e6ringsliv som skaper trygge og framtidsretta arbeidsplassar. Denne verdiskapinga er ein f\u00f8resetnad for \u00e5 kunne finansiere velferdssamfunnet v\u00e5rt. N\u00e6ringslivet v\u00e5rt har alltid vore ein viktig del av den norske modellen, og skiftande regjeringar har f\u00f8rt ein skatte- og n\u00e6ringspolitikk som har vore relativ stabil. I haust endra dette seg d\u00e5 den raud\/gr\u00f8ne regjeringa valde \u00e5 gjere store endringar i skattepolitikken, med auke i formue-, grunnrenteskatten og arbeidsgivaravgifta. Dette har s\u00e6rleg g\u00e5tt ut over oss som bur p\u00e5 kysten der havbruk og kraftproduksjon st\u00e5r sterkt. I H\u00f8gre har vi alltid meint at det betyr noko kven som styrer, og dette har vorte s\u00e6rs tydeleg i \u00e5r.<\/p>\n\n\n\n<p><strong>H\u00f8gre vil arbeide for:<\/strong><\/p>\n\n\n\n<ul class=\"wp-block-list\"><li><strong>Industri <\/strong>\u2013 \u00d8rsta er ei industrikommune og den posisjonen skal vi vidareutvikle med god tilgang p\u00e5 n\u00e6ringsareal og energi.<\/li><li><strong>Maritim <\/strong>\u2013 Sj\u00f8matn\u00e6ringa er sterkt veksande og langt framme n\u00e5r det gjeld inovasjon og fornying i \u00d8rsta. Det er viktig \u00e5 legge til rette for ei vidare satsing i alle deler av denne verdikjeda i \u00d8rsta.<\/li><li><strong>Handel<\/strong> &#8211; Vi skal vidareutvikle \u00d8rsta som det leiande handelssenteret p\u00e5 S\u00f8re Sunnm\u00f8re.<\/li><li><strong>Servicebedrifter <\/strong>\u2013 \u00d8rsta har s\u00e6rs mange servicebedrifter b\u00e5de innan bygg og transport mfl. Desse har heile Sunnm\u00f8re som sin marknad og kombinerer hard konkurranse med eit aktivt samarbeid n\u00e5r det passar. Det er viktig \u00e5 legge forholda godt til rette for utvikling og vekst for desse n\u00e6ringane.<\/li><li><strong>Reiseliv<\/strong> \u2013 Sunnm\u00f8rsalpane kjem til \u00e5 bli eit av dei nye \u00abheite\u00bb reisem\u00e5la i \u00e5ra framover. Det krev tilrettelegging. Det er viktig \u00e5 f\u00e5 til eit godt samspel mellom ulike reiselivsakt\u00f8rar, b\u00e5de lokale, regionale og nasjonale. M\u00e5lsetjinga er \u00e5 auke omfanget og sysselsetjinga i reiselivet i omr\u00e5det v\u00e5rt. Dette gjeld b\u00e5de lokal mat og drikke, kultur, overnatting og opplevingar. Vi skal utvikle eit reiseliv som tek vare p\u00e5 milj\u00f8et, samtidig som vi tek ressursane i bruk.<\/li><li><strong>Landbruk<\/strong> &#8211; Landbruk er ei av dei viktigaste n\u00e6ringane i \u00d8rsta med store ringverknader ogs\u00e5 mot foredlingsindustri og reiseliv. H\u00f8gre vil ta vare p\u00e5 eksisterande landbruk og s\u00e6rleg st\u00f8tte dei som vil satse p\u00e5 landbruket som ei heiltidsn\u00e6ring.<\/li><li><strong>Skogbruk &#8211; <\/strong>Det er h\u00f8g aktivitet i skogbruket og ny utskipingskai for t\u00f8mmer er p\u00e5 plass. \u00d8rsta kommune m\u00e5 prioritere arbeidet med oppgradering av vegnettet og vise fleksibilitet ved k\u00f8yrerestriksjonar ved uttak av t\u00f8mmer.<strong><\/strong><\/li><li><strong>Innovasjon<\/strong> &#8211; Vi m\u00e5 f\u00e5 eit sterkare fokus p\u00e5 kva vi skal leve av i framtida. Dei selskapa som bidreg til \u00e5 skape nye og framtidsretta arbeidsplassar m\u00e5 f\u00e5 lagt forholda til rette, slik at dei ser verdien av \u00e5 satse vidare med \u00d8rsta som hovudbase.<\/li><li><strong>N\u00e6ringsareal<\/strong> &#8211; Vi har gode n\u00e6ringsareal \u00e5 tilby og vi har tilgjengeleg energieffektivitet. No m\u00e5 vi ha trykk p\u00e5 nyetableringar. Kommunen m\u00e5 vere aktiv i \u00e5 selje inn \u00d8rsta som ein attraktiv stad \u00e5 etablere ny n\u00e6ringsverksemd.<\/li><li><strong>Ja-kommune<\/strong> &#8211; Skal vi f\u00e5 til eit nyskapande n\u00e6ringsliv i \u00d8rsta, m\u00e5 kommunen vere ein lagspelar.<\/li><li><strong>N\u00e6ringskontoret <\/strong>&#8211; vi \u00f8nskjer \u00e5 utvikle n\u00e6ringskontoret, styrke det n\u00e6ringsstrategiske fokuset og vidareutvikle n\u00e6ringskonferansen. <strong><\/strong><\/li><\/ul>\n\n\n\n<h2 class=\"wp-block-heading\">Samferdsel og kollektivsatsing<\/h2>\n\n\n\n<p>Det \u00e5 utvikle ein st\u00f8rre bu- og arbeidsmarknad i regionen krev gode vegar og gode kollektivtilbod. Vegane m\u00e5 haldast vedlike og sikrast langt betre enn det som er gjort i dag.<\/p>\n\n\n\n<p><strong>H\u00f8gre vil arbeide opp mot stat og fylke p\u00e5 f\u00f8lgjande omr\u00e5de:<\/strong><\/p>\n\n\n\n<ul class=\"wp-block-list\"><li>Vi \u00f8nskjer oss ferjer, med god kvalitet, som g\u00e5r til tider som er tilpassa brukarane sine behov.<\/li><li>Vi vil arbeide for betre gang og sykkelvegar, og det er strekningane langs E39 og Fv655 som m\u00e5 prioriterast.<\/li><li>Tryggare skulevegar og betre kollektivruter.<\/li><li>Vi vil arbeide for \u00e5 gjennomf\u00f8re planane langs E39 fr\u00e5 flyplasskrysset til ny rundk\u00f8yring p\u00e5 Ose, ny Osebru, milj\u00f8gate gjennom \u00d8rsta sentrum, strekninga Lystad \u2013 Liadal og vidare utbetringar langs Vartdalsstranda.<\/li><li>Vi vil arbeide for ein samanhengande ringveg fr\u00e5 flyplasskrysset, Ose, Mosmarka og via H\u00e5konsgata. &nbsp;Det vil vere ei viktig rute for \u00e5 utvikle eit betre kollektivtilbod i \u00d8rsta.<\/li><li>Det m\u00e5 leggast til rette for betre kollektivtransport til og fr\u00e5 flyplassen.<\/li><li>Betre vedlikehald av fylkesvegane, og auka l\u00f8yvingar til rassikring av utsette vegstrekningar.<\/li><li>Fast dekke p\u00e5 kommunale vegar reduserer driftskostnadane og m\u00e5 prioriterast.<\/li><li>Omlegging av E39 med kryssing av \u00d8rstafjorden og Voldatunnelen.<\/li><li>Realisering av ferjefri stamveg p\u00e5 E39, og ny tunnel over Strynefjellet.<\/li><li>Hurtigb\u00e5tkai p\u00e5 Rj\u00e5neset i samband med Stad skipstunell.<\/li><li>Vi m\u00e5 arbeide for ein h\u00f8gare rutefrekvens og eit rimelegare flytilbod fr\u00e5 \u00d8rsta Volda Lufthamn.<\/li><\/ul>\n\n","protected":false},"excerpt":{"rendered":"<p>N\u00e6rings- og samfunns-utvikling<\/p>\n","protected":false},"author":30082,"featured_media":0,"parent":0,"menu_order":0,"comment_status":"closed","ping_status":"closed","template":"","meta":{"teft_cards_image_url":"","teft_cards_custom_pretitle":"","teft_cards_image_id":0,"teft_cards_image_focal_point_x":0,"teft_cards_image_focal_point_y":0,"teft_cards_title":"","teft_cards_excerpt":"","teft_show_chapters":false,"footnotes":""},"class_list":["post-237","page","type-page","status-publish","hentry"],"yoast_head":"<!-- This site is optimized with the Yoast SEO plugin v26.6 - https:\/\/yoast.com\/wordpress\/plugins\/seo\/ -->\n<title>N\u00e6rings- og samfunnsutvikling - \u00d8rsta H\u00f8gre<\/title>\n<meta name=\"robots\" content=\"index, follow, max-snippet:-1, max-image-preview:large, max-video-preview:-1\" \/>\n<link rel=\"canonical\" href=\"https:\/\/hoyre.no\/orsta\/naering-og-samfunnsutvikling\/\" \/>\n<meta property=\"og:locale\" content=\"nn_NO\" \/>\n<meta property=\"og:type\" content=\"article\" \/>\n<meta property=\"og:title\" content=\"N\u00e6rings- og samfunnsutvikling - \u00d8rsta H\u00f8gre\" \/>\n<meta property=\"og:description\" content=\"N\u00e6rings- og samfunns-utvikling\" \/>\n<meta property=\"og:url\" content=\"https:\/\/hoyre.no\/orsta\/naering-og-samfunnsutvikling\/\" \/>\n<meta property=\"og:site_name\" content=\"\u00d8rsta H\u00f8gre\" \/>\n<meta property=\"article:modified_time\" content=\"2023-08-30T18:52:07+00:00\" \/>\n<meta property=\"og:image\" content=\"https:\/\/hoyre.no\/content\/uploads\/sites\/88\/2023\/08\/367431705_312016031185473_3197676950230123234_n-1024x768.jpg\" \/>\n<meta name=\"twitter:card\" content=\"summary_large_image\" \/>\n<meta name=\"twitter:label1\" content=\"Est. reading time\" \/>\n\t<meta name=\"twitter:data1\" content=\"6 minutt\" \/>\n<script type=\"application\/ld+json\" class=\"yoast-schema-graph\">{\"@context\":\"https:\/\/schema.org\",\"@graph\":[{\"@type\":\"WebPage\",\"@id\":\"https:\/\/hoyre.no\/orsta\/naering-og-samfunnsutvikling\/\",\"url\":\"https:\/\/hoyre.no\/orsta\/naering-og-samfunnsutvikling\/\",\"name\":\"N\u00e6rings- og samfunnsutvikling - \u00d8rsta H\u00f8gre\",\"isPartOf\":{\"@id\":\"https:\/\/hoyre.no\/orsta\/#website\"},\"image\":{\"@id\":\"https:\/\/hoyre.no\/orsta\/naering-og-samfunnsutvikling\/#primaryimage\"},\"thumbnailUrl\":\"https:\/\/hoyre.no\/content\/uploads\/sites\/88\/2023\/08\/367431705_312016031185473_3197676950230123234_n-1024x768.jpg\",\"datePublished\":\"2023-03-08T13:35:57+00:00\",\"dateModified\":\"2023-08-30T18:52:07+00:00\",\"breadcrumb\":{\"@id\":\"https:\/\/hoyre.no\/orsta\/naering-og-samfunnsutvikling\/#breadcrumb\"},\"inLanguage\":\"nn-NO\",\"potentialAction\":[{\"@type\":\"ReadAction\",\"target\":[\"https:\/\/hoyre.no\/orsta\/naering-og-samfunnsutvikling\/\"]}]},{\"@type\":\"ImageObject\",\"inLanguage\":\"nn-NO\",\"@id\":\"https:\/\/hoyre.no\/orsta\/naering-og-samfunnsutvikling\/#primaryimage\",\"url\":\"https:\/\/hoyre.no\/content\/uploads\/sites\/88\/2023\/08\/367431705_312016031185473_3197676950230123234_n-1024x768.jpg\",\"contentUrl\":\"https:\/\/hoyre.no\/content\/uploads\/sites\/88\/2023\/08\/367431705_312016031185473_3197676950230123234_n-1024x768.jpg\"},{\"@type\":\"BreadcrumbList\",\"@id\":\"https:\/\/hoyre.no\/orsta\/naering-og-samfunnsutvikling\/#breadcrumb\",\"itemListElement\":[{\"@type\":\"ListItem\",\"position\":1,\"name\":\"Til hoyre.no\",\"item\":\"https:\/\/hoyre.no\"},{\"@type\":\"ListItem\",\"position\":2,\"name\":\"Hjem\",\"item\":\"https:\/\/hoyre.no\/orsta\/\"},{\"@type\":\"ListItem\",\"position\":3,\"name\":\"N\u00e6rings- og samfunnsutvikling\"}]},{\"@type\":\"WebSite\",\"@id\":\"https:\/\/hoyre.no\/orsta\/#website\",\"url\":\"https:\/\/hoyre.no\/orsta\/\",\"name\":\"\u00d8rsta H\u00f8gre\",\"description\":\"Bare enda et H\u00f8yres nettsteder-nettsted\",\"inLanguage\":\"nn-NO\"}]}<\/script>\n<!-- \/ Yoast SEO plugin. -->","yoast_head_json":{"title":"N\u00e6rings- og samfunnsutvikling - \u00d8rsta H\u00f8gre","robots":{"index":"index","follow":"follow","max-snippet":"max-snippet:-1","max-image-preview":"max-image-preview:large","max-video-preview":"max-video-preview:-1"},"canonical":"https:\/\/hoyre.no\/orsta\/naering-og-samfunnsutvikling\/","og_locale":"nn_NO","og_type":"article","og_title":"N\u00e6rings- og samfunnsutvikling - \u00d8rsta H\u00f8gre","og_description":"N\u00e6rings- og samfunns-utvikling","og_url":"https:\/\/hoyre.no\/orsta\/naering-og-samfunnsutvikling\/","og_site_name":"\u00d8rsta H\u00f8gre","article_modified_time":"2023-08-30T18:52:07+00:00","og_image":[{"url":"https:\/\/hoyre.no\/content\/uploads\/sites\/88\/2023\/08\/367431705_312016031185473_3197676950230123234_n-1024x768.jpg","type":"","width":"","height":""}],"twitter_card":"summary_large_image","twitter_misc":{"Est. reading time":"6 minutt"},"schema":{"@context":"https:\/\/schema.org","@graph":[{"@type":"WebPage","@id":"https:\/\/hoyre.no\/orsta\/naering-og-samfunnsutvikling\/","url":"https:\/\/hoyre.no\/orsta\/naering-og-samfunnsutvikling\/","name":"N\u00e6rings- og samfunnsutvikling - \u00d8rsta H\u00f8gre","isPartOf":{"@id":"https:\/\/hoyre.no\/orsta\/#website"},"image":{"@id":"https:\/\/hoyre.no\/orsta\/naering-og-samfunnsutvikling\/#primaryimage"},"thumbnailUrl":"https:\/\/hoyre.no\/content\/uploads\/sites\/88\/2023\/08\/367431705_312016031185473_3197676950230123234_n-1024x768.jpg","datePublished":"2023-03-08T13:35:57+00:00","dateModified":"2023-08-30T18:52:07+00:00","breadcrumb":{"@id":"https:\/\/hoyre.no\/orsta\/naering-og-samfunnsutvikling\/#breadcrumb"},"inLanguage":"nn-NO","potentialAction":[{"@type":"ReadAction","target":["https:\/\/hoyre.no\/orsta\/naering-og-samfunnsutvikling\/"]}]},{"@type":"ImageObject","inLanguage":"nn-NO","@id":"https:\/\/hoyre.no\/orsta\/naering-og-samfunnsutvikling\/#primaryimage","url":"https:\/\/hoyre.no\/content\/uploads\/sites\/88\/2023\/08\/367431705_312016031185473_3197676950230123234_n-1024x768.jpg","contentUrl":"https:\/\/hoyre.no\/content\/uploads\/sites\/88\/2023\/08\/367431705_312016031185473_3197676950230123234_n-1024x768.jpg"},{"@type":"BreadcrumbList","@id":"https:\/\/hoyre.no\/orsta\/naering-og-samfunnsutvikling\/#breadcrumb","itemListElement":[{"@type":"ListItem","position":1,"name":"Til hoyre.no","item":"https:\/\/hoyre.no"},{"@type":"ListItem","position":2,"name":"Hjem","item":"https:\/\/hoyre.no\/orsta\/"},{"@type":"ListItem","position":3,"name":"N\u00e6rings- og samfunnsutvikling"}]},{"@type":"WebSite","@id":"https:\/\/hoyre.no\/orsta\/#website","url":"https:\/\/hoyre.no\/orsta\/","name":"\u00d8rsta H\u00f8gre","description":"Bare enda et H\u00f8yres nettsteder-nettsted","inLanguage":"nn-NO"}]}},"distributor_meta":false,"distributor_terms":false,"distributor_media":false,"distributor_original_site_name":"\u00d8rsta H\u00f8gre","distributor_original_site_url":"https:\/\/hoyre.no\/orsta","push-errors":false,"_links":{"self":[{"href":"https:\/\/hoyre.no\/orsta\/wp-json\/wp\/v2\/pages\/237","targetHints":{"allow":["GET"]}}],"collection":[{"href":"https:\/\/hoyre.no\/orsta\/wp-json\/wp\/v2\/pages"}],"about":[{"href":"https:\/\/hoyre.no\/orsta\/wp-json\/wp\/v2\/types\/page"}],"author":[{"embeddable":true,"href":"https:\/\/hoyre.no\/orsta\/wp-json\/wp\/v2\/users\/30082"}],"replies":[{"embeddable":true,"href":"https:\/\/hoyre.no\/orsta\/wp-json\/wp\/v2\/comments?post=237"}],"version-history":[{"count":15,"href":"https:\/\/hoyre.no\/orsta\/wp-json\/wp\/v2\/pages\/237\/revisions"}],"predecessor-version":[{"id":530,"href":"https:\/\/hoyre.no\/orsta\/wp-json\/wp\/v2\/pages\/237\/revisions\/530"}],"wp:attachment":[{"href":"https:\/\/hoyre.no\/orsta\/wp-json\/wp\/v2\/media?parent=237"}],"curies":[{"name":"wp","href":"https:\/\/api.w.org\/{rel}","templated":true}]}}