{"id":389,"date":"2023-05-17T18:32:40","date_gmt":"2023-05-17T16:32:40","guid":{"rendered":"https:\/\/hoyre.no\/orsta\/?page_id=389"},"modified":"2025-01-24T11:01:42","modified_gmt":"2025-01-24T10:01:42","slug":"anne-solvi-vatne","status":"publish","type":"page","link":"https:\/\/hoyre.no\/orsta\/anne-solvi-vatne\/","title":{"rendered":"Anne S\u00f8lvi Vatne"},"content":{"rendered":"\n<div class=\"wp-block-hoyre-hero with-image-gradient text-color-light  alignfull has-background\"><div class=\"hoyre-hero \"><h1 class=\"title\">Anne S\u00f8lvi Vatne<\/h1><\/div><\/div>\n\n\n\n\n\n<div class=\"wp-block-media-text alignwide is-stacked-on-mobile is-vertically-aligned-top\"><figure class=\"wp-block-media-text__media\"><img loading=\"lazy\" decoding=\"async\" width=\"819\" height=\"1024\" src=\"https:\/\/hoyre.no\/content\/uploads\/sites\/88\/2023\/05\/Anne-Solvi-819x1024.jpg\" alt=\"\" class=\"wp-image-352 size-full\" srcset=\"https:\/\/hoyre.no\/content\/uploads\/sites\/88\/2023\/05\/Anne-Solvi-819x1024.jpg 819w, https:\/\/hoyre.no\/content\/uploads\/sites\/88\/2023\/05\/Anne-Solvi-240x300.jpg 240w, https:\/\/hoyre.no\/content\/uploads\/sites\/88\/2023\/05\/Anne-Solvi-768x960.jpg 768w, https:\/\/hoyre.no\/content\/uploads\/sites\/88\/2023\/05\/Anne-Solvi-1229x1536.jpg 1229w, https:\/\/hoyre.no\/content\/uploads\/sites\/88\/2023\/05\/Anne-Solvi-1638x2048.jpg 1638w, https:\/\/hoyre.no\/content\/uploads\/sites\/88\/2023\/05\/Anne-Solvi-scaled.jpg 2000w\" sizes=\"auto, (max-width: 819px) 100vw, 819px\" \/><\/figure><div class=\"wp-block-media-text__content\">\n<h3 class=\"wp-block-heading\">Anne S\u00f8lvi Vatne<br><br>Bustad: Mosmarka, \u00d8rsta<br><\/h3>\n\n\n\n<h3 class=\"wp-block-heading\">Yrke: Seniorinspekt\u00f8r i Mattilsynet<br><\/h3>\n\n\n\n<p><strong>Utdanning:<\/strong> Bachelor i matteknologi<br><\/p>\n\n\n\n<p><strong>Privat:<\/strong> Mor til 2 flotte d\u00f8tre, mormor til to sm\u00e5 karar<\/p>\n\n\n\n<p><strong>Politisk erfaring:<\/strong><br>Fast medlem i kommunestyret 2019 \u2013 2023, gruppeleiar. Vara til kommunestyret 2011 \u2013 2019<br>Medlem av samfunnsutvalet 2019 \u2013 2023, vara 2015 \u2013 2019<br>Medlem byggenemnda 2019 \u2013 2023<br>Medlem landbruksutvalet 2015 \u2013 2019, vara 2011 \u2013 2015<br>Vara til fylkestinget 2019 \u2013 2023<br>Lokallagsleiar \u00d8rsta H\u00f8gre 2017 \u2013 2021<br><\/p>\n\n\n\n<p><strong>Hjertesaker:<\/strong><br>\ud83d\udc99 Opptatt av samferdsel og n\u00e6ringsliv. Samferdsel er ikkje berre ein veg eller ei bru, men infrastruktur som knyter saman menneske og arbeidsmarknader. Dei lar oss transportere varer og tenester ut og inn av regionen.<br>Opptatt av at vegar og bruer skal v\u00e6re trygge og samfunnsnyttige.<\/p>\n\n\n\n<p><br>\ud83d\udc99 Eit n\u00e6ringsliv som f\u00e5r utvikle seg og vekse er grunnlaget for \u00e5 bygge kompetanse og arbeidsplassar. Dette vil igjen gi utvikling i distriktet ved at innbyggarane f\u00e5r arbeid, og<br>dermed skapar samfunn der oppvekst, kulturliv og bustad st\u00e5r i fokus. N\u00e6ringslivet m\u00e5 f\u00e5 forutseielige vilk\u00e5r, for stabile og framtidsretta arbeidsplassar.<\/p>\n\n\n\n<p><br>\ud83d\udc99 Landbruk er ei viktig n\u00e6ring som treng s\u00e6rskilt vern i utrygge tider. Dette for \u00e5 sikre matforsyning og forvaltning av naturen.<\/p>\n\n\n\n<p><br>\ud83d\udc99 Helse og omsorg er viktige oppg\u00e5ver for ei kommune, i samspel med helseforetaka og private akt\u00f8rar.<\/p>\n\n\n\n<p><strong>Kvifor H\u00f8gre:<\/strong><br>H\u00f8gre sine verdiar er sterkt samanfallande med mine egne verdiar. Alle skal ha muligheit for \u00e5 ta egne val, d\u00e5 alle har ulike behov og forutsetningar. H\u00f8gre er det politiske partiet eg er minst ueinig med.<\/p>\n\n\n\n<p><strong>Fritidsinteresser:<\/strong><br>Familie og vennar er det viktigaste i livet for meg. Likar \u00e5 g\u00e5 p\u00e5 undreturar med barnebarna.<br>Trivest p\u00e5 tur i skog og mark, men ogs\u00e5 turar til inn- og utland for \u00e5 oppleve kultur og storbyliv. Nyte dei vakre fjelltoppane p\u00e5 Sunnm\u00f8re p\u00e5 trygg avstand.<br>Glad i konsertar, kunst, film og b\u00f8ker.<br>Likar \u00e5 reise med b\u00e5de bil, buss og fly.<\/p>\n\n\n\n<p><strong>Fun fact:<\/strong><br>Kjekkaste fritidsinteressa er \u00e5 beskj\u00e6re (skamfare, seier enkelte) tre og buskar. I eigen hage!<\/p>\n<\/div><\/div>\n","protected":false},"excerpt":{"rendered":"<p>Anne S\u00f8lvi Vatne Bustad: Mosmarka, \u00d8rsta Yrke: Seniorinspekt\u00f8r i Mattilsynet Utdanning: Bachelor i matteknologi Privat: Mor til 2 flotte d\u00f8tre, mormor til to sm\u00e5 karar Politisk erfaring:Fast medlem i kommunestyret 2019 \u2013 2023, gruppeleiar. Vara til kommunestyret 2011 \u2013 2019Medlem av samfunnsutvalet 2019 \u2013 2023, vara 2015 \u2013 2019Medlem byggenemnda 2019 \u2013 2023Medlem landbruksutvalet 2015 [&hellip;]<\/p>\n","protected":false},"author":30082,"featured_media":0,"parent":0,"menu_order":0,"comment_status":"closed","ping_status":"closed","template":"","meta":{"teft_cards_image_url":"","teft_cards_custom_pretitle":"","teft_cards_image_id":0,"teft_cards_image_focal_point_x":0,"teft_cards_image_focal_point_y":0,"teft_cards_title":"","teft_cards_excerpt":"","teft_show_chapters":false,"footnotes":""},"class_list":["post-389","page","type-page","status-publish","hentry"],"yoast_head":"<!-- This site is optimized with the Yoast SEO plugin v26.6 - https:\/\/yoast.com\/wordpress\/plugins\/seo\/ -->\n<title>Anne S\u00f8lvi Vatne - \u00d8rsta H\u00f8gre<\/title>\n<meta name=\"robots\" content=\"index, follow, max-snippet:-1, max-image-preview:large, max-video-preview:-1\" \/>\n<link rel=\"canonical\" href=\"https:\/\/hoyre.no\/orsta\/anne-solvi-vatne\/\" \/>\n<meta property=\"og:locale\" content=\"nn_NO\" \/>\n<meta property=\"og:type\" content=\"article\" \/>\n<meta property=\"og:title\" content=\"Anne S\u00f8lvi Vatne - \u00d8rsta H\u00f8gre\" \/>\n<meta property=\"og:description\" content=\"Anne S\u00f8lvi Vatne Bustad: Mosmarka, \u00d8rsta Yrke: Seniorinspekt\u00f8r i Mattilsynet Utdanning: Bachelor i matteknologi Privat: Mor til 2 flotte d\u00f8tre, mormor til to sm\u00e5 karar Politisk erfaring:Fast medlem i kommunestyret 2019 \u2013 2023, gruppeleiar. Vara til kommunestyret 2011 \u2013 2019Medlem av samfunnsutvalet 2019 \u2013 2023, vara 2015 \u2013 2019Medlem byggenemnda 2019 \u2013 2023Medlem landbruksutvalet 2015 [&hellip;]\" \/>\n<meta property=\"og:url\" content=\"https:\/\/hoyre.no\/orsta\/anne-solvi-vatne\/\" \/>\n<meta property=\"og:site_name\" content=\"\u00d8rsta H\u00f8gre\" \/>\n<meta property=\"article:modified_time\" content=\"2025-01-24T10:01:42+00:00\" \/>\n<meta property=\"og:image\" content=\"https:\/\/hoyre.no\/content\/uploads\/sites\/88\/2023\/05\/Anne-Solvi-scaled.jpg\" \/>\n\t<meta property=\"og:image:width\" content=\"2000\" \/>\n\t<meta property=\"og:image:height\" content=\"2500\" \/>\n\t<meta property=\"og:image:type\" content=\"image\/jpeg\" \/>\n<meta name=\"twitter:card\" content=\"summary_large_image\" \/>\n<meta name=\"twitter:label1\" content=\"Est. reading time\" \/>\n\t<meta name=\"twitter:data1\" content=\"2 minutt\" \/>\n<script type=\"application\/ld+json\" class=\"yoast-schema-graph\">{\"@context\":\"https:\/\/schema.org\",\"@graph\":[{\"@type\":\"WebPage\",\"@id\":\"https:\/\/hoyre.no\/orsta\/anne-solvi-vatne\/\",\"url\":\"https:\/\/hoyre.no\/orsta\/anne-solvi-vatne\/\",\"name\":\"Anne S\u00f8lvi Vatne - \u00d8rsta H\u00f8gre\",\"isPartOf\":{\"@id\":\"https:\/\/hoyre.no\/orsta\/#website\"},\"image\":{\"@id\":\"https:\/\/hoyre.no\/orsta\/anne-solvi-vatne\/#primaryimage\"},\"thumbnailUrl\":\"https:\/\/hoyre.no\/content\/uploads\/sites\/88\/2023\/05\/Anne-Solvi-819x1024.jpg\",\"datePublished\":\"2023-05-17T16:32:40+00:00\",\"dateModified\":\"2025-01-24T10:01:42+00:00\",\"breadcrumb\":{\"@id\":\"https:\/\/hoyre.no\/orsta\/anne-solvi-vatne\/#breadcrumb\"},\"inLanguage\":\"nn-NO\",\"potentialAction\":[{\"@type\":\"ReadAction\",\"target\":[\"https:\/\/hoyre.no\/orsta\/anne-solvi-vatne\/\"]}]},{\"@type\":\"ImageObject\",\"inLanguage\":\"nn-NO\",\"@id\":\"https:\/\/hoyre.no\/orsta\/anne-solvi-vatne\/#primaryimage\",\"url\":\"https:\/\/hoyre.no\/content\/uploads\/sites\/88\/2023\/05\/Anne-Solvi-819x1024.jpg\",\"contentUrl\":\"https:\/\/hoyre.no\/content\/uploads\/sites\/88\/2023\/05\/Anne-Solvi-819x1024.jpg\"},{\"@type\":\"BreadcrumbList\",\"@id\":\"https:\/\/hoyre.no\/orsta\/anne-solvi-vatne\/#breadcrumb\",\"itemListElement\":[{\"@type\":\"ListItem\",\"position\":1,\"name\":\"Til hoyre.no\",\"item\":\"https:\/\/hoyre.no\"},{\"@type\":\"ListItem\",\"position\":2,\"name\":\"Hjem\",\"item\":\"https:\/\/hoyre.no\/orsta\/\"},{\"@type\":\"ListItem\",\"position\":3,\"name\":\"Anne S\u00f8lvi Vatne\"}]},{\"@type\":\"WebSite\",\"@id\":\"https:\/\/hoyre.no\/orsta\/#website\",\"url\":\"https:\/\/hoyre.no\/orsta\/\",\"name\":\"\u00d8rsta H\u00f8gre\",\"description\":\"Bare enda et H\u00f8yres nettsteder-nettsted\",\"inLanguage\":\"nn-NO\"}]}<\/script>\n<!-- \/ Yoast SEO plugin. -->","yoast_head_json":{"title":"Anne S\u00f8lvi Vatne - \u00d8rsta H\u00f8gre","robots":{"index":"index","follow":"follow","max-snippet":"max-snippet:-1","max-image-preview":"max-image-preview:large","max-video-preview":"max-video-preview:-1"},"canonical":"https:\/\/hoyre.no\/orsta\/anne-solvi-vatne\/","og_locale":"nn_NO","og_type":"article","og_title":"Anne S\u00f8lvi Vatne - \u00d8rsta H\u00f8gre","og_description":"Anne S\u00f8lvi Vatne Bustad: Mosmarka, \u00d8rsta Yrke: Seniorinspekt\u00f8r i Mattilsynet Utdanning: Bachelor i matteknologi Privat: Mor til 2 flotte d\u00f8tre, mormor til to sm\u00e5 karar Politisk erfaring:Fast medlem i kommunestyret 2019 \u2013 2023, gruppeleiar. Vara til kommunestyret 2011 \u2013 2019Medlem av samfunnsutvalet 2019 \u2013 2023, vara 2015 \u2013 2019Medlem byggenemnda 2019 \u2013 2023Medlem landbruksutvalet 2015 [&hellip;]","og_url":"https:\/\/hoyre.no\/orsta\/anne-solvi-vatne\/","og_site_name":"\u00d8rsta H\u00f8gre","article_modified_time":"2025-01-24T10:01:42+00:00","og_image":[{"width":2000,"height":2500,"url":"https:\/\/hoyre.no\/content\/uploads\/sites\/88\/2023\/05\/Anne-Solvi-scaled.jpg","type":"image\/jpeg"}],"twitter_card":"summary_large_image","twitter_misc":{"Est. reading time":"2 minutt"},"schema":{"@context":"https:\/\/schema.org","@graph":[{"@type":"WebPage","@id":"https:\/\/hoyre.no\/orsta\/anne-solvi-vatne\/","url":"https:\/\/hoyre.no\/orsta\/anne-solvi-vatne\/","name":"Anne S\u00f8lvi Vatne - \u00d8rsta H\u00f8gre","isPartOf":{"@id":"https:\/\/hoyre.no\/orsta\/#website"},"image":{"@id":"https:\/\/hoyre.no\/orsta\/anne-solvi-vatne\/#primaryimage"},"thumbnailUrl":"https:\/\/hoyre.no\/content\/uploads\/sites\/88\/2023\/05\/Anne-Solvi-819x1024.jpg","datePublished":"2023-05-17T16:32:40+00:00","dateModified":"2025-01-24T10:01:42+00:00","breadcrumb":{"@id":"https:\/\/hoyre.no\/orsta\/anne-solvi-vatne\/#breadcrumb"},"inLanguage":"nn-NO","potentialAction":[{"@type":"ReadAction","target":["https:\/\/hoyre.no\/orsta\/anne-solvi-vatne\/"]}]},{"@type":"ImageObject","inLanguage":"nn-NO","@id":"https:\/\/hoyre.no\/orsta\/anne-solvi-vatne\/#primaryimage","url":"https:\/\/hoyre.no\/content\/uploads\/sites\/88\/2023\/05\/Anne-Solvi-819x1024.jpg","contentUrl":"https:\/\/hoyre.no\/content\/uploads\/sites\/88\/2023\/05\/Anne-Solvi-819x1024.jpg"},{"@type":"BreadcrumbList","@id":"https:\/\/hoyre.no\/orsta\/anne-solvi-vatne\/#breadcrumb","itemListElement":[{"@type":"ListItem","position":1,"name":"Til hoyre.no","item":"https:\/\/hoyre.no"},{"@type":"ListItem","position":2,"name":"Hjem","item":"https:\/\/hoyre.no\/orsta\/"},{"@type":"ListItem","position":3,"name":"Anne S\u00f8lvi Vatne"}]},{"@type":"WebSite","@id":"https:\/\/hoyre.no\/orsta\/#website","url":"https:\/\/hoyre.no\/orsta\/","name":"\u00d8rsta H\u00f8gre","description":"Bare enda et H\u00f8yres nettsteder-nettsted","inLanguage":"nn-NO"}]}},"distributor_meta":false,"distributor_terms":false,"distributor_media":false,"distributor_original_site_name":"\u00d8rsta H\u00f8gre","distributor_original_site_url":"https:\/\/hoyre.no\/orsta","push-errors":false,"_links":{"self":[{"href":"https:\/\/hoyre.no\/orsta\/wp-json\/wp\/v2\/pages\/389","targetHints":{"allow":["GET"]}}],"collection":[{"href":"https:\/\/hoyre.no\/orsta\/wp-json\/wp\/v2\/pages"}],"about":[{"href":"https:\/\/hoyre.no\/orsta\/wp-json\/wp\/v2\/types\/page"}],"author":[{"embeddable":true,"href":"https:\/\/hoyre.no\/orsta\/wp-json\/wp\/v2\/users\/30082"}],"replies":[{"embeddable":true,"href":"https:\/\/hoyre.no\/orsta\/wp-json\/wp\/v2\/comments?post=389"}],"version-history":[{"count":5,"href":"https:\/\/hoyre.no\/orsta\/wp-json\/wp\/v2\/pages\/389\/revisions"}],"predecessor-version":[{"id":557,"href":"https:\/\/hoyre.no\/orsta\/wp-json\/wp\/v2\/pages\/389\/revisions\/557"}],"wp:attachment":[{"href":"https:\/\/hoyre.no\/orsta\/wp-json\/wp\/v2\/media?parent=389"}],"curies":[{"name":"wp","href":"https:\/\/api.w.org\/{rel}","templated":true}]}}

Anne Sølvi Vatne

<div class="wp-block-hoyre-hero with-image-gradient text-color-light  alignfull has-background"><div class="hoyre-hero "><h1 class="title">Anne Sølvi Vatne</h1></div></div>





<div class="wp-block-media-text alignwide is-stacked-on-mobile is-vertically-aligned-top"><figure class="wp-block-media-text__media"><img loading="lazy" decoding="async" width="819" height="1024" src="https://hoyre.no/content/uploads/sites/88/2023/05/Anne-Solvi-819x1024.jpg" alt="" class="wp-image-352 size-full" srcset="https://hoyre.no/content/uploads/sites/88/2023/05/Anne-Solvi-819x1024.jpg 819w, https://hoyre.no/content/uploads/sites/88/2023/05/Anne-Solvi-240x300.jpg 240w, https://hoyre.no/content/uploads/sites/88/2023/05/Anne-Solvi-768x960.jpg 768w, https://hoyre.no/content/uploads/sites/88/2023/05/Anne-Solvi-1229x1536.jpg 1229w, https://hoyre.no/content/uploads/sites/88/2023/05/Anne-Solvi-1638x2048.jpg 1638w, https://hoyre.no/content/uploads/sites/88/2023/05/Anne-Solvi-scaled.jpg 2000w" sizes="auto, (max-width: 819px) 100vw, 819px" /></figure><div class="wp-block-media-text__content">
<h3 class="wp-block-heading">Anne Sølvi Vatne<br><br>Bustad: Mosmarka, Ørsta<br></h3>



<h3 class="wp-block-heading">Yrke: Seniorinspektør i Mattilsynet<br></h3>



<p><strong>Utdanning:</strong> Bachelor i matteknologi<br></p>



<p><strong>Privat:</strong> Mor til 2 flotte døtre, mormor til to små karar</p>



<p><strong>Politisk erfaring:</strong><br>Fast medlem i kommunestyret 2019 – 2023, gruppeleiar. Vara til kommunestyret 2011 – 2019<br>Medlem av samfunnsutvalet 2019 – 2023, vara 2015 – 2019<br>Medlem byggenemnda 2019 – 2023<br>Medlem landbruksutvalet 2015 – 2019, vara 2011 – 2015<br>Vara til fylkestinget 2019 – 2023<br>Lokallagsleiar Ørsta Høgre 2017 – 2021<br></p>



<p><strong>Hjertesaker:</strong><br>💙 Opptatt av samferdsel og næringsliv. Samferdsel er ikkje berre ein veg eller ei bru, men infrastruktur som knyter saman menneske og arbeidsmarknader. Dei lar oss transportere varer og tenester ut og inn av regionen.<br>Opptatt av at vegar og bruer skal være trygge og samfunnsnyttige.</p>



<p><br>💙 Eit næringsliv som får utvikle seg og vekse er grunnlaget for å bygge kompetanse og arbeidsplassar. Dette vil igjen gi utvikling i distriktet ved at innbyggarane får arbeid, og<br>dermed skapar samfunn der oppvekst, kulturliv og bustad står i fokus. Næringslivet må få forutseielige vilkår, for stabile og framtidsretta arbeidsplassar.</p>



<p><br>💙 Landbruk er ei viktig næring som treng særskilt vern i utrygge tider. Dette for å sikre matforsyning og forvaltning av naturen.</p>



<p><br>💙 Helse og omsorg er viktige oppgåver for ei kommune, i samspel med helseforetaka og private aktørar.</p>



<p><strong>Kvifor Høgre:</strong><br>Høgre sine verdiar er sterkt samanfallande med mine egne verdiar. Alle skal ha muligheit for å ta egne val, då alle har ulike behov og forutsetningar. Høgre er det politiske partiet eg er minst ueinig med.</p>



<p><strong>Fritidsinteresser:</strong><br>Familie og vennar er det viktigaste i livet for meg. Likar å gå på undreturar med barnebarna.<br>Trivest på tur i skog og mark, men også turar til inn- og utland for å oppleve kultur og storbyliv. Nyte dei vakre fjelltoppane på Sunnmøre på trygg avstand.<br>Glad i konsertar, kunst, film og bøker.<br>Likar å reise med både bil, buss og fly.</p>



<p><strong>Fun fact:</strong><br>Kjekkaste fritidsinteressa er å beskjære (skamfare, seier enkelte) tre og buskar. I eigen hage!</p>
</div></div>

<p>Anne Sølvi Vatne Bustad: Mosmarka, Ørsta Yrke: Seniorinspektør i Mattilsynet Utdanning: Bachelor i matteknologi Privat: Mor til 2 flotte døtre, mormor til to små karar Politisk erfaring:Fast medlem i kommunestyret 2019 – 2023, gruppeleiar. Vara til kommunestyret 2011 – 2019Medlem av samfunnsutvalet 2019 – 2023, vara 2015 – 2019Medlem byggenemnda 2019 – 2023Medlem landbruksutvalet 2015 [&hellip;]</p>

<!-- This site is optimized with the Yoast SEO plugin v26.6 - https://yoast.com/wordpress/plugins/seo/ -->
<title>Anne Sølvi Vatne - Ørsta Høgre</title>
<meta name="robots" content="index, follow, max-snippet:-1, max-image-preview:large, max-video-preview:-1" />
<link rel="canonical" href="https://hoyre.no/orsta/anne-solvi-vatne/" />
<meta property="og:locale" content="nn_NO" />
<meta property="og:type" content="article" />
<meta property="og:title" content="Anne Sølvi Vatne - Ørsta Høgre" />
<meta property="og:description" content="Anne Sølvi Vatne Bustad: Mosmarka, Ørsta Yrke: Seniorinspektør i Mattilsynet Utdanning: Bachelor i matteknologi Privat: Mor til 2 flotte døtre, mormor til to små karar Politisk erfaring:Fast medlem i kommunestyret 2019 – 2023, gruppeleiar. Vara til kommunestyret 2011 – 2019Medlem av samfunnsutvalet 2019 – 2023, vara 2015 – 2019Medlem byggenemnda 2019 – 2023Medlem landbruksutvalet 2015 [&hellip;]" />
<meta property="og:url" content="https://hoyre.no/orsta/anne-solvi-vatne/" />
<meta property="og:site_name" content="Ørsta Høgre" />
<meta property="article:modified_time" content="2025-01-24T10:01:42+00:00" />
<meta property="og:image" content="https://hoyre.no/content/uploads/sites/88/2023/05/Anne-Solvi-scaled.jpg" />
	<meta property="og:image:width" content="2000" />
	<meta property="og:image:height" content="2500" />
	<meta property="og:image:type" content="image/jpeg" />
<meta name="twitter:card" content="summary_large_image" />
<meta name="twitter:label1" content="Est. reading time" />
	<meta name="twitter:data1" content="2 minutt" />
<script type="application/ld+json" class="yoast-schema-graph">{"@context":"https://schema.org","@graph":[{"@type":"WebPage","@id":"https://hoyre.no/orsta/anne-solvi-vatne/","url":"https://hoyre.no/orsta/anne-solvi-vatne/","name":"Anne Sølvi Vatne - Ørsta Høgre","isPartOf":{"@id":"https://hoyre.no/orsta/#website"},"image":{"@id":"https://hoyre.no/orsta/anne-solvi-vatne/#primaryimage"},"thumbnailUrl":"https://hoyre.no/content/uploads/sites/88/2023/05/Anne-Solvi-819x1024.jpg","datePublished":"2023-05-17T16:32:40+00:00","dateModified":"2025-01-24T10:01:42+00:00","breadcrumb":{"@id":"https://hoyre.no/orsta/anne-solvi-vatne/#breadcrumb"},"inLanguage":"nn-NO","potentialAction":[{"@type":"ReadAction","target":["https://hoyre.no/orsta/anne-solvi-vatne/"]}]},{"@type":"ImageObject","inLanguage":"nn-NO","@id":"https://hoyre.no/orsta/anne-solvi-vatne/#primaryimage","url":"https://hoyre.no/content/uploads/sites/88/2023/05/Anne-Solvi-819x1024.jpg","contentUrl":"https://hoyre.no/content/uploads/sites/88/2023/05/Anne-Solvi-819x1024.jpg"},{"@type":"BreadcrumbList","@id":"https://hoyre.no/orsta/anne-solvi-vatne/#breadcrumb","itemListElement":[{"@type":"ListItem","position":1,"name":"Til hoyre.no","item":"https://hoyre.no"},{"@type":"ListItem","position":2,"name":"Hjem","item":"https://hoyre.no/orsta/"},{"@type":"ListItem","position":3,"name":"Anne Sølvi Vatne"}]},{"@type":"WebSite","@id":"https://hoyre.no/orsta/#website","url":"https://hoyre.no/orsta/","name":"Ørsta Høgre","description":"Bare enda et Høyres nettsteder-nettsted","inLanguage":"nn-NO"}]}</script>
<!-- / Yoast SEO plugin. -->

Anne Sølvi Vatne - Ørsta Høgre

Anne Sølvi Vatne Bustad: Mosmarka, Ørsta Yrke: Seniorinspektør i Mattilsynet Utdanning: Bachelor i matteknologi Privat: Mor til 2 flotte døtre, mormor til to små karar Politisk erfaring:Fast medlem i kommunestyret 2019 – 2023, gruppeleiar. Vara til kommunestyret 2011 – 2019Medlem av samfunnsutvalet 2019 – 2023, vara 2015 – 2019Medlem byggenemnda 2019 – 2023Medlem landbruksutvalet 2015 [&hellip;]

Ørsta Høgre

Bare enda et Høyres nettsteder-nettsted
