{"id":439,"date":"2023-05-23T22:47:48","date_gmt":"2023-05-23T20:47:48","guid":{"rendered":"https:\/\/hoyre.no\/orsta\/?page_id=439"},"modified":"2025-01-24T11:27:13","modified_gmt":"2025-01-24T10:27:13","slug":"ann-karin-saetre","status":"publish","type":"page","link":"https:\/\/hoyre.no\/orsta\/ann-karin-saetre\/","title":{"rendered":"Ann-Karin S\u00e6tre"},"content":{"rendered":"\n<div class=\"wp-block-hoyre-hero with-image-gradient text-color-light  alignfull has-background\"><div class=\"hoyre-hero \"><h1 class=\"title\">Ann-Karin S\u00e6tre<\/h1><\/div><\/div>\n\n\n\n\n<div class=\"wp-block-media-text alignwide is-stacked-on-mobile is-vertically-aligned-top\"><figure class=\"wp-block-media-text__media\"><img loading=\"lazy\" decoding=\"async\" width=\"768\" height=\"1024\" src=\"https:\/\/hoyre.no\/content\/uploads\/sites\/88\/2023\/05\/Ann-karin-2-768x1024.jpg\" alt=\"\" class=\"wp-image-440 size-full\" srcset=\"https:\/\/hoyre.no\/content\/uploads\/sites\/88\/2023\/05\/Ann-karin-2-768x1024.jpg 768w, https:\/\/hoyre.no\/content\/uploads\/sites\/88\/2023\/05\/Ann-karin-2-225x300.jpg 225w, https:\/\/hoyre.no\/content\/uploads\/sites\/88\/2023\/05\/Ann-karin-2-1152x1536.jpg 1152w, https:\/\/hoyre.no\/content\/uploads\/sites\/88\/2023\/05\/Ann-karin-2-1536x2048.jpg 1536w, https:\/\/hoyre.no\/content\/uploads\/sites\/88\/2023\/05\/Ann-karin-2-scaled.jpg 1875w\" sizes=\"auto, (max-width: 768px) 100vw, 768px\" \/><\/figure><div class=\"wp-block-media-text__content\">\n<h2 class=\"wp-block-heading\">Ann-Karin S\u00e6tre  <\/h2>\n\n\n\n<h3 class=\"wp-block-heading\">                                                         <\/h3>\n\n\n\n<h3 class=\"wp-block-heading\">Bustad: Vartdal                   <\/h3>\n\n\n\n<h3 class=\"wp-block-heading\">Yrke: Assisterande rektor ved Hovden skule<\/h3>\n\n\n\n<p><strong>Bakgrunn:<\/strong> Allmennl\u00e6rar i grunnskulen, r\u00e5dgivar ved Interkommunalt PPT<\/p>\n\n\n\n<p>Allmennl\u00e6rarutdanning,&nbsp;i tillegg til vidareutdanning innanfor norsk, spesialpedagogikk, mentorutdanning og leiing og personalutvikling.<\/p>\n\n\n\n<p><strong>Politisk erfaring<\/strong>: Fast medlem i kommunestyret&nbsp; og levek\u00e5rsutvalet i perioden 2015-2019. Vara i kommunestyret i noverande periode.<\/p>\n\n\n\n<p><strong>Kvifor H\u00f8gre:<\/strong> Eg har tru p\u00e5 private initiativ og meiner at vi treng b\u00e5de det private og det offentlege.&nbsp;<\/p>\n\n\n\n<p><strong>Favorittartist:<\/strong> Red Hot Chilli Peppers<\/p>\n\n\n\n<p><strong>Funfact:&nbsp;<\/strong> Har gjennomf\u00f8rt dommarkurs i handball (!)<\/p>\n\n\n\n<p><strong>Hjartesaker:<\/strong><\/p>\n\n\n\n<p><strong>\ud83d\udc99 Skule og barnehage<\/strong><\/p>\n\n\n\n<p>At det er fleire yrkesgrupper inne i skulen og at dei som skal arbeide i skule og barnehage har den utdanninga som ein treng. Eg ynskjer&nbsp; at skulen skal bli meir tilrettelagt for alle elevar, b\u00e5de dei flinke og dei som treng meir hjelp.<\/p>\n\n\n\n<p><strong>\ud83d\udc99 At vi nyttar heile kommunen<\/strong>.<\/p>\n\n\n\n<p>&laquo;Eg ynskjer at sentrum og bygdene arbeider saman istadenfor mot kvarandre. Vi er alle \u00d8rsta kommune. Eit d\u00f8me er ekstratreningane i regi av Sparebanken1\u00a0Xtra der dei nyttar heile kommunen som treningsstad.\u00a0P\u00e5 denne m\u00e5ten f\u00e5r alle verte kjend med kvarandre sine \u00abheimebaner\u00bb.\u00a0<\/p>\n<\/div><\/div>\n\n","protected":false},"excerpt":{"rendered":"","protected":false},"author":30082,"featured_media":0,"parent":0,"menu_order":0,"comment_status":"closed","ping_status":"closed","template":"","meta":{"teft_cards_image_url":"","teft_cards_custom_pretitle":"","teft_cards_image_id":0,"teft_cards_image_focal_point_x":0,"teft_cards_image_focal_point_y":0,"teft_cards_title":"","teft_cards_excerpt":"","teft_show_chapters":false,"footnotes":""},"class_list":["post-439","page","type-page","status-publish","hentry"],"yoast_head":"<!-- This site is optimized with the Yoast SEO plugin v26.6 - https:\/\/yoast.com\/wordpress\/plugins\/seo\/ -->\n<title>Ann-Karin S\u00e6tre - \u00d8rsta H\u00f8gre<\/title>\n<meta name=\"robots\" content=\"index, follow, max-snippet:-1, max-image-preview:large, max-video-preview:-1\" \/>\n<link rel=\"canonical\" href=\"https:\/\/hoyre.no\/orsta\/ann-karin-saetre\/\" \/>\n<meta property=\"og:locale\" content=\"nn_NO\" \/>\n<meta property=\"og:type\" content=\"article\" \/>\n<meta property=\"og:title\" content=\"Ann-Karin S\u00e6tre - \u00d8rsta H\u00f8gre\" \/>\n<meta property=\"og:url\" content=\"https:\/\/hoyre.no\/orsta\/ann-karin-saetre\/\" \/>\n<meta property=\"og:site_name\" content=\"\u00d8rsta H\u00f8gre\" \/>\n<meta property=\"article:modified_time\" content=\"2025-01-24T10:27:13+00:00\" \/>\n<meta property=\"og:image\" content=\"https:\/\/hoyre.no\/content\/uploads\/sites\/88\/2023\/05\/Ann-karin-2-scaled.jpg\" \/>\n\t<meta property=\"og:image:width\" content=\"1875\" \/>\n\t<meta property=\"og:image:height\" content=\"2500\" \/>\n\t<meta property=\"og:image:type\" content=\"image\/jpeg\" \/>\n<meta name=\"twitter:card\" content=\"summary_large_image\" \/>\n<meta name=\"twitter:label1\" content=\"Est. reading time\" \/>\n\t<meta name=\"twitter:data1\" content=\"2 minutt\" \/>\n<script type=\"application\/ld+json\" class=\"yoast-schema-graph\">{\"@context\":\"https:\/\/schema.org\",\"@graph\":[{\"@type\":\"WebPage\",\"@id\":\"https:\/\/hoyre.no\/orsta\/ann-karin-saetre\/\",\"url\":\"https:\/\/hoyre.no\/orsta\/ann-karin-saetre\/\",\"name\":\"Ann-Karin S\u00e6tre - \u00d8rsta H\u00f8gre\",\"isPartOf\":{\"@id\":\"https:\/\/hoyre.no\/orsta\/#website\"},\"image\":{\"@id\":\"https:\/\/hoyre.no\/orsta\/ann-karin-saetre\/#primaryimage\"},\"thumbnailUrl\":\"https:\/\/hoyre.no\/content\/uploads\/sites\/88\/2023\/05\/Ann-karin-2-768x1024.jpg\",\"datePublished\":\"2023-05-23T20:47:48+00:00\",\"dateModified\":\"2025-01-24T10:27:13+00:00\",\"breadcrumb\":{\"@id\":\"https:\/\/hoyre.no\/orsta\/ann-karin-saetre\/#breadcrumb\"},\"inLanguage\":\"nn-NO\",\"potentialAction\":[{\"@type\":\"ReadAction\",\"target\":[\"https:\/\/hoyre.no\/orsta\/ann-karin-saetre\/\"]}]},{\"@type\":\"ImageObject\",\"inLanguage\":\"nn-NO\",\"@id\":\"https:\/\/hoyre.no\/orsta\/ann-karin-saetre\/#primaryimage\",\"url\":\"https:\/\/hoyre.no\/content\/uploads\/sites\/88\/2023\/05\/Ann-karin-2-768x1024.jpg\",\"contentUrl\":\"https:\/\/hoyre.no\/content\/uploads\/sites\/88\/2023\/05\/Ann-karin-2-768x1024.jpg\"},{\"@type\":\"BreadcrumbList\",\"@id\":\"https:\/\/hoyre.no\/orsta\/ann-karin-saetre\/#breadcrumb\",\"itemListElement\":[{\"@type\":\"ListItem\",\"position\":1,\"name\":\"Til hoyre.no\",\"item\":\"https:\/\/hoyre.no\"},{\"@type\":\"ListItem\",\"position\":2,\"name\":\"Hjem\",\"item\":\"https:\/\/hoyre.no\/orsta\/\"},{\"@type\":\"ListItem\",\"position\":3,\"name\":\"Ann-Karin S\u00e6tre\"}]},{\"@type\":\"WebSite\",\"@id\":\"https:\/\/hoyre.no\/orsta\/#website\",\"url\":\"https:\/\/hoyre.no\/orsta\/\",\"name\":\"\u00d8rsta H\u00f8gre\",\"description\":\"Bare enda et H\u00f8yres nettsteder-nettsted\",\"inLanguage\":\"nn-NO\"}]}<\/script>\n<!-- \/ Yoast SEO plugin. -->","yoast_head_json":{"title":"Ann-Karin S\u00e6tre - \u00d8rsta H\u00f8gre","robots":{"index":"index","follow":"follow","max-snippet":"max-snippet:-1","max-image-preview":"max-image-preview:large","max-video-preview":"max-video-preview:-1"},"canonical":"https:\/\/hoyre.no\/orsta\/ann-karin-saetre\/","og_locale":"nn_NO","og_type":"article","og_title":"Ann-Karin S\u00e6tre - \u00d8rsta H\u00f8gre","og_url":"https:\/\/hoyre.no\/orsta\/ann-karin-saetre\/","og_site_name":"\u00d8rsta H\u00f8gre","article_modified_time":"2025-01-24T10:27:13+00:00","og_image":[{"width":1875,"height":2500,"url":"https:\/\/hoyre.no\/content\/uploads\/sites\/88\/2023\/05\/Ann-karin-2-scaled.jpg","type":"image\/jpeg"}],"twitter_card":"summary_large_image","twitter_misc":{"Est. reading time":"2 minutt"},"schema":{"@context":"https:\/\/schema.org","@graph":[{"@type":"WebPage","@id":"https:\/\/hoyre.no\/orsta\/ann-karin-saetre\/","url":"https:\/\/hoyre.no\/orsta\/ann-karin-saetre\/","name":"Ann-Karin S\u00e6tre - \u00d8rsta H\u00f8gre","isPartOf":{"@id":"https:\/\/hoyre.no\/orsta\/#website"},"image":{"@id":"https:\/\/hoyre.no\/orsta\/ann-karin-saetre\/#primaryimage"},"thumbnailUrl":"https:\/\/hoyre.no\/content\/uploads\/sites\/88\/2023\/05\/Ann-karin-2-768x1024.jpg","datePublished":"2023-05-23T20:47:48+00:00","dateModified":"2025-01-24T10:27:13+00:00","breadcrumb":{"@id":"https:\/\/hoyre.no\/orsta\/ann-karin-saetre\/#breadcrumb"},"inLanguage":"nn-NO","potentialAction":[{"@type":"ReadAction","target":["https:\/\/hoyre.no\/orsta\/ann-karin-saetre\/"]}]},{"@type":"ImageObject","inLanguage":"nn-NO","@id":"https:\/\/hoyre.no\/orsta\/ann-karin-saetre\/#primaryimage","url":"https:\/\/hoyre.no\/content\/uploads\/sites\/88\/2023\/05\/Ann-karin-2-768x1024.jpg","contentUrl":"https:\/\/hoyre.no\/content\/uploads\/sites\/88\/2023\/05\/Ann-karin-2-768x1024.jpg"},{"@type":"BreadcrumbList","@id":"https:\/\/hoyre.no\/orsta\/ann-karin-saetre\/#breadcrumb","itemListElement":[{"@type":"ListItem","position":1,"name":"Til hoyre.no","item":"https:\/\/hoyre.no"},{"@type":"ListItem","position":2,"name":"Hjem","item":"https:\/\/hoyre.no\/orsta\/"},{"@type":"ListItem","position":3,"name":"Ann-Karin S\u00e6tre"}]},{"@type":"WebSite","@id":"https:\/\/hoyre.no\/orsta\/#website","url":"https:\/\/hoyre.no\/orsta\/","name":"\u00d8rsta H\u00f8gre","description":"Bare enda et H\u00f8yres nettsteder-nettsted","inLanguage":"nn-NO"}]}},"distributor_meta":false,"distributor_terms":false,"distributor_media":false,"distributor_original_site_name":"\u00d8rsta H\u00f8gre","distributor_original_site_url":"https:\/\/hoyre.no\/orsta","push-errors":false,"_links":{"self":[{"href":"https:\/\/hoyre.no\/orsta\/wp-json\/wp\/v2\/pages\/439","targetHints":{"allow":["GET"]}}],"collection":[{"href":"https:\/\/hoyre.no\/orsta\/wp-json\/wp\/v2\/pages"}],"about":[{"href":"https:\/\/hoyre.no\/orsta\/wp-json\/wp\/v2\/types\/page"}],"author":[{"embeddable":true,"href":"https:\/\/hoyre.no\/orsta\/wp-json\/wp\/v2\/users\/30082"}],"replies":[{"embeddable":true,"href":"https:\/\/hoyre.no\/orsta\/wp-json\/wp\/v2\/comments?post=439"}],"version-history":[{"count":3,"href":"https:\/\/hoyre.no\/orsta\/wp-json\/wp\/v2\/pages\/439\/revisions"}],"predecessor-version":[{"id":564,"href":"https:\/\/hoyre.no\/orsta\/wp-json\/wp\/v2\/pages\/439\/revisions\/564"}],"wp:attachment":[{"href":"https:\/\/hoyre.no\/orsta\/wp-json\/wp\/v2\/media?parent=439"}],"curies":[{"name":"wp","href":"https:\/\/api.w.org\/{rel}","templated":true}]}}