{"id":498,"date":"2023-07-30T21:36:27","date_gmt":"2023-07-30T19:36:27","guid":{"rendered":"https:\/\/hoyre.no\/orsta\/?page_id=498"},"modified":"2025-01-24T11:28:48","modified_gmt":"2025-01-24T10:28:48","slug":"anbjorn-steinholm-frislid","status":"publish","type":"page","link":"https:\/\/hoyre.no\/orsta\/anbjorn-steinholm-frislid\/","title":{"rendered":"Anbj\u00f8rn Steinholm Frislid"},"content":{"rendered":"\n<div class=\"wp-block-hoyre-hero with-image-gradient text-color-light  alignfull has-background\"><div class=\"hoyre-hero \"><h1 class=\"title\">Anbj\u00f8rn Steinholm Frislid<\/h1><\/div><\/div>\n\n\n\n\n<div class=\"wp-block-media-text alignwide is-stacked-on-mobile is-vertically-aligned-top\"><figure class=\"wp-block-media-text__media\"><img loading=\"lazy\" decoding=\"async\" width=\"819\" height=\"1024\" src=\"https:\/\/hoyre.no\/content\/uploads\/sites\/88\/2023\/06\/Anbjorn-portrett-819x1024.jpg\" alt=\"\" class=\"wp-image-483 size-full\" srcset=\"https:\/\/hoyre.no\/content\/uploads\/sites\/88\/2023\/06\/Anbjorn-portrett-819x1024.jpg 819w, https:\/\/hoyre.no\/content\/uploads\/sites\/88\/2023\/06\/Anbjorn-portrett-240x300.jpg 240w, https:\/\/hoyre.no\/content\/uploads\/sites\/88\/2023\/06\/Anbjorn-portrett-768x960.jpg 768w, https:\/\/hoyre.no\/content\/uploads\/sites\/88\/2023\/06\/Anbjorn-portrett-1229x1536.jpg 1229w, https:\/\/hoyre.no\/content\/uploads\/sites\/88\/2023\/06\/Anbjorn-portrett-1638x2048.jpg 1638w, https:\/\/hoyre.no\/content\/uploads\/sites\/88\/2023\/06\/Anbjorn-portrett-scaled.jpg 2000w\" sizes=\"auto, (max-width: 819px) 100vw, 819px\" \/><\/figure><div class=\"wp-block-media-text__content\">\n<h2 class=\"wp-block-heading\"><strong>Anbj\u00f8rn Steinholm Frislid<br><\/strong><\/h2>\n\n\n\n<h3 class=\"wp-block-heading\"><strong><br>Bustad: \u00d8rsta<br>Yrke: Student<\/strong><\/h3>\n\n\n\n<p><strong>Bakgrunn:<\/strong><\/p>\n\n\n\n<p>F\u00f8dd og oppvaksen i \u00d8rsta. Har arbeidd innanfor barnehage, eldreomsorg og sist som hotellmedarbeidar p\u00e5 Hotell Ivar Aasen. Studerer for tida Bachelor i Arkiv- og samlingsforvaltning ved NTNU Trondheim.<\/p>\n\n\n\n<p><\/p>\n\n\n\n<p><strong>Politisk erfaring:<\/strong><\/p>\n\n\n\n<ul class=\"wp-block-list\">\n<li>Kommunestyremedlem \u00d8rsta (FrP) 2015-2019.<\/li>\n\n\n\n<li>vara til kommunestyret i \u00d8rsta (FrP) 2019-2023,<\/li>\n\n\n\n<li>vara til kommunestyret i \u00d8rsta (H\u00f8gre) 2023-2027.<\/li>\n\n\n\n<li>Politikarrepresentant i \u00d8rsta ungdomsr\u00e5d 2015-2019.<\/li>\n\n\n\n<li>Medlem i Eldrer\u00e5det 2015-2019.<\/li>\n\n\n\n<li>Vara til Samfunnsutvalet 2015-2019<\/li>\n\n\n\n<li>Medlem i R\u00e5d for likestilling av funksjonshemma 2019-2023<\/li>\n\n\n\n<li>Vara til Levek\u00e5rsutvalet 2019-2023<\/li>\n\n\n\n<li>Vara til Samfunnsutvalet 2023-2027<\/li>\n\n\n\n<li>Vara til Representantskap V\u00d8R 2023-2027<\/li>\n\n\n\n<li>Vara til R\u00e5d for likestilling av funksjonshemma 2023-2027<\/li>\n\n\n\n<li>Leiar i Eldrer\u00e5det 2023-2027.<\/li>\n\n\n\n<li>Tidlegare formann i \u00d8rsta\/Volda FpU, Sunnm\u00f8re FpU og M\u00f8re og Romsdal FpU. Leiar i \u00d8rsta FrP<\/li>\n\n\n\n<li>2017-2020, vara til styret og Unge H\u00f8gre-kontakt i \u00d8rsta H\u00f8gre fr\u00e5 2023.<\/li>\n\n\n\n<li>Nestleiar i M\u00f8re og Romsdal Unge H\u00f8gre fr\u00e5 2024.<\/li>\n<\/ul>\n\n\n\n<p><strong>Andre verv:<\/strong><\/p>\n\n\n\n<ul class=\"wp-block-list\">\n<li>\u00d8konomiansvarleg i Mellestiftinga Svendsengarden 2019-2023.<\/li>\n\n\n\n<li>Tidlegare leiar i Bygdepride 2017-2020, \u00f8konomiansvarleg sidan 2020.<\/li>\n<\/ul>\n\n\n\n<p><strong>Kvifor H\u00f8gre<\/strong>?<\/p>\n\n\n\n<p>Eg stiller til val for \u00d8rsta H\u00f8gre fordi partiet ynskjer ein kommune som spelar p\u00e5 lag med b\u00e5de innbyggjarar og n\u00e6ringsliv for \u00e5 skape ein best mogleg kvardag. Gode lokalsamfunn krev sterke bedrifter, som igjen skaper arbeidsplassar og velferd for innbyggjarane. H\u00f8gre lyttar til behova fr\u00e5n\u00e6ringslivet, slik at ein kan leggje til rette for at nye jobbar skapast.<\/p>\n\n\n\n<p>H\u00f8gre ynskjer ein skule som ser den enkelte elev og som legg til rette for at alle kan lukkast. Ingen b\u00f8r g\u00e5 ut av \u00d8rstaskulen utan \u00e5 kunne lese, skrive og rekne skikkeleg. <\/p>\n\n\n\n<p>Derfor vil \u00d8rsta H\u00f8gre s\u00f8rgje for tidleg innsats til dei som treng litt ekstra hjelp i skulel\u00f8pet, fleire dyktige l\u00e6rarar og milj\u00f8arbeidarar, og gode skulebygg. Dette vil skape ein skule med l\u00e6ringsglede og oppl\u00e6ring tilpassa eleven sitt niv\u00e5.<\/p>\n\n\n\n<p>\u00d8rsta H\u00f8gre vil sikre alle ei trygg og verdig eldreomsorg, der dei eldre skal f\u00e5 vere sjef i sitt eige liv og med valfridom til \u00e5 sj\u00f8lv f\u00e5 velje mellom kommunale og private tilbydarar av tenester. <\/p>\n\n\n\n<p>H\u00f8gre ynskjer \u00e5 ta i bruk alle gode krefter for \u00e5 skape ei god eldreomsorg, der sjukeheimane ikkje berre er ein opphaldsstad for behandling og pleie, men ogs\u00e5 ein stad for \u00e5 leve eit godt liv med aktivitet, fellesskap og omsorg.<\/p>\n\n\n\n<p><strong>Hjartesaker:<\/strong><\/p>\n\n\n\n<p>\ud83d\udc99 Ein skule der alle kan lukkast.<\/p>\n\n\n\n<p>\ud83d\udc99 Ei trygg og verdig eldreomsorg.<\/p>\n\n\n\n<p>\ud83d\udc99 Ein ansvarleg \u00f8konomisk politikk.<\/p>\n<\/div><\/div>\n\n","protected":false},"excerpt":{"rendered":"","protected":false},"author":30082,"featured_media":0,"parent":0,"menu_order":0,"comment_status":"closed","ping_status":"closed","template":"","meta":{"teft_cards_image_url":"","teft_cards_custom_pretitle":"","teft_cards_image_id":0,"teft_cards_image_focal_point_x":0,"teft_cards_image_focal_point_y":0,"teft_cards_title":"","teft_cards_excerpt":"","teft_show_chapters":false,"footnotes":""},"class_list":["post-498","page","type-page","status-publish","hentry"],"yoast_head":"<!-- This site is optimized with the Yoast SEO plugin v26.6 - https:\/\/yoast.com\/wordpress\/plugins\/seo\/ -->\n<title>Anbj\u00f8rn Steinholm Frislid - \u00d8rsta H\u00f8gre<\/title>\n<meta name=\"robots\" content=\"index, follow, max-snippet:-1, max-image-preview:large, max-video-preview:-1\" \/>\n<link rel=\"canonical\" href=\"https:\/\/hoyre.no\/orsta\/anbjorn-steinholm-frislid\/\" \/>\n<meta property=\"og:locale\" content=\"nn_NO\" \/>\n<meta property=\"og:type\" content=\"article\" \/>\n<meta property=\"og:title\" content=\"Anbj\u00f8rn Steinholm Frislid - \u00d8rsta H\u00f8gre\" \/>\n<meta property=\"og:url\" content=\"https:\/\/hoyre.no\/orsta\/anbjorn-steinholm-frislid\/\" \/>\n<meta property=\"og:site_name\" content=\"\u00d8rsta H\u00f8gre\" \/>\n<meta property=\"article:modified_time\" content=\"2025-01-24T10:28:48+00:00\" \/>\n<meta property=\"og:image\" content=\"https:\/\/hoyre.no\/content\/uploads\/sites\/88\/2023\/06\/Anbjorn-portrett-scaled.jpg\" \/>\n\t<meta property=\"og:image:width\" content=\"2000\" \/>\n\t<meta property=\"og:image:height\" content=\"2500\" \/>\n\t<meta property=\"og:image:type\" content=\"image\/jpeg\" \/>\n<meta name=\"twitter:card\" content=\"summary_large_image\" \/>\n<meta name=\"twitter:label1\" content=\"Est. reading time\" \/>\n\t<meta name=\"twitter:data1\" content=\"3 minutt\" \/>\n<script type=\"application\/ld+json\" class=\"yoast-schema-graph\">{\"@context\":\"https:\/\/schema.org\",\"@graph\":[{\"@type\":\"WebPage\",\"@id\":\"https:\/\/hoyre.no\/orsta\/anbjorn-steinholm-frislid\/\",\"url\":\"https:\/\/hoyre.no\/orsta\/anbjorn-steinholm-frislid\/\",\"name\":\"Anbj\u00f8rn Steinholm Frislid - \u00d8rsta H\u00f8gre\",\"isPartOf\":{\"@id\":\"https:\/\/hoyre.no\/orsta\/#website\"},\"image\":{\"@id\":\"https:\/\/hoyre.no\/orsta\/anbjorn-steinholm-frislid\/#primaryimage\"},\"thumbnailUrl\":\"https:\/\/hoyre.no\/content\/uploads\/sites\/88\/2023\/06\/Anbjorn-portrett-819x1024.jpg\",\"datePublished\":\"2023-07-30T19:36:27+00:00\",\"dateModified\":\"2025-01-24T10:28:48+00:00\",\"breadcrumb\":{\"@id\":\"https:\/\/hoyre.no\/orsta\/anbjorn-steinholm-frislid\/#breadcrumb\"},\"inLanguage\":\"nn-NO\",\"potentialAction\":[{\"@type\":\"ReadAction\",\"target\":[\"https:\/\/hoyre.no\/orsta\/anbjorn-steinholm-frislid\/\"]}]},{\"@type\":\"ImageObject\",\"inLanguage\":\"nn-NO\",\"@id\":\"https:\/\/hoyre.no\/orsta\/anbjorn-steinholm-frislid\/#primaryimage\",\"url\":\"https:\/\/hoyre.no\/content\/uploads\/sites\/88\/2023\/06\/Anbjorn-portrett-819x1024.jpg\",\"contentUrl\":\"https:\/\/hoyre.no\/content\/uploads\/sites\/88\/2023\/06\/Anbjorn-portrett-819x1024.jpg\"},{\"@type\":\"BreadcrumbList\",\"@id\":\"https:\/\/hoyre.no\/orsta\/anbjorn-steinholm-frislid\/#breadcrumb\",\"itemListElement\":[{\"@type\":\"ListItem\",\"position\":1,\"name\":\"Til hoyre.no\",\"item\":\"https:\/\/hoyre.no\"},{\"@type\":\"ListItem\",\"position\":2,\"name\":\"Hjem\",\"item\":\"https:\/\/hoyre.no\/orsta\/\"},{\"@type\":\"ListItem\",\"position\":3,\"name\":\"Anbj\u00f8rn Steinholm Frislid\"}]},{\"@type\":\"WebSite\",\"@id\":\"https:\/\/hoyre.no\/orsta\/#website\",\"url\":\"https:\/\/hoyre.no\/orsta\/\",\"name\":\"\u00d8rsta H\u00f8gre\",\"description\":\"Bare enda et H\u00f8yres nettsteder-nettsted\",\"inLanguage\":\"nn-NO\"}]}<\/script>\n<!-- \/ Yoast SEO plugin. -->","yoast_head_json":{"title":"Anbj\u00f8rn Steinholm Frislid - \u00d8rsta H\u00f8gre","robots":{"index":"index","follow":"follow","max-snippet":"max-snippet:-1","max-image-preview":"max-image-preview:large","max-video-preview":"max-video-preview:-1"},"canonical":"https:\/\/hoyre.no\/orsta\/anbjorn-steinholm-frislid\/","og_locale":"nn_NO","og_type":"article","og_title":"Anbj\u00f8rn Steinholm Frislid - \u00d8rsta H\u00f8gre","og_url":"https:\/\/hoyre.no\/orsta\/anbjorn-steinholm-frislid\/","og_site_name":"\u00d8rsta H\u00f8gre","article_modified_time":"2025-01-24T10:28:48+00:00","og_image":[{"width":2000,"height":2500,"url":"https:\/\/hoyre.no\/content\/uploads\/sites\/88\/2023\/06\/Anbjorn-portrett-scaled.jpg","type":"image\/jpeg"}],"twitter_card":"summary_large_image","twitter_misc":{"Est. reading time":"3 minutt"},"schema":{"@context":"https:\/\/schema.org","@graph":[{"@type":"WebPage","@id":"https:\/\/hoyre.no\/orsta\/anbjorn-steinholm-frislid\/","url":"https:\/\/hoyre.no\/orsta\/anbjorn-steinholm-frislid\/","name":"Anbj\u00f8rn Steinholm Frislid - \u00d8rsta H\u00f8gre","isPartOf":{"@id":"https:\/\/hoyre.no\/orsta\/#website"},"image":{"@id":"https:\/\/hoyre.no\/orsta\/anbjorn-steinholm-frislid\/#primaryimage"},"thumbnailUrl":"https:\/\/hoyre.no\/content\/uploads\/sites\/88\/2023\/06\/Anbjorn-portrett-819x1024.jpg","datePublished":"2023-07-30T19:36:27+00:00","dateModified":"2025-01-24T10:28:48+00:00","breadcrumb":{"@id":"https:\/\/hoyre.no\/orsta\/anbjorn-steinholm-frislid\/#breadcrumb"},"inLanguage":"nn-NO","potentialAction":[{"@type":"ReadAction","target":["https:\/\/hoyre.no\/orsta\/anbjorn-steinholm-frislid\/"]}]},{"@type":"ImageObject","inLanguage":"nn-NO","@id":"https:\/\/hoyre.no\/orsta\/anbjorn-steinholm-frislid\/#primaryimage","url":"https:\/\/hoyre.no\/content\/uploads\/sites\/88\/2023\/06\/Anbjorn-portrett-819x1024.jpg","contentUrl":"https:\/\/hoyre.no\/content\/uploads\/sites\/88\/2023\/06\/Anbjorn-portrett-819x1024.jpg"},{"@type":"BreadcrumbList","@id":"https:\/\/hoyre.no\/orsta\/anbjorn-steinholm-frislid\/#breadcrumb","itemListElement":[{"@type":"ListItem","position":1,"name":"Til hoyre.no","item":"https:\/\/hoyre.no"},{"@type":"ListItem","position":2,"name":"Hjem","item":"https:\/\/hoyre.no\/orsta\/"},{"@type":"ListItem","position":3,"name":"Anbj\u00f8rn Steinholm Frislid"}]},{"@type":"WebSite","@id":"https:\/\/hoyre.no\/orsta\/#website","url":"https:\/\/hoyre.no\/orsta\/","name":"\u00d8rsta H\u00f8gre","description":"Bare enda et H\u00f8yres nettsteder-nettsted","inLanguage":"nn-NO"}]}},"distributor_meta":false,"distributor_terms":false,"distributor_media":false,"distributor_original_site_name":"\u00d8rsta H\u00f8gre","distributor_original_site_url":"https:\/\/hoyre.no\/orsta","push-errors":false,"_links":{"self":[{"href":"https:\/\/hoyre.no\/orsta\/wp-json\/wp\/v2\/pages\/498","targetHints":{"allow":["GET"]}}],"collection":[{"href":"https:\/\/hoyre.no\/orsta\/wp-json\/wp\/v2\/pages"}],"about":[{"href":"https:\/\/hoyre.no\/orsta\/wp-json\/wp\/v2\/types\/page"}],"author":[{"embeddable":true,"href":"https:\/\/hoyre.no\/orsta\/wp-json\/wp\/v2\/users\/30082"}],"replies":[{"embeddable":true,"href":"https:\/\/hoyre.no\/orsta\/wp-json\/wp\/v2\/comments?post=498"}],"version-history":[{"count":3,"href":"https:\/\/hoyre.no\/orsta\/wp-json\/wp\/v2\/pages\/498\/revisions"}],"predecessor-version":[{"id":566,"href":"https:\/\/hoyre.no\/orsta\/wp-json\/wp\/v2\/pages\/498\/revisions\/566"}],"wp:attachment":[{"href":"https:\/\/hoyre.no\/orsta\/wp-json\/wp\/v2\/media?parent=498"}],"curies":[{"name":"wp","href":"https:\/\/api.w.org\/{rel}","templated":true}]}}