{"id":53,"date":"2023-01-11T14:00:19","date_gmt":"2023-01-11T13:00:19","guid":{"rendered":"https:\/\/hoyre.no\/orsta\/?page_id=53"},"modified":"2025-02-11T19:12:19","modified_gmt":"2025-02-11T18:12:19","slug":"orsta-sin-ordforar","status":"publish","type":"page","link":"https:\/\/hoyre.no\/orsta\/forsiden\/orsta-sin-ordforar\/","title":{"rendered":"\u00d8rsta sin ordf\u00f8rar"},"content":{"rendered":"\n<div class=\"wp-block-hoyre-hero with-image-gradient text-color-light  has-media alignfull has-background\" id=\"Per\"><div class=\"hoyre-hero has-image\"><h1 class=\"title\">Ordf\u00f8rar Per-Are S\u00f8rheim<\/h1><p class=\"preamble\">Per-Are har vore ordf\u00f8rar i \u00d8rsta sidan 2023.<br><\/p>\t\t\t<div class=\"post-meta wp-block teft-byline-wrapper\">\n\t\t\t\t<div class=\"top\">\n\t\t\t\t\t<div class=\"signature\">\n\t\t\t\t\t\t<div class=\"teft-byline\">\n\t\t\t\t\t\t\t\t\t\t\t\t\t\t<div>\n\t\t\t\t\t\t\t\t<h3>H\u00f8yres redaksjon<\/h3>\t\t\t\t\t\t\t\t\n\t\t\t\t\t\t\t\t\t\t\t\t\t\t\t\t\t<span class=\"date\">Sist oppdatert: 11. februar 2025<\/span>\n\t\t\t\t\t\t\t\t\t\t\t\t\t\t\t\t\t\t\t\t\t\t\t\t\t<span class=\"reading-time\" itemprop=\"timeRequired\" content=\"PT3M\"><em>Ca. 3 minutter lesetid<\/em><\/span>\n\t\t\t\t\t\t\t\t\t\t\t\t\t\t\t<\/div>\n\t\t\t\t\t\t<\/div>\n\t\t\t\t\t<\/div>\n\t\t\t\t\t\t<div class=\"sharing\">\n\t\t<a class=\"share-button share-link copy-link\" data-copy=\"https:\/\/hoyre.no\/orsta\/forsiden\/orsta-sin-ordforar\/\" target=\"_blank\"><span class=\"screen-reader-text\">Del link<\/span><\/a>\n\t\t<a class=\"share-button share-twitter\" href=\"http:\/\/twitter.com\/share?text=\u00d8rsta sin ordf\u00f8rar&#038;url=https:\/\/hoyre.no\/orsta\/forsiden\/orsta-sin-ordforar\/&#038;hashtags=Hoyre\" target=\"_blank\"><span class=\"screen-reader-text\">Del p\u00e5 twitter<\/span><\/a>\n\t\t<a class=\"share-button share-facebook\" href=\"https:\/\/www.facebook.com\/sharer\/sharer.php?u=https:\/\/hoyre.no\/orsta\/forsiden\/orsta-sin-ordforar\/\" target=\"_blank\"><span class=\"screen-reader-text\">Del p\u00e5 facebook<\/span><\/a>\n\t<\/div>\n\t\t\t\t\t<\/div>\n\t\t\t<\/div>\n\n\t\t\t<figure class=\"hoyre-image-wrapper\"><div class=\"hoyre-image\"><img loading=\"lazy\" decoding=\"async\" width=\"960\" height=\"717\" src=\"https:\/\/hoyre.no\/content\/uploads\/sites\/88\/2023\/01\/Fjellbilde.jpg\" class=\"attachment-scaled size-scaled\" alt=\"\" style=\"object-position: 50% 50%\" srcset=\"https:\/\/hoyre.no\/content\/uploads\/sites\/88\/2023\/01\/Fjellbilde.jpg 960w, https:\/\/hoyre.no\/content\/uploads\/sites\/88\/2023\/01\/Fjellbilde-300x224.jpg 300w, https:\/\/hoyre.no\/content\/uploads\/sites\/88\/2023\/01\/Fjellbilde-768x574.jpg 768w\" sizes=\"auto, (max-width: 960px) 100vw, 960px\" \/><\/div><\/figure><\/div><\/div>\n\n\n\n\n<h2 class=\"wp-block-heading\">Kven er Per-Are?<\/h2>\n\n\n\n<p><strong>Namn<\/strong>:\u00a0Per Are S\u00f8rheim<\/p>\n\n\n\n<p><strong>Bustad<\/strong>:\u00a0Vatne<\/p>\n\n\n\n<p><strong>Sivilstatus<\/strong>:\u00a0Gift med Monica, har to voksne s\u00f8ner og to barnebarn.<\/p>\n\n\n\n<p><strong>Yrke<\/strong>:\u00a0HR-sjef i Wattn<\/p>\n\n\n\n<p>Per-Are har vore aktiv i \u00d8rsta-politikken sidan 2011, og er no inne i si fjerde valperiode. I denne valperioden er han ordf\u00f8rar i \u00d8rsta, og i dei to f\u00f8rre valperiodane har Per-Are ogs\u00e5 vore fast representant i formannskapet. Per-Are har difor god innsikt i den politiske situasjonen og dei utfordringane som \u00d8rsta no st\u00e5r framfor.<\/p>\n\n\n\n<h2 class=\"wp-block-heading\">30 \u00e5r med ulike leiarroller i n\u00e6ringslivet<\/h2>\n\n\n\n<p>Per-Are\u00a0har i\u00a0n\u00e6r 30 \u00e5r jobba i ulike leiarroller i n\u00e6ringslivet. Dei siste \u00e5ra har han vore sentral i skipinga og oppbygginga av selskapet Wattn AS. I Wattn\u00a0hadde han fram til han vart ordf\u00f8rar ansvaret for den interne organisasjonsutviklinga som HR-sjef. F\u00f8r det jobba Per-Are i 14 \u00e5r som adm.direkt\u00f8r i Tussa 24 AS.<\/p>\n\n\n\n<p>Han var ogs\u00e5 vore sentral i utviklinga av Tussa-konsernet d\u00e5 selskapet kj\u00f8pte opp dei lokale elverka og gjennomf\u00f8rte ei konserndanning p\u00e5 nittitalet.<\/p>\n\n\n\n<h2 class=\"wp-block-heading\"><strong>Fritid<\/strong>a<\/h2>\n\n\n\n<p>Monica og Per-Are er eigarar av Hans-garden oppe p\u00e5 Vatneeidet og har lagt ned mykje arbeid b\u00e5de i bygningar, hagen og gardstunet.<\/p>\n\n\n\n<p>\u2013 Eg har alltid nokre prosjekt p\u00e5 gong, b\u00e5de inne og ute. Det er god terapi \u00e5 ha noko praktisk \u00e5 halde p\u00e5 med, n\u00e5r dagane elles g\u00e5r med til m\u00f8ter og kontorarbeid, seier Per-Are.<\/p>\n\n\n\n<p>\u2013 Vi har ogs\u00e5 reist ein god del. Eg har ei interesse for historie og Monica innan kunsthistorie, s\u00e5 vi har vore innom mange byar, museum og kyrkjer desse \u00e5ra.<\/p>\n\n\n\n<p>\u2013 Det viktigaste i livet er likevel to flotte barnebarn som alltid ventar p\u00e5 oss. Det vert difor nokre turar til Oslo i l\u00f8pet av \u00e5ret.&nbsp;&nbsp;&nbsp;&nbsp;&nbsp;&nbsp;&nbsp;&nbsp;&nbsp;&nbsp;&nbsp;<\/p>\n\n\n\n<figure class=\"wp-block-image size-full\"><img loading=\"lazy\" decoding=\"async\" width=\"750\" height=\"1000\" src=\"https:\/\/hoyre.no\/content\/uploads\/sites\/88\/2023\/01\/Bestefarbilde.jpeg\" alt=\"\" class=\"wp-image-76\" srcset=\"https:\/\/hoyre.no\/content\/uploads\/sites\/88\/2023\/01\/Bestefarbilde.jpeg 750w, https:\/\/hoyre.no\/content\/uploads\/sites\/88\/2023\/01\/Bestefarbilde-225x300.jpeg 225w\" sizes=\"auto, (max-width: 750px) 100vw, 750px\" \/><figcaption class=\"wp-element-caption\">Fr\u00e5 garden p\u00e5 Vatneeidet saman med eit av barnebarna.<\/figcaption><\/figure>\n\n\n\n<h2 class=\"wp-block-heading\"><strong>Kvifor H\u00f8gre<\/strong>?<\/h2>\n\n\n\n<p>\u2013 Fordi det er eit parti som forst\u00e5r at verdiar m\u00e5 skapast f\u00f8r dei kan fordelast. Difor har vi alltid vore opptatt av \u00e5 legge til rette for dei som skaper arbeidsplassane i samfunnet.<\/p>\n\n\n\n<p>\u2013 Vi er opptatt av \u00e5 utvikle ein god velferdsstat, men er ogs\u00e5 tydlege p\u00e5 at vi alle har b\u00e5de rettar og plikter.<\/p>\n\n\n\n<p>\u2013 Vi vil alltid setje innbyggarane v\u00e5re sine behov f\u00f8rst. Difor er vi opptatt av \u00e5 gi innbyggarane v\u00e5re valfridom.<\/p>\n\n\n\n<p>\u2013 Det viktigast er nok likevel verdisyn v\u00e5rt for om likeverd og like moglegheiter, samt trua p\u00e5 det unike i kvar og ein av oss.<\/p>\n\n\n\n<div class=\"wp-block-buttons is-layout-flex wp-block-buttons-is-layout-flex\">\n<div class=\"wp-block-button\"><a class=\"wp-block-button__link wp-element-button\" href=\"https:\/\/hoyre.no\/orsta\/fra-morenytt-intervju-etter-lanseringa-som-ordforarkandidat-for-orsta-hogre\/\" rel=\"https:\/\/hoyre.no\/orsta\/fra-morenytt-intervju-etter-lanseringa-som-ordforarkandidat-for-orsta-hogre\/\">Les intervju med Per-Are i M\u00f8re-Nytt<\/a><\/div>\n<\/div>\n\n","protected":false},"excerpt":{"rendered":"","protected":false},"author":30082,"featured_media":0,"parent":3,"menu_order":0,"comment_status":"closed","ping_status":"closed","template":"","meta":{"teft_cards_image_url":"","teft_cards_custom_pretitle":"","teft_cards_image_id":0,"teft_cards_image_focal_point_x":0,"teft_cards_image_focal_point_y":0,"teft_cards_title":"","teft_cards_excerpt":"","teft_show_chapters":false,"footnotes":""},"class_list":["post-53","page","type-page","status-publish","hentry"],"yoast_head":"<!-- This site is optimized with the Yoast SEO plugin v26.6 - https:\/\/yoast.com\/wordpress\/plugins\/seo\/ -->\n<title>\u00d8rsta sin ordf\u00f8rar - \u00d8rsta H\u00f8gre<\/title>\n<meta name=\"description\" content=\"Per-Are S\u00f8rheim er ordf\u00f8rar i \u00d8rsta for H\u00f8gre i perioden 2023-2027. Bli betre kjent med han her!\" \/>\n<meta name=\"robots\" content=\"index, follow, max-snippet:-1, max-image-preview:large, max-video-preview:-1\" \/>\n<link rel=\"canonical\" href=\"https:\/\/hoyre.no\/orsta\/forsiden\/orsta-sin-ordforar\/\" \/>\n<meta property=\"og:locale\" content=\"nn_NO\" \/>\n<meta property=\"og:type\" content=\"article\" \/>\n<meta property=\"og:title\" content=\"\u00d8rsta sin ordf\u00f8rar - \u00d8rsta H\u00f8gre\" \/>\n<meta property=\"og:description\" content=\"Per-Are S\u00f8rheim er ordf\u00f8rar i \u00d8rsta for H\u00f8gre i perioden 2023-2027. Bli betre kjent med han her!\" \/>\n<meta property=\"og:url\" content=\"https:\/\/hoyre.no\/orsta\/forsiden\/orsta-sin-ordforar\/\" \/>\n<meta property=\"og:site_name\" content=\"\u00d8rsta H\u00f8gre\" \/>\n<meta property=\"article:modified_time\" content=\"2025-02-11T18:12:19+00:00\" \/>\n<meta property=\"og:image\" content=\"https:\/\/hoyre.no\/content\/uploads\/sites\/88\/2023\/01\/Bestefarbilde.jpeg\" \/>\n<meta name=\"twitter:card\" content=\"summary_large_image\" \/>\n<meta name=\"twitter:label1\" content=\"Est. reading time\" \/>\n\t<meta name=\"twitter:data1\" content=\"3 minutt\" \/>\n<script type=\"application\/ld+json\" class=\"yoast-schema-graph\">{\"@context\":\"https:\/\/schema.org\",\"@graph\":[{\"@type\":\"WebPage\",\"@id\":\"https:\/\/hoyre.no\/orsta\/forsiden\/orsta-sin-ordforar\/\",\"url\":\"https:\/\/hoyre.no\/orsta\/forsiden\/orsta-sin-ordforar\/\",\"name\":\"\u00d8rsta sin ordf\u00f8rar - \u00d8rsta H\u00f8gre\",\"isPartOf\":{\"@id\":\"https:\/\/hoyre.no\/orsta\/#website\"},\"image\":{\"@id\":\"https:\/\/hoyre.no\/orsta\/forsiden\/orsta-sin-ordforar\/#primaryimage\"},\"thumbnailUrl\":\"https:\/\/hoyre.no\/content\/uploads\/sites\/88\/2023\/01\/Bestefarbilde.jpeg\",\"datePublished\":\"2023-01-11T13:00:19+00:00\",\"dateModified\":\"2025-02-11T18:12:19+00:00\",\"description\":\"Per-Are S\u00f8rheim er ordf\u00f8rar i \u00d8rsta for H\u00f8gre i perioden 2023-2027. Bli betre kjent med han her!\",\"breadcrumb\":{\"@id\":\"https:\/\/hoyre.no\/orsta\/forsiden\/orsta-sin-ordforar\/#breadcrumb\"},\"inLanguage\":\"nn-NO\",\"potentialAction\":[{\"@type\":\"ReadAction\",\"target\":[\"https:\/\/hoyre.no\/orsta\/forsiden\/orsta-sin-ordforar\/\"]}]},{\"@type\":\"ImageObject\",\"inLanguage\":\"nn-NO\",\"@id\":\"https:\/\/hoyre.no\/orsta\/forsiden\/orsta-sin-ordforar\/#primaryimage\",\"url\":\"https:\/\/hoyre.no\/content\/uploads\/sites\/88\/2023\/01\/Bestefarbilde.jpeg\",\"contentUrl\":\"https:\/\/hoyre.no\/content\/uploads\/sites\/88\/2023\/01\/Bestefarbilde.jpeg\"},{\"@type\":\"BreadcrumbList\",\"@id\":\"https:\/\/hoyre.no\/orsta\/forsiden\/orsta-sin-ordforar\/#breadcrumb\",\"itemListElement\":[{\"@type\":\"ListItem\",\"position\":1,\"name\":\"Til hoyre.no\",\"item\":\"https:\/\/hoyre.no\"},{\"@type\":\"ListItem\",\"position\":2,\"name\":\"Hjem\",\"item\":\"https:\/\/hoyre.no\/orsta\/\"},{\"@type\":\"ListItem\",\"position\":3,\"name\":\"Forsiden\",\"item\":\"https:\/\/hoyre.no\/orsta\/\"},{\"@type\":\"ListItem\",\"position\":4,\"name\":\"\u00d8rsta sin ordf\u00f8rar\"}]},{\"@type\":\"WebSite\",\"@id\":\"https:\/\/hoyre.no\/orsta\/#website\",\"url\":\"https:\/\/hoyre.no\/orsta\/\",\"name\":\"\u00d8rsta H\u00f8gre\",\"description\":\"Bare enda et H\u00f8yres nettsteder-nettsted\",\"inLanguage\":\"nn-NO\"}]}<\/script>\n<!-- \/ Yoast SEO plugin. -->","yoast_head_json":{"title":"\u00d8rsta sin ordf\u00f8rar - \u00d8rsta H\u00f8gre","description":"Per-Are S\u00f8rheim er ordf\u00f8rar i \u00d8rsta for H\u00f8gre i perioden 2023-2027. Bli betre kjent med han her!","robots":{"index":"index","follow":"follow","max-snippet":"max-snippet:-1","max-image-preview":"max-image-preview:large","max-video-preview":"max-video-preview:-1"},"canonical":"https:\/\/hoyre.no\/orsta\/forsiden\/orsta-sin-ordforar\/","og_locale":"nn_NO","og_type":"article","og_title":"\u00d8rsta sin ordf\u00f8rar - \u00d8rsta H\u00f8gre","og_description":"Per-Are S\u00f8rheim er ordf\u00f8rar i \u00d8rsta for H\u00f8gre i perioden 2023-2027. Bli betre kjent med han her!","og_url":"https:\/\/hoyre.no\/orsta\/forsiden\/orsta-sin-ordforar\/","og_site_name":"\u00d8rsta H\u00f8gre","article_modified_time":"2025-02-11T18:12:19+00:00","og_image":[{"url":"https:\/\/hoyre.no\/content\/uploads\/sites\/88\/2023\/01\/Bestefarbilde.jpeg","type":"","width":"","height":""}],"twitter_card":"summary_large_image","twitter_misc":{"Est. reading time":"3 minutt"},"schema":{"@context":"https:\/\/schema.org","@graph":[{"@type":"WebPage","@id":"https:\/\/hoyre.no\/orsta\/forsiden\/orsta-sin-ordforar\/","url":"https:\/\/hoyre.no\/orsta\/forsiden\/orsta-sin-ordforar\/","name":"\u00d8rsta sin ordf\u00f8rar - \u00d8rsta H\u00f8gre","isPartOf":{"@id":"https:\/\/hoyre.no\/orsta\/#website"},"image":{"@id":"https:\/\/hoyre.no\/orsta\/forsiden\/orsta-sin-ordforar\/#primaryimage"},"thumbnailUrl":"https:\/\/hoyre.no\/content\/uploads\/sites\/88\/2023\/01\/Bestefarbilde.jpeg","datePublished":"2023-01-11T13:00:19+00:00","dateModified":"2025-02-11T18:12:19+00:00","description":"Per-Are S\u00f8rheim er ordf\u00f8rar i \u00d8rsta for H\u00f8gre i perioden 2023-2027. Bli betre kjent med han her!","breadcrumb":{"@id":"https:\/\/hoyre.no\/orsta\/forsiden\/orsta-sin-ordforar\/#breadcrumb"},"inLanguage":"nn-NO","potentialAction":[{"@type":"ReadAction","target":["https:\/\/hoyre.no\/orsta\/forsiden\/orsta-sin-ordforar\/"]}]},{"@type":"ImageObject","inLanguage":"nn-NO","@id":"https:\/\/hoyre.no\/orsta\/forsiden\/orsta-sin-ordforar\/#primaryimage","url":"https:\/\/hoyre.no\/content\/uploads\/sites\/88\/2023\/01\/Bestefarbilde.jpeg","contentUrl":"https:\/\/hoyre.no\/content\/uploads\/sites\/88\/2023\/01\/Bestefarbilde.jpeg"},{"@type":"BreadcrumbList","@id":"https:\/\/hoyre.no\/orsta\/forsiden\/orsta-sin-ordforar\/#breadcrumb","itemListElement":[{"@type":"ListItem","position":1,"name":"Til hoyre.no","item":"https:\/\/hoyre.no"},{"@type":"ListItem","position":2,"name":"Hjem","item":"https:\/\/hoyre.no\/orsta\/"},{"@type":"ListItem","position":3,"name":"Forsiden","item":"https:\/\/hoyre.no\/orsta\/"},{"@type":"ListItem","position":4,"name":"\u00d8rsta sin ordf\u00f8rar"}]},{"@type":"WebSite","@id":"https:\/\/hoyre.no\/orsta\/#website","url":"https:\/\/hoyre.no\/orsta\/","name":"\u00d8rsta H\u00f8gre","description":"Bare enda et H\u00f8yres nettsteder-nettsted","inLanguage":"nn-NO"}]}},"distributor_meta":false,"distributor_terms":false,"distributor_media":false,"distributor_original_site_name":"\u00d8rsta H\u00f8gre","distributor_original_site_url":"https:\/\/hoyre.no\/orsta","push-errors":false,"_links":{"self":[{"href":"https:\/\/hoyre.no\/orsta\/wp-json\/wp\/v2\/pages\/53","targetHints":{"allow":["GET"]}}],"collection":[{"href":"https:\/\/hoyre.no\/orsta\/wp-json\/wp\/v2\/pages"}],"about":[{"href":"https:\/\/hoyre.no\/orsta\/wp-json\/wp\/v2\/types\/page"}],"author":[{"embeddable":true,"href":"https:\/\/hoyre.no\/orsta\/wp-json\/wp\/v2\/users\/30082"}],"replies":[{"embeddable":true,"href":"https:\/\/hoyre.no\/orsta\/wp-json\/wp\/v2\/comments?post=53"}],"version-history":[{"count":26,"href":"https:\/\/hoyre.no\/orsta\/wp-json\/wp\/v2\/pages\/53\/revisions"}],"predecessor-version":[{"id":598,"href":"https:\/\/hoyre.no\/orsta\/wp-json\/wp\/v2\/pages\/53\/revisions\/598"}],"up":[{"embeddable":true,"href":"https:\/\/hoyre.no\/orsta\/wp-json\/wp\/v2\/pages\/3"}],"wp:attachment":[{"href":"https:\/\/hoyre.no\/orsta\/wp-json\/wp\/v2\/media?parent=53"}],"curies":[{"name":"wp","href":"https:\/\/api.w.org\/{rel}","templated":true}]}}