{"id":140,"date":"2025-01-28T15:59:29","date_gmt":"2025-01-28T14:59:29","guid":{"rendered":"https:\/\/hoyre.no\/oslo-senior\/?page_id=140"},"modified":"2025-11-11T11:46:12","modified_gmt":"2025-11-11T10:46:12","slug":"helse-og-eldre","status":"publish","type":"page","link":"https:\/\/hoyre.no\/oslo-senior\/helse-og-eldre\/","title":{"rendered":"Helse og eldre"},"content":{"rendered":"\n<div class=\"wp-block-hoyre-hero with-image-gradient text-color-light  has-media alignfull has-background\"><div class=\"hoyre-hero has-image\"><h1 class=\"title\">Helse og eldre<\/h1><p class=\"preamble\">Eldre har rett til god helse og livskvalitet. FN har engasjert seg for \u00e5 ivareta eldre menneskers rettigheter og har erkl\u00e6rt 2021\u20132030 for ti\u00e5ret for sunn alderdom. Dette tar vi p\u00e5 alvor &#8211; og skaffer oss b\u00e5de fagkunnskap og foresl\u00e5r tiltak for \u00e5 kunne bidra til god politikk innen dette feltet.<\/p>\t\t\t<div class=\"post-meta wp-block teft-byline-wrapper\">\n\t\t\t\t<div class=\"top\">\n\t\t\t\t\t<div class=\"signature\">\n\t\t\t\t\t\t<div class=\"teft-byline\">\n\t\t\t\t\t\t\t\t\t\t\t\t\t\t<div>\n\t\t\t\t\t\t\t\t<h3>H\u00f8yres redaksjon<\/h3>\t\t\t\t\t\t\t\t\n\t\t\t\t\t\t\t\t\t\t\t\t\t\t\t\t\t<span class=\"date\">Sist oppdatert: 11. november 2025<\/span>\n\t\t\t\t\t\t\t\t\t\t\t\t\t\t\t\t\t\t\t\t\t\t\t\t\t<span class=\"reading-time\" itemprop=\"timeRequired\" content=\"PT1M\"><em>Ca. 1 minutter lesetid<\/em><\/span>\n\t\t\t\t\t\t\t\t\t\t\t\t\t\t\t<\/div>\n\t\t\t\t\t\t<\/div>\n\t\t\t\t\t<\/div>\n\t\t\t\t\t\t<div class=\"sharing\">\n\t\t<a class=\"share-button share-link copy-link\" data-copy=\"https:\/\/hoyre.no\/oslo-senior\/helse-og-eldre\/\" target=\"_blank\"><span class=\"screen-reader-text\">Del link<\/span><\/a>\n\t\t<a class=\"share-button share-twitter\" href=\"http:\/\/twitter.com\/share?text=Helse og eldre&#038;url=https:\/\/hoyre.no\/oslo-senior\/helse-og-eldre\/&#038;hashtags=Hoyre\" target=\"_blank\"><span class=\"screen-reader-text\">Del p\u00e5 twitter<\/span><\/a>\n\t\t<a class=\"share-button share-facebook\" href=\"https:\/\/www.facebook.com\/sharer\/sharer.php?u=https:\/\/hoyre.no\/oslo-senior\/helse-og-eldre\/\" target=\"_blank\"><span class=\"screen-reader-text\">Del p\u00e5 facebook<\/span><\/a>\n\t<\/div>\n\t\t\t\t\t<\/div>\n\t\t\t<\/div>\n\n\t\t\t<figure class=\"hoyre-image-wrapper\"><div class=\"hoyre-image\"><img loading=\"lazy\" decoding=\"async\" width=\"2500\" height=\"1596\" src=\"https:\/\/hoyre.no\/content\/uploads\/sites\/438\/2024\/02\/GettyImages-1152836719-scaled.jpg\" class=\"attachment-scaled size-scaled\" alt=\"Eldre\" style=\"object-position: 50% 50%\" srcset=\"https:\/\/hoyre.no\/content\/uploads\/sites\/438\/2024\/02\/GettyImages-1152836719-scaled.jpg 2500w, https:\/\/hoyre.no\/content\/uploads\/sites\/438\/2024\/02\/GettyImages-1152836719-300x192.jpg 300w, https:\/\/hoyre.no\/content\/uploads\/sites\/438\/2024\/02\/GettyImages-1152836719-1024x654.jpg 1024w, https:\/\/hoyre.no\/content\/uploads\/sites\/438\/2024\/02\/GettyImages-1152836719-768x490.jpg 768w, https:\/\/hoyre.no\/content\/uploads\/sites\/438\/2024\/02\/GettyImages-1152836719-1536x981.jpg 1536w, https:\/\/hoyre.no\/content\/uploads\/sites\/438\/2024\/02\/GettyImages-1152836719-2048x1308.jpg 2048w\" sizes=\"auto, (max-width: 2500px) 100vw, 2500px\" \/><\/div><\/figure><\/div><\/div>\n\n\n\n\n<p>Gruppen ledes av: Ole B Hovind, <a href=\"mailto:ole.b.hovind@gmail.com\">ole.b.hovind@gmail.com<\/a>, mobil 911 49 150<\/p>\n\n\n\n\n<p><u>Form\u00e5l:<\/u> Bidra med innspill til H\u00f8yres helsepolitiske arbeid med faglige begrunnede r\u00e5d. Vi s\u00f8ker \u00e5 definere viktige problemstillinger innenfor helse med bruk av interne og eksterne spesialister, der vi \u00f8nsker \u00e5 formidle innsiktsfulle r\u00e5d til H\u00f8yre.<\/p>\n\n\n\n<p class=\"has-text-align-left\"><u>M\u00f8tehyppighet<\/u>: Vi f\u00f8lger i hovedsak frekvensen til Politisk Verksted, dvs. en gang i m\u00e5neden.<\/p>\n","protected":false},"excerpt":{"rendered":"<p>Form\u00e5l: Bidra med innspill til H\u00f8yres helsepolitiske arbeid med faglige begrunnede r\u00e5d. Vi s\u00f8ker \u00e5 definere viktige problemstillinger innenfor helse med bruk av interne og eksterne spesialister, der vi \u00f8nsker \u00e5 formidle innsiktsfulle r\u00e5d til H\u00f8yre. M\u00f8tehyppighet: Vi f\u00f8lger i hovedsak frekvensen til Politisk Verksted, dvs. en gang i m\u00e5neden.<\/p>\n","protected":false},"author":31424,"featured_media":0,"parent":0,"menu_order":0,"comment_status":"closed","ping_status":"closed","template":"","meta":{"teft_cards_image_url":"","teft_cards_custom_pretitle":"","teft_cards_image_id":0,"teft_cards_image_focal_point_x":0,"teft_cards_image_focal_point_y":0,"teft_cards_title":"","teft_cards_excerpt":"","teft_show_chapters":false,"footnotes":""},"class_list":["post-140","page","type-page","status-publish","hentry"],"yoast_head":"<!-- This site is optimized with the Yoast SEO plugin v26.6 - https:\/\/yoast.com\/wordpress\/plugins\/seo\/ -->\n<title>Helse og eldre - Oslo Senior H\u00f8yre<\/title>\n<meta name=\"robots\" content=\"index, follow, max-snippet:-1, max-image-preview:large, max-video-preview:-1\" \/>\n<link rel=\"canonical\" href=\"https:\/\/hoyre.no\/oslo-senior\/helse-og-eldre\/\" \/>\n<meta property=\"og:locale\" content=\"nb_NO\" \/>\n<meta property=\"og:type\" content=\"article\" \/>\n<meta property=\"og:title\" content=\"Helse og eldre - Oslo Senior H\u00f8yre\" \/>\n<meta property=\"og:description\" content=\"Form\u00e5l: Bidra med innspill til H\u00f8yres helsepolitiske arbeid med faglige begrunnede r\u00e5d. Vi s\u00f8ker \u00e5 definere viktige problemstillinger innenfor helse med bruk av interne og eksterne spesialister, der vi \u00f8nsker \u00e5 formidle innsiktsfulle r\u00e5d til H\u00f8yre. M\u00f8tehyppighet: Vi f\u00f8lger i hovedsak frekvensen til Politisk Verksted, dvs. en gang i m\u00e5neden.\" \/>\n<meta property=\"og:url\" content=\"https:\/\/hoyre.no\/oslo-senior\/helse-og-eldre\/\" \/>\n<meta property=\"og:site_name\" content=\"Oslo Senior H\u00f8yre\" \/>\n<meta property=\"article:modified_time\" content=\"2025-11-11T10:46:12+00:00\" \/>\n<meta name=\"twitter:card\" content=\"summary_large_image\" \/>\n<meta name=\"twitter:label1\" content=\"Ansl. lesetid\" \/>\n\t<meta name=\"twitter:data1\" content=\"1 minutt\" \/>\n<script type=\"application\/ld+json\" class=\"yoast-schema-graph\">{\"@context\":\"https:\/\/schema.org\",\"@graph\":[{\"@type\":\"WebPage\",\"@id\":\"https:\/\/hoyre.no\/oslo-senior\/helse-og-eldre\/\",\"url\":\"https:\/\/hoyre.no\/oslo-senior\/helse-og-eldre\/\",\"name\":\"Helse og eldre - Oslo Senior H\u00f8yre\",\"isPartOf\":{\"@id\":\"https:\/\/hoyre.no\/oslo-senior\/#website\"},\"datePublished\":\"2025-01-28T14:59:29+00:00\",\"dateModified\":\"2025-11-11T10:46:12+00:00\",\"breadcrumb\":{\"@id\":\"https:\/\/hoyre.no\/oslo-senior\/helse-og-eldre\/#breadcrumb\"},\"inLanguage\":\"nb-NO\",\"potentialAction\":[{\"@type\":\"ReadAction\",\"target\":[\"https:\/\/hoyre.no\/oslo-senior\/helse-og-eldre\/\"]}]},{\"@type\":\"BreadcrumbList\",\"@id\":\"https:\/\/hoyre.no\/oslo-senior\/helse-og-eldre\/#breadcrumb\",\"itemListElement\":[{\"@type\":\"ListItem\",\"position\":1,\"name\":\"Til hoyre.no\",\"item\":\"https:\/\/hoyre.no\"},{\"@type\":\"ListItem\",\"position\":2,\"name\":\"Hjem\",\"item\":\"https:\/\/hoyre.no\/oslo-senior\/\"},{\"@type\":\"ListItem\",\"position\":3,\"name\":\"Helse og eldre\"}]},{\"@type\":\"WebSite\",\"@id\":\"https:\/\/hoyre.no\/oslo-senior\/#website\",\"url\":\"https:\/\/hoyre.no\/oslo-senior\/\",\"name\":\"Oslo Senior H\u00f8yre\",\"description\":\"\",\"inLanguage\":\"nb-NO\"}]}<\/script>\n<!-- \/ Yoast SEO plugin. -->","yoast_head_json":{"title":"Helse og eldre - Oslo Senior H\u00f8yre","robots":{"index":"index","follow":"follow","max-snippet":"max-snippet:-1","max-image-preview":"max-image-preview:large","max-video-preview":"max-video-preview:-1"},"canonical":"https:\/\/hoyre.no\/oslo-senior\/helse-og-eldre\/","og_locale":"nb_NO","og_type":"article","og_title":"Helse og eldre - Oslo Senior H\u00f8yre","og_description":"Form\u00e5l: Bidra med innspill til H\u00f8yres helsepolitiske arbeid med faglige begrunnede r\u00e5d. Vi s\u00f8ker \u00e5 definere viktige problemstillinger innenfor helse med bruk av interne og eksterne spesialister, der vi \u00f8nsker \u00e5 formidle innsiktsfulle r\u00e5d til H\u00f8yre. M\u00f8tehyppighet: Vi f\u00f8lger i hovedsak frekvensen til Politisk Verksted, dvs. en gang i m\u00e5neden.","og_url":"https:\/\/hoyre.no\/oslo-senior\/helse-og-eldre\/","og_site_name":"Oslo Senior H\u00f8yre","article_modified_time":"2025-11-11T10:46:12+00:00","twitter_card":"summary_large_image","twitter_misc":{"Ansl. lesetid":"1 minutt"},"schema":{"@context":"https:\/\/schema.org","@graph":[{"@type":"WebPage","@id":"https:\/\/hoyre.no\/oslo-senior\/helse-og-eldre\/","url":"https:\/\/hoyre.no\/oslo-senior\/helse-og-eldre\/","name":"Helse og eldre - Oslo Senior H\u00f8yre","isPartOf":{"@id":"https:\/\/hoyre.no\/oslo-senior\/#website"},"datePublished":"2025-01-28T14:59:29+00:00","dateModified":"2025-11-11T10:46:12+00:00","breadcrumb":{"@id":"https:\/\/hoyre.no\/oslo-senior\/helse-og-eldre\/#breadcrumb"},"inLanguage":"nb-NO","potentialAction":[{"@type":"ReadAction","target":["https:\/\/hoyre.no\/oslo-senior\/helse-og-eldre\/"]}]},{"@type":"BreadcrumbList","@id":"https:\/\/hoyre.no\/oslo-senior\/helse-og-eldre\/#breadcrumb","itemListElement":[{"@type":"ListItem","position":1,"name":"Til hoyre.no","item":"https:\/\/hoyre.no"},{"@type":"ListItem","position":2,"name":"Hjem","item":"https:\/\/hoyre.no\/oslo-senior\/"},{"@type":"ListItem","position":3,"name":"Helse og eldre"}]},{"@type":"WebSite","@id":"https:\/\/hoyre.no\/oslo-senior\/#website","url":"https:\/\/hoyre.no\/oslo-senior\/","name":"Oslo Senior H\u00f8yre","description":"","inLanguage":"nb-NO"}]}},"distributor_meta":false,"distributor_terms":false,"distributor_media":false,"distributor_original_site_name":"Oslo Senior H\u00f8yre","distributor_original_site_url":"https:\/\/hoyre.no\/oslo-senior","push-errors":false,"_links":{"self":[{"href":"https:\/\/hoyre.no\/oslo-senior\/wp-json\/wp\/v2\/pages\/140","targetHints":{"allow":["GET"]}}],"collection":[{"href":"https:\/\/hoyre.no\/oslo-senior\/wp-json\/wp\/v2\/pages"}],"about":[{"href":"https:\/\/hoyre.no\/oslo-senior\/wp-json\/wp\/v2\/types\/page"}],"author":[{"embeddable":true,"href":"https:\/\/hoyre.no\/oslo-senior\/wp-json\/wp\/v2\/users\/31424"}],"replies":[{"embeddable":true,"href":"https:\/\/hoyre.no\/oslo-senior\/wp-json\/wp\/v2\/comments?post=140"}],"version-history":[{"count":10,"href":"https:\/\/hoyre.no\/oslo-senior\/wp-json\/wp\/v2\/pages\/140\/revisions"}],"predecessor-version":[{"id":814,"href":"https:\/\/hoyre.no\/oslo-senior\/wp-json\/wp\/v2\/pages\/140\/revisions\/814"}],"wp:attachment":[{"href":"https:\/\/hoyre.no\/oslo-senior\/wp-json\/wp\/v2\/media?parent=140"}],"curies":[{"name":"wp","href":"https:\/\/api.w.org\/{rel}","templated":true}]}}

<div class="wp-block-hoyre-hero with-image-gradient text-color-light  has-media alignfull has-background"><div class="hoyre-hero has-image"><h1 class="title">Helse og eldre</h1><p class="preamble">Eldre har rett til god helse og livskvalitet. FN har engasjert seg for å ivareta eldre menneskers rettigheter og har erklært 2021–2030 for tiåret for sunn alderdom. Dette tar vi på alvor &#8211; og skaffer oss både fagkunnskap og foreslår tiltak for å kunne bidra til god politikk innen dette feltet.</p>			<div class="post-meta wp-block teft-byline-wrapper">
				<div class="top">
					<div class="signature">
						<div class="teft-byline">
														<div>
								<h3>Høyres redaksjon</h3>								
																	<span class="date">Sist oppdatert: 11. november 2025</span>
																									<span class="reading-time" itemprop="timeRequired" content="PT1M"><em>Ca. 1 minutter lesetid</em></span>
															</div>
						</div>
					</div>
						<div class="sharing">
		<a class="share-button share-link copy-link" data-copy="https://hoyre.no/oslo-senior/helse-og-eldre/" target="_blank"><span class="screen-reader-text">Del link</span></a>
		<a class="share-button share-twitter" href="http://twitter.com/share?text=Helse og eldre&#038;url=https://hoyre.no/oslo-senior/helse-og-eldre/&#038;hashtags=Hoyre" target="_blank"><span class="screen-reader-text">Del på twitter</span></a>
		<a class="share-button share-facebook" href="https://www.facebook.com/sharer/sharer.php?u=https://hoyre.no/oslo-senior/helse-og-eldre/" target="_blank"><span class="screen-reader-text">Del på facebook</span></a>
	</div>
					</div>
			</div>

			<figure class="hoyre-image-wrapper"><div class="hoyre-image"><img loading="lazy" decoding="async" width="2500" height="1596" src="https://hoyre.no/content/uploads/sites/438/2024/02/GettyImages-1152836719-scaled.jpg" class="attachment-scaled size-scaled" alt="Eldre" style="object-position: 50% 50%" srcset="https://hoyre.no/content/uploads/sites/438/2024/02/GettyImages-1152836719-scaled.jpg 2500w, https://hoyre.no/content/uploads/sites/438/2024/02/GettyImages-1152836719-300x192.jpg 300w, https://hoyre.no/content/uploads/sites/438/2024/02/GettyImages-1152836719-1024x654.jpg 1024w, https://hoyre.no/content/uploads/sites/438/2024/02/GettyImages-1152836719-768x490.jpg 768w, https://hoyre.no/content/uploads/sites/438/2024/02/GettyImages-1152836719-1536x981.jpg 1536w, https://hoyre.no/content/uploads/sites/438/2024/02/GettyImages-1152836719-2048x1308.jpg 2048w" sizes="auto, (max-width: 2500px) 100vw, 2500px" /></div></figure></div></div>




<p>Gruppen ledes av: Ole B Hovind, <a href="mailto:ole.b.hovind@gmail.com">ole.b.hovind@gmail.com</a>, mobil 911 49 150</p>




<p><u>Formål:</u> Bidra med innspill til Høyres helsepolitiske arbeid med faglige begrunnede råd. Vi søker å definere viktige problemstillinger innenfor helse med bruk av interne og eksterne spesialister, der vi ønsker å formidle innsiktsfulle råd til Høyre.</p>



<p class="has-text-align-left"><u>Møtehyppighet</u>: Vi følger i hovedsak frekvensen til Politisk Verksted, dvs. en gang i måneden.</p>

<p>Formål: Bidra med innspill til Høyres helsepolitiske arbeid med faglige begrunnede råd. Vi søker å definere viktige problemstillinger innenfor helse med bruk av interne og eksterne spesialister, der vi ønsker å formidle innsiktsfulle råd til Høyre. Møtehyppighet: Vi følger i hovedsak frekvensen til Politisk Verksted, dvs. en gang i måneden.</p>

<!-- This site is optimized with the Yoast SEO plugin v26.6 - https://yoast.com/wordpress/plugins/seo/ -->
<title>Helse og eldre - Oslo Senior Høyre</title>
<meta name="robots" content="index, follow, max-snippet:-1, max-image-preview:large, max-video-preview:-1" />
<link rel="canonical" href="https://hoyre.no/oslo-senior/helse-og-eldre/" />
<meta property="og:locale" content="nb_NO" />
<meta property="og:type" content="article" />
<meta property="og:title" content="Helse og eldre - Oslo Senior Høyre" />
<meta property="og:description" content="Formål: Bidra med innspill til Høyres helsepolitiske arbeid med faglige begrunnede råd. Vi søker å definere viktige problemstillinger innenfor helse med bruk av interne og eksterne spesialister, der vi ønsker å formidle innsiktsfulle råd til Høyre. Møtehyppighet: Vi følger i hovedsak frekvensen til Politisk Verksted, dvs. en gang i måneden." />
<meta property="og:url" content="https://hoyre.no/oslo-senior/helse-og-eldre/" />
<meta property="og:site_name" content="Oslo Senior Høyre" />
<meta property="article:modified_time" content="2025-11-11T10:46:12+00:00" />
<meta name="twitter:card" content="summary_large_image" />
<meta name="twitter:label1" content="Ansl. lesetid" />
	<meta name="twitter:data1" content="1 minutt" />
<script type="application/ld+json" class="yoast-schema-graph">{"@context":"https://schema.org","@graph":[{"@type":"WebPage","@id":"https://hoyre.no/oslo-senior/helse-og-eldre/","url":"https://hoyre.no/oslo-senior/helse-og-eldre/","name":"Helse og eldre - Oslo Senior Høyre","isPartOf":{"@id":"https://hoyre.no/oslo-senior/#website"},"datePublished":"2025-01-28T14:59:29+00:00","dateModified":"2025-11-11T10:46:12+00:00","breadcrumb":{"@id":"https://hoyre.no/oslo-senior/helse-og-eldre/#breadcrumb"},"inLanguage":"nb-NO","potentialAction":[{"@type":"ReadAction","target":["https://hoyre.no/oslo-senior/helse-og-eldre/"]}]},{"@type":"BreadcrumbList","@id":"https://hoyre.no/oslo-senior/helse-og-eldre/#breadcrumb","itemListElement":[{"@type":"ListItem","position":1,"name":"Til hoyre.no","item":"https://hoyre.no"},{"@type":"ListItem","position":2,"name":"Hjem","item":"https://hoyre.no/oslo-senior/"},{"@type":"ListItem","position":3,"name":"Helse og eldre"}]},{"@type":"WebSite","@id":"https://hoyre.no/oslo-senior/#website","url":"https://hoyre.no/oslo-senior/","name":"Oslo Senior Høyre","description":"","inLanguage":"nb-NO"}]}</script>
<!-- / Yoast SEO plugin. -->

Helse og eldre - Oslo Senior Høyre

Formål: Bidra med innspill til Høyres helsepolitiske arbeid med faglige begrunnede råd. Vi søker å definere viktige problemstillinger innenfor helse med bruk av interne og eksterne spesialister, der vi ønsker å formidle innsiktsfulle råd til Høyre. Møtehyppighet: Vi følger i hovedsak frekvensen til Politisk Verksted, dvs. en gang i måneden.

Oslo Senior Høyre
