{"id":149,"date":"2025-01-28T16:01:33","date_gmt":"2025-01-28T15:01:33","guid":{"rendered":"https:\/\/hoyre.no\/oslo-senior\/?page_id=149"},"modified":"2025-12-04T20:03:54","modified_gmt":"2025-12-04T19:03:54","slug":"samferdsel","status":"publish","type":"page","link":"https:\/\/hoyre.no\/oslo-senior\/samferdsel\/","title":{"rendered":"Samferdsel"},"content":{"rendered":"\n<div class=\"wp-block-hoyre-hero with-image-gradient text-color-light  has-media alignfull has-background\"><div class=\"hoyre-hero has-image\"><h1 class=\"title\">Samferdsel<\/h1><p class=\"preamble\">God samferdsel binder landet sammen, det er avgj\u00f8rende for at folk og varer skal komme raskt frem og trygt frem.\u202f\u00a0Det m\u00e5 bygges nytt, b\u00e5de vei og bane, og utslippene fra samferdselssektoren m\u00e5 kuttes. <\/p>\t\t\t<div class=\"post-meta wp-block teft-byline-wrapper\">\n\t\t\t\t<div class=\"top\">\n\t\t\t\t\t<div class=\"signature\">\n\t\t\t\t\t\t<div class=\"teft-byline\">\n\t\t\t\t\t\t\t\t\t\t\t\t\t\t<div>\n\t\t\t\t\t\t\t\t<h3>H\u00f8yres redaksjon<\/h3>\t\t\t\t\t\t\t\t\n\t\t\t\t\t\t\t\t\t\t\t\t\t\t\t\t\t<span class=\"date\">Sist oppdatert: 4. desember 2025<\/span>\n\t\t\t\t\t\t\t\t\t\t\t\t\t\t\t\t\t\t\t\t\t\t\t\t\t<span class=\"reading-time\" itemprop=\"timeRequired\" content=\"PT1M\"><em>Ca. 1 minutter lesetid<\/em><\/span>\n\t\t\t\t\t\t\t\t\t\t\t\t\t\t\t<\/div>\n\t\t\t\t\t\t<\/div>\n\t\t\t\t\t<\/div>\n\t\t\t\t\t\t<div class=\"sharing\">\n\t\t<a class=\"share-button share-link copy-link\" data-copy=\"https:\/\/hoyre.no\/oslo-senior\/samferdsel\/\" target=\"_blank\"><span class=\"screen-reader-text\">Del link<\/span><\/a>\n\t\t<a class=\"share-button share-twitter\" href=\"http:\/\/twitter.com\/share?text=Samferdsel&#038;url=https:\/\/hoyre.no\/oslo-senior\/samferdsel\/&#038;hashtags=Hoyre\" target=\"_blank\"><span class=\"screen-reader-text\">Del p\u00e5 twitter<\/span><\/a>\n\t\t<a class=\"share-button share-facebook\" href=\"https:\/\/www.facebook.com\/sharer\/sharer.php?u=https:\/\/hoyre.no\/oslo-senior\/samferdsel\/\" target=\"_blank\"><span class=\"screen-reader-text\">Del p\u00e5 facebook<\/span><\/a>\n\t<\/div>\n\t\t\t\t\t<\/div>\n\t\t\t<\/div>\n\n\t\t\t<figure class=\"hoyre-image-wrapper\"><div class=\"hoyre-image\"><img loading=\"lazy\" decoding=\"async\" width=\"4003\" height=\"2250\" src=\"https:\/\/hoyre.no\/content\/uploads\/sites\/438\/2025\/02\/selvkjorende-bil.png\" class=\"attachment-scaled size-scaled\" alt=\"\" style=\"object-position: 50% 50%\" srcset=\"https:\/\/hoyre.no\/content\/uploads\/sites\/438\/2025\/02\/selvkjorende-bil.png 4003w, https:\/\/hoyre.no\/content\/uploads\/sites\/438\/2025\/02\/selvkjorende-bil-300x169.png 300w, https:\/\/hoyre.no\/content\/uploads\/sites\/438\/2025\/02\/selvkjorende-bil-1024x576.png 1024w, https:\/\/hoyre.no\/content\/uploads\/sites\/438\/2025\/02\/selvkjorende-bil-768x432.png 768w, https:\/\/hoyre.no\/content\/uploads\/sites\/438\/2025\/02\/selvkjorende-bil-1536x863.png 1536w, https:\/\/hoyre.no\/content\/uploads\/sites\/438\/2025\/02\/selvkjorende-bil-2048x1151.png 2048w\" sizes=\"auto, (max-width: 4003px) 100vw, 4003px\" \/><\/div><\/figure><\/div><\/div>\n\n\n\n\n<p>Gruppen ledes av: Hans M. Borge, <a href=\"mailto:hans.m.borge@gmail.com\">hans.m.borge@gmail.com<\/a>, mobil: 90 15 05 54<\/p>\n\n\n\n<p>Siden samferdsel og Klima, energi og milj\u00f8&nbsp; henger tett sammen vil samferdsel-gruppen inntil videre ha m\u00f8ter sammen med KEM gruppen \u2013 alts\u00e5 kl 11:00 f\u00f8r politisk verksted kl. 13. <\/p>\n\n\n\n<p>Ved behov vil vi opptre separat og parallelt med KEM-grupppen, men da i et annet m\u00f8terom i huset.<\/p>\n\n\n\n\n<p>Bildet er en illustrasjon av fremtidens samferdel &#8211; en selvkj\u00f8rende bil til en togstasjon (fotokilde: Ruter). <\/p>\n\n\n\n<p>Samferdselsgruppen har hatt f\u00f8lgende m\u00f8ter i 2025, se presentasjon i linkene under.<\/p>\n\n\n\n<div class=\"wp-block-teft-file icon-link-block\"><a href=\"https:\/\/hoyre.no\/content\/uploads\/sites\/438\/2025\/12\/2025-11-10_Presentasjon_ERTMS_KEMS-mote.pdf\" download><span class=\"file-title\">2025.11.10 BaneNor &#8211; &lt;strong&gt;fremtidens digitale signsalsysetm (ERTMS) for norsk jernbane&lt;\/strong&gt;<\/span><span class=\"file-name\"><\/span><\/a><\/div>\n\n\n\n<div class=\"wp-block-teft-file icon-link-block\"><a href=\"https:\/\/hoyre.no\/content\/uploads\/sites\/438\/2025\/03\/2025.01.13-Ruter-Selvkjorende-kjoretoy.pdf\" download><span class=\"file-title\">13.01.2025 Ruter &#8211; Selvkj\u00f8rende kj\u00f8ret\u00f8y<\/span><span class=\"file-name\"><\/span><\/a><\/div>\n\n\n\n<div class=\"wp-block-teft-file icon-link-block\"><a href=\"https:\/\/hoyre.no\/content\/uploads\/sites\/438\/2025\/03\/2025.02.17-Droner.pdf\" download><span class=\"file-title\">17.02.2025 Droner<\/span><span class=\"file-name\"><\/span><\/a><\/div>\n\n\n\n<p><\/p>\n","protected":false},"excerpt":{"rendered":"<p>Bildet er en illustrasjon av fremtidens samferdel &#8211; en selvkj\u00f8rende bil til en togstasjon (fotokilde: Ruter). Samferdselsgruppen har hatt f\u00f8lgende m\u00f8ter i 2025, se presentasjon i linkene under.<\/p>\n","protected":false},"author":31424,"featured_media":0,"parent":0,"menu_order":0,"comment_status":"closed","ping_status":"closed","template":"","meta":{"teft_cards_image_url":"","teft_cards_custom_pretitle":"","teft_cards_image_id":0,"teft_cards_image_focal_point_x":0,"teft_cards_image_focal_point_y":0,"teft_cards_title":"","teft_cards_excerpt":"","teft_show_chapters":false,"footnotes":""},"class_list":["post-149","page","type-page","status-publish","hentry"],"yoast_head":"<!-- This site is optimized with the Yoast SEO plugin v26.6 - https:\/\/yoast.com\/wordpress\/plugins\/seo\/ -->\n<title>Samferdsel - Oslo Senior H\u00f8yre<\/title>\n<meta name=\"robots\" content=\"index, follow, max-snippet:-1, max-image-preview:large, max-video-preview:-1\" \/>\n<link rel=\"canonical\" href=\"https:\/\/hoyre.no\/oslo-senior\/samferdsel\/\" \/>\n<meta property=\"og:locale\" content=\"nb_NO\" \/>\n<meta property=\"og:type\" content=\"article\" \/>\n<meta property=\"og:title\" content=\"Samferdsel - Oslo Senior H\u00f8yre\" \/>\n<meta property=\"og:description\" content=\"Bildet er en illustrasjon av fremtidens samferdel &#8211; en selvkj\u00f8rende bil til en togstasjon (fotokilde: Ruter). Samferdselsgruppen har hatt f\u00f8lgende m\u00f8ter i 2025, se presentasjon i linkene under.\" \/>\n<meta property=\"og:url\" content=\"https:\/\/hoyre.no\/oslo-senior\/samferdsel\/\" \/>\n<meta property=\"og:site_name\" content=\"Oslo Senior H\u00f8yre\" \/>\n<meta property=\"article:modified_time\" content=\"2025-12-04T19:03:54+00:00\" \/>\n<meta name=\"twitter:card\" content=\"summary_large_image\" \/>\n<meta name=\"twitter:label1\" content=\"Ansl. lesetid\" \/>\n\t<meta name=\"twitter:data1\" content=\"1 minutt\" \/>\n<script type=\"application\/ld+json\" class=\"yoast-schema-graph\">{\"@context\":\"https:\/\/schema.org\",\"@graph\":[{\"@type\":\"WebPage\",\"@id\":\"https:\/\/hoyre.no\/oslo-senior\/samferdsel\/\",\"url\":\"https:\/\/hoyre.no\/oslo-senior\/samferdsel\/\",\"name\":\"Samferdsel - Oslo Senior H\u00f8yre\",\"isPartOf\":{\"@id\":\"https:\/\/hoyre.no\/oslo-senior\/#website\"},\"datePublished\":\"2025-01-28T15:01:33+00:00\",\"dateModified\":\"2025-12-04T19:03:54+00:00\",\"breadcrumb\":{\"@id\":\"https:\/\/hoyre.no\/oslo-senior\/samferdsel\/#breadcrumb\"},\"inLanguage\":\"nb-NO\",\"potentialAction\":[{\"@type\":\"ReadAction\",\"target\":[\"https:\/\/hoyre.no\/oslo-senior\/samferdsel\/\"]}]},{\"@type\":\"BreadcrumbList\",\"@id\":\"https:\/\/hoyre.no\/oslo-senior\/samferdsel\/#breadcrumb\",\"itemListElement\":[{\"@type\":\"ListItem\",\"position\":1,\"name\":\"Til hoyre.no\",\"item\":\"https:\/\/hoyre.no\"},{\"@type\":\"ListItem\",\"position\":2,\"name\":\"Hjem\",\"item\":\"https:\/\/hoyre.no\/oslo-senior\/\"},{\"@type\":\"ListItem\",\"position\":3,\"name\":\"Samferdsel\"}]},{\"@type\":\"WebSite\",\"@id\":\"https:\/\/hoyre.no\/oslo-senior\/#website\",\"url\":\"https:\/\/hoyre.no\/oslo-senior\/\",\"name\":\"Oslo Senior H\u00f8yre\",\"description\":\"\",\"inLanguage\":\"nb-NO\"}]}<\/script>\n<!-- \/ Yoast SEO plugin. -->","yoast_head_json":{"title":"Samferdsel - Oslo Senior H\u00f8yre","robots":{"index":"index","follow":"follow","max-snippet":"max-snippet:-1","max-image-preview":"max-image-preview:large","max-video-preview":"max-video-preview:-1"},"canonical":"https:\/\/hoyre.no\/oslo-senior\/samferdsel\/","og_locale":"nb_NO","og_type":"article","og_title":"Samferdsel - Oslo Senior H\u00f8yre","og_description":"Bildet er en illustrasjon av fremtidens samferdel &#8211; en selvkj\u00f8rende bil til en togstasjon (fotokilde: Ruter). Samferdselsgruppen har hatt f\u00f8lgende m\u00f8ter i 2025, se presentasjon i linkene under.","og_url":"https:\/\/hoyre.no\/oslo-senior\/samferdsel\/","og_site_name":"Oslo Senior H\u00f8yre","article_modified_time":"2025-12-04T19:03:54+00:00","twitter_card":"summary_large_image","twitter_misc":{"Ansl. lesetid":"1 minutt"},"schema":{"@context":"https:\/\/schema.org","@graph":[{"@type":"WebPage","@id":"https:\/\/hoyre.no\/oslo-senior\/samferdsel\/","url":"https:\/\/hoyre.no\/oslo-senior\/samferdsel\/","name":"Samferdsel - Oslo Senior H\u00f8yre","isPartOf":{"@id":"https:\/\/hoyre.no\/oslo-senior\/#website"},"datePublished":"2025-01-28T15:01:33+00:00","dateModified":"2025-12-04T19:03:54+00:00","breadcrumb":{"@id":"https:\/\/hoyre.no\/oslo-senior\/samferdsel\/#breadcrumb"},"inLanguage":"nb-NO","potentialAction":[{"@type":"ReadAction","target":["https:\/\/hoyre.no\/oslo-senior\/samferdsel\/"]}]},{"@type":"BreadcrumbList","@id":"https:\/\/hoyre.no\/oslo-senior\/samferdsel\/#breadcrumb","itemListElement":[{"@type":"ListItem","position":1,"name":"Til hoyre.no","item":"https:\/\/hoyre.no"},{"@type":"ListItem","position":2,"name":"Hjem","item":"https:\/\/hoyre.no\/oslo-senior\/"},{"@type":"ListItem","position":3,"name":"Samferdsel"}]},{"@type":"WebSite","@id":"https:\/\/hoyre.no\/oslo-senior\/#website","url":"https:\/\/hoyre.no\/oslo-senior\/","name":"Oslo Senior H\u00f8yre","description":"","inLanguage":"nb-NO"}]}},"distributor_meta":false,"distributor_terms":false,"distributor_media":false,"distributor_original_site_name":"Oslo Senior H\u00f8yre","distributor_original_site_url":"https:\/\/hoyre.no\/oslo-senior","push-errors":false,"_links":{"self":[{"href":"https:\/\/hoyre.no\/oslo-senior\/wp-json\/wp\/v2\/pages\/149","targetHints":{"allow":["GET"]}}],"collection":[{"href":"https:\/\/hoyre.no\/oslo-senior\/wp-json\/wp\/v2\/pages"}],"about":[{"href":"https:\/\/hoyre.no\/oslo-senior\/wp-json\/wp\/v2\/types\/page"}],"author":[{"embeddable":true,"href":"https:\/\/hoyre.no\/oslo-senior\/wp-json\/wp\/v2\/users\/31424"}],"replies":[{"embeddable":true,"href":"https:\/\/hoyre.no\/oslo-senior\/wp-json\/wp\/v2\/comments?post=149"}],"version-history":[{"count":13,"href":"https:\/\/hoyre.no\/oslo-senior\/wp-json\/wp\/v2\/pages\/149\/revisions"}],"predecessor-version":[{"id":880,"href":"https:\/\/hoyre.no\/oslo-senior\/wp-json\/wp\/v2\/pages\/149\/revisions\/880"}],"wp:attachment":[{"href":"https:\/\/hoyre.no\/oslo-senior\/wp-json\/wp\/v2\/media?parent=149"}],"curies":[{"name":"wp","href":"https:\/\/api.w.org\/{rel}","templated":true}]}}

<div class="wp-block-hoyre-hero with-image-gradient text-color-light  has-media alignfull has-background"><div class="hoyre-hero has-image"><h1 class="title">Samferdsel</h1><p class="preamble">God samferdsel binder landet sammen, det er avgjørende for at folk og varer skal komme raskt frem og trygt frem.  Det må bygges nytt, både vei og bane, og utslippene fra samferdselssektoren må kuttes. </p>			<div class="post-meta wp-block teft-byline-wrapper">
				<div class="top">
					<div class="signature">
						<div class="teft-byline">
														<div>
								<h3>Høyres redaksjon</h3>								
																	<span class="date">Sist oppdatert: 4. desember 2025</span>
																									<span class="reading-time" itemprop="timeRequired" content="PT1M"><em>Ca. 1 minutter lesetid</em></span>
															</div>
						</div>
					</div>
						<div class="sharing">
		<a class="share-button share-link copy-link" data-copy="https://hoyre.no/oslo-senior/samferdsel/" target="_blank"><span class="screen-reader-text">Del link</span></a>
		<a class="share-button share-twitter" href="http://twitter.com/share?text=Samferdsel&#038;url=https://hoyre.no/oslo-senior/samferdsel/&#038;hashtags=Hoyre" target="_blank"><span class="screen-reader-text">Del på twitter</span></a>
		<a class="share-button share-facebook" href="https://www.facebook.com/sharer/sharer.php?u=https://hoyre.no/oslo-senior/samferdsel/" target="_blank"><span class="screen-reader-text">Del på facebook</span></a>
	</div>
					</div>
			</div>

			<figure class="hoyre-image-wrapper"><div class="hoyre-image"><img loading="lazy" decoding="async" width="4003" height="2250" src="https://hoyre.no/content/uploads/sites/438/2025/02/selvkjorende-bil.png" class="attachment-scaled size-scaled" alt="" style="object-position: 50% 50%" srcset="https://hoyre.no/content/uploads/sites/438/2025/02/selvkjorende-bil.png 4003w, https://hoyre.no/content/uploads/sites/438/2025/02/selvkjorende-bil-300x169.png 300w, https://hoyre.no/content/uploads/sites/438/2025/02/selvkjorende-bil-1024x576.png 1024w, https://hoyre.no/content/uploads/sites/438/2025/02/selvkjorende-bil-768x432.png 768w, https://hoyre.no/content/uploads/sites/438/2025/02/selvkjorende-bil-1536x863.png 1536w, https://hoyre.no/content/uploads/sites/438/2025/02/selvkjorende-bil-2048x1151.png 2048w" sizes="auto, (max-width: 4003px) 100vw, 4003px" /></div></figure></div></div>




<p>Gruppen ledes av: Hans M. Borge, <a href="mailto:hans.m.borge@gmail.com">hans.m.borge@gmail.com</a>, mobil: 90 15 05 54</p>



<p>Siden samferdsel og Klima, energi og miljø&nbsp; henger tett sammen vil samferdsel-gruppen inntil videre ha møter sammen med KEM gruppen – altså kl 11:00 før politisk verksted kl. 13. </p>



<p>Ved behov vil vi opptre separat og parallelt med KEM-grupppen, men da i et annet møterom i huset.</p>




<p>Bildet er en illustrasjon av fremtidens samferdel &#8211; en selvkjørende bil til en togstasjon (fotokilde: Ruter). </p>



<p>Samferdselsgruppen har hatt følgende møter i 2025, se presentasjon i linkene under.</p>



<div class="wp-block-teft-file icon-link-block"><a href="https://hoyre.no/content/uploads/sites/438/2025/12/2025-11-10_Presentasjon_ERTMS_KEMS-mote.pdf" download><span class="file-title">2025.11.10 BaneNor &#8211; &lt;strong&gt;fremtidens digitale signsalsysetm (ERTMS) for norsk jernbane&lt;/strong&gt;</span><span class="file-name"></span></a></div>



<div class="wp-block-teft-file icon-link-block"><a href="https://hoyre.no/content/uploads/sites/438/2025/03/2025.01.13-Ruter-Selvkjorende-kjoretoy.pdf" download><span class="file-title">13.01.2025 Ruter &#8211; Selvkjørende kjøretøy</span><span class="file-name"></span></a></div>



<div class="wp-block-teft-file icon-link-block"><a href="https://hoyre.no/content/uploads/sites/438/2025/03/2025.02.17-Droner.pdf" download><span class="file-title">17.02.2025 Droner</span><span class="file-name"></span></a></div>



<p></p>

<p>Bildet er en illustrasjon av fremtidens samferdel &#8211; en selvkjørende bil til en togstasjon (fotokilde: Ruter). Samferdselsgruppen har hatt følgende møter i 2025, se presentasjon i linkene under.</p>

<!-- This site is optimized with the Yoast SEO plugin v26.6 - https://yoast.com/wordpress/plugins/seo/ -->
<title>Samferdsel - Oslo Senior Høyre</title>
<meta name="robots" content="index, follow, max-snippet:-1, max-image-preview:large, max-video-preview:-1" />
<link rel="canonical" href="https://hoyre.no/oslo-senior/samferdsel/" />
<meta property="og:locale" content="nb_NO" />
<meta property="og:type" content="article" />
<meta property="og:title" content="Samferdsel - Oslo Senior Høyre" />
<meta property="og:description" content="Bildet er en illustrasjon av fremtidens samferdel &#8211; en selvkjørende bil til en togstasjon (fotokilde: Ruter). Samferdselsgruppen har hatt følgende møter i 2025, se presentasjon i linkene under." />
<meta property="og:url" content="https://hoyre.no/oslo-senior/samferdsel/" />
<meta property="og:site_name" content="Oslo Senior Høyre" />
<meta property="article:modified_time" content="2025-12-04T19:03:54+00:00" />
<meta name="twitter:card" content="summary_large_image" />
<meta name="twitter:label1" content="Ansl. lesetid" />
	<meta name="twitter:data1" content="1 minutt" />
<script type="application/ld+json" class="yoast-schema-graph">{"@context":"https://schema.org","@graph":[{"@type":"WebPage","@id":"https://hoyre.no/oslo-senior/samferdsel/","url":"https://hoyre.no/oslo-senior/samferdsel/","name":"Samferdsel - Oslo Senior Høyre","isPartOf":{"@id":"https://hoyre.no/oslo-senior/#website"},"datePublished":"2025-01-28T15:01:33+00:00","dateModified":"2025-12-04T19:03:54+00:00","breadcrumb":{"@id":"https://hoyre.no/oslo-senior/samferdsel/#breadcrumb"},"inLanguage":"nb-NO","potentialAction":[{"@type":"ReadAction","target":["https://hoyre.no/oslo-senior/samferdsel/"]}]},{"@type":"BreadcrumbList","@id":"https://hoyre.no/oslo-senior/samferdsel/#breadcrumb","itemListElement":[{"@type":"ListItem","position":1,"name":"Til hoyre.no","item":"https://hoyre.no"},{"@type":"ListItem","position":2,"name":"Hjem","item":"https://hoyre.no/oslo-senior/"},{"@type":"ListItem","position":3,"name":"Samferdsel"}]},{"@type":"WebSite","@id":"https://hoyre.no/oslo-senior/#website","url":"https://hoyre.no/oslo-senior/","name":"Oslo Senior Høyre","description":"","inLanguage":"nb-NO"}]}</script>
<!-- / Yoast SEO plugin. -->

Samferdsel - Oslo Senior Høyre

Bildet er en illustrasjon av fremtidens samferdel &#8211; en selvkjørende bil til en togstasjon (fotokilde: Ruter). Samferdselsgruppen har hatt følgende møter i 2025, se presentasjon i linkene under.

Oslo Senior Høyre
