{"id":317,"date":"2025-01-30T15:53:03","date_gmt":"2025-01-30T14:53:03","guid":{"rendered":"https:\/\/hoyre.no\/oslo-senior\/?page_id=317"},"modified":"2026-01-28T12:55:28","modified_gmt":"2026-01-28T11:55:28","slug":"forsvar-og-samfunnssikkerhet","status":"publish","type":"page","link":"https:\/\/hoyre.no\/oslo-senior\/forsvar-og-samfunnssikkerhet\/","title":{"rendered":"Forsvar og beredskap"},"content":{"rendered":"\n<div class=\"wp-block-hoyre-hero with-image-gradient text-color-light  has-media alignfull has-background \"><div class=\"hoyre-hero has-image\"><h1 class=\"title\">Forsvar og samfunnssikkerhet<\/h1><p class=\"preamble\"><strong>H\u00f8yre\u00a0<\/strong>vil sikre myndigheter, sivilsamfunn og privatpersoner mot angrep, trusler og fare.<\/p>\t\t\t<div class=\"post-meta wp-block teft-byline-wrapper\">\n\t\t\t\t<div class=\"top\">\n\t\t\t\t\t<div class=\"signature\">\n\t\t\t\t\t\t<div class=\"teft-byline\">\n\t\t\t\t\t\t\t\t\t\t\t\t\t\t<div>\n\t\t\t\t\t\t\t\t<h3>H\u00f8yres redaksjon<\/h3>\t\t\t\t\t\t\t\t\n\t\t\t\t\t\t\t\t\t\t\t\t\t\t\t\t\t<span class=\"date\">Sist oppdatert: 28. januar 2026<\/span>\n\t\t\t\t\t\t\t\t\t\t\t\t\t\t\t\t\t\t\t\t\t\t\t\t\t<span class=\"reading-time\" itemprop=\"timeRequired\" content=\"PT1M\"><em>Ca. 1 minutter lesetid<\/em><\/span>\n\t\t\t\t\t\t\t\t\t\t\t\t\t\t\t<\/div>\n\t\t\t\t\t\t<\/div>\n\t\t\t\t\t<\/div>\n\t\t\t\t\t\t<div class=\"sharing\">\n\t\t<a class=\"share-button share-link copy-link\" data-copy=\"https:\/\/hoyre.no\/oslo-senior\/forsvar-og-samfunnssikkerhet\/\" target=\"_blank\"><span class=\"screen-reader-text\">Del link<\/span><\/a>\n\t\t<a class=\"share-button share-twitter\" href=\"http:\/\/twitter.com\/share?text=Forsvar og beredskap&#038;url=https:\/\/hoyre.no\/oslo-senior\/forsvar-og-samfunnssikkerhet\/&#038;hashtags=Hoyre\" target=\"_blank\"><span class=\"screen-reader-text\">Del p\u00e5 twitter<\/span><\/a>\n\t\t<a class=\"share-button share-facebook\" href=\"https:\/\/www.facebook.com\/sharer\/sharer.php?u=https:\/\/hoyre.no\/oslo-senior\/forsvar-og-samfunnssikkerhet\/\" target=\"_blank\"><span class=\"screen-reader-text\">Del p\u00e5 facebook<\/span><\/a>\n\t<\/div>\n\t\t\t\t\t<\/div>\n\t\t\t<\/div>\n\n\t\t\t<figure class=\"hoyre-image-wrapper\"><div class=\"hoyre-image\"><img loading=\"lazy\" decoding=\"async\" width=\"2500\" height=\"1667\" src=\"https:\/\/hoyre.no\/content\/uploads\/sites\/438\/2025\/01\/Samfunnsikkkerhet_B92ezu2R-scaled.jpeg\" class=\"attachment-scaled size-scaled\" alt=\"\" style=\"object-position: 50% 50%\" srcset=\"https:\/\/hoyre.no\/content\/uploads\/sites\/438\/2025\/01\/Samfunnsikkkerhet_B92ezu2R-scaled.jpeg 2500w, https:\/\/hoyre.no\/content\/uploads\/sites\/438\/2025\/01\/Samfunnsikkkerhet_B92ezu2R-300x200.jpeg 300w, https:\/\/hoyre.no\/content\/uploads\/sites\/438\/2025\/01\/Samfunnsikkkerhet_B92ezu2R-1024x683.jpeg 1024w, https:\/\/hoyre.no\/content\/uploads\/sites\/438\/2025\/01\/Samfunnsikkkerhet_B92ezu2R-768x512.jpeg 768w, https:\/\/hoyre.no\/content\/uploads\/sites\/438\/2025\/01\/Samfunnsikkkerhet_B92ezu2R-1536x1024.jpeg 1536w, https:\/\/hoyre.no\/content\/uploads\/sites\/438\/2025\/01\/Samfunnsikkkerhet_B92ezu2R-2048x1365.jpeg 2048w\" sizes=\"auto, (max-width: 2500px) 100vw, 2500px\" \/><\/div><\/figure><\/div><\/div>\n\n\n\n\n<p>Gruppen ledes av: Trond Viste <a href=\"troviste@online.no\">troviste@online.no <\/a>, mobil 91558589<br><\/p>\n\n\n\n\n<p><strong>Form\u00e5let <\/strong>er \u00e5 virke som en st\u00f8ttende sikkerhetspolitisk premissleverand\u00f8r til H\u00f8yres ledelse og til H\u00f8yres medlemmer.<\/p>\n\n\n\n<p><strong>Gruppen<\/strong>&nbsp;best\u00e5r&nbsp;av medlemmer med erfaring fra arbeid med forsvarssp\u00f8rsm\u00e5l, samfunnssikkerhet og etterretning, s\u00e5vel som fra n\u00e6ringslivet, forvaltning og politikk. <br><br>I 2024 arbeidet gruppen hovedsakelig med innspill til H\u00f8yres nye program. Dette inkluderer en sikkerhets- og forsvarspolitisk analyse (bl.a. trusselbeskrivelse&nbsp;og operasjonskonsept) som ogs\u00e5 er sendt til H\u00f8yres programkomite og til relevante personer i H\u00f8yres Stortingsgruppe.<\/p>\n\n\n\n<p><\/p>\n\n\n\n<p><\/p>\n","protected":false},"excerpt":{"rendered":"<p>Form\u00e5let er \u00e5 virke som en st\u00f8ttende sikkerhetspolitisk premissleverand\u00f8r til H\u00f8yres ledelse og til H\u00f8yres medlemmer. Gruppen&nbsp;best\u00e5r&nbsp;av medlemmer med erfaring fra arbeid med forsvarssp\u00f8rsm\u00e5l, samfunnssikkerhet og etterretning, s\u00e5vel som fra n\u00e6ringslivet, forvaltning og politikk. I 2024 arbeidet gruppen hovedsakelig med innspill til H\u00f8yres nye program. Dette inkluderer en sikkerhets- og forsvarspolitisk analyse (bl.a. trusselbeskrivelse&nbsp;og operasjonskonsept) [&hellip;]<\/p>\n","protected":false},"author":31424,"featured_media":0,"parent":0,"menu_order":0,"comment_status":"closed","ping_status":"closed","template":"","meta":{"teft_cards_image_url":"","teft_cards_custom_pretitle":"","teft_cards_image_id":0,"teft_cards_image_focal_point_x":0,"teft_cards_image_focal_point_y":0,"teft_cards_title":"","teft_cards_excerpt":"","teft_show_chapters":false,"footnotes":""},"class_list":["post-317","page","type-page","status-publish","hentry"],"yoast_head":"<!-- This site is optimized with the Yoast SEO plugin v26.6 - https:\/\/yoast.com\/wordpress\/plugins\/seo\/ -->\n<title>Forsvar og beredskap - Oslo Senior H\u00f8yre<\/title>\n<meta name=\"robots\" content=\"index, follow, max-snippet:-1, max-image-preview:large, max-video-preview:-1\" \/>\n<link rel=\"canonical\" href=\"https:\/\/hoyre.no\/oslo-senior\/forsvar-og-samfunnssikkerhet\/\" \/>\n<meta property=\"og:locale\" content=\"nb_NO\" \/>\n<meta property=\"og:type\" content=\"article\" \/>\n<meta property=\"og:title\" content=\"Forsvar og beredskap - Oslo Senior H\u00f8yre\" \/>\n<meta property=\"og:description\" content=\"Form\u00e5let er \u00e5 virke som en st\u00f8ttende sikkerhetspolitisk premissleverand\u00f8r til H\u00f8yres ledelse og til H\u00f8yres medlemmer. Gruppen&nbsp;best\u00e5r&nbsp;av medlemmer med erfaring fra arbeid med forsvarssp\u00f8rsm\u00e5l, samfunnssikkerhet og etterretning, s\u00e5vel som fra n\u00e6ringslivet, forvaltning og politikk. I 2024 arbeidet gruppen hovedsakelig med innspill til H\u00f8yres nye program. Dette inkluderer en sikkerhets- og forsvarspolitisk analyse (bl.a. trusselbeskrivelse&nbsp;og operasjonskonsept) [&hellip;]\" \/>\n<meta property=\"og:url\" content=\"https:\/\/hoyre.no\/oslo-senior\/forsvar-og-samfunnssikkerhet\/\" \/>\n<meta property=\"og:site_name\" content=\"Oslo Senior H\u00f8yre\" \/>\n<meta property=\"article:modified_time\" content=\"2026-01-28T11:55:28+00:00\" \/>\n<meta name=\"twitter:card\" content=\"summary_large_image\" \/>\n<meta name=\"twitter:label1\" content=\"Ansl. lesetid\" \/>\n\t<meta name=\"twitter:data1\" content=\"1 minutt\" \/>\n<script type=\"application\/ld+json\" class=\"yoast-schema-graph\">{\"@context\":\"https:\/\/schema.org\",\"@graph\":[{\"@type\":\"WebPage\",\"@id\":\"https:\/\/hoyre.no\/oslo-senior\/forsvar-og-samfunnssikkerhet\/\",\"url\":\"https:\/\/hoyre.no\/oslo-senior\/forsvar-og-samfunnssikkerhet\/\",\"name\":\"Forsvar og beredskap - Oslo Senior H\u00f8yre\",\"isPartOf\":{\"@id\":\"https:\/\/hoyre.no\/oslo-senior\/#website\"},\"datePublished\":\"2025-01-30T14:53:03+00:00\",\"dateModified\":\"2026-01-28T11:55:28+00:00\",\"breadcrumb\":{\"@id\":\"https:\/\/hoyre.no\/oslo-senior\/forsvar-og-samfunnssikkerhet\/#breadcrumb\"},\"inLanguage\":\"nb-NO\",\"potentialAction\":[{\"@type\":\"ReadAction\",\"target\":[\"https:\/\/hoyre.no\/oslo-senior\/forsvar-og-samfunnssikkerhet\/\"]}]},{\"@type\":\"BreadcrumbList\",\"@id\":\"https:\/\/hoyre.no\/oslo-senior\/forsvar-og-samfunnssikkerhet\/#breadcrumb\",\"itemListElement\":[{\"@type\":\"ListItem\",\"position\":1,\"name\":\"Til hoyre.no\",\"item\":\"https:\/\/hoyre.no\"},{\"@type\":\"ListItem\",\"position\":2,\"name\":\"Hjem\",\"item\":\"https:\/\/hoyre.no\/oslo-senior\/\"},{\"@type\":\"ListItem\",\"position\":3,\"name\":\"Forsvar og beredskap\"}]},{\"@type\":\"WebSite\",\"@id\":\"https:\/\/hoyre.no\/oslo-senior\/#website\",\"url\":\"https:\/\/hoyre.no\/oslo-senior\/\",\"name\":\"Oslo Senior H\u00f8yre\",\"description\":\"\",\"inLanguage\":\"nb-NO\"}]}<\/script>\n<!-- \/ Yoast SEO plugin. -->","yoast_head_json":{"title":"Forsvar og beredskap - Oslo Senior H\u00f8yre","robots":{"index":"index","follow":"follow","max-snippet":"max-snippet:-1","max-image-preview":"max-image-preview:large","max-video-preview":"max-video-preview:-1"},"canonical":"https:\/\/hoyre.no\/oslo-senior\/forsvar-og-samfunnssikkerhet\/","og_locale":"nb_NO","og_type":"article","og_title":"Forsvar og beredskap - Oslo Senior H\u00f8yre","og_description":"Form\u00e5let er \u00e5 virke som en st\u00f8ttende sikkerhetspolitisk premissleverand\u00f8r til H\u00f8yres ledelse og til H\u00f8yres medlemmer. Gruppen&nbsp;best\u00e5r&nbsp;av medlemmer med erfaring fra arbeid med forsvarssp\u00f8rsm\u00e5l, samfunnssikkerhet og etterretning, s\u00e5vel som fra n\u00e6ringslivet, forvaltning og politikk. I 2024 arbeidet gruppen hovedsakelig med innspill til H\u00f8yres nye program. Dette inkluderer en sikkerhets- og forsvarspolitisk analyse (bl.a. trusselbeskrivelse&nbsp;og operasjonskonsept) [&hellip;]","og_url":"https:\/\/hoyre.no\/oslo-senior\/forsvar-og-samfunnssikkerhet\/","og_site_name":"Oslo Senior H\u00f8yre","article_modified_time":"2026-01-28T11:55:28+00:00","twitter_card":"summary_large_image","twitter_misc":{"Ansl. lesetid":"1 minutt"},"schema":{"@context":"https:\/\/schema.org","@graph":[{"@type":"WebPage","@id":"https:\/\/hoyre.no\/oslo-senior\/forsvar-og-samfunnssikkerhet\/","url":"https:\/\/hoyre.no\/oslo-senior\/forsvar-og-samfunnssikkerhet\/","name":"Forsvar og beredskap - Oslo Senior H\u00f8yre","isPartOf":{"@id":"https:\/\/hoyre.no\/oslo-senior\/#website"},"datePublished":"2025-01-30T14:53:03+00:00","dateModified":"2026-01-28T11:55:28+00:00","breadcrumb":{"@id":"https:\/\/hoyre.no\/oslo-senior\/forsvar-og-samfunnssikkerhet\/#breadcrumb"},"inLanguage":"nb-NO","potentialAction":[{"@type":"ReadAction","target":["https:\/\/hoyre.no\/oslo-senior\/forsvar-og-samfunnssikkerhet\/"]}]},{"@type":"BreadcrumbList","@id":"https:\/\/hoyre.no\/oslo-senior\/forsvar-og-samfunnssikkerhet\/#breadcrumb","itemListElement":[{"@type":"ListItem","position":1,"name":"Til hoyre.no","item":"https:\/\/hoyre.no"},{"@type":"ListItem","position":2,"name":"Hjem","item":"https:\/\/hoyre.no\/oslo-senior\/"},{"@type":"ListItem","position":3,"name":"Forsvar og beredskap"}]},{"@type":"WebSite","@id":"https:\/\/hoyre.no\/oslo-senior\/#website","url":"https:\/\/hoyre.no\/oslo-senior\/","name":"Oslo Senior H\u00f8yre","description":"","inLanguage":"nb-NO"}]}},"distributor_meta":false,"distributor_terms":false,"distributor_media":false,"distributor_original_site_name":"Oslo Senior H\u00f8yre","distributor_original_site_url":"https:\/\/hoyre.no\/oslo-senior","push-errors":false,"_links":{"self":[{"href":"https:\/\/hoyre.no\/oslo-senior\/wp-json\/wp\/v2\/pages\/317","targetHints":{"allow":["GET"]}}],"collection":[{"href":"https:\/\/hoyre.no\/oslo-senior\/wp-json\/wp\/v2\/pages"}],"about":[{"href":"https:\/\/hoyre.no\/oslo-senior\/wp-json\/wp\/v2\/types\/page"}],"author":[{"embeddable":true,"href":"https:\/\/hoyre.no\/oslo-senior\/wp-json\/wp\/v2\/users\/31424"}],"replies":[{"embeddable":true,"href":"https:\/\/hoyre.no\/oslo-senior\/wp-json\/wp\/v2\/comments?post=317"}],"version-history":[{"count":15,"href":"https:\/\/hoyre.no\/oslo-senior\/wp-json\/wp\/v2\/pages\/317\/revisions"}],"predecessor-version":[{"id":983,"href":"https:\/\/hoyre.no\/oslo-senior\/wp-json\/wp\/v2\/pages\/317\/revisions\/983"}],"wp:attachment":[{"href":"https:\/\/hoyre.no\/oslo-senior\/wp-json\/wp\/v2\/media?parent=317"}],"curies":[{"name":"wp","href":"https:\/\/api.w.org\/{rel}","templated":true}]}}

<div class="wp-block-hoyre-hero with-image-gradient text-color-light  has-media alignfull has-background "><div class="hoyre-hero has-image"><h1 class="title">Forsvar og samfunnssikkerhet</h1><p class="preamble"><strong>Høyre </strong>vil sikre myndigheter, sivilsamfunn og privatpersoner mot angrep, trusler og fare.</p>			<div class="post-meta wp-block teft-byline-wrapper">
				<div class="top">
					<div class="signature">
						<div class="teft-byline">
														<div>
								<h3>Høyres redaksjon</h3>								
																	<span class="date">Sist oppdatert: 28. januar 2026</span>
																									<span class="reading-time" itemprop="timeRequired" content="PT1M"><em>Ca. 1 minutter lesetid</em></span>
															</div>
						</div>
					</div>
						<div class="sharing">
		<a class="share-button share-link copy-link" data-copy="https://hoyre.no/oslo-senior/forsvar-og-samfunnssikkerhet/" target="_blank"><span class="screen-reader-text">Del link</span></a>
		<a class="share-button share-twitter" href="http://twitter.com/share?text=Forsvar og beredskap&#038;url=https://hoyre.no/oslo-senior/forsvar-og-samfunnssikkerhet/&#038;hashtags=Hoyre" target="_blank"><span class="screen-reader-text">Del på twitter</span></a>
		<a class="share-button share-facebook" href="https://www.facebook.com/sharer/sharer.php?u=https://hoyre.no/oslo-senior/forsvar-og-samfunnssikkerhet/" target="_blank"><span class="screen-reader-text">Del på facebook</span></a>
	</div>
					</div>
			</div>

			<figure class="hoyre-image-wrapper"><div class="hoyre-image"><img loading="lazy" decoding="async" width="2500" height="1667" src="https://hoyre.no/content/uploads/sites/438/2025/01/Samfunnsikkkerhet_B92ezu2R-scaled.jpeg" class="attachment-scaled size-scaled" alt="" style="object-position: 50% 50%" srcset="https://hoyre.no/content/uploads/sites/438/2025/01/Samfunnsikkkerhet_B92ezu2R-scaled.jpeg 2500w, https://hoyre.no/content/uploads/sites/438/2025/01/Samfunnsikkkerhet_B92ezu2R-300x200.jpeg 300w, https://hoyre.no/content/uploads/sites/438/2025/01/Samfunnsikkkerhet_B92ezu2R-1024x683.jpeg 1024w, https://hoyre.no/content/uploads/sites/438/2025/01/Samfunnsikkkerhet_B92ezu2R-768x512.jpeg 768w, https://hoyre.no/content/uploads/sites/438/2025/01/Samfunnsikkkerhet_B92ezu2R-1536x1024.jpeg 1536w, https://hoyre.no/content/uploads/sites/438/2025/01/Samfunnsikkkerhet_B92ezu2R-2048x1365.jpeg 2048w" sizes="auto, (max-width: 2500px) 100vw, 2500px" /></div></figure></div></div>




<p>Gruppen ledes av: Trond Viste <a href="troviste@online.no">troviste@online.no </a>, mobil 91558589<br></p>




<p><strong>Formålet </strong>er å virke som en støttende sikkerhetspolitisk premissleverandør til Høyres ledelse og til Høyres medlemmer.</p>



<p><strong>Gruppen</strong>&nbsp;består&nbsp;av medlemmer med erfaring fra arbeid med forsvarsspørsmål, samfunnssikkerhet og etterretning, såvel som fra næringslivet, forvaltning og politikk. <br><br>I 2024 arbeidet gruppen hovedsakelig med innspill til Høyres nye program. Dette inkluderer en sikkerhets- og forsvarspolitisk analyse (bl.a. trusselbeskrivelse&nbsp;og operasjonskonsept) som også er sendt til Høyres programkomite og til relevante personer i Høyres Stortingsgruppe.</p>



<p></p>



<p></p>

<p>Formålet er å virke som en støttende sikkerhetspolitisk premissleverandør til Høyres ledelse og til Høyres medlemmer. Gruppen&nbsp;består&nbsp;av medlemmer med erfaring fra arbeid med forsvarsspørsmål, samfunnssikkerhet og etterretning, såvel som fra næringslivet, forvaltning og politikk. I 2024 arbeidet gruppen hovedsakelig med innspill til Høyres nye program. Dette inkluderer en sikkerhets- og forsvarspolitisk analyse (bl.a. trusselbeskrivelse&nbsp;og operasjonskonsept) [&hellip;]</p>

<!-- This site is optimized with the Yoast SEO plugin v26.6 - https://yoast.com/wordpress/plugins/seo/ -->
<title>Forsvar og beredskap - Oslo Senior Høyre</title>
<meta name="robots" content="index, follow, max-snippet:-1, max-image-preview:large, max-video-preview:-1" />
<link rel="canonical" href="https://hoyre.no/oslo-senior/forsvar-og-samfunnssikkerhet/" />
<meta property="og:locale" content="nb_NO" />
<meta property="og:type" content="article" />
<meta property="og:title" content="Forsvar og beredskap - Oslo Senior Høyre" />
<meta property="og:description" content="Formålet er å virke som en støttende sikkerhetspolitisk premissleverandør til Høyres ledelse og til Høyres medlemmer. Gruppen&nbsp;består&nbsp;av medlemmer med erfaring fra arbeid med forsvarsspørsmål, samfunnssikkerhet og etterretning, såvel som fra næringslivet, forvaltning og politikk. I 2024 arbeidet gruppen hovedsakelig med innspill til Høyres nye program. Dette inkluderer en sikkerhets- og forsvarspolitisk analyse (bl.a. trusselbeskrivelse&nbsp;og operasjonskonsept) [&hellip;]" />
<meta property="og:url" content="https://hoyre.no/oslo-senior/forsvar-og-samfunnssikkerhet/" />
<meta property="og:site_name" content="Oslo Senior Høyre" />
<meta property="article:modified_time" content="2026-01-28T11:55:28+00:00" />
<meta name="twitter:card" content="summary_large_image" />
<meta name="twitter:label1" content="Ansl. lesetid" />
	<meta name="twitter:data1" content="1 minutt" />
<script type="application/ld+json" class="yoast-schema-graph">{"@context":"https://schema.org","@graph":[{"@type":"WebPage","@id":"https://hoyre.no/oslo-senior/forsvar-og-samfunnssikkerhet/","url":"https://hoyre.no/oslo-senior/forsvar-og-samfunnssikkerhet/","name":"Forsvar og beredskap - Oslo Senior Høyre","isPartOf":{"@id":"https://hoyre.no/oslo-senior/#website"},"datePublished":"2025-01-30T14:53:03+00:00","dateModified":"2026-01-28T11:55:28+00:00","breadcrumb":{"@id":"https://hoyre.no/oslo-senior/forsvar-og-samfunnssikkerhet/#breadcrumb"},"inLanguage":"nb-NO","potentialAction":[{"@type":"ReadAction","target":["https://hoyre.no/oslo-senior/forsvar-og-samfunnssikkerhet/"]}]},{"@type":"BreadcrumbList","@id":"https://hoyre.no/oslo-senior/forsvar-og-samfunnssikkerhet/#breadcrumb","itemListElement":[{"@type":"ListItem","position":1,"name":"Til hoyre.no","item":"https://hoyre.no"},{"@type":"ListItem","position":2,"name":"Hjem","item":"https://hoyre.no/oslo-senior/"},{"@type":"ListItem","position":3,"name":"Forsvar og beredskap"}]},{"@type":"WebSite","@id":"https://hoyre.no/oslo-senior/#website","url":"https://hoyre.no/oslo-senior/","name":"Oslo Senior Høyre","description":"","inLanguage":"nb-NO"}]}</script>
<!-- / Yoast SEO plugin. -->

Forsvar og beredskap - Oslo Senior Høyre

Formålet er å virke som en støttende sikkerhetspolitisk premissleverandør til Høyres ledelse og til Høyres medlemmer. Gruppen&nbsp;består&nbsp;av medlemmer med erfaring fra arbeid med forsvarsspørsmål, samfunnssikkerhet og etterretning, såvel som fra næringslivet, forvaltning og politikk. I 2024 arbeidet gruppen hovedsakelig med innspill til Høyres nye program. Dette inkluderer en sikkerhets- og forsvarspolitisk analyse (bl.a. trusselbeskrivelse&nbsp;og operasjonskonsept) [&hellip;]

Oslo Senior Høyre
