{"id":1030,"date":"2026-04-20T13:04:26","date_gmt":"2026-04-20T11:04:26","guid":{"rendered":"https:\/\/hoyre.no\/oslo-senior\/?post_type=teft-events&#038;p=1030"},"modified":"2026-04-26T13:46:58","modified_gmt":"2026-04-26T11:46:58","slug":"bydelstur-til-ostensjo","status":"publish","type":"teft-events","link":"https:\/\/hoyre.no\/oslo-senior\/arrangementer\/bydelstur-til-ostensjo\/","title":{"rendered":"Bydelstur til \u00d8stensj\u00f8 og lunsj p\u00e5 Manglerud g\u00e5rd"},"content":{"rendered":"\n<div class=\"wp-block-teft-event-top\">\n\n<div class=\"teft-event-date-top\">\n<div class=\"teft-event-date-wrapper\">\n\t<div class=\"date-square\" aria-hidden=\"true\">\n\t\t16\t\t\t<\/div>\n<\/div>\n\t<div class=\"top-text\">\n\t\t\t\t\t<p class=\"top-date-text\">onsdag 16. september 2026<\/p>\n\t\t\t\t\t\t\t<p class=\"top-time-text\">11:00 &#8211; 15:00<\/p>\n\t\t\t\t\t\t<\/div>\n\t\t<div class=\"sharing\">\n\t\t<a class=\"share-button share-link copy-link\" data-copy=\"https:\/\/hoyre.no\/oslo-senior\/arrangementer\/bydelstur-til-ostensjo\/\" target=\"_blank\"><span class=\"screen-reader-text\">Del link<\/span><\/a>\n\t\t<a class=\"share-button share-twitter\" href=\"http:\/\/twitter.com\/share?text=Bydelstur til \u00d8stensj\u00f8 og lunsj p\u00e5 Manglerud g\u00e5rd&#038;url=https:\/\/hoyre.no\/oslo-senior\/arrangementer\/bydelstur-til-ostensjo\/&#038;hashtags=Hoyre\" target=\"_blank\"><span class=\"screen-reader-text\">Del p\u00e5 twitter<\/span><\/a>\n\t\t<a class=\"share-button share-facebook\" href=\"https:\/\/www.facebook.com\/sharer\/sharer.php?u=https:\/\/hoyre.no\/oslo-senior\/arrangementer\/bydelstur-til-ostensjo\/\" target=\"_blank\"><span class=\"screen-reader-text\">Del p\u00e5 facebook<\/span><\/a>\n\t<\/div>\n\t<\/div>\n<p class=\"preamble\">Hold av dagen &#8211; mer informajon kommer.<br>Lunsj inntas p\u00e5 Mangelrud g\u00e5rd.<br><br><em>Foto b\u00e5de innvendig og utvendig av Manglerud g\u00e5rd krediteres Aina Kristin Sandstr\u00f8m<\/em><\/p><figure class=\"hoyre-image-wrapper\"><div class=\"hoyre-image\"><img loading=\"lazy\" decoding=\"async\" width=\"240\" height=\"320\" src=\"https:\/\/hoyre.no\/content\/uploads\/sites\/438\/2026\/04\/Manglerud-Gard-2_-Ostensjo.jpg\" class=\"attachment-scaled size-scaled\" alt=\"\" style=\"object-position: 50% 50%\" srcset=\"https:\/\/hoyre.no\/content\/uploads\/sites\/438\/2026\/04\/Manglerud-Gard-2_-Ostensjo.jpg 240w, https:\/\/hoyre.no\/content\/uploads\/sites\/438\/2026\/04\/Manglerud-Gard-2_-Ostensjo-225x300.jpg 225w\" sizes=\"auto, (max-width: 240px) 100vw, 240px\" \/><\/div><\/figure>\n\n<div class=\"panel teft-details-panel\">\n\t\t<h3>Detaljer<\/h3>\n\n\t\t\t\t\t\t\t<dl class=\"info-misc-with-icons\">\n\t\t<dt class=\"time\"><span class=\"screen-reader-text\">Arrangement dato<\/span><\/dt>\n\t\t<dd class=\"time\">\n\t\t\tons 16. september 2026 fra  11:00 &#8211; 15:00\t\t<\/dd>\n\t<\/dl>\n\t\t\t\t<\/dl>\n<\/div>\n<\/div>\n\n\n\n\n<h2 class=\"wp-block-heading\">Informasjon<\/h2>\n\n\n\n<p><\/p>\n\n\n<div class=\"post-meta wp-block\">\n\t<div class=\"top\">\n\t\t<div class=\"sharing\">\n\t\t\t<a class=\"share-button share-link\" target=\"_blank\"><span class=\"screen-reader-text\">Del link<\/span><\/a>\n\t\t\t<a class=\"share-button share-twitter\" href=\"http:\/\/twitter.com\/share?text=Bydelstur til \u00d8stensj\u00f8 og lunsj p\u00e5 Manglerud g\u00e5rd&#038;url=https:\/\/hoyre.no\/oslo-senior\/arrangementer\/bydelstur-til-ostensjo\/&#038;hashtags=Hoyre\"><span class=\"screen-reader-text\">Del p\u00e5 twitter<\/span><\/a>\n\t\t\t<a class=\"share-button share-facebook\" href=\"https:\/\/www.facebook.com\/sharer\/sharer.php?u=https:\/\/hoyre.no\/oslo-senior\/arrangementer\/bydelstur-til-ostensjo\/\" target=\"_blank\"><span class=\"screen-reader-text\">Del p\u00e5 facebook<\/span><\/a>\n\t\t<\/div>\n\t<\/div>\n<\/div>\n","protected":false},"template":"","meta":{"teft_cards_image_url":"","teft_cards_custom_pretitle":"","teft_cards_image_id":1047,"teft_cards_image_focal_point_x":0.5,"teft_cards_image_focal_point_y":0.5,"teft_cards_title":"","teft_cards_excerpt":"","teft_show_chapters":false,"event_organizer":[],"event_start_date":"2026-09-16T11:00:00","event_end_date":"2026-09-16T15:00:00","event_registration_url":"","event_registration_deadline":"","event_ticket_cost":"","event_venue_name":"","event_venue_url":"","event_venue_address":""},"teft-events-category":[],"class_list":["post-1030","teft-events","type-teft-events","status-publish","hentry"],"yoast_head":"<!-- This site is optimized with the Yoast SEO plugin v26.6 - https:\/\/yoast.com\/wordpress\/plugins\/seo\/ -->\n<title>Bydelstur til \u00d8stensj\u00f8 og lunsj p\u00e5 Manglerud g\u00e5rd - Oslo Senior H\u00f8yre<\/title>\n<meta name=\"robots\" content=\"index, follow, max-snippet:-1, max-image-preview:large, max-video-preview:-1\" \/>\n<link rel=\"canonical\" href=\"https:\/\/hoyre.no\/oslo-senior\/arrangementer\/bydelstur-til-ostensjo\/\" \/>\n<meta property=\"og:locale\" content=\"nb_NO\" \/>\n<meta property=\"og:type\" content=\"article\" \/>\n<meta property=\"og:title\" content=\"Bydelstur til \u00d8stensj\u00f8 og lunsj p\u00e5 Manglerud g\u00e5rd - Oslo Senior H\u00f8yre\" \/>\n<meta property=\"og:url\" content=\"https:\/\/hoyre.no\/oslo-senior\/arrangementer\/bydelstur-til-ostensjo\/\" \/>\n<meta property=\"og:site_name\" content=\"Oslo Senior H\u00f8yre\" \/>\n<meta property=\"article:modified_time\" content=\"2026-04-26T11:46:58+00:00\" \/>\n<meta property=\"og:image\" content=\"https:\/\/hoyre.no\/content\/uploads\/sites\/438\/2026\/04\/Mangelrud-gard-1_Ostensjo-2.jpg\" \/>\n<meta name=\"twitter:card\" content=\"summary_large_image\" \/>\n<meta name=\"twitter:label1\" content=\"Ansl. lesetid\" \/>\n\t<meta name=\"twitter:data1\" content=\"1 minutt\" \/>\n<script type=\"application\/ld+json\" class=\"yoast-schema-graph\">{\"@context\":\"https:\/\/schema.org\",\"@graph\":[{\"@type\":\"WebPage\",\"@id\":\"https:\/\/hoyre.no\/oslo-senior\/arrangementer\/bydelstur-til-ostensjo\/\",\"url\":\"https:\/\/hoyre.no\/oslo-senior\/arrangementer\/bydelstur-til-ostensjo\/\",\"name\":\"Bydelstur til \u00d8stensj\u00f8 og lunsj p\u00e5 Manglerud g\u00e5rd - Oslo Senior H\u00f8yre\",\"isPartOf\":{\"@id\":\"https:\/\/hoyre.no\/oslo-senior\/#website\"},\"datePublished\":\"2026-04-20T11:04:26+00:00\",\"dateModified\":\"2026-04-26T11:46:58+00:00\",\"breadcrumb\":{\"@id\":\"https:\/\/hoyre.no\/oslo-senior\/arrangementer\/bydelstur-til-ostensjo\/#breadcrumb\"},\"inLanguage\":\"nb-NO\",\"potentialAction\":[{\"@type\":\"ReadAction\",\"target\":[\"https:\/\/hoyre.no\/oslo-senior\/arrangementer\/bydelstur-til-ostensjo\/\"]}]},{\"@type\":\"BreadcrumbList\",\"@id\":\"https:\/\/hoyre.no\/oslo-senior\/arrangementer\/bydelstur-til-ostensjo\/#breadcrumb\",\"itemListElement\":[{\"@type\":\"ListItem\",\"position\":1,\"name\":\"Til hoyre.no\",\"item\":\"https:\/\/hoyre.no\"},{\"@type\":\"ListItem\",\"position\":2,\"name\":\"Hjem\",\"item\":\"https:\/\/hoyre.no\/oslo-senior\/\"},{\"@type\":\"ListItem\",\"position\":3,\"name\":\"Arrangement\",\"item\":\"https:\/\/hoyre.no\/oslo-senior\/arrangementer\/\"},{\"@type\":\"ListItem\",\"position\":4,\"name\":\"Bydelstur til \u00d8stensj\u00f8 og lunsj p\u00e5 Manglerud g\u00e5rd\"}]},{\"@type\":\"WebSite\",\"@id\":\"https:\/\/hoyre.no\/oslo-senior\/#website\",\"url\":\"https:\/\/hoyre.no\/oslo-senior\/\",\"name\":\"Oslo Senior H\u00f8yre\",\"description\":\"\",\"inLanguage\":\"nb-NO\"}]}<\/script>\n<!-- \/ Yoast SEO plugin. -->","yoast_head_json":{"title":"Bydelstur til \u00d8stensj\u00f8 og lunsj p\u00e5 Manglerud g\u00e5rd - Oslo Senior H\u00f8yre","robots":{"index":"index","follow":"follow","max-snippet":"max-snippet:-1","max-image-preview":"max-image-preview:large","max-video-preview":"max-video-preview:-1"},"canonical":"https:\/\/hoyre.no\/oslo-senior\/arrangementer\/bydelstur-til-ostensjo\/","og_locale":"nb_NO","og_type":"article","og_title":"Bydelstur til \u00d8stensj\u00f8 og lunsj p\u00e5 Manglerud g\u00e5rd - Oslo Senior H\u00f8yre","og_url":"https:\/\/hoyre.no\/oslo-senior\/arrangementer\/bydelstur-til-ostensjo\/","og_site_name":"Oslo Senior H\u00f8yre","article_modified_time":"2026-04-26T11:46:58+00:00","og_image":[{"url":"https:\/\/hoyre.no\/content\/uploads\/sites\/438\/2026\/04\/Mangelrud-gard-1_Ostensjo-2.jpg","width":"","height":"","type":""}],"twitter_card":"summary_large_image","twitter_misc":{"Ansl. lesetid":"1 minutt"},"schema":{"@context":"https:\/\/schema.org","@graph":[{"@type":"WebPage","@id":"https:\/\/hoyre.no\/oslo-senior\/arrangementer\/bydelstur-til-ostensjo\/","url":"https:\/\/hoyre.no\/oslo-senior\/arrangementer\/bydelstur-til-ostensjo\/","name":"Bydelstur til \u00d8stensj\u00f8 og lunsj p\u00e5 Manglerud g\u00e5rd - Oslo Senior H\u00f8yre","isPartOf":{"@id":"https:\/\/hoyre.no\/oslo-senior\/#website"},"datePublished":"2026-04-20T11:04:26+00:00","dateModified":"2026-04-26T11:46:58+00:00","breadcrumb":{"@id":"https:\/\/hoyre.no\/oslo-senior\/arrangementer\/bydelstur-til-ostensjo\/#breadcrumb"},"inLanguage":"nb-NO","potentialAction":[{"@type":"ReadAction","target":["https:\/\/hoyre.no\/oslo-senior\/arrangementer\/bydelstur-til-ostensjo\/"]}]},{"@type":"BreadcrumbList","@id":"https:\/\/hoyre.no\/oslo-senior\/arrangementer\/bydelstur-til-ostensjo\/#breadcrumb","itemListElement":[{"@type":"ListItem","position":1,"name":"Til hoyre.no","item":"https:\/\/hoyre.no"},{"@type":"ListItem","position":2,"name":"Hjem","item":"https:\/\/hoyre.no\/oslo-senior\/"},{"@type":"ListItem","position":3,"name":"Arrangement","item":"https:\/\/hoyre.no\/oslo-senior\/arrangementer\/"},{"@type":"ListItem","position":4,"name":"Bydelstur til \u00d8stensj\u00f8 og lunsj p\u00e5 Manglerud g\u00e5rd"}]},{"@type":"WebSite","@id":"https:\/\/hoyre.no\/oslo-senior\/#website","url":"https:\/\/hoyre.no\/oslo-senior\/","name":"Oslo Senior H\u00f8yre","description":"","inLanguage":"nb-NO"}]}},"distributor_meta":false,"distributor_terms":false,"distributor_media":false,"distributor_original_site_name":"Oslo Senior H\u00f8yre","distributor_original_site_url":"https:\/\/hoyre.no\/oslo-senior","push-errors":false,"_links":{"self":[{"href":"https:\/\/hoyre.no\/oslo-senior\/wp-json\/wp\/v2\/teft-events\/1030","targetHints":{"allow":["GET"]}}],"collection":[{"href":"https:\/\/hoyre.no\/oslo-senior\/wp-json\/wp\/v2\/teft-events"}],"about":[{"href":"https:\/\/hoyre.no\/oslo-senior\/wp-json\/wp\/v2\/types\/teft-events"}],"wp:attachment":[{"href":"https:\/\/hoyre.no\/oslo-senior\/wp-json\/wp\/v2\/media?parent=1030"}],"wp:term":[{"taxonomy":"teft-events-category","embeddable":true,"href":"https:\/\/hoyre.no\/oslo-senior\/wp-json\/wp\/v2\/teft-events-category?post=1030"}],"curies":[{"name":"wp","href":"https:\/\/api.w.org\/{rel}","templated":true}]}}

Bydelstur til Østensjø og lunsj på Manglerud gård

<div class="wp-block-teft-event-top">

<div class="teft-event-date-top">
<div class="teft-event-date-wrapper">
	<div class="date-square" aria-hidden="true">
		16			</div>
</div>
	<div class="top-text">
					<p class="top-date-text">onsdag 16. september 2026</p>
							<p class="top-time-text">11:00 &#8211; 15:00</p>
						</div>
		<div class="sharing">
		<a class="share-button share-link copy-link" data-copy="https://hoyre.no/oslo-senior/arrangementer/bydelstur-til-ostensjo/" target="_blank"><span class="screen-reader-text">Del link</span></a>
		<a class="share-button share-twitter" href="http://twitter.com/share?text=Bydelstur til Østensjø og lunsj på Manglerud gård&#038;url=https://hoyre.no/oslo-senior/arrangementer/bydelstur-til-ostensjo/&#038;hashtags=Hoyre" target="_blank"><span class="screen-reader-text">Del på twitter</span></a>
		<a class="share-button share-facebook" href="https://www.facebook.com/sharer/sharer.php?u=https://hoyre.no/oslo-senior/arrangementer/bydelstur-til-ostensjo/" target="_blank"><span class="screen-reader-text">Del på facebook</span></a>
	</div>
	</div>
<p class="preamble">Hold av dagen &#8211; mer informajon kommer.<br>Lunsj inntas på Mangelrud gård.<br><br><em>Foto både innvendig og utvendig av Manglerud gård krediteres Aina Kristin Sandstrøm</em></p><figure class="hoyre-image-wrapper"><div class="hoyre-image"><img loading="lazy" decoding="async" width="240" height="320" src="https://hoyre.no/content/uploads/sites/438/2026/04/Manglerud-Gard-2_-Ostensjo.jpg" class="attachment-scaled size-scaled" alt="" style="object-position: 50% 50%" srcset="https://hoyre.no/content/uploads/sites/438/2026/04/Manglerud-Gard-2_-Ostensjo.jpg 240w, https://hoyre.no/content/uploads/sites/438/2026/04/Manglerud-Gard-2_-Ostensjo-225x300.jpg 225w" sizes="auto, (max-width: 240px) 100vw, 240px" /></div></figure>

<div class="panel teft-details-panel">
		<h3>Detaljer</h3>

							<dl class="info-misc-with-icons">
		<dt class="time"><span class="screen-reader-text">Arrangement dato</span></dt>
		<dd class="time">
			ons 16. september 2026 fra  11:00 &#8211; 15:00		</dd>
	</dl>
				</dl>
</div>
</div>




<h2 class="wp-block-heading">Informasjon</h2>



<p></p>


<div class="post-meta wp-block">
	<div class="top">
		<div class="sharing">
			<a class="share-button share-link" target="_blank"><span class="screen-reader-text">Del link</span></a>
			<a class="share-button share-twitter" href="http://twitter.com/share?text=Bydelstur til Østensjø og lunsj på Manglerud gård&#038;url=https://hoyre.no/oslo-senior/arrangementer/bydelstur-til-ostensjo/&#038;hashtags=Hoyre"><span class="screen-reader-text">Del på twitter</span></a>
			<a class="share-button share-facebook" href="https://www.facebook.com/sharer/sharer.php?u=https://hoyre.no/oslo-senior/arrangementer/bydelstur-til-ostensjo/" target="_blank"><span class="screen-reader-text">Del på facebook</span></a>
		</div>
	</div>
</div>

<!-- This site is optimized with the Yoast SEO plugin v26.6 - https://yoast.com/wordpress/plugins/seo/ -->
<title>Bydelstur til Østensjø og lunsj på Manglerud gård - Oslo Senior Høyre</title>
<meta name="robots" content="index, follow, max-snippet:-1, max-image-preview:large, max-video-preview:-1" />
<link rel="canonical" href="https://hoyre.no/oslo-senior/arrangementer/bydelstur-til-ostensjo/" />
<meta property="og:locale" content="nb_NO" />
<meta property="og:type" content="article" />
<meta property="og:title" content="Bydelstur til Østensjø og lunsj på Manglerud gård - Oslo Senior Høyre" />
<meta property="og:url" content="https://hoyre.no/oslo-senior/arrangementer/bydelstur-til-ostensjo/" />
<meta property="og:site_name" content="Oslo Senior Høyre" />
<meta property="article:modified_time" content="2026-04-26T11:46:58+00:00" />
<meta property="og:image" content="https://hoyre.no/content/uploads/sites/438/2026/04/Mangelrud-gard-1_Ostensjo-2.jpg" />
<meta name="twitter:card" content="summary_large_image" />
<meta name="twitter:label1" content="Ansl. lesetid" />
	<meta name="twitter:data1" content="1 minutt" />
<script type="application/ld+json" class="yoast-schema-graph">{"@context":"https://schema.org","@graph":[{"@type":"WebPage","@id":"https://hoyre.no/oslo-senior/arrangementer/bydelstur-til-ostensjo/","url":"https://hoyre.no/oslo-senior/arrangementer/bydelstur-til-ostensjo/","name":"Bydelstur til Østensjø og lunsj på Manglerud gård - Oslo Senior Høyre","isPartOf":{"@id":"https://hoyre.no/oslo-senior/#website"},"datePublished":"2026-04-20T11:04:26+00:00","dateModified":"2026-04-26T11:46:58+00:00","breadcrumb":{"@id":"https://hoyre.no/oslo-senior/arrangementer/bydelstur-til-ostensjo/#breadcrumb"},"inLanguage":"nb-NO","potentialAction":[{"@type":"ReadAction","target":["https://hoyre.no/oslo-senior/arrangementer/bydelstur-til-ostensjo/"]}]},{"@type":"BreadcrumbList","@id":"https://hoyre.no/oslo-senior/arrangementer/bydelstur-til-ostensjo/#breadcrumb","itemListElement":[{"@type":"ListItem","position":1,"name":"Til hoyre.no","item":"https://hoyre.no"},{"@type":"ListItem","position":2,"name":"Hjem","item":"https://hoyre.no/oslo-senior/"},{"@type":"ListItem","position":3,"name":"Arrangement","item":"https://hoyre.no/oslo-senior/arrangementer/"},{"@type":"ListItem","position":4,"name":"Bydelstur til Østensjø og lunsj på Manglerud gård"}]},{"@type":"WebSite","@id":"https://hoyre.no/oslo-senior/#website","url":"https://hoyre.no/oslo-senior/","name":"Oslo Senior Høyre","description":"","inLanguage":"nb-NO"}]}</script>
<!-- / Yoast SEO plugin. -->

Bydelstur til Østensjø og lunsj på Manglerud gård - Oslo Senior Høyre

Oslo Senior Høyre
