{"id":562,"date":"2025-02-21T14:24:34","date_gmt":"2025-02-21T13:24:34","guid":{"rendered":"https:\/\/hoyre.no\/oslo-senior\/?post_type=teft-events&#038;p=562"},"modified":"2025-03-13T14:47:23","modified_gmt":"2025-03-13T13:47:23","slug":"politisk-verksted-10-03-2025","status":"publish","type":"teft-events","link":"https:\/\/hoyre.no\/oslo-senior\/arrangementer\/politisk-verksted-10-03-2025\/","title":{"rendered":"Politisk verksted, 10.03.2025"},"content":{"rendered":"\n<div class=\"wp-block-teft-event-top\">\n\n<div class=\"teft-event-date-top\">\n<div class=\"teft-event-date-wrapper\">\n\t<div class=\"date-square\" aria-hidden=\"true\">\n\t\t10\t\t\t<\/div>\n<\/div>\n\t<div class=\"top-text\">\n\t\t\t\t\t<p class=\"top-date-text\">mandag 10. mars 2025<\/p>\n\t\t\t\t\t\t\t<p class=\"top-time-text\">13:00 &#8211; 14:30<\/p>\n\t\t\t\t\t\t<\/div>\n\t\t<div class=\"sharing\">\n\t\t<a class=\"share-button share-link copy-link\" data-copy=\"https:\/\/hoyre.no\/oslo-senior\/arrangementer\/politisk-verksted-10-03-2025\/\" target=\"_blank\"><span class=\"screen-reader-text\">Del link<\/span><\/a>\n\t\t<a class=\"share-button share-twitter\" href=\"http:\/\/twitter.com\/share?text=Politisk verksted, 10.03.2025&#038;url=https:\/\/hoyre.no\/oslo-senior\/arrangementer\/politisk-verksted-10-03-2025\/&#038;hashtags=Hoyre\" target=\"_blank\"><span class=\"screen-reader-text\">Del p\u00e5 twitter<\/span><\/a>\n\t\t<a class=\"share-button share-facebook\" href=\"https:\/\/www.facebook.com\/sharer\/sharer.php?u=https:\/\/hoyre.no\/oslo-senior\/arrangementer\/politisk-verksted-10-03-2025\/\" target=\"_blank\"><span class=\"screen-reader-text\">Del p\u00e5 facebook<\/span><\/a>\n\t<\/div>\n\t<\/div>\n<p class=\"preamble\"><strong>Karbonfangst i Oslo realiseres !<\/strong><br><br>Hafslund Celcio skal sammen med Aker Solutions og SLB Capturi bygge et av verdens f\u00f8rste fullskala anlegg for karbonfangst p\u00e5 avfallsforbrenning.<br>Anlegget skal v\u00e6re i drift fra tredje kvartal 2029. Oslo kommune bidrar med 2,6 mrd. kroner av et total-budsjett p\u00e5  8,3 mrd. kroner. <br><br>Vi f\u00e5r h\u00f8re mer om dette spennende prosjektet n\u00e5r Jannicke Bjerk\u00e5s, direkt\u00f8r for CCS ved Hafslund Celcio, kommer til Politisk verksted 10. mars 2025, kl. 13<\/p><figure class=\"hoyre-image-wrapper\"><div class=\"hoyre-image\"><img loading=\"lazy\" decoding=\"async\" width=\"1373\" height=\"896\" src=\"https:\/\/hoyre.no\/content\/uploads\/sites\/438\/2025\/02\/Jannicke-Bjerkas.Nytt-bilde-JGB-1.jpg\" class=\"attachment-scaled size-scaled\" alt=\"\" style=\"object-position: 50% 50%\" srcset=\"https:\/\/hoyre.no\/content\/uploads\/sites\/438\/2025\/02\/Jannicke-Bjerkas.Nytt-bilde-JGB-1.jpg 1373w, https:\/\/hoyre.no\/content\/uploads\/sites\/438\/2025\/02\/Jannicke-Bjerkas.Nytt-bilde-JGB-1-300x196.jpg 300w, https:\/\/hoyre.no\/content\/uploads\/sites\/438\/2025\/02\/Jannicke-Bjerkas.Nytt-bilde-JGB-1-1024x668.jpg 1024w, https:\/\/hoyre.no\/content\/uploads\/sites\/438\/2025\/02\/Jannicke-Bjerkas.Nytt-bilde-JGB-1-768x501.jpg 768w\" sizes=\"auto, (max-width: 1373px) 100vw, 1373px\" \/><\/div><\/figure>\n\n<div class=\"panel teft-details-panel\">\n\t\t<h3>Detaljer<\/h3>\n\n\t\t\t\t\t<dl class=\"info-misc-with-icons\">\n\t\t\t\t<dt class=\"venue\"><span class=\"screen-reader-text\">Stedet<\/span><\/dt>\n\t\t\t\t<dd>\n\t\t\t\t\t\t\t\t\t\t\t<span class=\"address-line-1\">Oslo, H\u00f8yres Hus<\/span>\n\t\t\t\t\t\t\t\t\t\t\t\t\t\t<\/dd>\n\t\t\t<\/dl>\n\t\t\t\t\t\t\t<dl class=\"info-misc-with-icons\">\n\t\t<dt class=\"time\"><span class=\"screen-reader-text\">Arrangement dato<\/span><\/dt>\n\t\t<dd class=\"time\">\n\t\t\tman 10. mars 2025 fra  13:00 &#8211; 14:30\t\t<\/dd>\n\t<\/dl>\n\t\t\t\t<\/dl>\n<\/div>\n<\/div>\n\n\n\n\n<h2 class=\"wp-block-heading\" id=\"h-informasjon\">Informasjon<\/h2>\n\n\n\n<p>Les mer i artikkelen nedenfor<\/p>\n\n\n\n<div class=\"wp-block-teft-file icon-link-block\"><a href=\"https:\/\/hoyre.no\/content\/uploads\/sites\/438\/2025\/02\/Karbonfangst-pa-Klemetsrud_DN.28.01.2025-scaled.jpg\" download><span class=\"file-title\">Karbonfangst p\u00e5 Klemetsrud DN 28.01.2025<\/span><span class=\"file-name\"><\/span><\/a><\/div>\n\n\n\n<div class=\"wp-block-teft-file icon-link-block\"><a href=\"https:\/\/hoyre.no\/content\/uploads\/sites\/438\/2025\/02\/2025-03-10_Karbonfangst-pa-Klemetsrud_presentasjon-av-Jannicke-Bjerkas.pdf\" download><span class=\"file-title\">Karbonfangst p\u00e5 Klemetsrud, presentasjon av Jannicke Bjerk\u00e5s<\/span><span class=\"file-name\"><\/span><\/a><\/div>\n\n\n<div class=\"post-meta wp-block\">\n\t<div class=\"top\">\n\t\t<div class=\"sharing\">\n\t\t\t<a class=\"share-button share-link\" target=\"_blank\"><span class=\"screen-reader-text\">Del link<\/span><\/a>\n\t\t\t<a class=\"share-button share-twitter\" href=\"http:\/\/twitter.com\/share?text=Politisk verksted, 10.03.2025&#038;url=https:\/\/hoyre.no\/oslo-senior\/arrangementer\/politisk-verksted-10-03-2025\/&#038;hashtags=Hoyre\"><span class=\"screen-reader-text\">Del p\u00e5 twitter<\/span><\/a>\n\t\t\t<a class=\"share-button share-facebook\" href=\"https:\/\/www.facebook.com\/sharer\/sharer.php?u=https:\/\/hoyre.no\/oslo-senior\/arrangementer\/politisk-verksted-10-03-2025\/\" target=\"_blank\"><span class=\"screen-reader-text\">Del p\u00e5 facebook<\/span><\/a>\n\t\t<\/div>\n\t<\/div>\n<\/div>\n","protected":false},"template":"","meta":{"teft_cards_image_url":"","teft_cards_custom_pretitle":"","teft_cards_image_id":563,"teft_cards_image_focal_point_x":0.5,"teft_cards_image_focal_point_y":0.5,"teft_cards_title":"En milep\u00e6l! Karbonfangst ved Klemetsrud realiseres","teft_cards_excerpt":"","teft_show_chapters":false,"event_organizer":[],"event_start_date":"2025-03-10T13:00:00","event_end_date":"2025-03-10T14:30:00","event_registration_url":"","event_registration_deadline":"","event_ticket_cost":"","event_venue_name":"Oslo, H\u00f8yres Hus","event_venue_url":"","event_venue_address":""},"teft-events-category":[],"class_list":["post-562","teft-events","type-teft-events","status-publish","hentry"],"yoast_head":"<!-- This site is optimized with the Yoast SEO plugin v26.6 - https:\/\/yoast.com\/wordpress\/plugins\/seo\/ -->\n<title>Politisk verksted, 10.03.2025 - Oslo Senior H\u00f8yre<\/title>\n<meta name=\"robots\" content=\"index, follow, max-snippet:-1, max-image-preview:large, max-video-preview:-1\" \/>\n<link rel=\"canonical\" href=\"https:\/\/hoyre.no\/oslo-senior\/arrangementer\/politisk-verksted-10-03-2025\/\" \/>\n<meta property=\"og:locale\" content=\"nb_NO\" \/>\n<meta property=\"og:type\" content=\"article\" \/>\n<meta property=\"og:title\" content=\"Politisk verksted, 10.03.2025 - Oslo Senior H\u00f8yre\" \/>\n<meta property=\"og:url\" content=\"https:\/\/hoyre.no\/oslo-senior\/arrangementer\/politisk-verksted-10-03-2025\/\" \/>\n<meta property=\"og:site_name\" content=\"Oslo Senior H\u00f8yre\" \/>\n<meta property=\"article:modified_time\" content=\"2025-03-13T13:47:23+00:00\" \/>\n<meta property=\"og:image\" content=\"https:\/\/hoyre.no\/content\/uploads\/sites\/438\/2025\/02\/Jannicke-Bjerkas.Nytt-bilde-JGB-1-1024x668.jpg\" \/>\n<meta name=\"twitter:card\" content=\"summary_large_image\" \/>\n<meta name=\"twitter:label1\" content=\"Ansl. lesetid\" \/>\n\t<meta name=\"twitter:data1\" content=\"1 minutt\" \/>\n<script type=\"application\/ld+json\" class=\"yoast-schema-graph\">{\"@context\":\"https:\/\/schema.org\",\"@graph\":[{\"@type\":\"WebPage\",\"@id\":\"https:\/\/hoyre.no\/oslo-senior\/arrangementer\/politisk-verksted-10-03-2025\/\",\"url\":\"https:\/\/hoyre.no\/oslo-senior\/arrangementer\/politisk-verksted-10-03-2025\/\",\"name\":\"Politisk verksted, 10.03.2025 - Oslo Senior H\u00f8yre\",\"isPartOf\":{\"@id\":\"https:\/\/hoyre.no\/oslo-senior\/#website\"},\"datePublished\":\"2025-02-21T13:24:34+00:00\",\"dateModified\":\"2025-03-13T13:47:23+00:00\",\"breadcrumb\":{\"@id\":\"https:\/\/hoyre.no\/oslo-senior\/arrangementer\/politisk-verksted-10-03-2025\/#breadcrumb\"},\"inLanguage\":\"nb-NO\",\"potentialAction\":[{\"@type\":\"ReadAction\",\"target\":[\"https:\/\/hoyre.no\/oslo-senior\/arrangementer\/politisk-verksted-10-03-2025\/\"]}]},{\"@type\":\"BreadcrumbList\",\"@id\":\"https:\/\/hoyre.no\/oslo-senior\/arrangementer\/politisk-verksted-10-03-2025\/#breadcrumb\",\"itemListElement\":[{\"@type\":\"ListItem\",\"position\":1,\"name\":\"Til hoyre.no\",\"item\":\"https:\/\/hoyre.no\"},{\"@type\":\"ListItem\",\"position\":2,\"name\":\"Hjem\",\"item\":\"https:\/\/hoyre.no\/oslo-senior\/\"},{\"@type\":\"ListItem\",\"position\":3,\"name\":\"Arrangement\",\"item\":\"https:\/\/hoyre.no\/oslo-senior\/arrangementer\/\"},{\"@type\":\"ListItem\",\"position\":4,\"name\":\"Politisk verksted, 10.03.2025\"}]},{\"@type\":\"WebSite\",\"@id\":\"https:\/\/hoyre.no\/oslo-senior\/#website\",\"url\":\"https:\/\/hoyre.no\/oslo-senior\/\",\"name\":\"Oslo Senior H\u00f8yre\",\"description\":\"\",\"inLanguage\":\"nb-NO\"}]}<\/script>\n<!-- \/ Yoast SEO plugin. -->","yoast_head_json":{"title":"Politisk verksted, 10.03.2025 - Oslo Senior H\u00f8yre","robots":{"index":"index","follow":"follow","max-snippet":"max-snippet:-1","max-image-preview":"max-image-preview:large","max-video-preview":"max-video-preview:-1"},"canonical":"https:\/\/hoyre.no\/oslo-senior\/arrangementer\/politisk-verksted-10-03-2025\/","og_locale":"nb_NO","og_type":"article","og_title":"Politisk verksted, 10.03.2025 - Oslo Senior H\u00f8yre","og_url":"https:\/\/hoyre.no\/oslo-senior\/arrangementer\/politisk-verksted-10-03-2025\/","og_site_name":"Oslo Senior H\u00f8yre","article_modified_time":"2025-03-13T13:47:23+00:00","og_image":[{"url":"https:\/\/hoyre.no\/content\/uploads\/sites\/438\/2025\/02\/Jannicke-Bjerkas.Nytt-bilde-JGB-1-1024x668.jpg","width":"","height":"","type":""}],"twitter_card":"summary_large_image","twitter_misc":{"Ansl. lesetid":"1 minutt"},"schema":{"@context":"https:\/\/schema.org","@graph":[{"@type":"WebPage","@id":"https:\/\/hoyre.no\/oslo-senior\/arrangementer\/politisk-verksted-10-03-2025\/","url":"https:\/\/hoyre.no\/oslo-senior\/arrangementer\/politisk-verksted-10-03-2025\/","name":"Politisk verksted, 10.03.2025 - Oslo Senior H\u00f8yre","isPartOf":{"@id":"https:\/\/hoyre.no\/oslo-senior\/#website"},"datePublished":"2025-02-21T13:24:34+00:00","dateModified":"2025-03-13T13:47:23+00:00","breadcrumb":{"@id":"https:\/\/hoyre.no\/oslo-senior\/arrangementer\/politisk-verksted-10-03-2025\/#breadcrumb"},"inLanguage":"nb-NO","potentialAction":[{"@type":"ReadAction","target":["https:\/\/hoyre.no\/oslo-senior\/arrangementer\/politisk-verksted-10-03-2025\/"]}]},{"@type":"BreadcrumbList","@id":"https:\/\/hoyre.no\/oslo-senior\/arrangementer\/politisk-verksted-10-03-2025\/#breadcrumb","itemListElement":[{"@type":"ListItem","position":1,"name":"Til hoyre.no","item":"https:\/\/hoyre.no"},{"@type":"ListItem","position":2,"name":"Hjem","item":"https:\/\/hoyre.no\/oslo-senior\/"},{"@type":"ListItem","position":3,"name":"Arrangement","item":"https:\/\/hoyre.no\/oslo-senior\/arrangementer\/"},{"@type":"ListItem","position":4,"name":"Politisk verksted, 10.03.2025"}]},{"@type":"WebSite","@id":"https:\/\/hoyre.no\/oslo-senior\/#website","url":"https:\/\/hoyre.no\/oslo-senior\/","name":"Oslo Senior H\u00f8yre","description":"","inLanguage":"nb-NO"}]}},"distributor_meta":false,"distributor_terms":false,"distributor_media":false,"distributor_original_site_name":"Oslo Senior H\u00f8yre","distributor_original_site_url":"https:\/\/hoyre.no\/oslo-senior","push-errors":false,"_links":{"self":[{"href":"https:\/\/hoyre.no\/oslo-senior\/wp-json\/wp\/v2\/teft-events\/562","targetHints":{"allow":["GET"]}}],"collection":[{"href":"https:\/\/hoyre.no\/oslo-senior\/wp-json\/wp\/v2\/teft-events"}],"about":[{"href":"https:\/\/hoyre.no\/oslo-senior\/wp-json\/wp\/v2\/types\/teft-events"}],"wp:attachment":[{"href":"https:\/\/hoyre.no\/oslo-senior\/wp-json\/wp\/v2\/media?parent=562"}],"wp:term":[{"taxonomy":"teft-events-category","embeddable":true,"href":"https:\/\/hoyre.no\/oslo-senior\/wp-json\/wp\/v2\/teft-events-category?post=562"}],"curies":[{"name":"wp","href":"https:\/\/api.w.org\/{rel}","templated":true}]}}

<div class="wp-block-teft-event-top">

<div class="teft-event-date-top">
<div class="teft-event-date-wrapper">
	<div class="date-square" aria-hidden="true">
		10			</div>
</div>
	<div class="top-text">
					<p class="top-date-text">mandag 10. mars 2025</p>
							<p class="top-time-text">13:00 &#8211; 14:30</p>
						</div>
		<div class="sharing">
		<a class="share-button share-link copy-link" data-copy="https://hoyre.no/oslo-senior/arrangementer/politisk-verksted-10-03-2025/" target="_blank"><span class="screen-reader-text">Del link</span></a>
		<a class="share-button share-twitter" href="http://twitter.com/share?text=Politisk verksted, 10.03.2025&#038;url=https://hoyre.no/oslo-senior/arrangementer/politisk-verksted-10-03-2025/&#038;hashtags=Hoyre" target="_blank"><span class="screen-reader-text">Del på twitter</span></a>
		<a class="share-button share-facebook" href="https://www.facebook.com/sharer/sharer.php?u=https://hoyre.no/oslo-senior/arrangementer/politisk-verksted-10-03-2025/" target="_blank"><span class="screen-reader-text">Del på facebook</span></a>
	</div>
	</div>
<p class="preamble"><strong>Karbonfangst i Oslo realiseres !</strong><br><br>Hafslund Celcio skal sammen med Aker Solutions og SLB Capturi bygge et av verdens første fullskala anlegg for karbonfangst på avfallsforbrenning.<br>Anlegget skal være i drift fra tredje kvartal 2029. Oslo kommune bidrar med 2,6 mrd. kroner av et total-budsjett på  8,3 mrd. kroner. <br><br>Vi får høre mer om dette spennende prosjektet når Jannicke Bjerkås, direktør for CCS ved Hafslund Celcio, kommer til Politisk verksted 10. mars 2025, kl. 13</p><figure class="hoyre-image-wrapper"><div class="hoyre-image"><img loading="lazy" decoding="async" width="1373" height="896" src="https://hoyre.no/content/uploads/sites/438/2025/02/Jannicke-Bjerkas.Nytt-bilde-JGB-1.jpg" class="attachment-scaled size-scaled" alt="" style="object-position: 50% 50%" srcset="https://hoyre.no/content/uploads/sites/438/2025/02/Jannicke-Bjerkas.Nytt-bilde-JGB-1.jpg 1373w, https://hoyre.no/content/uploads/sites/438/2025/02/Jannicke-Bjerkas.Nytt-bilde-JGB-1-300x196.jpg 300w, https://hoyre.no/content/uploads/sites/438/2025/02/Jannicke-Bjerkas.Nytt-bilde-JGB-1-1024x668.jpg 1024w, https://hoyre.no/content/uploads/sites/438/2025/02/Jannicke-Bjerkas.Nytt-bilde-JGB-1-768x501.jpg 768w" sizes="auto, (max-width: 1373px) 100vw, 1373px" /></div></figure>

<div class="panel teft-details-panel">
		<h3>Detaljer</h3>

					<dl class="info-misc-with-icons">
				<dt class="venue"><span class="screen-reader-text">Stedet</span></dt>
				<dd>
											<span class="address-line-1">Oslo, Høyres Hus</span>
														</dd>
			</dl>
							<dl class="info-misc-with-icons">
		<dt class="time"><span class="screen-reader-text">Arrangement dato</span></dt>
		<dd class="time">
			man 10. mars 2025 fra  13:00 &#8211; 14:30		</dd>
	</dl>
				</dl>
</div>
</div>




<h2 class="wp-block-heading" id="h-informasjon">Informasjon</h2>



<p>Les mer i artikkelen nedenfor</p>



<div class="wp-block-teft-file icon-link-block"><a href="https://hoyre.no/content/uploads/sites/438/2025/02/Karbonfangst-pa-Klemetsrud_DN.28.01.2025-scaled.jpg" download><span class="file-title">Karbonfangst på Klemetsrud DN 28.01.2025</span><span class="file-name"></span></a></div>



<div class="wp-block-teft-file icon-link-block"><a href="https://hoyre.no/content/uploads/sites/438/2025/02/2025-03-10_Karbonfangst-pa-Klemetsrud_presentasjon-av-Jannicke-Bjerkas.pdf" download><span class="file-title">Karbonfangst på Klemetsrud, presentasjon av Jannicke Bjerkås</span><span class="file-name"></span></a></div>


<div class="post-meta wp-block">
	<div class="top">
		<div class="sharing">
			<a class="share-button share-link" target="_blank"><span class="screen-reader-text">Del link</span></a>
			<a class="share-button share-twitter" href="http://twitter.com/share?text=Politisk verksted, 10.03.2025&#038;url=https://hoyre.no/oslo-senior/arrangementer/politisk-verksted-10-03-2025/&#038;hashtags=Hoyre"><span class="screen-reader-text">Del på twitter</span></a>
			<a class="share-button share-facebook" href="https://www.facebook.com/sharer/sharer.php?u=https://hoyre.no/oslo-senior/arrangementer/politisk-verksted-10-03-2025/" target="_blank"><span class="screen-reader-text">Del på facebook</span></a>
		</div>
	</div>
</div>

En milepæl! Karbonfangst ved Klemetsrud realiseres

Oslo, Høyres Hus

<!-- This site is optimized with the Yoast SEO plugin v26.6 - https://yoast.com/wordpress/plugins/seo/ -->
<title>Politisk verksted, 10.03.2025 - Oslo Senior Høyre</title>
<meta name="robots" content="index, follow, max-snippet:-1, max-image-preview:large, max-video-preview:-1" />
<link rel="canonical" href="https://hoyre.no/oslo-senior/arrangementer/politisk-verksted-10-03-2025/" />
<meta property="og:locale" content="nb_NO" />
<meta property="og:type" content="article" />
<meta property="og:title" content="Politisk verksted, 10.03.2025 - Oslo Senior Høyre" />
<meta property="og:url" content="https://hoyre.no/oslo-senior/arrangementer/politisk-verksted-10-03-2025/" />
<meta property="og:site_name" content="Oslo Senior Høyre" />
<meta property="article:modified_time" content="2025-03-13T13:47:23+00:00" />
<meta property="og:image" content="https://hoyre.no/content/uploads/sites/438/2025/02/Jannicke-Bjerkas.Nytt-bilde-JGB-1-1024x668.jpg" />
<meta name="twitter:card" content="summary_large_image" />
<meta name="twitter:label1" content="Ansl. lesetid" />
	<meta name="twitter:data1" content="1 minutt" />
<script type="application/ld+json" class="yoast-schema-graph">{"@context":"https://schema.org","@graph":[{"@type":"WebPage","@id":"https://hoyre.no/oslo-senior/arrangementer/politisk-verksted-10-03-2025/","url":"https://hoyre.no/oslo-senior/arrangementer/politisk-verksted-10-03-2025/","name":"Politisk verksted, 10.03.2025 - Oslo Senior Høyre","isPartOf":{"@id":"https://hoyre.no/oslo-senior/#website"},"datePublished":"2025-02-21T13:24:34+00:00","dateModified":"2025-03-13T13:47:23+00:00","breadcrumb":{"@id":"https://hoyre.no/oslo-senior/arrangementer/politisk-verksted-10-03-2025/#breadcrumb"},"inLanguage":"nb-NO","potentialAction":[{"@type":"ReadAction","target":["https://hoyre.no/oslo-senior/arrangementer/politisk-verksted-10-03-2025/"]}]},{"@type":"BreadcrumbList","@id":"https://hoyre.no/oslo-senior/arrangementer/politisk-verksted-10-03-2025/#breadcrumb","itemListElement":[{"@type":"ListItem","position":1,"name":"Til hoyre.no","item":"https://hoyre.no"},{"@type":"ListItem","position":2,"name":"Hjem","item":"https://hoyre.no/oslo-senior/"},{"@type":"ListItem","position":3,"name":"Arrangement","item":"https://hoyre.no/oslo-senior/arrangementer/"},{"@type":"ListItem","position":4,"name":"Politisk verksted, 10.03.2025"}]},{"@type":"WebSite","@id":"https://hoyre.no/oslo-senior/#website","url":"https://hoyre.no/oslo-senior/","name":"Oslo Senior Høyre","description":"","inLanguage":"nb-NO"}]}</script>
<!-- / Yoast SEO plugin. -->

Politisk verksted, 10.03.2025 - Oslo Senior Høyre

Oslo Senior Høyre
