{"id":951,"date":"2026-01-13T12:42:00","date_gmt":"2026-01-13T11:42:00","guid":{"rendered":"https:\/\/hoyre.no\/oslo-senior\/?post_type=teft-events&#038;p=951"},"modified":"2026-04-26T14:38:28","modified_gmt":"2026-04-26T12:38:28","slug":"politisk-verksted-12","status":"publish","type":"teft-events","link":"https:\/\/hoyre.no\/oslo-senior\/arrangementer\/politisk-verksted-12\/","title":{"rendered":"Faggruppenes kvarter"},"content":{"rendered":"\n<div class=\"wp-block-teft-event-top\">\n\n<div class=\"teft-event-date-top\">\n<div class=\"teft-event-date-wrapper\">\n\t<div class=\"date-square\" aria-hidden=\"true\">\n\t\t08\t\t\t<\/div>\n<\/div>\n\t<div class=\"top-text\">\n\t\t\t\t\t<p class=\"top-date-text\">mandag 08. juni 2026<\/p>\n\t\t\t\t\t\t\t<p class=\"top-time-text\">13:00 &#8211; 14:30<\/p>\n\t\t\t\t\t\t<\/div>\n\t\t<div class=\"sharing\">\n\t\t<a class=\"share-button share-link copy-link\" data-copy=\"https:\/\/hoyre.no\/oslo-senior\/arrangementer\/politisk-verksted-12\/\" target=\"_blank\"><span class=\"screen-reader-text\">Del link<\/span><\/a>\n\t\t<a class=\"share-button share-twitter\" href=\"http:\/\/twitter.com\/share?text=Faggruppenes kvarter&#038;url=https:\/\/hoyre.no\/oslo-senior\/arrangementer\/politisk-verksted-12\/&#038;hashtags=Hoyre\" target=\"_blank\"><span class=\"screen-reader-text\">Del p\u00e5 twitter<\/span><\/a>\n\t\t<a class=\"share-button share-facebook\" href=\"https:\/\/www.facebook.com\/sharer\/sharer.php?u=https:\/\/hoyre.no\/oslo-senior\/arrangementer\/politisk-verksted-12\/\" target=\"_blank\"><span class=\"screen-reader-text\">Del p\u00e5 facebook<\/span><\/a>\n\t<\/div>\n\t<\/div>\n<p class=\"preamble\">Oslo Senior H\u00f8yre har i flere \u00e5r hatt aktivitet innen flere faggrupper som b\u00e5de jobber med kunnskapsutvikling og politikk-utforming.<br><br>Faggruppene er selvstendige og organiserer seg selv og m\u00f8teaktivitet. Alle medlemmer i Oslo Senior H\u00f8yre er velkomne til \u00e5 delta i v\u00e5re faggrupper, som dekker f\u00f8lgende tema:<br><br><strong>* Forsvar og samfunnsikkerhet<br>* Helse og omsorg<br>* Klima, energi og milj\u00f8<br>* Kultur<br>* N\u00e6ringsliv og skatt<br>* Samferdsel<\/strong><br><br>I forbindelse med utarbeidelse av nytt kommunevalgprogram bidrar OSH med representanter inn i b\u00e5de programkomiteen og de programforberednede utvalg.<br><br><em>Illustrasjon fra Pixabay.com &#8211; gratis nedlasting<\/em><\/p><figure class=\"hoyre-image-wrapper\"><div class=\"hoyre-image\"><img loading=\"lazy\" decoding=\"async\" width=\"2500\" height=\"1655\" src=\"https:\/\/hoyre.no\/content\/uploads\/sites\/438\/2026\/01\/doctor-a-droplets-2262304_edited_fra-Pixabay.com-gratis-nedlasting-scaled.jpg\" class=\"attachment-scaled size-scaled\" alt=\"\" style=\"object-position: 50% 50%\" srcset=\"https:\/\/hoyre.no\/content\/uploads\/sites\/438\/2026\/01\/doctor-a-droplets-2262304_edited_fra-Pixabay.com-gratis-nedlasting-scaled.jpg 2500w, https:\/\/hoyre.no\/content\/uploads\/sites\/438\/2026\/01\/doctor-a-droplets-2262304_edited_fra-Pixabay.com-gratis-nedlasting-300x199.jpg 300w, https:\/\/hoyre.no\/content\/uploads\/sites\/438\/2026\/01\/doctor-a-droplets-2262304_edited_fra-Pixabay.com-gratis-nedlasting-1024x678.jpg 1024w, https:\/\/hoyre.no\/content\/uploads\/sites\/438\/2026\/01\/doctor-a-droplets-2262304_edited_fra-Pixabay.com-gratis-nedlasting-768x508.jpg 768w, https:\/\/hoyre.no\/content\/uploads\/sites\/438\/2026\/01\/doctor-a-droplets-2262304_edited_fra-Pixabay.com-gratis-nedlasting-1536x1017.jpg 1536w, https:\/\/hoyre.no\/content\/uploads\/sites\/438\/2026\/01\/doctor-a-droplets-2262304_edited_fra-Pixabay.com-gratis-nedlasting-2048x1356.jpg 2048w\" sizes=\"auto, (max-width: 2500px) 100vw, 2500px\" \/><\/div><\/figure>\n\n<div class=\"panel teft-details-panel\">\n\t\t<h3>Detaljer<\/h3>\n\n\t\t\t\t\t<dl class=\"info-misc-with-icons\">\n\t\t\t\t<dt class=\"venue\"><span class=\"screen-reader-text\">Stedet<\/span><\/dt>\n\t\t\t\t<dd>\n\t\t\t\t\t\t\t\t\t\t\t<span class=\"address-line-1\">Oslo, H\u00f8yres Hus<\/span>\n\t\t\t\t\t\t\t\t\t\t\t\t\t\t<\/dd>\n\t\t\t<\/dl>\n\t\t\t\t\t\t\t<dl class=\"info-misc-with-icons\">\n\t\t<dt class=\"time\"><span class=\"screen-reader-text\">Arrangement dato<\/span><\/dt>\n\t\t<dd class=\"time\">\n\t\t\tman 8. juni 2026 fra  13:00 &#8211; 14:30\t\t<\/dd>\n\t<\/dl>\n\t\t\t\t<\/dl>\n<\/div>\n<\/div>\n\n\n\n\n<h2 class=\"wp-block-heading\">Informasjon<\/h2>\n\n\n\n<p><\/p>\n\n\n<div class=\"post-meta wp-block\">\n\t<div class=\"top\">\n\t\t<div class=\"sharing\">\n\t\t\t<a class=\"share-button share-link\" target=\"_blank\"><span class=\"screen-reader-text\">Del link<\/span><\/a>\n\t\t\t<a class=\"share-button share-twitter\" href=\"http:\/\/twitter.com\/share?text=Faggruppenes kvarter&#038;url=https:\/\/hoyre.no\/oslo-senior\/arrangementer\/politisk-verksted-12\/&#038;hashtags=Hoyre\"><span class=\"screen-reader-text\">Del p\u00e5 twitter<\/span><\/a>\n\t\t\t<a class=\"share-button share-facebook\" href=\"https:\/\/www.facebook.com\/sharer\/sharer.php?u=https:\/\/hoyre.no\/oslo-senior\/arrangementer\/politisk-verksted-12\/\" target=\"_blank\"><span class=\"screen-reader-text\">Del p\u00e5 facebook<\/span><\/a>\n\t\t<\/div>\n\t<\/div>\n<\/div>\n","protected":false},"template":"","meta":{"teft_cards_image_url":"","teft_cards_custom_pretitle":"","teft_cards_image_id":1058,"teft_cards_image_focal_point_x":0.56,"teft_cards_image_focal_point_y":0.64,"teft_cards_title":"","teft_cards_excerpt":"","teft_show_chapters":false,"event_organizer":[],"event_start_date":"2026-06-08T13:00:00","event_end_date":"2026-06-08T14:30:00","event_registration_url":"","event_registration_deadline":"","event_ticket_cost":"","event_venue_name":"Oslo, H\u00f8yres Hus","event_venue_url":"","event_venue_address":""},"teft-events-category":[],"class_list":["post-951","teft-events","type-teft-events","status-publish","hentry"],"yoast_head":"<!-- This site is optimized with the Yoast SEO plugin v26.6 - https:\/\/yoast.com\/wordpress\/plugins\/seo\/ -->\n<title>Faggruppenes kvarter - Oslo Senior H\u00f8yre<\/title>\n<meta name=\"robots\" content=\"index, follow, max-snippet:-1, max-image-preview:large, max-video-preview:-1\" \/>\n<link rel=\"canonical\" href=\"https:\/\/hoyre.no\/oslo-senior\/arrangementer\/politisk-verksted-12\/\" \/>\n<meta property=\"og:locale\" content=\"nb_NO\" \/>\n<meta property=\"og:type\" content=\"article\" \/>\n<meta property=\"og:title\" content=\"Faggruppenes kvarter - Oslo Senior H\u00f8yre\" \/>\n<meta property=\"og:url\" content=\"https:\/\/hoyre.no\/oslo-senior\/arrangementer\/politisk-verksted-12\/\" \/>\n<meta property=\"og:site_name\" content=\"Oslo Senior H\u00f8yre\" \/>\n<meta property=\"article:modified_time\" content=\"2026-04-26T12:38:28+00:00\" \/>\n<meta property=\"og:image\" content=\"https:\/\/hoyre.no\/content\/uploads\/sites\/438\/2026\/01\/doctor-a-droplets-2262304_edited_fra-Pixabay.com-gratis-nedlasting-1024x678.jpg\" \/>\n<meta name=\"twitter:card\" content=\"summary_large_image\" \/>\n<meta name=\"twitter:label1\" content=\"Ansl. lesetid\" \/>\n\t<meta name=\"twitter:data1\" content=\"1 minutt\" \/>\n<script type=\"application\/ld+json\" class=\"yoast-schema-graph\">{\"@context\":\"https:\/\/schema.org\",\"@graph\":[{\"@type\":\"WebPage\",\"@id\":\"https:\/\/hoyre.no\/oslo-senior\/arrangementer\/politisk-verksted-12\/\",\"url\":\"https:\/\/hoyre.no\/oslo-senior\/arrangementer\/politisk-verksted-12\/\",\"name\":\"Faggruppenes kvarter - Oslo Senior H\u00f8yre\",\"isPartOf\":{\"@id\":\"https:\/\/hoyre.no\/oslo-senior\/#website\"},\"datePublished\":\"2026-01-13T11:42:00+00:00\",\"dateModified\":\"2026-04-26T12:38:28+00:00\",\"breadcrumb\":{\"@id\":\"https:\/\/hoyre.no\/oslo-senior\/arrangementer\/politisk-verksted-12\/#breadcrumb\"},\"inLanguage\":\"nb-NO\",\"potentialAction\":[{\"@type\":\"ReadAction\",\"target\":[\"https:\/\/hoyre.no\/oslo-senior\/arrangementer\/politisk-verksted-12\/\"]}]},{\"@type\":\"BreadcrumbList\",\"@id\":\"https:\/\/hoyre.no\/oslo-senior\/arrangementer\/politisk-verksted-12\/#breadcrumb\",\"itemListElement\":[{\"@type\":\"ListItem\",\"position\":1,\"name\":\"Til hoyre.no\",\"item\":\"https:\/\/hoyre.no\"},{\"@type\":\"ListItem\",\"position\":2,\"name\":\"Hjem\",\"item\":\"https:\/\/hoyre.no\/oslo-senior\/\"},{\"@type\":\"ListItem\",\"position\":3,\"name\":\"Arrangement\",\"item\":\"https:\/\/hoyre.no\/oslo-senior\/arrangementer\/\"},{\"@type\":\"ListItem\",\"position\":4,\"name\":\"Faggruppenes kvarter\"}]},{\"@type\":\"WebSite\",\"@id\":\"https:\/\/hoyre.no\/oslo-senior\/#website\",\"url\":\"https:\/\/hoyre.no\/oslo-senior\/\",\"name\":\"Oslo Senior H\u00f8yre\",\"description\":\"\",\"inLanguage\":\"nb-NO\"}]}<\/script>\n<!-- \/ Yoast SEO plugin. -->","yoast_head_json":{"title":"Faggruppenes kvarter - Oslo Senior H\u00f8yre","robots":{"index":"index","follow":"follow","max-snippet":"max-snippet:-1","max-image-preview":"max-image-preview:large","max-video-preview":"max-video-preview:-1"},"canonical":"https:\/\/hoyre.no\/oslo-senior\/arrangementer\/politisk-verksted-12\/","og_locale":"nb_NO","og_type":"article","og_title":"Faggruppenes kvarter - Oslo Senior H\u00f8yre","og_url":"https:\/\/hoyre.no\/oslo-senior\/arrangementer\/politisk-verksted-12\/","og_site_name":"Oslo Senior H\u00f8yre","article_modified_time":"2026-04-26T12:38:28+00:00","og_image":[{"url":"https:\/\/hoyre.no\/content\/uploads\/sites\/438\/2026\/01\/doctor-a-droplets-2262304_edited_fra-Pixabay.com-gratis-nedlasting-1024x678.jpg","width":"","height":"","type":""}],"twitter_card":"summary_large_image","twitter_misc":{"Ansl. lesetid":"1 minutt"},"schema":{"@context":"https:\/\/schema.org","@graph":[{"@type":"WebPage","@id":"https:\/\/hoyre.no\/oslo-senior\/arrangementer\/politisk-verksted-12\/","url":"https:\/\/hoyre.no\/oslo-senior\/arrangementer\/politisk-verksted-12\/","name":"Faggruppenes kvarter - Oslo Senior H\u00f8yre","isPartOf":{"@id":"https:\/\/hoyre.no\/oslo-senior\/#website"},"datePublished":"2026-01-13T11:42:00+00:00","dateModified":"2026-04-26T12:38:28+00:00","breadcrumb":{"@id":"https:\/\/hoyre.no\/oslo-senior\/arrangementer\/politisk-verksted-12\/#breadcrumb"},"inLanguage":"nb-NO","potentialAction":[{"@type":"ReadAction","target":["https:\/\/hoyre.no\/oslo-senior\/arrangementer\/politisk-verksted-12\/"]}]},{"@type":"BreadcrumbList","@id":"https:\/\/hoyre.no\/oslo-senior\/arrangementer\/politisk-verksted-12\/#breadcrumb","itemListElement":[{"@type":"ListItem","position":1,"name":"Til hoyre.no","item":"https:\/\/hoyre.no"},{"@type":"ListItem","position":2,"name":"Hjem","item":"https:\/\/hoyre.no\/oslo-senior\/"},{"@type":"ListItem","position":3,"name":"Arrangement","item":"https:\/\/hoyre.no\/oslo-senior\/arrangementer\/"},{"@type":"ListItem","position":4,"name":"Faggruppenes kvarter"}]},{"@type":"WebSite","@id":"https:\/\/hoyre.no\/oslo-senior\/#website","url":"https:\/\/hoyre.no\/oslo-senior\/","name":"Oslo Senior H\u00f8yre","description":"","inLanguage":"nb-NO"}]}},"distributor_meta":false,"distributor_terms":false,"distributor_media":false,"distributor_original_site_name":"Oslo Senior H\u00f8yre","distributor_original_site_url":"https:\/\/hoyre.no\/oslo-senior","push-errors":false,"_links":{"self":[{"href":"https:\/\/hoyre.no\/oslo-senior\/wp-json\/wp\/v2\/teft-events\/951","targetHints":{"allow":["GET"]}}],"collection":[{"href":"https:\/\/hoyre.no\/oslo-senior\/wp-json\/wp\/v2\/teft-events"}],"about":[{"href":"https:\/\/hoyre.no\/oslo-senior\/wp-json\/wp\/v2\/types\/teft-events"}],"wp:attachment":[{"href":"https:\/\/hoyre.no\/oslo-senior\/wp-json\/wp\/v2\/media?parent=951"}],"wp:term":[{"taxonomy":"teft-events-category","embeddable":true,"href":"https:\/\/hoyre.no\/oslo-senior\/wp-json\/wp\/v2\/teft-events-category?post=951"}],"curies":[{"name":"wp","href":"https:\/\/api.w.org\/{rel}","templated":true}]}}

<div class="wp-block-teft-event-top">

<div class="teft-event-date-top">
<div class="teft-event-date-wrapper">
	<div class="date-square" aria-hidden="true">
		08			</div>
</div>
	<div class="top-text">
					<p class="top-date-text">mandag 08. juni 2026</p>
							<p class="top-time-text">13:00 &#8211; 14:30</p>
						</div>
		<div class="sharing">
		<a class="share-button share-link copy-link" data-copy="https://hoyre.no/oslo-senior/arrangementer/politisk-verksted-12/" target="_blank"><span class="screen-reader-text">Del link</span></a>
		<a class="share-button share-twitter" href="http://twitter.com/share?text=Faggruppenes kvarter&#038;url=https://hoyre.no/oslo-senior/arrangementer/politisk-verksted-12/&#038;hashtags=Hoyre" target="_blank"><span class="screen-reader-text">Del på twitter</span></a>
		<a class="share-button share-facebook" href="https://www.facebook.com/sharer/sharer.php?u=https://hoyre.no/oslo-senior/arrangementer/politisk-verksted-12/" target="_blank"><span class="screen-reader-text">Del på facebook</span></a>
	</div>
	</div>
<p class="preamble">Oslo Senior Høyre har i flere år hatt aktivitet innen flere faggrupper som både jobber med kunnskapsutvikling og politikk-utforming.<br><br>Faggruppene er selvstendige og organiserer seg selv og møteaktivitet. Alle medlemmer i Oslo Senior Høyre er velkomne til å delta i våre faggrupper, som dekker følgende tema:<br><br><strong>* Forsvar og samfunnsikkerhet<br>* Helse og omsorg<br>* Klima, energi og miljø<br>* Kultur<br>* Næringsliv og skatt<br>* Samferdsel</strong><br><br>I forbindelse med utarbeidelse av nytt kommunevalgprogram bidrar OSH med representanter inn i både programkomiteen og de programforberednede utvalg.<br><br><em>Illustrasjon fra Pixabay.com &#8211; gratis nedlasting</em></p><figure class="hoyre-image-wrapper"><div class="hoyre-image"><img loading="lazy" decoding="async" width="2500" height="1655" src="https://hoyre.no/content/uploads/sites/438/2026/01/doctor-a-droplets-2262304_edited_fra-Pixabay.com-gratis-nedlasting-scaled.jpg" class="attachment-scaled size-scaled" alt="" style="object-position: 50% 50%" srcset="https://hoyre.no/content/uploads/sites/438/2026/01/doctor-a-droplets-2262304_edited_fra-Pixabay.com-gratis-nedlasting-scaled.jpg 2500w, https://hoyre.no/content/uploads/sites/438/2026/01/doctor-a-droplets-2262304_edited_fra-Pixabay.com-gratis-nedlasting-300x199.jpg 300w, https://hoyre.no/content/uploads/sites/438/2026/01/doctor-a-droplets-2262304_edited_fra-Pixabay.com-gratis-nedlasting-1024x678.jpg 1024w, https://hoyre.no/content/uploads/sites/438/2026/01/doctor-a-droplets-2262304_edited_fra-Pixabay.com-gratis-nedlasting-768x508.jpg 768w, https://hoyre.no/content/uploads/sites/438/2026/01/doctor-a-droplets-2262304_edited_fra-Pixabay.com-gratis-nedlasting-1536x1017.jpg 1536w, https://hoyre.no/content/uploads/sites/438/2026/01/doctor-a-droplets-2262304_edited_fra-Pixabay.com-gratis-nedlasting-2048x1356.jpg 2048w" sizes="auto, (max-width: 2500px) 100vw, 2500px" /></div></figure>

<div class="panel teft-details-panel">
		<h3>Detaljer</h3>

					<dl class="info-misc-with-icons">
				<dt class="venue"><span class="screen-reader-text">Stedet</span></dt>
				<dd>
											<span class="address-line-1">Oslo, Høyres Hus</span>
														</dd>
			</dl>
							<dl class="info-misc-with-icons">
		<dt class="time"><span class="screen-reader-text">Arrangement dato</span></dt>
		<dd class="time">
			man 8. juni 2026 fra  13:00 &#8211; 14:30		</dd>
	</dl>
				</dl>
</div>
</div>




<h2 class="wp-block-heading">Informasjon</h2>



<p></p>


<div class="post-meta wp-block">
	<div class="top">
		<div class="sharing">
			<a class="share-button share-link" target="_blank"><span class="screen-reader-text">Del link</span></a>
			<a class="share-button share-twitter" href="http://twitter.com/share?text=Faggruppenes kvarter&#038;url=https://hoyre.no/oslo-senior/arrangementer/politisk-verksted-12/&#038;hashtags=Hoyre"><span class="screen-reader-text">Del på twitter</span></a>
			<a class="share-button share-facebook" href="https://www.facebook.com/sharer/sharer.php?u=https://hoyre.no/oslo-senior/arrangementer/politisk-verksted-12/" target="_blank"><span class="screen-reader-text">Del på facebook</span></a>
		</div>
	</div>
</div>

Oslo, Høyres Hus

<!-- This site is optimized with the Yoast SEO plugin v26.6 - https://yoast.com/wordpress/plugins/seo/ -->
<title>Faggruppenes kvarter - Oslo Senior Høyre</title>
<meta name="robots" content="index, follow, max-snippet:-1, max-image-preview:large, max-video-preview:-1" />
<link rel="canonical" href="https://hoyre.no/oslo-senior/arrangementer/politisk-verksted-12/" />
<meta property="og:locale" content="nb_NO" />
<meta property="og:type" content="article" />
<meta property="og:title" content="Faggruppenes kvarter - Oslo Senior Høyre" />
<meta property="og:url" content="https://hoyre.no/oslo-senior/arrangementer/politisk-verksted-12/" />
<meta property="og:site_name" content="Oslo Senior Høyre" />
<meta property="article:modified_time" content="2026-04-26T12:38:28+00:00" />
<meta property="og:image" content="https://hoyre.no/content/uploads/sites/438/2026/01/doctor-a-droplets-2262304_edited_fra-Pixabay.com-gratis-nedlasting-1024x678.jpg" />
<meta name="twitter:card" content="summary_large_image" />
<meta name="twitter:label1" content="Ansl. lesetid" />
	<meta name="twitter:data1" content="1 minutt" />
<script type="application/ld+json" class="yoast-schema-graph">{"@context":"https://schema.org","@graph":[{"@type":"WebPage","@id":"https://hoyre.no/oslo-senior/arrangementer/politisk-verksted-12/","url":"https://hoyre.no/oslo-senior/arrangementer/politisk-verksted-12/","name":"Faggruppenes kvarter - Oslo Senior Høyre","isPartOf":{"@id":"https://hoyre.no/oslo-senior/#website"},"datePublished":"2026-01-13T11:42:00+00:00","dateModified":"2026-04-26T12:38:28+00:00","breadcrumb":{"@id":"https://hoyre.no/oslo-senior/arrangementer/politisk-verksted-12/#breadcrumb"},"inLanguage":"nb-NO","potentialAction":[{"@type":"ReadAction","target":["https://hoyre.no/oslo-senior/arrangementer/politisk-verksted-12/"]}]},{"@type":"BreadcrumbList","@id":"https://hoyre.no/oslo-senior/arrangementer/politisk-verksted-12/#breadcrumb","itemListElement":[{"@type":"ListItem","position":1,"name":"Til hoyre.no","item":"https://hoyre.no"},{"@type":"ListItem","position":2,"name":"Hjem","item":"https://hoyre.no/oslo-senior/"},{"@type":"ListItem","position":3,"name":"Arrangement","item":"https://hoyre.no/oslo-senior/arrangementer/"},{"@type":"ListItem","position":4,"name":"Faggruppenes kvarter"}]},{"@type":"WebSite","@id":"https://hoyre.no/oslo-senior/#website","url":"https://hoyre.no/oslo-senior/","name":"Oslo Senior Høyre","description":"","inLanguage":"nb-NO"}]}</script>
<!-- / Yoast SEO plugin. -->

Faggruppenes kvarter - Oslo Senior Høyre

Oslo Senior Høyre
