{"id":11108,"date":"2026-08-15T12:23:41","date_gmt":"2026-08-15T10:23:41","guid":{"rendered":"https:\/\/hoyre.no\/oslo\/?page_id=11108"},"modified":"2026-08-15T12:23:41","modified_gmt":"2026-08-15T10:23:41","slug":"anfa-hashi-godir","status":"publish","type":"page","link":"https:\/\/hoyre.no\/oslo\/anfa-hashi-godir\/","title":{"rendered":"Anfa Hashi Godir"},"content":{"rendered":"\n<div class=\"wp-block-hoyre-hero with-image-gradient text-color-light  alignfull has-background \"><div class=\"hoyre-hero \"><h1 class=\"title\">Anfa Hashi Godir<\/h1><p class=\"preamble\">Bli kjent med kandidaten her.<\/p><\/div><\/div>\n\n\n\n<div class=\"wp-block-image\">\n<figure class=\"aligncenter size-large is-resized\"><img loading=\"lazy\" decoding=\"async\" width=\"697\" height=\"1024\" src=\"https:\/\/hoyre.no\/content\/uploads\/sites\/408\/2026\/08\/IMG_2262-2-697x1024.jpg\" alt=\"\" class=\"wp-image-11109\" style=\"aspect-ratio:0.6806731472770984;width:378px;height:auto\" srcset=\"https:\/\/hoyre.no\/content\/uploads\/sites\/408\/2026\/08\/IMG_2262-2-697x1024.jpg 697w, https:\/\/hoyre.no\/content\/uploads\/sites\/408\/2026\/08\/IMG_2262-2-204x300.jpg 204w, https:\/\/hoyre.no\/content\/uploads\/sites\/408\/2026\/08\/IMG_2262-2-768x1129.jpg 768w, https:\/\/hoyre.no\/content\/uploads\/sites\/408\/2026\/08\/IMG_2262-2.jpg 871w\" sizes=\"auto, (max-width: 697px) 100vw, 697px\" \/><figcaption class=\"wp-element-caption\">Anfa Hashi Godir<\/figcaption><\/figure>\n<\/div>\n\n\n<div class=\"wp-block-hoyre-banner undefined has-icon-title icon-heart is-style-blue\"><div class=\"banner-inner\"><div class=\"banner-content\"><div class=\"entry-content\">\n<h2 id=\"h-bli-bedre-kjent-med-anfa\" class=\"wp-block-heading\">Bli bedre kjent med Anfa!<\/h2>\n\n\n\n<p class=\"wp-block-paragraph\"><strong>Bydel<\/strong>: Alna<br><strong>Alder:<\/strong>\u00a044 \u00e5r<\/p>\n\n\n\n<p class=\"wp-block-paragraph\"><strong>Hva er din bakgrunn og hvilke egenskaper vil du trekke frem ved deg selv?<\/strong><br>Som ung jente kom jeg til Norge som flyktning. Etter en lang og utfordrende reise, fullf\u00f8rte jeg studier i statsvitenskap og videreutdanning innen menneskerettigheter, flerkulturell forst\u00e5else og konflikth\u00e5ndtering.<\/p>\n\n\n\n<p class=\"wp-block-paragraph\">\u00a0Min\u00a0erfaring inkluderer offentlig forvaltning, saksbehandling og arbeid i ulike \u00a0\u00a0\u00a0\u00a0\u00a0institusjonelle, politiske og flerkulturelle sammenhenger.\u00a0<\/p>\n\n\n\n<p class=\"wp-block-paragraph\"><strong>Hva er dine viktigste politiske saker?<\/strong><br>Forebygging av\u00a0ungdomskriminalitet, samt \u00e5 st\u00f8tte barn, unge og kvinner som har utfordringer \u00e5 komme inn i arbeidslivet.<\/p>\n\n\n\n<p class=\"wp-block-paragraph\"><strong>Hvorfor vil du stille til valg for Oslo H\u00f8yre?<\/strong><br>Oslo trenger politikere med ulike livserfaringer og bakgrunner. Derfor mener jeg at jeg har mye \u00e5 bidra med.<\/p>\n\n\n\n<div class=\"wp-block-buttons is-layout-flex wp-block-buttons-is-layout-flex\"><\/div>\n<\/div><\/div><\/div><\/div>\n\n","protected":false},"excerpt":{"rendered":"","protected":false},"author":31424,"featured_media":0,"parent":0,"menu_order":0,"comment_status":"closed","ping_status":"closed","template":"","meta":{"teft_cards_image_url":"","teft_cards_custom_pretitle":"","teft_cards_image_id":11109,"teft_cards_image_focal_point_x":0.6,"teft_cards_image_focal_point_y":0.28,"teft_cards_title":"","teft_cards_excerpt":"","teft_show_chapters":false,"footnotes":""},"class_list":["post-11108","page","type-page","status-publish","hentry"],"yoast_head":"<!-- This site is optimized with the Yoast SEO Premium plugin v28.2 (Yoast SEO v28.2) - https:\/\/yoast.com\/product\/yoast-seo-premium-wordpress\/ -->\n<title>Anfa Hashi Godir - Oslo H\u00f8yre<\/title>\n<meta name=\"description\" content=\"Her kan du bli bedre kjent med kandidaten til kommunevalget i 2027.\" \/>\n<meta name=\"robots\" content=\"index, follow, max-snippet:-1, max-image-preview:large, max-video-preview:-1\" \/>\n<link rel=\"canonical\" href=\"https:\/\/hoyre.no\/oslo\/anfa-hashi-godir\/\" \/>\n<meta property=\"og:locale\" content=\"nb_NO\" \/>\n<meta property=\"og:type\" content=\"article\" \/>\n<meta property=\"og:title\" content=\"Anfa Hashi Godir\" \/>\n<meta property=\"og:description\" content=\"Her kan du bli bedre kjent med kandidaten til kommunevalget i 2027.\" \/>\n<meta property=\"og:url\" content=\"https:\/\/hoyre.no\/oslo\/anfa-hashi-godir\/\" \/>\n<meta property=\"og:site_name\" content=\"Oslo H\u00f8yre\" \/>\n<meta property=\"article:publisher\" content=\"https:\/\/www.facebook.com\/oslo.hoyre\" \/>\n<meta property=\"og:image\" content=\"https:\/\/hoyre.no\/content\/uploads\/sites\/408\/2026\/08\/IMG_2262-2-697x1024.jpg\" \/>\n<meta name=\"twitter:card\" content=\"summary_large_image\" \/>\n<meta name=\"twitter:description\" content=\"Her kan du bli bedre kjent med kandidaten til kommunevalget i 2027.\" \/>\n<meta name=\"twitter:label1\" content=\"Ansl. lesetid\" \/>\n\t<meta name=\"twitter:data1\" content=\"1 minutt\" \/>\n<script type=\"application\/ld+json\" class=\"yoast-schema-graph\">{\"@context\":\"https:\\\/\\\/schema.org\",\"@graph\":[{\"@type\":\"WebPage\",\"@id\":\"https:\\\/\\\/hoyre.no\\\/oslo\\\/anfa-hashi-godir\\\/\",\"url\":\"https:\\\/\\\/hoyre.no\\\/oslo\\\/anfa-hashi-godir\\\/\",\"name\":\"Anfa Hashi Godir - Oslo H\u00f8yre\",\"isPartOf\":{\"@id\":\"https:\\\/\\\/hoyre.no\\\/oslo\\\/#website\"},\"image\":{\"@id\":\"https:\\\/\\\/hoyre.no\\\/oslo\\\/anfa-hashi-godir\\\/#primaryimage\"},\"thumbnailUrl\":\"https:\\\/\\\/hoyre.no\\\/content\\\/uploads\\\/sites\\\/408\\\/2026\\\/08\\\/IMG_2262-2-697x1024.jpg\",\"datePublished\":\"2026-08-15T10:23:41+00:00\",\"description\":\"Her kan du bli bedre kjent med kandidaten til kommunevalget i 2027.\",\"breadcrumb\":{\"@id\":\"https:\\\/\\\/hoyre.no\\\/oslo\\\/anfa-hashi-godir\\\/#breadcrumb\"},\"inLanguage\":\"nb-NO\",\"potentialAction\":[{\"@type\":\"ReadAction\",\"target\":[\"https:\\\/\\\/hoyre.no\\\/oslo\\\/anfa-hashi-godir\\\/\"]}]},{\"@type\":\"ImageObject\",\"inLanguage\":\"nb-NO\",\"@id\":\"https:\\\/\\\/hoyre.no\\\/oslo\\\/anfa-hashi-godir\\\/#primaryimage\",\"url\":\"https:\\\/\\\/hoyre.no\\\/content\\\/uploads\\\/sites\\\/408\\\/2026\\\/08\\\/IMG_2262-2-697x1024.jpg\",\"contentUrl\":\"https:\\\/\\\/hoyre.no\\\/content\\\/uploads\\\/sites\\\/408\\\/2026\\\/08\\\/IMG_2262-2-697x1024.jpg\"},{\"@type\":\"BreadcrumbList\",\"@id\":\"https:\\\/\\\/hoyre.no\\\/oslo\\\/anfa-hashi-godir\\\/#breadcrumb\",\"itemListElement\":[{\"@type\":\"ListItem\",\"position\":1,\"name\":\"Til hoyre.no\",\"item\":\"https:\\\/\\\/hoyre.no\"},{\"@type\":\"ListItem\",\"position\":2,\"name\":\"Hjem\",\"item\":\"https:\\\/\\\/hoyre.no\\\/oslo\\\/\"},{\"@type\":\"ListItem\",\"position\":3,\"name\":\"Anfa Hashi Godir\"}]},{\"@type\":\"WebSite\",\"@id\":\"https:\\\/\\\/hoyre.no\\\/oslo\\\/#website\",\"url\":\"https:\\\/\\\/hoyre.no\\\/oslo\\\/\",\"name\":\"Oslo H\u00f8yre\",\"description\":\"\",\"publisher\":{\"@id\":\"https:\\\/\\\/hoyre.no\\\/oslo\\\/#organization\"},\"inLanguage\":\"nb-NO\"},{\"@type\":\"Organization\",\"@id\":\"https:\\\/\\\/hoyre.no\\\/oslo\\\/#organization\",\"name\":\"Oslo H\u00f8yre\",\"url\":\"https:\\\/\\\/hoyre.no\\\/oslo\\\/\",\"logo\":{\"@type\":\"ImageObject\",\"inLanguage\":\"nb-NO\",\"@id\":\"https:\\\/\\\/hoyre.no\\\/oslo\\\/#\\\/schema\\\/logo\\\/image\\\/\",\"url\":\"https:\\\/\\\/hoyre.no\\\/content\\\/uploads\\\/sites\\\/408\\\/2022\\\/11\\\/Hoyres-logo.png\",\"contentUrl\":\"https:\\\/\\\/hoyre.no\\\/content\\\/uploads\\\/sites\\\/408\\\/2022\\\/11\\\/Hoyres-logo.png\",\"width\":1000,\"height\":1000,\"caption\":\"Oslo H\u00f8yre\"},\"image\":{\"@id\":\"https:\\\/\\\/hoyre.no\\\/oslo\\\/#\\\/schema\\\/logo\\\/image\\\/\"},\"sameAs\":[\"https:\\\/\\\/www.facebook.com\\\/oslo.hoyre\"]}]}<\/script>\n<!-- \/ Yoast SEO Premium plugin. -->","yoast_head_json":{"title":"Anfa Hashi Godir - Oslo H\u00f8yre","description":"Her kan du bli bedre kjent med kandidaten til kommunevalget i 2027.","robots":{"index":"index","follow":"follow","max-snippet":"max-snippet:-1","max-image-preview":"max-image-preview:large","max-video-preview":"max-video-preview:-1"},"canonical":"https:\/\/hoyre.no\/oslo\/anfa-hashi-godir\/","og_locale":"nb_NO","og_type":"article","og_title":"Anfa Hashi Godir","og_description":"Her kan du bli bedre kjent med kandidaten til kommunevalget i 2027.","og_url":"https:\/\/hoyre.no\/oslo\/anfa-hashi-godir\/","og_site_name":"Oslo H\u00f8yre","article_publisher":"https:\/\/www.facebook.com\/oslo.hoyre","og_image":[{"url":"https:\/\/hoyre.no\/content\/uploads\/sites\/408\/2026\/08\/IMG_2262-2-697x1024.jpg","width":"","height":"","type":""}],"twitter_card":"summary_large_image","twitter_description":"Her kan du bli bedre kjent med kandidaten til kommunevalget i 2027.","twitter_misc":{"Ansl. lesetid":"1 minutt"},"schema":{"@context":"https:\/\/schema.org","@graph":[{"@type":"WebPage","@id":"https:\/\/hoyre.no\/oslo\/anfa-hashi-godir\/","url":"https:\/\/hoyre.no\/oslo\/anfa-hashi-godir\/","name":"Anfa Hashi Godir - Oslo H\u00f8yre","isPartOf":{"@id":"https:\/\/hoyre.no\/oslo\/#website"},"image":{"@id":"https:\/\/hoyre.no\/oslo\/anfa-hashi-godir\/#primaryimage"},"thumbnailUrl":"https:\/\/hoyre.no\/content\/uploads\/sites\/408\/2026\/08\/IMG_2262-2-697x1024.jpg","datePublished":"2026-08-15T10:23:41+00:00","description":"Her kan du bli bedre kjent med kandidaten til kommunevalget i 2027.","breadcrumb":{"@id":"https:\/\/hoyre.no\/oslo\/anfa-hashi-godir\/#breadcrumb"},"inLanguage":"nb-NO","potentialAction":[{"@type":"ReadAction","target":["https:\/\/hoyre.no\/oslo\/anfa-hashi-godir\/"]}]},{"@type":"ImageObject","inLanguage":"nb-NO","@id":"https:\/\/hoyre.no\/oslo\/anfa-hashi-godir\/#primaryimage","url":"https:\/\/hoyre.no\/content\/uploads\/sites\/408\/2026\/08\/IMG_2262-2-697x1024.jpg","contentUrl":"https:\/\/hoyre.no\/content\/uploads\/sites\/408\/2026\/08\/IMG_2262-2-697x1024.jpg"},{"@type":"BreadcrumbList","@id":"https:\/\/hoyre.no\/oslo\/anfa-hashi-godir\/#breadcrumb","itemListElement":[{"@type":"ListItem","position":1,"name":"Til hoyre.no","item":"https:\/\/hoyre.no"},{"@type":"ListItem","position":2,"name":"Hjem","item":"https:\/\/hoyre.no\/oslo\/"},{"@type":"ListItem","position":3,"name":"Anfa Hashi Godir"}]},{"@type":"WebSite","@id":"https:\/\/hoyre.no\/oslo\/#website","url":"https:\/\/hoyre.no\/oslo\/","name":"Oslo H\u00f8yre","description":"","publisher":{"@id":"https:\/\/hoyre.no\/oslo\/#organization"},"inLanguage":"nb-NO"},{"@type":"Organization","@id":"https:\/\/hoyre.no\/oslo\/#organization","name":"Oslo H\u00f8yre","url":"https:\/\/hoyre.no\/oslo\/","logo":{"@type":"ImageObject","inLanguage":"nb-NO","@id":"https:\/\/hoyre.no\/oslo\/#\/schema\/logo\/image\/","url":"https:\/\/hoyre.no\/content\/uploads\/sites\/408\/2022\/11\/Hoyres-logo.png","contentUrl":"https:\/\/hoyre.no\/content\/uploads\/sites\/408\/2022\/11\/Hoyres-logo.png","width":1000,"height":1000,"caption":"Oslo H\u00f8yre"},"image":{"@id":"https:\/\/hoyre.no\/oslo\/#\/schema\/logo\/image\/"},"sameAs":["https:\/\/www.facebook.com\/oslo.hoyre"]}]}},"distributor_meta":false,"distributor_terms":false,"distributor_media":false,"distributor_original_site_name":"Oslo H\u00f8yre","distributor_original_site_url":"https:\/\/hoyre.no\/oslo","push-errors":false,"_links":{"self":[{"href":"https:\/\/hoyre.no\/oslo\/wp-json\/wp\/v2\/pages\/11108","targetHints":{"allow":["GET"]}}],"collection":[{"href":"https:\/\/hoyre.no\/oslo\/wp-json\/wp\/v2\/pages"}],"about":[{"href":"https:\/\/hoyre.no\/oslo\/wp-json\/wp\/v2\/types\/page"}],"author":[{"embeddable":true,"href":"https:\/\/hoyre.no\/oslo\/wp-json\/wp\/v2\/users\/31424"}],"replies":[{"embeddable":true,"href":"https:\/\/hoyre.no\/oslo\/wp-json\/wp\/v2\/comments?post=11108"}],"version-history":[{"count":2,"href":"https:\/\/hoyre.no\/oslo\/wp-json\/wp\/v2\/pages\/11108\/revisions"}],"predecessor-version":[{"id":11111,"href":"https:\/\/hoyre.no\/oslo\/wp-json\/wp\/v2\/pages\/11108\/revisions\/11111"}],"wp:attachment":[{"href":"https:\/\/hoyre.no\/oslo\/wp-json\/wp\/v2\/media?parent=11108"}],"curies":[{"name":"wp","href":"https:\/\/api.w.org\/{rel}","templated":true}]}}

<div class="wp-block-hoyre-hero with-image-gradient text-color-light  alignfull has-background "><div class="hoyre-hero "><h1 class="title">Anfa Hashi Godir</h1><p class="preamble">Bli kjent med kandidaten her.</p></div></div>



<div class="wp-block-image">
<figure class="aligncenter size-large is-resized"><img loading="lazy" decoding="async" width="697" height="1024" src="https://hoyre.no/content/uploads/sites/408/2026/08/IMG_2262-2-697x1024.jpg" alt="" class="wp-image-11109" style="aspect-ratio:0.6806731472770984;width:378px;height:auto" srcset="https://hoyre.no/content/uploads/sites/408/2026/08/IMG_2262-2-697x1024.jpg 697w, https://hoyre.no/content/uploads/sites/408/2026/08/IMG_2262-2-204x300.jpg 204w, https://hoyre.no/content/uploads/sites/408/2026/08/IMG_2262-2-768x1129.jpg 768w, https://hoyre.no/content/uploads/sites/408/2026/08/IMG_2262-2.jpg 871w" sizes="auto, (max-width: 697px) 100vw, 697px" /><figcaption class="wp-element-caption">Anfa Hashi Godir</figcaption></figure>
</div>


<div class="wp-block-hoyre-banner undefined has-icon-title icon-heart is-style-blue"><div class="banner-inner"><div class="banner-content"><div class="entry-content">
<h2 id="h-bli-bedre-kjent-med-anfa" class="wp-block-heading">Bli bedre kjent med Anfa!</h2>



<p class="wp-block-paragraph"><strong>Bydel</strong>: Alna<br><strong>Alder:</strong> 44 år</p>



<p class="wp-block-paragraph"><strong>Hva er din bakgrunn og hvilke egenskaper vil du trekke frem ved deg selv?</strong><br>Som ung jente kom jeg til Norge som flyktning. Etter en lang og utfordrende reise, fullførte jeg studier i statsvitenskap og videreutdanning innen menneskerettigheter, flerkulturell forståelse og konflikthåndtering.</p>



<p class="wp-block-paragraph"> Min erfaring inkluderer offentlig forvaltning, saksbehandling og arbeid i ulike      institusjonelle, politiske og flerkulturelle sammenhenger. </p>



<p class="wp-block-paragraph"><strong>Hva er dine viktigste politiske saker?</strong><br>Forebygging av ungdomskriminalitet, samt å støtte barn, unge og kvinner som har utfordringer å komme inn i arbeidslivet.</p>



<p class="wp-block-paragraph"><strong>Hvorfor vil du stille til valg for Oslo Høyre?</strong><br>Oslo trenger politikere med ulike livserfaringer og bakgrunner. Derfor mener jeg at jeg har mye å bidra med.</p>



<div class="wp-block-buttons is-layout-flex wp-block-buttons-is-layout-flex"></div>
</div></div></div></div>

<!-- This site is optimized with the Yoast SEO Premium plugin v28.2 (Yoast SEO v28.2) - https://yoast.com/product/yoast-seo-premium-wordpress/ -->
<title>Anfa Hashi Godir - Oslo Høyre</title>
<meta name="description" content="Her kan du bli bedre kjent med kandidaten til kommunevalget i 2027." />
<meta name="robots" content="index, follow, max-snippet:-1, max-image-preview:large, max-video-preview:-1" />
<link rel="canonical" href="https://hoyre.no/oslo/anfa-hashi-godir/" />
<meta property="og:locale" content="nb_NO" />
<meta property="og:type" content="article" />
<meta property="og:title" content="Anfa Hashi Godir" />
<meta property="og:description" content="Her kan du bli bedre kjent med kandidaten til kommunevalget i 2027." />
<meta property="og:url" content="https://hoyre.no/oslo/anfa-hashi-godir/" />
<meta property="og:site_name" content="Oslo Høyre" />
<meta property="article:publisher" content="https://www.facebook.com/oslo.hoyre" />
<meta property="og:image" content="https://hoyre.no/content/uploads/sites/408/2026/08/IMG_2262-2-697x1024.jpg" />
<meta name="twitter:card" content="summary_large_image" />
<meta name="twitter:description" content="Her kan du bli bedre kjent med kandidaten til kommunevalget i 2027." />
<meta name="twitter:label1" content="Ansl. lesetid" />
	<meta name="twitter:data1" content="1 minutt" />
<script type="application/ld+json" class="yoast-schema-graph">{"@context":"https:\/\/schema.org","@graph":[{"@type":"WebPage","@id":"https:\/\/hoyre.no\/oslo\/anfa-hashi-godir\/","url":"https:\/\/hoyre.no\/oslo\/anfa-hashi-godir\/","name":"Anfa Hashi Godir - Oslo Høyre","isPartOf":{"@id":"https:\/\/hoyre.no\/oslo\/#website"},"image":{"@id":"https:\/\/hoyre.no\/oslo\/anfa-hashi-godir\/#primaryimage"},"thumbnailUrl":"https:\/\/hoyre.no\/content\/uploads\/sites\/408\/2026\/08\/IMG_2262-2-697x1024.jpg","datePublished":"2026-08-15T10:23:41+00:00","description":"Her kan du bli bedre kjent med kandidaten til kommunevalget i 2027.","breadcrumb":{"@id":"https:\/\/hoyre.no\/oslo\/anfa-hashi-godir\/#breadcrumb"},"inLanguage":"nb-NO","potentialAction":[{"@type":"ReadAction","target":["https:\/\/hoyre.no\/oslo\/anfa-hashi-godir\/"]}]},{"@type":"ImageObject","inLanguage":"nb-NO","@id":"https:\/\/hoyre.no\/oslo\/anfa-hashi-godir\/#primaryimage","url":"https:\/\/hoyre.no\/content\/uploads\/sites\/408\/2026\/08\/IMG_2262-2-697x1024.jpg","contentUrl":"https:\/\/hoyre.no\/content\/uploads\/sites\/408\/2026\/08\/IMG_2262-2-697x1024.jpg"},{"@type":"BreadcrumbList","@id":"https:\/\/hoyre.no\/oslo\/anfa-hashi-godir\/#breadcrumb","itemListElement":[{"@type":"ListItem","position":1,"name":"Til hoyre.no","item":"https:\/\/hoyre.no"},{"@type":"ListItem","position":2,"name":"Hjem","item":"https:\/\/hoyre.no\/oslo\/"},{"@type":"ListItem","position":3,"name":"Anfa Hashi Godir"}]},{"@type":"WebSite","@id":"https:\/\/hoyre.no\/oslo\/#website","url":"https:\/\/hoyre.no\/oslo\/","name":"Oslo Høyre","description":"","publisher":{"@id":"https:\/\/hoyre.no\/oslo\/#organization"},"inLanguage":"nb-NO"},{"@type":"Organization","@id":"https:\/\/hoyre.no\/oslo\/#organization","name":"Oslo Høyre","url":"https:\/\/hoyre.no\/oslo\/","logo":{"@type":"ImageObject","inLanguage":"nb-NO","@id":"https:\/\/hoyre.no\/oslo\/#\/schema\/logo\/image\/","url":"https:\/\/hoyre.no\/content\/uploads\/sites\/408\/2022\/11\/Hoyres-logo.png","contentUrl":"https:\/\/hoyre.no\/content\/uploads\/sites\/408\/2022\/11\/Hoyres-logo.png","width":1000,"height":1000,"caption":"Oslo Høyre"},"image":{"@id":"https:\/\/hoyre.no\/oslo\/#\/schema\/logo\/image\/"},"sameAs":["https:\/\/www.facebook.com\/oslo.hoyre"]}]}</script>
<!-- / Yoast SEO Premium plugin. -->

Anfa Hashi Godir - Oslo Høyre

Oslo Høyre
