{"id":3175,"date":"2022-09-29T12:54:09","date_gmt":"2022-09-29T10:54:09","guid":{"rendered":"https:\/\/hoyre.no\/oslo\/?page_id=3175"},"modified":"2022-09-29T12:56:03","modified_gmt":"2022-09-29T10:56:03","slug":"aktivitet-maltidsglede-og-fellesskap","status":"publish","type":"page","link":"https:\/\/hoyre.no\/oslo\/politikk\/vaar-politikk\/aktivitet-maltidsglede-og-fellesskap\/","title":{"rendered":"Aktivitet, m\u00e5ltidsglede og fellesskap"},"content":{"rendered":"\n<div class=\"wp-block-hoyre-hero with-image-gradient text-color-light  alignfull has-background\"><div class=\"hoyre-hero \"><h1 class=\"title\">Aktivitet, m\u00e5ltidsglede og fellesskap<\/h1><p class=\"preamble\">Det er en \u00f8kende andel eldre som f\u00f8ler seg ensomme. Oslo kommunes egne brukerunders\u00f8kelser viser at beboere i sykehjem \u00f8nsker st\u00f8rre bredde i tilbudet av aktiviteter, og at mange savner aktiviteter som er tilpasset den enkelte.<\/p><\/div><\/div>\n\n\n\n\n<p>H\u00f8yre \u00f8nsker \u00e5 mobilisere mot ensomhet og for \u00f8kt aktivitet og fellesskap, b\u00e5de for eldre som bor hjemme, og for dem som bor p\u00e5 sykehjem. N\u00e5r vi forebygger ensomhet, \u00f8ker aktiviteten og mulighetene for opplevelser og sosiale relasjoner, forebygger vi ogs\u00e5 fysiske og psykiske helseplager.<\/p>\n\n\n\n<p>Mat er grunnleggende for trivsel og for helsen. B\u00e5de det sosiale i \u00e5 spise sammen med andre, men ogs\u00e5 variasjon i tilbudet og kvaliteten p\u00e5 maten betyr mye. For mange beboere i sykehjem er m\u00e5ltidene dagens h\u00f8ydepunkt og en viktig sosial m\u00f8teplass.<\/p>\n\n\n\n<p>Det er dessverre altfor mange eldre som lider av under- og feilern\u00e6ring, b\u00e5de p\u00e5 sykehjem og i hjemmetjenesten i Oslo. I tillegg til at maten som leveres eller serveres, er ern\u00e6ringsmessig riktig, er det er viktig med systematisk kartlegging av ern\u00e6ringstilstand, for \u00e5 kunne identifisere, overv\u00e5ke, observere og iverksette tiltak for dem som har ern\u00e6ringsmessige utfordringer. Riktig kosthold kan ogs\u00e5 redusere un\u00f8dvendig medisinbruk og gi eldre mer energi og bedre helse.<\/p>\n\n\n\n<p><strong>Oslo H\u00f8yre vil:<\/strong><\/p>\n\n\n\n<ul class=\"wp-block-list\"><li>At eldre p\u00e5 sykehjem skal f\u00e5 tilbud om minst \u00e9n time aktivitet daglig med bakgrunn i egne interesser, \u00f8nsker og behov.<\/li><li>Samarbeide med organisasjoner, sosiale entrepren\u00f8rer og frivillige som arbeider med \u00e5 redusere ensomhet blant eldre.<\/li><li>At alle eldre som er i faresonen for ern\u00e6ringsproblemer, blir kartlagt. Oslo skal ha egne konkrete kvalitetsm\u00e5l for ern\u00e6ring og en felles prosedyre for \u00e5 f\u00f8lge opp ern\u00e6ringsstatusen til eldre i kommunen. Maten som serveres, skal ha god kvalitet.<\/li><li>Etablere flere prosjekter som \u00abspisevenn\u00bb og legge til rette for sosiale restaurantbes\u00f8k, slik at hjemmeboende eldre kan spise m\u00e5ltidene sammen med andre i lokalmilj\u00f8et.<\/li><li>Sikre et godt tilbud av eldre- og seniorsentre i bydelene, gjerne i samarbeid med frivillighetssentralene og frivillige organisasjoner.<\/li><li>Legge til rette for flere plasser der unge og eldre kan m\u00f8tes og v\u00e6re i aktivitet p\u00e5 tvers av generasjonene, for eksempel ved \u00e5 inng\u00e5 samarbeid med flere barnehager og skoler.<\/li><li>Bygge sykehjem og omsorgsboliger som blir en integrert del av lokalmilj\u00f8et, for eksempel ved \u00e5 etablere \u00e5pne kafeer eller konsertarenaer p\u00e5 sykehjemmet der flere kan delta.<\/li><\/ul>\n\n","protected":false},"excerpt":{"rendered":"","protected":false},"author":51320,"featured_media":0,"parent":51,"menu_order":0,"comment_status":"closed","ping_status":"closed","template":"","meta":{"teft_cards_image_url":"","teft_cards_custom_pretitle":"","teft_cards_image_id":0,"teft_cards_image_focal_point_x":0,"teft_cards_image_focal_point_y":0,"teft_cards_title":"","teft_cards_excerpt":"","teft_show_chapters":false,"footnotes":""},"class_list":["post-3175","page","type-page","status-publish","hentry"],"yoast_head":"<!-- This site is optimized with the Yoast SEO Premium plugin v26.5 (Yoast SEO v26.6) - https:\/\/yoast.com\/wordpress\/plugins\/seo\/ -->\n<title>Aktivitet, m\u00e5ltidsglede og fellesskap - Oslo H\u00f8yre<\/title>\n<meta name=\"robots\" content=\"index, follow, max-snippet:-1, max-image-preview:large, max-video-preview:-1\" \/>\n<link rel=\"canonical\" href=\"https:\/\/hoyre.no\/oslo\/politikk\/vaar-politikk\/aktivitet-maltidsglede-og-fellesskap\/\" \/>\n<meta property=\"og:locale\" content=\"nb_NO\" \/>\n<meta property=\"og:type\" content=\"article\" \/>\n<meta property=\"og:title\" content=\"Aktivitet, m\u00e5ltidsglede og fellesskap\" \/>\n<meta property=\"og:url\" content=\"https:\/\/hoyre.no\/oslo\/politikk\/vaar-politikk\/aktivitet-maltidsglede-og-fellesskap\/\" \/>\n<meta property=\"og:site_name\" content=\"Oslo H\u00f8yre\" \/>\n<meta property=\"article:publisher\" content=\"https:\/\/www.facebook.com\/oslo.hoyre\" \/>\n<meta property=\"article:modified_time\" content=\"2022-09-29T10:56:03+00:00\" \/>\n<meta property=\"og:image\" content=\"https:\/\/hoyre.no\/content\/uploads\/sites\/408\/2022\/11\/Hoyres-logo.png\" \/>\n\t<meta property=\"og:image:width\" content=\"1000\" \/>\n\t<meta property=\"og:image:height\" content=\"1000\" \/>\n\t<meta property=\"og:image:type\" content=\"image\/png\" \/>\n<meta name=\"twitter:card\" content=\"summary_large_image\" \/>\n<meta name=\"twitter:label1\" content=\"Ansl. lesetid\" \/>\n\t<meta name=\"twitter:data1\" content=\"3 minutter\" \/>\n<script type=\"application\/ld+json\" class=\"yoast-schema-graph\">{\"@context\":\"https:\/\/schema.org\",\"@graph\":[{\"@type\":\"WebPage\",\"@id\":\"https:\/\/hoyre.no\/oslo\/politikk\/vaar-politikk\/aktivitet-maltidsglede-og-fellesskap\/\",\"url\":\"https:\/\/hoyre.no\/oslo\/politikk\/vaar-politikk\/aktivitet-maltidsglede-og-fellesskap\/\",\"name\":\"Aktivitet, m\u00e5ltidsglede og fellesskap - Oslo H\u00f8yre\",\"isPartOf\":{\"@id\":\"https:\/\/hoyre.no\/oslo\/#website\"},\"datePublished\":\"2022-09-29T10:54:09+00:00\",\"dateModified\":\"2022-09-29T10:56:03+00:00\",\"breadcrumb\":{\"@id\":\"https:\/\/hoyre.no\/oslo\/politikk\/vaar-politikk\/aktivitet-maltidsglede-og-fellesskap\/#breadcrumb\"},\"inLanguage\":\"nb-NO\",\"potentialAction\":[{\"@type\":\"ReadAction\",\"target\":[\"https:\/\/hoyre.no\/oslo\/politikk\/vaar-politikk\/aktivitet-maltidsglede-og-fellesskap\/\"]}]},{\"@type\":\"BreadcrumbList\",\"@id\":\"https:\/\/hoyre.no\/oslo\/politikk\/vaar-politikk\/aktivitet-maltidsglede-og-fellesskap\/#breadcrumb\",\"itemListElement\":[{\"@type\":\"ListItem\",\"position\":1,\"name\":\"Til hoyre.no\",\"item\":\"https:\/\/hoyre.no\"},{\"@type\":\"ListItem\",\"position\":2,\"name\":\"Hjem\",\"item\":\"https:\/\/hoyre.no\/oslo\/\"},{\"@type\":\"ListItem\",\"position\":3,\"name\":\"Politikk\",\"item\":\"https:\/\/hoyre.no\/oslo\/politikk\/\"},{\"@type\":\"ListItem\",\"position\":4,\"name\":\"V\u00e5r politikk\",\"item\":\"https:\/\/hoyre.no\/oslo\/politikk\/vaar-politikk\/\"},{\"@type\":\"ListItem\",\"position\":5,\"name\":\"Aktivitet, m\u00e5ltidsglede og fellesskap\"}]},{\"@type\":\"WebSite\",\"@id\":\"https:\/\/hoyre.no\/oslo\/#website\",\"url\":\"https:\/\/hoyre.no\/oslo\/\",\"name\":\"Oslo H\u00f8yre\",\"description\":\"\",\"publisher\":{\"@id\":\"https:\/\/hoyre.no\/oslo\/#organization\"},\"inLanguage\":\"nb-NO\"},{\"@type\":\"Organization\",\"@id\":\"https:\/\/hoyre.no\/oslo\/#organization\",\"name\":\"Oslo H\u00f8yre\",\"url\":\"https:\/\/hoyre.no\/oslo\/\",\"logo\":{\"@type\":\"ImageObject\",\"inLanguage\":\"nb-NO\",\"@id\":\"https:\/\/hoyre.no\/oslo\/#\/schema\/logo\/image\/\",\"url\":\"https:\/\/hoyre.no\/content\/uploads\/sites\/408\/2022\/11\/Hoyres-logo.png\",\"contentUrl\":\"https:\/\/hoyre.no\/content\/uploads\/sites\/408\/2022\/11\/Hoyres-logo.png\",\"width\":1000,\"height\":1000,\"caption\":\"Oslo H\u00f8yre\"},\"image\":{\"@id\":\"https:\/\/hoyre.no\/oslo\/#\/schema\/logo\/image\/\"},\"sameAs\":[\"https:\/\/www.facebook.com\/oslo.hoyre\"]}]}<\/script>\n<!-- \/ Yoast SEO Premium plugin. -->","yoast_head_json":{"title":"Aktivitet, m\u00e5ltidsglede og fellesskap - Oslo H\u00f8yre","robots":{"index":"index","follow":"follow","max-snippet":"max-snippet:-1","max-image-preview":"max-image-preview:large","max-video-preview":"max-video-preview:-1"},"canonical":"https:\/\/hoyre.no\/oslo\/politikk\/vaar-politikk\/aktivitet-maltidsglede-og-fellesskap\/","og_locale":"nb_NO","og_type":"article","og_title":"Aktivitet, m\u00e5ltidsglede og fellesskap","og_url":"https:\/\/hoyre.no\/oslo\/politikk\/vaar-politikk\/aktivitet-maltidsglede-og-fellesskap\/","og_site_name":"Oslo H\u00f8yre","article_publisher":"https:\/\/www.facebook.com\/oslo.hoyre","article_modified_time":"2022-09-29T10:56:03+00:00","og_image":[{"width":1000,"height":1000,"url":"https:\/\/hoyre.no\/content\/uploads\/sites\/408\/2022\/11\/Hoyres-logo.png","type":"image\/png"}],"twitter_card":"summary_large_image","twitter_misc":{"Ansl. lesetid":"3 minutter"},"schema":{"@context":"https:\/\/schema.org","@graph":[{"@type":"WebPage","@id":"https:\/\/hoyre.no\/oslo\/politikk\/vaar-politikk\/aktivitet-maltidsglede-og-fellesskap\/","url":"https:\/\/hoyre.no\/oslo\/politikk\/vaar-politikk\/aktivitet-maltidsglede-og-fellesskap\/","name":"Aktivitet, m\u00e5ltidsglede og fellesskap - Oslo H\u00f8yre","isPartOf":{"@id":"https:\/\/hoyre.no\/oslo\/#website"},"datePublished":"2022-09-29T10:54:09+00:00","dateModified":"2022-09-29T10:56:03+00:00","breadcrumb":{"@id":"https:\/\/hoyre.no\/oslo\/politikk\/vaar-politikk\/aktivitet-maltidsglede-og-fellesskap\/#breadcrumb"},"inLanguage":"nb-NO","potentialAction":[{"@type":"ReadAction","target":["https:\/\/hoyre.no\/oslo\/politikk\/vaar-politikk\/aktivitet-maltidsglede-og-fellesskap\/"]}]},{"@type":"BreadcrumbList","@id":"https:\/\/hoyre.no\/oslo\/politikk\/vaar-politikk\/aktivitet-maltidsglede-og-fellesskap\/#breadcrumb","itemListElement":[{"@type":"ListItem","position":1,"name":"Til hoyre.no","item":"https:\/\/hoyre.no"},{"@type":"ListItem","position":2,"name":"Hjem","item":"https:\/\/hoyre.no\/oslo\/"},{"@type":"ListItem","position":3,"name":"Politikk","item":"https:\/\/hoyre.no\/oslo\/politikk\/"},{"@type":"ListItem","position":4,"name":"V\u00e5r politikk","item":"https:\/\/hoyre.no\/oslo\/politikk\/vaar-politikk\/"},{"@type":"ListItem","position":5,"name":"Aktivitet, m\u00e5ltidsglede og fellesskap"}]},{"@type":"WebSite","@id":"https:\/\/hoyre.no\/oslo\/#website","url":"https:\/\/hoyre.no\/oslo\/","name":"Oslo H\u00f8yre","description":"","publisher":{"@id":"https:\/\/hoyre.no\/oslo\/#organization"},"inLanguage":"nb-NO"},{"@type":"Organization","@id":"https:\/\/hoyre.no\/oslo\/#organization","name":"Oslo H\u00f8yre","url":"https:\/\/hoyre.no\/oslo\/","logo":{"@type":"ImageObject","inLanguage":"nb-NO","@id":"https:\/\/hoyre.no\/oslo\/#\/schema\/logo\/image\/","url":"https:\/\/hoyre.no\/content\/uploads\/sites\/408\/2022\/11\/Hoyres-logo.png","contentUrl":"https:\/\/hoyre.no\/content\/uploads\/sites\/408\/2022\/11\/Hoyres-logo.png","width":1000,"height":1000,"caption":"Oslo H\u00f8yre"},"image":{"@id":"https:\/\/hoyre.no\/oslo\/#\/schema\/logo\/image\/"},"sameAs":["https:\/\/www.facebook.com\/oslo.hoyre"]}]}},"distributor_meta":false,"distributor_terms":false,"distributor_media":false,"distributor_original_site_name":"Oslo H\u00f8yre","distributor_original_site_url":"https:\/\/hoyre.no\/oslo","push-errors":false,"_links":{"self":[{"href":"https:\/\/hoyre.no\/oslo\/wp-json\/wp\/v2\/pages\/3175","targetHints":{"allow":["GET"]}}],"collection":[{"href":"https:\/\/hoyre.no\/oslo\/wp-json\/wp\/v2\/pages"}],"about":[{"href":"https:\/\/hoyre.no\/oslo\/wp-json\/wp\/v2\/types\/page"}],"author":[{"embeddable":true,"href":"https:\/\/hoyre.no\/oslo\/wp-json\/wp\/v2\/users\/51320"}],"replies":[{"embeddable":true,"href":"https:\/\/hoyre.no\/oslo\/wp-json\/wp\/v2\/comments?post=3175"}],"version-history":[{"count":2,"href":"https:\/\/hoyre.no\/oslo\/wp-json\/wp\/v2\/pages\/3175\/revisions"}],"predecessor-version":[{"id":3178,"href":"https:\/\/hoyre.no\/oslo\/wp-json\/wp\/v2\/pages\/3175\/revisions\/3178"}],"up":[{"embeddable":true,"href":"https:\/\/hoyre.no\/oslo\/wp-json\/wp\/v2\/pages\/51"}],"wp:attachment":[{"href":"https:\/\/hoyre.no\/oslo\/wp-json\/wp\/v2\/media?parent=3175"}],"curies":[{"name":"wp","href":"https:\/\/api.w.org\/{rel}","templated":true}]}}