{"id":3330,"date":"2022-10-07T15:08:55","date_gmt":"2022-10-07T13:08:55","guid":{"rendered":"https:\/\/hoyre.no\/oslo\/?page_id=3330"},"modified":"2022-10-07T15:08:56","modified_gmt":"2022-10-07T13:08:56","slug":"inkluderende-fritids-og-aktivitetstilbud","status":"publish","type":"page","link":"https:\/\/hoyre.no\/oslo\/politikk\/vaar-politikk\/inkluderende-fritids-og-aktivitetstilbud\/","title":{"rendered":"Inkluderende fritids- og aktivitetstilbud"},"content":{"rendered":"\n<div class=\"wp-block-hoyre-hero with-image-gradient text-color-light  alignfull has-background\"><div class=\"hoyre-hero \"><h1 class=\"title\">Inkluderende fritids- og aktivitetstilbud<\/h1><p class=\"preamble\">Skolen og hjemmet er de viktigste arenaene for oppvekst, l\u00e6ring og inkludering i samfunnet for barn og unge. I tillegg er det viktig at barn og unge har trygge og gode rammer ogs\u00e5 etter skoletid. Kommunen m\u00e5 satse p\u00e5 brukermedvirkning og kompetanse for \u00e5 heve kvaliteten p\u00e5 fritidstilbudene.<\/p><\/div><\/div>\n\n\n\n\n<p>Oslo kommune skal s\u00f8ke n\u00e6rmere samarbeid med ideelle og frivillige organisasjoner som jobber aktivt med inkludering, utdanning og fritidsaktiviteter. Oslo H\u00f8yre \u00f8nsker \u00e5 satse videre p\u00e5 sommeraktiviteter for barn og unge.<\/p>\n\n\n\n<p><strong>Oslo H\u00f8yre vil:<\/strong><\/p>\n\n\n\n<ul class=\"wp-block-list\"><li>At familier med lavere inntekt skal f\u00e5 gratis eller sterkt reduserte satser p\u00e5 Aktivitetsskolen (AKS), uavhengig av hvor i byen de bor.<\/li><li>Ha minstekrav til kvaliteten p\u00e5 AKS-tilbudet og mer l\u00e6ringsst\u00f8ttende innhold for \u00e5 sikre et mer likeverdig AKS-tilbud i hele byen.<\/li><li>Sette inn kompetansehevende tiltak for ansatte i AKS. Kursene skal v\u00e6re praktisk rettet og vektlegge spr\u00e5k.<\/li><li>Utvide \u00e5pningstidene p\u00e5 ungdoms- og fritidsklubber og s\u00f8rge for at tilbudet har god kvalitet og n\u00e5r ut til de ungdommene som trenger det mest. Tilbudet m\u00e5 utvikles i samr\u00e5d med ungdommen.<\/li><li>S\u00f8rge for at barn fra lavinntektsfamilier f\u00e5r dekket medlemskap og aktivitetsavgift til en fritidsaktivitet. Alle barn skal ha muligheten til \u00e5 delta i minst \u00e9n organisert fritidsaktivitet.<\/li><li>Legge bedre til rette for egenorganiserte fritidsaktiviteter (for eksempel skating, streetbasket, m.m.)<\/li><li>Gi barn og ungdom et mer variert fritidstilbud gjennom \u00e5 etablere lekeparker med fokus p\u00e5 realfag for barn og ungdom, som et ledd i \u00e5 realisere H\u00f8yres satsing p\u00e5 l\u00e6ring gjennom lek.<\/li><li>At det etableres flere utl\u00e5nssentraler der barn og unge kan l\u00e5ne tur- og friluftsutstyr, som for eksempel ski, sk\u00f8yter, snowboards og sykler.<\/li><li>Oppfordre bydelene til \u00e5 tilby sommerjobb til ungdom. Dette b\u00f8r skje i samarbeid med n\u00e6ringslivet og frivilligheten.<\/li><\/ul>\n\n","protected":false},"excerpt":{"rendered":"","protected":false},"author":51320,"featured_media":0,"parent":51,"menu_order":0,"comment_status":"closed","ping_status":"closed","template":"","meta":{"teft_cards_image_url":"","teft_cards_custom_pretitle":"","teft_cards_image_id":0,"teft_cards_image_focal_point_x":0,"teft_cards_image_focal_point_y":0,"teft_cards_title":"","teft_cards_excerpt":"","teft_show_chapters":false,"footnotes":""},"class_list":["post-3330","page","type-page","status-publish","hentry"],"yoast_head":"<!-- This site is optimized with the Yoast SEO Premium plugin v26.5 (Yoast SEO v26.6) - https:\/\/yoast.com\/wordpress\/plugins\/seo\/ -->\n<title>Inkluderende fritids- og aktivitetstilbud - Oslo H\u00f8yre<\/title>\n<meta name=\"robots\" content=\"index, follow, max-snippet:-1, max-image-preview:large, max-video-preview:-1\" \/>\n<link rel=\"canonical\" href=\"https:\/\/hoyre.no\/oslo\/politikk\/vaar-politikk\/inkluderende-fritids-og-aktivitetstilbud\/\" \/>\n<meta property=\"og:locale\" content=\"nb_NO\" \/>\n<meta property=\"og:type\" content=\"article\" \/>\n<meta property=\"og:title\" content=\"Inkluderende fritids- og aktivitetstilbud\" \/>\n<meta property=\"og:url\" content=\"https:\/\/hoyre.no\/oslo\/politikk\/vaar-politikk\/inkluderende-fritids-og-aktivitetstilbud\/\" \/>\n<meta property=\"og:site_name\" content=\"Oslo H\u00f8yre\" \/>\n<meta property=\"article:publisher\" content=\"https:\/\/www.facebook.com\/oslo.hoyre\" \/>\n<meta property=\"article:modified_time\" content=\"2022-10-07T13:08:56+00:00\" \/>\n<meta property=\"og:image\" content=\"https:\/\/hoyre.no\/content\/uploads\/sites\/408\/2022\/11\/Hoyres-logo.png\" \/>\n\t<meta property=\"og:image:width\" content=\"1000\" \/>\n\t<meta property=\"og:image:height\" content=\"1000\" \/>\n\t<meta property=\"og:image:type\" content=\"image\/png\" \/>\n<meta name=\"twitter:card\" content=\"summary_large_image\" \/>\n<meta name=\"twitter:label1\" content=\"Ansl. lesetid\" \/>\n\t<meta name=\"twitter:data1\" content=\"2 minutter\" \/>\n<script type=\"application\/ld+json\" class=\"yoast-schema-graph\">{\"@context\":\"https:\/\/schema.org\",\"@graph\":[{\"@type\":\"WebPage\",\"@id\":\"https:\/\/hoyre.no\/oslo\/politikk\/vaar-politikk\/inkluderende-fritids-og-aktivitetstilbud\/\",\"url\":\"https:\/\/hoyre.no\/oslo\/politikk\/vaar-politikk\/inkluderende-fritids-og-aktivitetstilbud\/\",\"name\":\"Inkluderende fritids- og aktivitetstilbud - Oslo H\u00f8yre\",\"isPartOf\":{\"@id\":\"https:\/\/hoyre.no\/oslo\/#website\"},\"datePublished\":\"2022-10-07T13:08:55+00:00\",\"dateModified\":\"2022-10-07T13:08:56+00:00\",\"breadcrumb\":{\"@id\":\"https:\/\/hoyre.no\/oslo\/politikk\/vaar-politikk\/inkluderende-fritids-og-aktivitetstilbud\/#breadcrumb\"},\"inLanguage\":\"nb-NO\",\"potentialAction\":[{\"@type\":\"ReadAction\",\"target\":[\"https:\/\/hoyre.no\/oslo\/politikk\/vaar-politikk\/inkluderende-fritids-og-aktivitetstilbud\/\"]}]},{\"@type\":\"BreadcrumbList\",\"@id\":\"https:\/\/hoyre.no\/oslo\/politikk\/vaar-politikk\/inkluderende-fritids-og-aktivitetstilbud\/#breadcrumb\",\"itemListElement\":[{\"@type\":\"ListItem\",\"position\":1,\"name\":\"Til hoyre.no\",\"item\":\"https:\/\/hoyre.no\"},{\"@type\":\"ListItem\",\"position\":2,\"name\":\"Hjem\",\"item\":\"https:\/\/hoyre.no\/oslo\/\"},{\"@type\":\"ListItem\",\"position\":3,\"name\":\"Politikk\",\"item\":\"https:\/\/hoyre.no\/oslo\/politikk\/\"},{\"@type\":\"ListItem\",\"position\":4,\"name\":\"V\u00e5r politikk\",\"item\":\"https:\/\/hoyre.no\/oslo\/politikk\/vaar-politikk\/\"},{\"@type\":\"ListItem\",\"position\":5,\"name\":\"Inkluderende fritids- og aktivitetstilbud\"}]},{\"@type\":\"WebSite\",\"@id\":\"https:\/\/hoyre.no\/oslo\/#website\",\"url\":\"https:\/\/hoyre.no\/oslo\/\",\"name\":\"Oslo H\u00f8yre\",\"description\":\"\",\"publisher\":{\"@id\":\"https:\/\/hoyre.no\/oslo\/#organization\"},\"inLanguage\":\"nb-NO\"},{\"@type\":\"Organization\",\"@id\":\"https:\/\/hoyre.no\/oslo\/#organization\",\"name\":\"Oslo H\u00f8yre\",\"url\":\"https:\/\/hoyre.no\/oslo\/\",\"logo\":{\"@type\":\"ImageObject\",\"inLanguage\":\"nb-NO\",\"@id\":\"https:\/\/hoyre.no\/oslo\/#\/schema\/logo\/image\/\",\"url\":\"https:\/\/hoyre.no\/content\/uploads\/sites\/408\/2022\/11\/Hoyres-logo.png\",\"contentUrl\":\"https:\/\/hoyre.no\/content\/uploads\/sites\/408\/2022\/11\/Hoyres-logo.png\",\"width\":1000,\"height\":1000,\"caption\":\"Oslo H\u00f8yre\"},\"image\":{\"@id\":\"https:\/\/hoyre.no\/oslo\/#\/schema\/logo\/image\/\"},\"sameAs\":[\"https:\/\/www.facebook.com\/oslo.hoyre\"]}]}<\/script>\n<!-- \/ Yoast SEO Premium plugin. -->","yoast_head_json":{"title":"Inkluderende fritids- og aktivitetstilbud - Oslo H\u00f8yre","robots":{"index":"index","follow":"follow","max-snippet":"max-snippet:-1","max-image-preview":"max-image-preview:large","max-video-preview":"max-video-preview:-1"},"canonical":"https:\/\/hoyre.no\/oslo\/politikk\/vaar-politikk\/inkluderende-fritids-og-aktivitetstilbud\/","og_locale":"nb_NO","og_type":"article","og_title":"Inkluderende fritids- og aktivitetstilbud","og_url":"https:\/\/hoyre.no\/oslo\/politikk\/vaar-politikk\/inkluderende-fritids-og-aktivitetstilbud\/","og_site_name":"Oslo H\u00f8yre","article_publisher":"https:\/\/www.facebook.com\/oslo.hoyre","article_modified_time":"2022-10-07T13:08:56+00:00","og_image":[{"width":1000,"height":1000,"url":"https:\/\/hoyre.no\/content\/uploads\/sites\/408\/2022\/11\/Hoyres-logo.png","type":"image\/png"}],"twitter_card":"summary_large_image","twitter_misc":{"Ansl. lesetid":"2 minutter"},"schema":{"@context":"https:\/\/schema.org","@graph":[{"@type":"WebPage","@id":"https:\/\/hoyre.no\/oslo\/politikk\/vaar-politikk\/inkluderende-fritids-og-aktivitetstilbud\/","url":"https:\/\/hoyre.no\/oslo\/politikk\/vaar-politikk\/inkluderende-fritids-og-aktivitetstilbud\/","name":"Inkluderende fritids- og aktivitetstilbud - Oslo H\u00f8yre","isPartOf":{"@id":"https:\/\/hoyre.no\/oslo\/#website"},"datePublished":"2022-10-07T13:08:55+00:00","dateModified":"2022-10-07T13:08:56+00:00","breadcrumb":{"@id":"https:\/\/hoyre.no\/oslo\/politikk\/vaar-politikk\/inkluderende-fritids-og-aktivitetstilbud\/#breadcrumb"},"inLanguage":"nb-NO","potentialAction":[{"@type":"ReadAction","target":["https:\/\/hoyre.no\/oslo\/politikk\/vaar-politikk\/inkluderende-fritids-og-aktivitetstilbud\/"]}]},{"@type":"BreadcrumbList","@id":"https:\/\/hoyre.no\/oslo\/politikk\/vaar-politikk\/inkluderende-fritids-og-aktivitetstilbud\/#breadcrumb","itemListElement":[{"@type":"ListItem","position":1,"name":"Til hoyre.no","item":"https:\/\/hoyre.no"},{"@type":"ListItem","position":2,"name":"Hjem","item":"https:\/\/hoyre.no\/oslo\/"},{"@type":"ListItem","position":3,"name":"Politikk","item":"https:\/\/hoyre.no\/oslo\/politikk\/"},{"@type":"ListItem","position":4,"name":"V\u00e5r politikk","item":"https:\/\/hoyre.no\/oslo\/politikk\/vaar-politikk\/"},{"@type":"ListItem","position":5,"name":"Inkluderende fritids- og aktivitetstilbud"}]},{"@type":"WebSite","@id":"https:\/\/hoyre.no\/oslo\/#website","url":"https:\/\/hoyre.no\/oslo\/","name":"Oslo H\u00f8yre","description":"","publisher":{"@id":"https:\/\/hoyre.no\/oslo\/#organization"},"inLanguage":"nb-NO"},{"@type":"Organization","@id":"https:\/\/hoyre.no\/oslo\/#organization","name":"Oslo H\u00f8yre","url":"https:\/\/hoyre.no\/oslo\/","logo":{"@type":"ImageObject","inLanguage":"nb-NO","@id":"https:\/\/hoyre.no\/oslo\/#\/schema\/logo\/image\/","url":"https:\/\/hoyre.no\/content\/uploads\/sites\/408\/2022\/11\/Hoyres-logo.png","contentUrl":"https:\/\/hoyre.no\/content\/uploads\/sites\/408\/2022\/11\/Hoyres-logo.png","width":1000,"height":1000,"caption":"Oslo H\u00f8yre"},"image":{"@id":"https:\/\/hoyre.no\/oslo\/#\/schema\/logo\/image\/"},"sameAs":["https:\/\/www.facebook.com\/oslo.hoyre"]}]}},"distributor_meta":false,"distributor_terms":false,"distributor_media":false,"distributor_original_site_name":"Oslo H\u00f8yre","distributor_original_site_url":"https:\/\/hoyre.no\/oslo","push-errors":false,"_links":{"self":[{"href":"https:\/\/hoyre.no\/oslo\/wp-json\/wp\/v2\/pages\/3330","targetHints":{"allow":["GET"]}}],"collection":[{"href":"https:\/\/hoyre.no\/oslo\/wp-json\/wp\/v2\/pages"}],"about":[{"href":"https:\/\/hoyre.no\/oslo\/wp-json\/wp\/v2\/types\/page"}],"author":[{"embeddable":true,"href":"https:\/\/hoyre.no\/oslo\/wp-json\/wp\/v2\/users\/51320"}],"replies":[{"embeddable":true,"href":"https:\/\/hoyre.no\/oslo\/wp-json\/wp\/v2\/comments?post=3330"}],"version-history":[{"count":1,"href":"https:\/\/hoyre.no\/oslo\/wp-json\/wp\/v2\/pages\/3330\/revisions"}],"predecessor-version":[{"id":3331,"href":"https:\/\/hoyre.no\/oslo\/wp-json\/wp\/v2\/pages\/3330\/revisions\/3331"}],"up":[{"embeddable":true,"href":"https:\/\/hoyre.no\/oslo\/wp-json\/wp\/v2\/pages\/51"}],"wp:attachment":[{"href":"https:\/\/hoyre.no\/oslo\/wp-json\/wp\/v2\/media?parent=3330"}],"curies":[{"name":"wp","href":"https:\/\/api.w.org\/{rel}","templated":true}]}}