{"id":3375,"date":"2022-10-07T16:33:59","date_gmt":"2022-10-07T14:33:59","guid":{"rendered":"https:\/\/hoyre.no\/oslo\/?page_id=3375"},"modified":"2022-10-07T16:34:00","modified_gmt":"2022-10-07T14:34:00","slug":"byutvikling-og-trivelige-bomiljoer","status":"publish","type":"page","link":"https:\/\/hoyre.no\/oslo\/politikk\/vaar-politikk\/byutvikling-og-trivelige-bomiljoer\/","title":{"rendered":"Byutvikling og trivelige bomilj\u00f8er"},"content":{"rendered":"\n<div class=\"wp-block-hoyre-hero with-image-gradient text-color-light  alignfull has-background\"><div class=\"hoyre-hero \"><h1 class=\"title\">Byutvikling og trivelige bomilj\u00f8er<\/h1><p class=\"preamble\">Oslo har gjennom mange \u00e5r utviklet seg til \u00e5 bli en av Europas mest klima- og milj\u00f8vennlige byer \u00e5 bo i. En gr\u00f8nn og familievennlig by er avgj\u00f8rende for at fremtidige generasjoner skal \u00f8nske \u00e5 bo og trives i Oslo. Oslo er en mangfoldig og urban by der det skal v\u00e6re lett for folk \u00e5 arbeide, handle og bo milj\u00f8vennlig. <\/p><\/div><\/div>\n\n\n\n\n<p>Byutviklingen m\u00e5 legge til rette for en mer milj\u00f8vennlig by, som er mer energieffektiv, og hvor behovet for bilbruk reduseres.<\/p>\n\n\n\n<p>For at sentrum skal v\u00e6re et attraktivt sted \u00e5 bo og ferdes, m\u00e5 innbyggerne ha god tilgang til parker og m\u00f8teplasser. Selv om Oslo har mange parkomr\u00e5der, er det med en \u00f8kende befolkning s\u00e6rlig viktig \u00e5 ta vare p\u00e5 de gr\u00f8nne lungene og etablere nye. <\/p>\n\n\n\n<p>For \u00e5 skape mer liv i parkene vil vi sammen med lokalbefolkningen og n\u00e6ringslivet finne felles l\u00f8sninger som kan bringe nytt liv i n\u00e6romr\u00e5der, uten \u00e5 ta bort det gr\u00f8nne. Vi \u00f8nsker en moderne og gr\u00f8nn by med flere tak- og nabolagshager. Det er viktig at innbyggerne opplever en levende by, der de kan delta i gode sosiale m\u00f8teplasser i sentrum, parker og gr\u00f8ntomr\u00e5der.<\/p>\n\n\n\n<p><strong>Oslo H\u00f8yre vil:<\/strong><\/p>\n\n\n\n<ul class=\"wp-block-list\"><li>Legge boliger, arbeidsplasser og skoler n\u00e6r st\u00f8rre kollektivtilbud.<\/li><li>Oslo skal hovedsakelig vokse fra sentrum og utover langs T-banenettet gjennom knutepunktfortetting, og det skal tillates \u00e5 bygge tett og h\u00f8yt n\u00e6r sentrale kollektivknutepunkt.<\/li><li>S\u00f8rge for at Fjordbyvisjonen fullf\u00f8res med nye kulturbygg og boliger ogs\u00e5 p\u00e5 Filipstad og Vippetangen.<\/li><li>Omregulere Ormsund fra (buffersone for) havneform\u00e5l til allmennyttige form\u00e5l og byutvikling.<\/li><li>Finne en ny l\u00f8sning for cruisekai og snuhavnsterminal, slik at dagens cruisekai p\u00e5 Akershusstranden kan frigis til andre form\u00e5l, som for eksempel n\u00e6ring, kulturtilbud og gjestehavn.<\/li><li>Byutvikle og fortette omr\u00e5det rundt Oslo S, herunder vurdere \u00e5 bygge over sporomr\u00e5dene.<\/li><li>Arbeide for at Politih\u00f8gskolen forblir i Oslo, eksempelvis i Groruddalen eller S\u00f8ndre Nordstrand.<\/li><li>Utvikle et nytt kunnskaps- og mediesenter i Groruddalen hvor bl.a. NRK kan flytte inn.<\/li><li>Kreve klima- og milj\u00f8vennlige l\u00f8sninger i nye byggeprosjekter.<\/li><li>Sikre bedre gr\u00f8nne l\u00f8sninger for utearealer i boligprosjekter gjennom et mer fleksibelt regelverk.<\/li><li>Legge til rette for \u00f8kt bruk av takhager i st\u00f8rre boligprosjekter.<\/li><li>Sette av arealer til offentlige, tilgjengelige parkomr\u00e5der ved alle st\u00f8rre omr\u00e5deutbygginger.<\/li><li>Tilrettelegge enkelte parker for aktiv bruk ogs\u00e5 om vinteren.<\/li><li>Vurdere lavere grunneierbidrag til infrastruktur fra utbyggere som prioriterer markedssvake omr\u00e5der.<\/li><li>Samarbeide med nabokommunene og -regionene om arealer til boligbygging, effektiv kollektivtrafikk og bedre veier.<\/li><\/ul>\n\n","protected":false},"excerpt":{"rendered":"","protected":false},"author":51320,"featured_media":0,"parent":51,"menu_order":0,"comment_status":"closed","ping_status":"closed","template":"","meta":{"teft_cards_image_url":"","teft_cards_custom_pretitle":"","teft_cards_image_id":0,"teft_cards_image_focal_point_x":0,"teft_cards_image_focal_point_y":0,"teft_cards_title":"","teft_cards_excerpt":"","teft_show_chapters":false,"footnotes":""},"class_list":["post-3375","page","type-page","status-publish","hentry"],"yoast_head":"<!-- This site is optimized with the Yoast SEO Premium plugin v26.5 (Yoast SEO v26.6) - https:\/\/yoast.com\/wordpress\/plugins\/seo\/ -->\n<title>Byutvikling og trivelige bomilj\u00f8er - Oslo H\u00f8yre<\/title>\n<meta name=\"robots\" content=\"index, follow, max-snippet:-1, max-image-preview:large, max-video-preview:-1\" \/>\n<link rel=\"canonical\" href=\"https:\/\/hoyre.no\/oslo\/politikk\/vaar-politikk\/byutvikling-og-trivelige-bomiljoer\/\" \/>\n<meta property=\"og:locale\" content=\"nb_NO\" \/>\n<meta property=\"og:type\" content=\"article\" \/>\n<meta property=\"og:title\" content=\"Byutvikling og trivelige bomilj\u00f8er\" \/>\n<meta property=\"og:url\" content=\"https:\/\/hoyre.no\/oslo\/politikk\/vaar-politikk\/byutvikling-og-trivelige-bomiljoer\/\" \/>\n<meta property=\"og:site_name\" content=\"Oslo H\u00f8yre\" \/>\n<meta property=\"article:publisher\" content=\"https:\/\/www.facebook.com\/oslo.hoyre\" \/>\n<meta property=\"article:modified_time\" content=\"2022-10-07T14:34:00+00:00\" \/>\n<meta property=\"og:image\" content=\"https:\/\/hoyre.no\/content\/uploads\/sites\/408\/2022\/11\/Hoyres-logo.png\" \/>\n\t<meta property=\"og:image:width\" content=\"1000\" \/>\n\t<meta property=\"og:image:height\" content=\"1000\" \/>\n\t<meta property=\"og:image:type\" content=\"image\/png\" \/>\n<meta name=\"twitter:card\" content=\"summary_large_image\" \/>\n<meta name=\"twitter:label1\" content=\"Ansl. lesetid\" \/>\n\t<meta name=\"twitter:data1\" content=\"3 minutter\" \/>\n<script type=\"application\/ld+json\" class=\"yoast-schema-graph\">{\"@context\":\"https:\/\/schema.org\",\"@graph\":[{\"@type\":\"WebPage\",\"@id\":\"https:\/\/hoyre.no\/oslo\/politikk\/vaar-politikk\/byutvikling-og-trivelige-bomiljoer\/\",\"url\":\"https:\/\/hoyre.no\/oslo\/politikk\/vaar-politikk\/byutvikling-og-trivelige-bomiljoer\/\",\"name\":\"Byutvikling og trivelige bomilj\u00f8er - Oslo H\u00f8yre\",\"isPartOf\":{\"@id\":\"https:\/\/hoyre.no\/oslo\/#website\"},\"datePublished\":\"2022-10-07T14:33:59+00:00\",\"dateModified\":\"2022-10-07T14:34:00+00:00\",\"breadcrumb\":{\"@id\":\"https:\/\/hoyre.no\/oslo\/politikk\/vaar-politikk\/byutvikling-og-trivelige-bomiljoer\/#breadcrumb\"},\"inLanguage\":\"nb-NO\",\"potentialAction\":[{\"@type\":\"ReadAction\",\"target\":[\"https:\/\/hoyre.no\/oslo\/politikk\/vaar-politikk\/byutvikling-og-trivelige-bomiljoer\/\"]}]},{\"@type\":\"BreadcrumbList\",\"@id\":\"https:\/\/hoyre.no\/oslo\/politikk\/vaar-politikk\/byutvikling-og-trivelige-bomiljoer\/#breadcrumb\",\"itemListElement\":[{\"@type\":\"ListItem\",\"position\":1,\"name\":\"Til hoyre.no\",\"item\":\"https:\/\/hoyre.no\"},{\"@type\":\"ListItem\",\"position\":2,\"name\":\"Hjem\",\"item\":\"https:\/\/hoyre.no\/oslo\/\"},{\"@type\":\"ListItem\",\"position\":3,\"name\":\"Politikk\",\"item\":\"https:\/\/hoyre.no\/oslo\/politikk\/\"},{\"@type\":\"ListItem\",\"position\":4,\"name\":\"V\u00e5r politikk\",\"item\":\"https:\/\/hoyre.no\/oslo\/politikk\/vaar-politikk\/\"},{\"@type\":\"ListItem\",\"position\":5,\"name\":\"Byutvikling og trivelige bomilj\u00f8er\"}]},{\"@type\":\"WebSite\",\"@id\":\"https:\/\/hoyre.no\/oslo\/#website\",\"url\":\"https:\/\/hoyre.no\/oslo\/\",\"name\":\"Oslo H\u00f8yre\",\"description\":\"\",\"publisher\":{\"@id\":\"https:\/\/hoyre.no\/oslo\/#organization\"},\"inLanguage\":\"nb-NO\"},{\"@type\":\"Organization\",\"@id\":\"https:\/\/hoyre.no\/oslo\/#organization\",\"name\":\"Oslo H\u00f8yre\",\"url\":\"https:\/\/hoyre.no\/oslo\/\",\"logo\":{\"@type\":\"ImageObject\",\"inLanguage\":\"nb-NO\",\"@id\":\"https:\/\/hoyre.no\/oslo\/#\/schema\/logo\/image\/\",\"url\":\"https:\/\/hoyre.no\/content\/uploads\/sites\/408\/2022\/11\/Hoyres-logo.png\",\"contentUrl\":\"https:\/\/hoyre.no\/content\/uploads\/sites\/408\/2022\/11\/Hoyres-logo.png\",\"width\":1000,\"height\":1000,\"caption\":\"Oslo H\u00f8yre\"},\"image\":{\"@id\":\"https:\/\/hoyre.no\/oslo\/#\/schema\/logo\/image\/\"},\"sameAs\":[\"https:\/\/www.facebook.com\/oslo.hoyre\"]}]}<\/script>\n<!-- \/ Yoast SEO Premium plugin. -->","yoast_head_json":{"title":"Byutvikling og trivelige bomilj\u00f8er - Oslo H\u00f8yre","robots":{"index":"index","follow":"follow","max-snippet":"max-snippet:-1","max-image-preview":"max-image-preview:large","max-video-preview":"max-video-preview:-1"},"canonical":"https:\/\/hoyre.no\/oslo\/politikk\/vaar-politikk\/byutvikling-og-trivelige-bomiljoer\/","og_locale":"nb_NO","og_type":"article","og_title":"Byutvikling og trivelige bomilj\u00f8er","og_url":"https:\/\/hoyre.no\/oslo\/politikk\/vaar-politikk\/byutvikling-og-trivelige-bomiljoer\/","og_site_name":"Oslo H\u00f8yre","article_publisher":"https:\/\/www.facebook.com\/oslo.hoyre","article_modified_time":"2022-10-07T14:34:00+00:00","og_image":[{"width":1000,"height":1000,"url":"https:\/\/hoyre.no\/content\/uploads\/sites\/408\/2022\/11\/Hoyres-logo.png","type":"image\/png"}],"twitter_card":"summary_large_image","twitter_misc":{"Ansl. lesetid":"3 minutter"},"schema":{"@context":"https:\/\/schema.org","@graph":[{"@type":"WebPage","@id":"https:\/\/hoyre.no\/oslo\/politikk\/vaar-politikk\/byutvikling-og-trivelige-bomiljoer\/","url":"https:\/\/hoyre.no\/oslo\/politikk\/vaar-politikk\/byutvikling-og-trivelige-bomiljoer\/","name":"Byutvikling og trivelige bomilj\u00f8er - Oslo H\u00f8yre","isPartOf":{"@id":"https:\/\/hoyre.no\/oslo\/#website"},"datePublished":"2022-10-07T14:33:59+00:00","dateModified":"2022-10-07T14:34:00+00:00","breadcrumb":{"@id":"https:\/\/hoyre.no\/oslo\/politikk\/vaar-politikk\/byutvikling-og-trivelige-bomiljoer\/#breadcrumb"},"inLanguage":"nb-NO","potentialAction":[{"@type":"ReadAction","target":["https:\/\/hoyre.no\/oslo\/politikk\/vaar-politikk\/byutvikling-og-trivelige-bomiljoer\/"]}]},{"@type":"BreadcrumbList","@id":"https:\/\/hoyre.no\/oslo\/politikk\/vaar-politikk\/byutvikling-og-trivelige-bomiljoer\/#breadcrumb","itemListElement":[{"@type":"ListItem","position":1,"name":"Til hoyre.no","item":"https:\/\/hoyre.no"},{"@type":"ListItem","position":2,"name":"Hjem","item":"https:\/\/hoyre.no\/oslo\/"},{"@type":"ListItem","position":3,"name":"Politikk","item":"https:\/\/hoyre.no\/oslo\/politikk\/"},{"@type":"ListItem","position":4,"name":"V\u00e5r politikk","item":"https:\/\/hoyre.no\/oslo\/politikk\/vaar-politikk\/"},{"@type":"ListItem","position":5,"name":"Byutvikling og trivelige bomilj\u00f8er"}]},{"@type":"WebSite","@id":"https:\/\/hoyre.no\/oslo\/#website","url":"https:\/\/hoyre.no\/oslo\/","name":"Oslo H\u00f8yre","description":"","publisher":{"@id":"https:\/\/hoyre.no\/oslo\/#organization"},"inLanguage":"nb-NO"},{"@type":"Organization","@id":"https:\/\/hoyre.no\/oslo\/#organization","name":"Oslo H\u00f8yre","url":"https:\/\/hoyre.no\/oslo\/","logo":{"@type":"ImageObject","inLanguage":"nb-NO","@id":"https:\/\/hoyre.no\/oslo\/#\/schema\/logo\/image\/","url":"https:\/\/hoyre.no\/content\/uploads\/sites\/408\/2022\/11\/Hoyres-logo.png","contentUrl":"https:\/\/hoyre.no\/content\/uploads\/sites\/408\/2022\/11\/Hoyres-logo.png","width":1000,"height":1000,"caption":"Oslo H\u00f8yre"},"image":{"@id":"https:\/\/hoyre.no\/oslo\/#\/schema\/logo\/image\/"},"sameAs":["https:\/\/www.facebook.com\/oslo.hoyre"]}]}},"distributor_meta":false,"distributor_terms":false,"distributor_media":false,"distributor_original_site_name":"Oslo H\u00f8yre","distributor_original_site_url":"https:\/\/hoyre.no\/oslo","push-errors":false,"_links":{"self":[{"href":"https:\/\/hoyre.no\/oslo\/wp-json\/wp\/v2\/pages\/3375","targetHints":{"allow":["GET"]}}],"collection":[{"href":"https:\/\/hoyre.no\/oslo\/wp-json\/wp\/v2\/pages"}],"about":[{"href":"https:\/\/hoyre.no\/oslo\/wp-json\/wp\/v2\/types\/page"}],"author":[{"embeddable":true,"href":"https:\/\/hoyre.no\/oslo\/wp-json\/wp\/v2\/users\/51320"}],"replies":[{"embeddable":true,"href":"https:\/\/hoyre.no\/oslo\/wp-json\/wp\/v2\/comments?post=3375"}],"version-history":[{"count":1,"href":"https:\/\/hoyre.no\/oslo\/wp-json\/wp\/v2\/pages\/3375\/revisions"}],"predecessor-version":[{"id":3376,"href":"https:\/\/hoyre.no\/oslo\/wp-json\/wp\/v2\/pages\/3375\/revisions\/3376"}],"up":[{"embeddable":true,"href":"https:\/\/hoyre.no\/oslo\/wp-json\/wp\/v2\/pages\/51"}],"wp:attachment":[{"href":"https:\/\/hoyre.no\/oslo\/wp-json\/wp\/v2\/media?parent=3375"}],"curies":[{"name":"wp","href":"https:\/\/api.w.org\/{rel}","templated":true}]}}