{"id":3666,"date":"2023-01-05T15:43:42","date_gmt":"2023-01-05T14:43:42","guid":{"rendered":"https:\/\/hoyre.no\/oslo\/?page_id=3666"},"modified":"2026-01-06T10:12:07","modified_gmt":"2026-01-06T09:12:07","slug":"anne-lindboe-ordforer","status":"publish","type":"page","link":"https:\/\/hoyre.no\/oslo\/anne-lindboe-ordforer\/","title":{"rendered":"Anne Lindboe &#8211; Oslos ordf\u00f8rer"},"content":{"rendered":"\n<div class=\"wp-block-hoyre-hero with-image-gradient text-color-light  has-media alignfull has-background\"><div class=\"hoyre-hero has-image\"><h1 class=\"title\">Anne Lindboe<\/h1><p class=\"preamble\">Oslos ordf\u00f8rer<\/p>\t\t\t<div class=\"post-meta wp-block teft-byline-wrapper\">\n\t\t\t\t<div class=\"top\">\n\t\t\t\t\t<div class=\"signature\">\n\t\t\t\t\t\t<div class=\"teft-byline\">\n\t\t\t\t\t\t\t\t\t\t\t\t\t\t<div>\n\t\t\t\t\t\t\t\t<h3>H\u00f8yres redaksjon<\/h3>\t\t\t\t\t\t\t\t\n\t\t\t\t\t\t\t\t\t\t\t\t\t\t\t\t\t<span class=\"date\">Sist oppdatert: 6. januar 2026<\/span>\n\t\t\t\t\t\t\t\t\t\t\t\t\t\t\t\t\t\t\t\t\t\t\t\t\t<span class=\"reading-time\" itemprop=\"timeRequired\" content=\"PT3M\"><em>Ca. 3 minutter lesetid<\/em><\/span>\n\t\t\t\t\t\t\t\t\t\t\t\t\t\t\t<\/div>\n\t\t\t\t\t\t<\/div>\n\t\t\t\t\t<\/div>\n\t\t\t\t\t\t<div class=\"sharing\">\n\t\t<a class=\"share-button share-link copy-link\" data-copy=\"https:\/\/hoyre.no\/oslo\/anne-lindboe-ordforer\/\" target=\"_blank\"><span class=\"screen-reader-text\">Del link<\/span><\/a>\n\t\t<a class=\"share-button share-twitter\" href=\"http:\/\/twitter.com\/share?text=Anne Lindboe &#8211; Oslos ordf\u00f8rer&#038;url=https:\/\/hoyre.no\/oslo\/anne-lindboe-ordforer\/&#038;hashtags=Hoyre\" target=\"_blank\"><span class=\"screen-reader-text\">Del p\u00e5 twitter<\/span><\/a>\n\t\t<a class=\"share-button share-facebook\" href=\"https:\/\/www.facebook.com\/sharer\/sharer.php?u=https:\/\/hoyre.no\/oslo\/anne-lindboe-ordforer\/\" target=\"_blank\"><span class=\"screen-reader-text\">Del p\u00e5 facebook<\/span><\/a>\n\t<\/div>\n\t\t\t\t\t<\/div>\n\t\t\t<\/div>\n\n\t\t\t<figure class=\"hoyre-image-wrapper\"><div class=\"hoyre-image\"><img loading=\"lazy\" decoding=\"async\" width=\"2500\" height=\"1667\" src=\"https:\/\/hoyre.no\/content\/uploads\/sites\/408\/2023\/05\/IMG_1165-scaled.jpg\" class=\"attachment-scaled size-scaled\" alt=\"Anne Lindboe ordf\u00f8rerkandidat\" style=\"object-position: 43% 0%\" srcset=\"https:\/\/hoyre.no\/content\/uploads\/sites\/408\/2023\/05\/IMG_1165-scaled.jpg 2500w, https:\/\/hoyre.no\/content\/uploads\/sites\/408\/2023\/05\/IMG_1165-300x200.jpg 300w, https:\/\/hoyre.no\/content\/uploads\/sites\/408\/2023\/05\/IMG_1165-1024x683.jpg 1024w, https:\/\/hoyre.no\/content\/uploads\/sites\/408\/2023\/05\/IMG_1165-768x512.jpg 768w, https:\/\/hoyre.no\/content\/uploads\/sites\/408\/2023\/05\/IMG_1165-1536x1024.jpg 1536w, https:\/\/hoyre.no\/content\/uploads\/sites\/408\/2023\/05\/IMG_1165-2048x1365.jpg 2048w\" sizes=\"auto, (max-width: 2500px) 100vw, 2500px\" \/><\/div><\/figure><\/div><\/div>\n\n\n\n<div class=\"wp-block-columns is-layout-flex wp-container-core-columns-is-layout-9d6595d7 wp-block-columns-is-layout-flex\">\n<div class=\"wp-block-column is-layout-flow wp-block-column-is-layout-flow\" style=\"flex-basis:100%\">\n\n<div class=\"wp-block-buttons is-content-justification-center is-layout-flex wp-container-core-buttons-is-layout-8057eaf3 wp-block-buttons-is-layout-flex\">\n<div class=\"wp-block-button\"><a class=\"wp-block-button__link wp-element-button\" href=\"https:\/\/hoyre.no\/nyhetsbrev\/\">abonner p\u00e5 h\u00f8yres nyhetsbrev<\/a><\/div>\n\n\n\n<div class=\"wp-block-button\"><a class=\"wp-block-button__link wp-element-button\" href=\"https:\/\/www.facebook.com\/annelindboe1\">f\u00f8lg Anne p\u00e5 facebook<\/a><\/div>\n\n\n\n<div class=\"wp-block-button\"><a class=\"wp-block-button__link wp-element-button\" href=\"https:\/\/www.facebook.com\/oslo.hoyre\">f\u00f8lg oslo h\u00f8yre p\u00e5 facebook<\/a><\/div>\n<\/div>\n\n\n\n<div class=\"wp-block-hoyre-banner undefined has-icon-title icon-heart is-style-dark\"><div class=\"banner-inner\"><div class=\"banner-content\"><div class=\"entry-content\">\n<h2 class=\"wp-block-heading has-text-align-center\" id=\"h-bli-bedre-kjent-med-anne\">Bli bedre kjent med Anne!<\/h2>\n\n\n\n<p class=\"has-text-align-left\"><strong>Alder:<\/strong> 55 \u00e5r<\/p>\n\n\n\n<p class=\"has-text-align-left\"><strong>Bosted:<\/strong> Ullev\u00e5l Hageby i Nordre Aker<\/p>\n\n\n\n<p class=\"has-text-align-left\"><strong>Jobb:<\/strong> Ordf\u00f8rer i Oslo<\/p>\n\n\n\n<p class=\"has-text-align-left\"><strong>Bakgrunn:<\/strong>&nbsp;Barnelege, tidligere barneombud, MBA i \u00f8konomistyring og ledelse fra NHH<\/p>\n\n\n\n<p class=\"has-text-align-left\"><strong>Politisk erfaring:<\/strong> Bred interessepolitisk erfaring fra \u00e5rene som barneombud og administrerende direkt\u00f8r for arbeidsgiverorganisasjonen PBL<\/p>\n\n\n\n<p class=\"has-text-align-left\"><strong>Hvorfor er H\u00f8yre rett parti for deg?<\/strong> Jeg identifiserer meg sterkt med H\u00f8yres verdisyn om enkeltmenneskets ukrenkelige verdighet og rett til selv \u00e5 ta de store valgene i livet. N\u00e5r H\u00f8yre i tillegg er et ansvarlig styringsparti som evner \u00e5 kombinere god \u00f8konomistyring med offensiv klimapolitikk og et stort hjerte for dem som trenger noe ekstra er det helt klart mitt parti!<\/p>\n\n\n\n<p class=\"has-text-align-left\"><strong>Hvis du skulle valgt en, hva er din favorittartist?<\/strong> Khalid og John Moreland<\/p>\n\n\n\n<p class=\"has-text-align-left\"><strong>Funfact?<\/strong> Jeg elsker \u00e5 klatre i fjell, og i fjor besteg jeg de tre st\u00f8rste alpine toppene i Norge, Store Skagast\u00f8lstind, Romsdalshorn og Stetind.<\/p>\n\n\n\n<div class=\"wp-block-buttons is-layout-flex wp-block-buttons-is-layout-flex\"><\/div>\n<\/div><\/div><\/div><\/div>\n\n\n\n<figure class=\"wp-block-embed is-type-video is-provider-youtube wp-block-embed-youtube wp-embed-aspect-4-3 wp-has-aspect-ratio\"><div class=\"wp-block-embed__wrapper\">\n<iframe loading=\"lazy\" title=\"Anne Lindboe - H\u00f8yres ordf\u00f8rerkandidat\" width=\"500\" height=\"375\" src=\"https:\/\/www.youtube.com\/embed\/3hRBklsV9i8?feature=oembed\" frameborder=\"0\" allow=\"accelerometer; autoplay; clipboard-write; encrypted-media; gyroscope; picture-in-picture; web-share\" referrerpolicy=\"strict-origin-when-cross-origin\" allowfullscreen><\/iframe>\n<\/div><\/figure>\n\n\n\n<figure class=\"wp-block-teft-gallery columns-1 count-3 rows-3 is-cropped is-style-default\"><ul class=\"teft-gallery-grid\"><li class=\"teft-gallery-item \"><figure><a href=\"https:\/\/hoyre.no\/content\/uploads\/sites\/408\/2024\/10\/IMG_5286-1-scaled.jpeg\" data-size=\"2500x1667\"><img loading=\"lazy\" decoding=\"async\" width=\"1024\" height=\"683\" src=\"https:\/\/hoyre.no\/content\/uploads\/sites\/408\/2024\/10\/IMG_5286-1-1024x683.jpeg\" class=\"attachment-large size-large\" alt=\"Anne Lindboe, ordf\u00f8rer i Oslo\" srcset=\"https:\/\/hoyre.no\/content\/uploads\/sites\/408\/2024\/10\/IMG_5286-1-1024x683.jpeg 1024w, https:\/\/hoyre.no\/content\/uploads\/sites\/408\/2024\/10\/IMG_5286-1-300x200.jpeg 300w, https:\/\/hoyre.no\/content\/uploads\/sites\/408\/2024\/10\/IMG_5286-1-768x512.jpeg 768w, https:\/\/hoyre.no\/content\/uploads\/sites\/408\/2024\/10\/IMG_5286-1-1536x1024.jpeg 1536w, https:\/\/hoyre.no\/content\/uploads\/sites\/408\/2024\/10\/IMG_5286-1-2048x1365.jpeg 2048w\" sizes=\"auto, (max-width: 1024px) 100vw, 1024px\" \/ data-full-url=\"https:\/\/hoyre.no\/content\/uploads\/sites\/408\/2024\/10\/IMG_5286-1-scaled.jpeg\" data-id=\"7824\" data-caption=\"7824\"\/><\/a><\/figure><\/li><li class=\"teft-gallery-item \"><figure><a href=\"https:\/\/hoyre.no\/content\/uploads\/sites\/408\/2023\/05\/anne.png\" data-size=\"3508x2480\"><img loading=\"lazy\" decoding=\"async\" width=\"1024\" height=\"724\" src=\"https:\/\/hoyre.no\/content\/uploads\/sites\/408\/2023\/05\/anne-1024x724.png\" class=\"attachment-large size-large\" alt=\"Anne Lindboe ordf\u00f8rerkandidat\" srcset=\"https:\/\/hoyre.no\/content\/uploads\/sites\/408\/2023\/05\/anne-1024x724.png 1024w, https:\/\/hoyre.no\/content\/uploads\/sites\/408\/2023\/05\/anne-300x212.png 300w, https:\/\/hoyre.no\/content\/uploads\/sites\/408\/2023\/05\/anne-768x543.png 768w, https:\/\/hoyre.no\/content\/uploads\/sites\/408\/2023\/05\/anne-1536x1086.png 1536w, https:\/\/hoyre.no\/content\/uploads\/sites\/408\/2023\/05\/anne-2048x1448.png 2048w\" sizes=\"auto, (max-width: 1024px) 100vw, 1024px\" \/ data-full-url=\"https:\/\/hoyre.no\/content\/uploads\/sites\/408\/2023\/05\/anne.png\" data-id=\"4425\" data-caption=\"4425\"\/><\/a><\/figure><\/li><li class=\"teft-gallery-item \"><figure><a href=\"https:\/\/hoyre.no\/content\/uploads\/sites\/408\/2023\/06\/Skjermbilde-2023-06-05-kl.-14.28.36.png\" data-size=\"656x870\"><img loading=\"lazy\" decoding=\"async\" width=\"656\" height=\"870\" src=\"https:\/\/hoyre.no\/content\/uploads\/sites\/408\/2023\/06\/Skjermbilde-2023-06-05-kl.-14.28.36.png\" class=\"attachment-large size-large\" alt=\"\" srcset=\"https:\/\/hoyre.no\/content\/uploads\/sites\/408\/2023\/06\/Skjermbilde-2023-06-05-kl.-14.28.36.png 656w, https:\/\/hoyre.no\/content\/uploads\/sites\/408\/2023\/06\/Skjermbilde-2023-06-05-kl.-14.28.36-226x300.png 226w\" sizes=\"auto, (max-width: 656px) 100vw, 656px\" \/ data-full-url=\"https:\/\/hoyre.no\/content\/uploads\/sites\/408\/2023\/06\/Skjermbilde-2023-06-05-kl.-14.28.36.png\" data-id=\"4522\" data-caption=\"4522\"\/><\/a><\/figure><\/li><\/ul><\/figure>\n\n\n\n<p><\/p>\n\n\n\n<h2 class=\"wp-block-heading has-text-align-center\">Annes hjertesak<\/h2>\n\n\n\n<p>\ud83d\udc99 <strong>Oslo skal v\u00e6re byen som hjelper alle barn \u00e5 n\u00e5 dr\u00f8mmene sine!<\/strong><\/p>\n\n\n\n<p>I byen v\u00e5r bor b\u00e5de de som har mest og de som har minst. Mange barn vokser opp i fattige familier og har \u00f8kt risiko for utenforskap og skolefrafall. Vi skal gj\u00f8re alt vi kan for \u00e5 l\u00f8fte barn og familier som sliter. Det skal vi gj\u00f8re med gratis barnehage til flere, tilgang til fritidsaktiviteter uavhengig av foreldrenes lommebok og styrking av skoler i levek\u00e5rsutsatte omr\u00e5der slik at enda flere barn og unge fullf\u00f8rer videreg\u00e5ende skole!<\/p>\n\n\n\n<div class=\"wp-block-hoyre-banner alignwide undefined  is-style-blue\"><div class=\"banner-inner\"><div class=\"banner-content\"><div class=\"entry-content\">\n<h2 class=\"wp-block-heading\" id=\"h-kom-i-kontakt-med-anne\">Kom i kontakt med Anne<\/h2>\n\n\n\n<ul class=\"wp-block-list\">\n<li>E-post: <a href=\"mailto:ordforeren@oslobystyre.no\"><\/a><a href=\"mailto:ordforeren@oslobystyre.no\">ordforeren@oslobystyre.no<\/a><\/li>\n\n\n\n<li>Pressevakt: 90 52 95 81<\/li>\n<\/ul>\n\n\n\n<div class=\"wp-block-buttons is-layout-flex wp-block-buttons-is-layout-flex\"><\/div>\n<\/div><\/div><\/div><\/div>\n\n<\/div>\n<\/div>\n","protected":false},"excerpt":{"rendered":"","protected":false},"author":31424,"featured_media":0,"parent":0,"menu_order":0,"comment_status":"closed","ping_status":"closed","template":"","meta":{"teft_cards_image_url":"","teft_cards_custom_pretitle":"","teft_cards_image_id":4508,"teft_cards_image_focal_point_x":0.5,"teft_cards_image_focal_point_y":0.64,"teft_cards_title":"","teft_cards_excerpt":"","teft_show_chapters":false,"footnotes":""},"class_list":["post-3666","page","type-page","status-publish","hentry"],"yoast_head":"<!-- This site is optimized with the Yoast SEO Premium plugin v26.5 (Yoast SEO v26.6) - https:\/\/yoast.com\/wordpress\/plugins\/seo\/ -->\n<title>Anne Lindboe - Oslos ordf\u00f8rer - Oslo H\u00f8yre<\/title>\n<meta name=\"description\" content=\"Bli kjent med Anne Lindboe - Oslos ordf\u00f8rer.\" \/>\n<meta name=\"robots\" content=\"index, follow, max-snippet:-1, max-image-preview:large, max-video-preview:-1\" \/>\n<link rel=\"canonical\" href=\"https:\/\/hoyre.no\/oslo\/anne-lindboe-ordforer\/\" \/>\n<meta property=\"og:locale\" content=\"nb_NO\" \/>\n<meta property=\"og:type\" content=\"article\" \/>\n<meta property=\"og:title\" content=\"Bli kjent med Anne Lindboe - v\u00e5r ordf\u00f8rerkandidat\" \/>\n<meta property=\"og:description\" content=\"Hvorfor du skal gi H\u00f8yre og meg din stemme i Oslo.\" \/>\n<meta property=\"og:url\" content=\"https:\/\/hoyre.no\/oslo\/anne-lindboe-ordforer\/\" \/>\n<meta property=\"og:site_name\" content=\"Oslo H\u00f8yre\" \/>\n<meta property=\"article:publisher\" content=\"https:\/\/www.facebook.com\/oslo.hoyre\" \/>\n<meta property=\"article:modified_time\" content=\"2026-01-06T09:12:07+00:00\" \/>\n<meta property=\"og:image\" content=\"https:\/\/hoyre.no\/content\/uploads\/sites\/408\/2023\/06\/IMG_1171-scaled.jpg\" \/>\n\t<meta property=\"og:image:width\" content=\"1667\" \/>\n\t<meta property=\"og:image:height\" content=\"2500\" \/>\n\t<meta property=\"og:image:type\" content=\"image\/jpeg\" \/>\n<meta name=\"twitter:card\" content=\"summary_large_image\" \/>\n<meta name=\"twitter:title\" content=\"Bli kjent med Anne Lindboe - v\u00e5r ordf\u00f8rerkandidat\" \/>\n<meta name=\"twitter:description\" content=\"Hvorfor du skal gi H\u00f8yre og meg din stemme i Oslo.\" \/>\n<meta name=\"twitter:image\" content=\"https:\/\/hoyre.no\/content\/uploads\/sites\/408\/2023\/06\/IMG_1171-scaled.jpg\" \/>\n<meta name=\"twitter:label1\" content=\"Ansl. lesetid\" \/>\n\t<meta name=\"twitter:data1\" content=\"2 minutter\" \/>\n<script type=\"application\/ld+json\" class=\"yoast-schema-graph\">{\"@context\":\"https:\/\/schema.org\",\"@graph\":[{\"@type\":\"WebPage\",\"@id\":\"https:\/\/hoyre.no\/oslo\/anne-lindboe-ordforer\/\",\"url\":\"https:\/\/hoyre.no\/oslo\/anne-lindboe-ordforer\/\",\"name\":\"Anne Lindboe - Oslos ordf\u00f8rer - Oslo H\u00f8yre\",\"isPartOf\":{\"@id\":\"https:\/\/hoyre.no\/oslo\/#website\"},\"datePublished\":\"2023-01-05T14:43:42+00:00\",\"dateModified\":\"2026-01-06T09:12:07+00:00\",\"description\":\"Bli kjent med Anne Lindboe - Oslos ordf\u00f8rer.\",\"breadcrumb\":{\"@id\":\"https:\/\/hoyre.no\/oslo\/anne-lindboe-ordforer\/#breadcrumb\"},\"inLanguage\":\"nb-NO\",\"potentialAction\":[{\"@type\":\"ReadAction\",\"target\":[\"https:\/\/hoyre.no\/oslo\/anne-lindboe-ordforer\/\"]}]},{\"@type\":\"BreadcrumbList\",\"@id\":\"https:\/\/hoyre.no\/oslo\/anne-lindboe-ordforer\/#breadcrumb\",\"itemListElement\":[{\"@type\":\"ListItem\",\"position\":1,\"name\":\"Til hoyre.no\",\"item\":\"https:\/\/hoyre.no\"},{\"@type\":\"ListItem\",\"position\":2,\"name\":\"Hjem\",\"item\":\"https:\/\/hoyre.no\/oslo\/\"},{\"@type\":\"ListItem\",\"position\":3,\"name\":\"Anne Lindboe &#8211; Oslos ordf\u00f8rer\"}]},{\"@type\":\"WebSite\",\"@id\":\"https:\/\/hoyre.no\/oslo\/#website\",\"url\":\"https:\/\/hoyre.no\/oslo\/\",\"name\":\"Oslo H\u00f8yre\",\"description\":\"\",\"publisher\":{\"@id\":\"https:\/\/hoyre.no\/oslo\/#organization\"},\"inLanguage\":\"nb-NO\"},{\"@type\":\"Organization\",\"@id\":\"https:\/\/hoyre.no\/oslo\/#organization\",\"name\":\"Oslo H\u00f8yre\",\"url\":\"https:\/\/hoyre.no\/oslo\/\",\"logo\":{\"@type\":\"ImageObject\",\"inLanguage\":\"nb-NO\",\"@id\":\"https:\/\/hoyre.no\/oslo\/#\/schema\/logo\/image\/\",\"url\":\"https:\/\/hoyre.no\/content\/uploads\/sites\/408\/2022\/11\/Hoyres-logo.png\",\"contentUrl\":\"https:\/\/hoyre.no\/content\/uploads\/sites\/408\/2022\/11\/Hoyres-logo.png\",\"width\":1000,\"height\":1000,\"caption\":\"Oslo H\u00f8yre\"},\"image\":{\"@id\":\"https:\/\/hoyre.no\/oslo\/#\/schema\/logo\/image\/\"},\"sameAs\":[\"https:\/\/www.facebook.com\/oslo.hoyre\"]}]}<\/script>\n<!-- \/ Yoast SEO Premium plugin. -->","yoast_head_json":{"title":"Anne Lindboe - Oslos ordf\u00f8rer - Oslo H\u00f8yre","description":"Bli kjent med Anne Lindboe - Oslos ordf\u00f8rer.","robots":{"index":"index","follow":"follow","max-snippet":"max-snippet:-1","max-image-preview":"max-image-preview:large","max-video-preview":"max-video-preview:-1"},"canonical":"https:\/\/hoyre.no\/oslo\/anne-lindboe-ordforer\/","og_locale":"nb_NO","og_type":"article","og_title":"Bli kjent med Anne Lindboe - v\u00e5r ordf\u00f8rerkandidat","og_description":"Hvorfor du skal gi H\u00f8yre og meg din stemme i Oslo.","og_url":"https:\/\/hoyre.no\/oslo\/anne-lindboe-ordforer\/","og_site_name":"Oslo H\u00f8yre","article_publisher":"https:\/\/www.facebook.com\/oslo.hoyre","article_modified_time":"2026-01-06T09:12:07+00:00","og_image":[{"width":1667,"height":2500,"url":"https:\/\/hoyre.no\/content\/uploads\/sites\/408\/2023\/06\/IMG_1171-scaled.jpg","type":"image\/jpeg"}],"twitter_card":"summary_large_image","twitter_title":"Bli kjent med Anne Lindboe - v\u00e5r ordf\u00f8rerkandidat","twitter_description":"Hvorfor du skal gi H\u00f8yre og meg din stemme i Oslo.","twitter_image":"https:\/\/hoyre.no\/content\/uploads\/sites\/408\/2023\/06\/IMG_1171-scaled.jpg","twitter_misc":{"Ansl. lesetid":"2 minutter"},"schema":{"@context":"https:\/\/schema.org","@graph":[{"@type":"WebPage","@id":"https:\/\/hoyre.no\/oslo\/anne-lindboe-ordforer\/","url":"https:\/\/hoyre.no\/oslo\/anne-lindboe-ordforer\/","name":"Anne Lindboe - Oslos ordf\u00f8rer - Oslo H\u00f8yre","isPartOf":{"@id":"https:\/\/hoyre.no\/oslo\/#website"},"datePublished":"2023-01-05T14:43:42+00:00","dateModified":"2026-01-06T09:12:07+00:00","description":"Bli kjent med Anne Lindboe - Oslos ordf\u00f8rer.","breadcrumb":{"@id":"https:\/\/hoyre.no\/oslo\/anne-lindboe-ordforer\/#breadcrumb"},"inLanguage":"nb-NO","potentialAction":[{"@type":"ReadAction","target":["https:\/\/hoyre.no\/oslo\/anne-lindboe-ordforer\/"]}]},{"@type":"BreadcrumbList","@id":"https:\/\/hoyre.no\/oslo\/anne-lindboe-ordforer\/#breadcrumb","itemListElement":[{"@type":"ListItem","position":1,"name":"Til hoyre.no","item":"https:\/\/hoyre.no"},{"@type":"ListItem","position":2,"name":"Hjem","item":"https:\/\/hoyre.no\/oslo\/"},{"@type":"ListItem","position":3,"name":"Anne Lindboe &#8211; Oslos ordf\u00f8rer"}]},{"@type":"WebSite","@id":"https:\/\/hoyre.no\/oslo\/#website","url":"https:\/\/hoyre.no\/oslo\/","name":"Oslo H\u00f8yre","description":"","publisher":{"@id":"https:\/\/hoyre.no\/oslo\/#organization"},"inLanguage":"nb-NO"},{"@type":"Organization","@id":"https:\/\/hoyre.no\/oslo\/#organization","name":"Oslo H\u00f8yre","url":"https:\/\/hoyre.no\/oslo\/","logo":{"@type":"ImageObject","inLanguage":"nb-NO","@id":"https:\/\/hoyre.no\/oslo\/#\/schema\/logo\/image\/","url":"https:\/\/hoyre.no\/content\/uploads\/sites\/408\/2022\/11\/Hoyres-logo.png","contentUrl":"https:\/\/hoyre.no\/content\/uploads\/sites\/408\/2022\/11\/Hoyres-logo.png","width":1000,"height":1000,"caption":"Oslo H\u00f8yre"},"image":{"@id":"https:\/\/hoyre.no\/oslo\/#\/schema\/logo\/image\/"},"sameAs":["https:\/\/www.facebook.com\/oslo.hoyre"]}]}},"distributor_meta":false,"distributor_terms":false,"distributor_media":false,"distributor_original_site_name":"Oslo H\u00f8yre","distributor_original_site_url":"https:\/\/hoyre.no\/oslo","push-errors":false,"_links":{"self":[{"href":"https:\/\/hoyre.no\/oslo\/wp-json\/wp\/v2\/pages\/3666","targetHints":{"allow":["GET"]}}],"collection":[{"href":"https:\/\/hoyre.no\/oslo\/wp-json\/wp\/v2\/pages"}],"about":[{"href":"https:\/\/hoyre.no\/oslo\/wp-json\/wp\/v2\/types\/page"}],"author":[{"embeddable":true,"href":"https:\/\/hoyre.no\/oslo\/wp-json\/wp\/v2\/users\/31424"}],"replies":[{"embeddable":true,"href":"https:\/\/hoyre.no\/oslo\/wp-json\/wp\/v2\/comments?post=3666"}],"version-history":[{"count":48,"href":"https:\/\/hoyre.no\/oslo\/wp-json\/wp\/v2\/pages\/3666\/revisions"}],"predecessor-version":[{"id":9589,"href":"https:\/\/hoyre.no\/oslo\/wp-json\/wp\/v2\/pages\/3666\/revisions\/9589"}],"wp:attachment":[{"href":"https:\/\/hoyre.no\/oslo\/wp-json\/wp\/v2\/media?parent=3666"}],"curies":[{"name":"wp","href":"https:\/\/api.w.org\/{rel}","templated":true}]}}