{"id":4492,"date":"2023-05-25T10:11:04","date_gmt":"2023-05-25T08:11:04","guid":{"rendered":"https:\/\/hoyre.no\/oslo\/?page_id=4492"},"modified":"2025-08-12T13:02:27","modified_gmt":"2025-08-12T11:02:27","slug":"hvordan-stemme-i-oslo","status":"publish","type":"page","link":"https:\/\/hoyre.no\/oslo\/hvordan-stemme-i-oslo\/","title":{"rendered":"Hvordan stemme i Oslo"},"content":{"rendered":"\n<div class=\"wp-block-hoyre-hero text-color-light  has-media alignfull has-background\"><div class=\"hoyre-hero has-image\"><h1 class=\"title\">Hvordan stemme i Oslo ved valget 2025?<\/h1><p class=\"preamble\"><br>8. september er siste mulighet for \u00e5 stemme i Oslo og resten av Norge! Her f\u00e5r du oversikt over alt du trenger \u00e5 vite om forh\u00e5ndsstemming, inkludert hvor du finner valglokaler i Oslo for \u00e5 forh\u00e5ndsstemme f\u00f8r valgdagen.<\/p>\t\t\t<div class=\"post-meta wp-block teft-byline-wrapper\">\n\t\t\t\t<div class=\"top\">\n\t\t\t\t\t<div class=\"signature\">\n\t\t\t\t\t\t<div class=\"teft-byline\">\n\t\t\t\t\t\t\t\t\t\t\t\t\t\t<div>\n\t\t\t\t\t\t\t\t<h3>H\u00f8yres redaksjon<\/h3>\t\t\t\t\t\t\t\t\n\t\t\t\t\t\t\t\t\t\t\t\t\t\t\t\t\t<span class=\"date\">Sist oppdatert: 12. august 2025<\/span>\n\t\t\t\t\t\t\t\t\t\t\t\t\t\t\t\t\t\t\t\t\t\t\t\t\t<span class=\"reading-time\" itemprop=\"timeRequired\" content=\"PT2M\"><em>Ca. 2 minutter lesetid<\/em><\/span>\n\t\t\t\t\t\t\t\t\t\t\t\t\t\t\t<\/div>\n\t\t\t\t\t\t<\/div>\n\t\t\t\t\t<\/div>\n\t\t\t\t\t\t<div class=\"sharing\">\n\t\t<a class=\"share-button share-link copy-link\" data-copy=\"https:\/\/hoyre.no\/oslo\/hvordan-stemme-i-oslo\/\" target=\"_blank\"><span class=\"screen-reader-text\">Del link<\/span><\/a>\n\t\t<a class=\"share-button share-twitter\" href=\"http:\/\/twitter.com\/share?text=Hvordan stemme i Oslo&#038;url=https:\/\/hoyre.no\/oslo\/hvordan-stemme-i-oslo\/&#038;hashtags=Hoyre\" target=\"_blank\"><span class=\"screen-reader-text\">Del p\u00e5 twitter<\/span><\/a>\n\t\t<a class=\"share-button share-facebook\" href=\"https:\/\/www.facebook.com\/sharer\/sharer.php?u=https:\/\/hoyre.no\/oslo\/hvordan-stemme-i-oslo\/\" target=\"_blank\"><span class=\"screen-reader-text\">Del p\u00e5 facebook<\/span><\/a>\n\t<\/div>\n\t\t\t\t\t<\/div>\n\t\t\t<\/div>\n\n\t\t\t<figure class=\"hoyre-image-wrapper\"><div class=\"hoyre-image\"><img loading=\"lazy\" decoding=\"async\" width=\"1200\" height=\"800\" src=\"https:\/\/hoyre.no\/content\/uploads\/sites\/408\/2024\/02\/stortinget.png\" class=\"attachment-scaled size-scaled\" alt=\"\" style=\"object-position: 51% 75%\" srcset=\"https:\/\/hoyre.no\/content\/uploads\/sites\/408\/2024\/02\/stortinget.png 1200w, https:\/\/hoyre.no\/content\/uploads\/sites\/408\/2024\/02\/stortinget-300x200.png 300w, https:\/\/hoyre.no\/content\/uploads\/sites\/408\/2024\/02\/stortinget-1024x683.png 1024w, https:\/\/hoyre.no\/content\/uploads\/sites\/408\/2024\/02\/stortinget-768x512.png 768w\" sizes=\"auto, (max-width: 1200px) 100vw, 1200px\" \/><\/div><\/figure><\/div><\/div>\n\n\n\n<h2 class=\"wp-block-heading\" id=\"h-hvor-er-valglokalene-og-nar-apner-de\">Hvor er valglokalene, og n\u00e5r \u00e5pner de? <\/h2>\n\n\n\n<p>Lurer du p\u00e5 hvor du kan forh\u00e5ndsstemme? Til forh\u00e5ndsstemming i Oslo er det 29 valglokaler \u00e5 velge mellom fra 11. august. Her finner du en komplett oversikt, med \u00e5pningstider og praktisk informasjon for deg som skal stemme i Oslo.<\/p>\n\n\n\n<h2 class=\"wp-block-heading\" id=\"h-valglokaler-i-oslo-du-kan-forhandsstemme-hos\">Valglokaler i Oslo du kan forh\u00e5ndsstemme hos:<\/h2>\n\n\n\n<ul class=\"wp-block-list\">\n<li>Bydel Gamle Oslo: Gr\u00f8nland torg og T\u00f8yen torg<\/li>\n\n\n\n<li>Bydel Gr\u00fcnerl\u00f8kka: Schous plass og Carl Berners plass<\/li>\n\n\n\n<li>Bydel Sagene: Sandaker senter og Gr\u00e5beinsletta<\/li>\n\n\n\n<li>Bydel St. Hanshaugen: St. Hanshaugen<\/li>\n\n\n\n<li>Bydel Frogner: Majorstuen og Hydroparken<\/li>\n\n\n\n<li>Bydel Ullern: CC-Vest<\/li>\n\n\n\n<li>Bydel Vestre Aker: R\u00f8a torg og Vinderen<\/li>\n\n\n\n<li>Bydel Nordre Aker: Blindern &#8211; UiO og BI &#8211; Nydalen<\/li>\n\n\n\n<li>Bydel Bjerke: Linderud senter<\/li>\n\n\n\n<li>Bydel Grorud: Grorud senter<\/li>\n\n\n\n<li>Bydel Stovner: Stovner senter og Haugenstua<\/li>\n\n\n\n<li>Bydel Alna: Tveita senter og Furuset senter<\/li>\n\n\n\n<li>Bydel \u00d8stensj\u00f8: Bryn senter og B\u00f8ler senter<\/li>\n\n\n\n<li>Bydel Nordstrand: Lambertseter senter og S\u00e6ter senter<\/li>\n\n\n\n<li>Bydel S\u00f8ndre Nordstrand: Senter Syd Mortensrud og Hauketo<\/li>\n\n\n\n<li>R\u00e5dhuset: M\u00f8teromssenteret<\/li>\n\n\n\n<li>Sentrum: Egertorget og Deichman Bj\u00f8rvika<\/li>\n<\/ul>\n\n\n\n<h2 class=\"wp-block-heading\" id=\"h-apningstider-forhandsstemming-oslo\">\u00c5pningstider forh\u00e5ndsstemming Oslo :<\/h2>\n\n\n\n<p>Hverdager: kl. 10:00 &#8211; 19:00<br>L\u00f8rdag: kl. 10:00 &#8211; 18:00<\/p>\n\n\n\n<h2 class=\"wp-block-heading\" id=\"h-hva-ma-du-ha-med-nar-du-skal-stemme\">Hva m\u00e5 du ha med n\u00e5r du skal stemme? <\/h2>\n\n\n\n<p>Du m\u00e5 ha med gyldig legitimasjon n\u00e5r du skal stemme, men du trenger ikke \u00e5 ha med deg valgkort. Lurer du p\u00e5 hva som er gyldig legitimasjon? Sjekk <a href=\"https:\/\/www.valg.no\/for-velgere\/kommunestyre--og-fylkestingsvalget-2023\/legitimasjon\/\" target=\"_blank\" rel=\"noreferrer noopener\">her<\/a>. <\/p>\n\n\n","protected":false},"excerpt":{"rendered":"<p>Hvor er valglokalene, og n\u00e5r \u00e5pner de? Lurer du p\u00e5 hvor du kan forh\u00e5ndsstemme? Til forh\u00e5ndsstemming i Oslo er det 29 valglokaler \u00e5 velge mellom fra 11. august. Her finner du en komplett oversikt, med \u00e5pningstider og praktisk informasjon for deg som skal stemme i Oslo. Valglokaler i Oslo du kan forh\u00e5ndsstemme hos: \u00c5pningstider forh\u00e5ndsstemming [&hellip;]<\/p>\n","protected":false},"author":31424,"featured_media":0,"parent":0,"menu_order":0,"comment_status":"closed","ping_status":"closed","template":"","meta":{"teft_cards_image_url":"","teft_cards_custom_pretitle":"","teft_cards_image_id":6035,"teft_cards_image_focal_point_x":0.5,"teft_cards_image_focal_point_y":0.5,"teft_cards_title":"","teft_cards_excerpt":"","teft_show_chapters":false,"footnotes":""},"class_list":["post-4492","page","type-page","status-publish","hentry"],"yoast_head":"<!-- This site is optimized with the Yoast SEO Premium plugin v26.5 (Yoast SEO v26.6) - https:\/\/yoast.com\/wordpress\/plugins\/seo\/ -->\n<title>Hvordan stemme i Oslo - Oslo H\u00f8yre<\/title>\n<meta name=\"description\" content=\"L\u00e6r hvordan du kan forh\u00e5ndsstemme i Oslo. Finn ut hvor og n\u00e5r du kan forh\u00e5ndsstemme, og hva du trenger for \u00e5 stemme i Oslo under valget.\" \/>\n<meta name=\"robots\" content=\"index, follow, max-snippet:-1, max-image-preview:large, max-video-preview:-1\" \/>\n<link rel=\"canonical\" href=\"https:\/\/hoyre.no\/oslo\/hvordan-stemme-i-oslo\/\" \/>\n<meta property=\"og:locale\" content=\"nb_NO\" \/>\n<meta property=\"og:type\" content=\"article\" \/>\n<meta property=\"og:title\" content=\"Hvordan stemme i Oslo\" \/>\n<meta property=\"og:description\" content=\"L\u00e6r hvordan du kan forh\u00e5ndsstemme i Oslo. Finn ut hvor og n\u00e5r du kan forh\u00e5ndsstemme, og hva du trenger for \u00e5 stemme i Oslo under valget.\" \/>\n<meta property=\"og:url\" content=\"https:\/\/hoyre.no\/oslo\/hvordan-stemme-i-oslo\/\" \/>\n<meta property=\"og:site_name\" content=\"Oslo H\u00f8yre\" \/>\n<meta property=\"article:publisher\" content=\"https:\/\/www.facebook.com\/oslo.hoyre\" \/>\n<meta property=\"article:modified_time\" content=\"2025-08-12T11:02:27+00:00\" \/>\n<meta property=\"og:image\" content=\"https:\/\/hoyre.no\/content\/uploads\/sites\/408\/2025\/05\/GettyImages-601897728-scaled.jpg\" \/>\n\t<meta property=\"og:image:width\" content=\"2500\" \/>\n\t<meta property=\"og:image:height\" content=\"1652\" \/>\n\t<meta property=\"og:image:type\" content=\"image\/jpeg\" \/>\n<meta name=\"twitter:card\" content=\"summary_large_image\" \/>\n<meta name=\"twitter:label1\" content=\"Ansl. lesetid\" \/>\n\t<meta name=\"twitter:data1\" content=\"2 minutter\" \/>\n<script type=\"application\/ld+json\" class=\"yoast-schema-graph\">{\"@context\":\"https:\/\/schema.org\",\"@graph\":[{\"@type\":\"WebPage\",\"@id\":\"https:\/\/hoyre.no\/oslo\/hvordan-stemme-i-oslo\/\",\"url\":\"https:\/\/hoyre.no\/oslo\/hvordan-stemme-i-oslo\/\",\"name\":\"Hvordan stemme i Oslo - Oslo H\u00f8yre\",\"isPartOf\":{\"@id\":\"https:\/\/hoyre.no\/oslo\/#website\"},\"datePublished\":\"2023-05-25T08:11:04+00:00\",\"dateModified\":\"2025-08-12T11:02:27+00:00\",\"description\":\"L\u00e6r hvordan du kan forh\u00e5ndsstemme i Oslo. Finn ut hvor og n\u00e5r du kan forh\u00e5ndsstemme, og hva du trenger for \u00e5 stemme i Oslo under valget.\",\"breadcrumb\":{\"@id\":\"https:\/\/hoyre.no\/oslo\/hvordan-stemme-i-oslo\/#breadcrumb\"},\"inLanguage\":\"nb-NO\",\"potentialAction\":[{\"@type\":\"ReadAction\",\"target\":[\"https:\/\/hoyre.no\/oslo\/hvordan-stemme-i-oslo\/\"]}]},{\"@type\":\"BreadcrumbList\",\"@id\":\"https:\/\/hoyre.no\/oslo\/hvordan-stemme-i-oslo\/#breadcrumb\",\"itemListElement\":[{\"@type\":\"ListItem\",\"position\":1,\"name\":\"Til hoyre.no\",\"item\":\"https:\/\/hoyre.no\"},{\"@type\":\"ListItem\",\"position\":2,\"name\":\"Hjem\",\"item\":\"https:\/\/hoyre.no\/oslo\/\"},{\"@type\":\"ListItem\",\"position\":3,\"name\":\"Hvordan stemme i Oslo\"}]},{\"@type\":\"WebSite\",\"@id\":\"https:\/\/hoyre.no\/oslo\/#website\",\"url\":\"https:\/\/hoyre.no\/oslo\/\",\"name\":\"Oslo H\u00f8yre\",\"description\":\"\",\"publisher\":{\"@id\":\"https:\/\/hoyre.no\/oslo\/#organization\"},\"inLanguage\":\"nb-NO\"},{\"@type\":\"Organization\",\"@id\":\"https:\/\/hoyre.no\/oslo\/#organization\",\"name\":\"Oslo H\u00f8yre\",\"url\":\"https:\/\/hoyre.no\/oslo\/\",\"logo\":{\"@type\":\"ImageObject\",\"inLanguage\":\"nb-NO\",\"@id\":\"https:\/\/hoyre.no\/oslo\/#\/schema\/logo\/image\/\",\"url\":\"https:\/\/hoyre.no\/content\/uploads\/sites\/408\/2022\/11\/Hoyres-logo.png\",\"contentUrl\":\"https:\/\/hoyre.no\/content\/uploads\/sites\/408\/2022\/11\/Hoyres-logo.png\",\"width\":1000,\"height\":1000,\"caption\":\"Oslo H\u00f8yre\"},\"image\":{\"@id\":\"https:\/\/hoyre.no\/oslo\/#\/schema\/logo\/image\/\"},\"sameAs\":[\"https:\/\/www.facebook.com\/oslo.hoyre\"]}]}<\/script>\n<!-- \/ Yoast SEO Premium plugin. -->","yoast_head_json":{"title":"Hvordan stemme i Oslo - Oslo H\u00f8yre","description":"L\u00e6r hvordan du kan forh\u00e5ndsstemme i Oslo. Finn ut hvor og n\u00e5r du kan forh\u00e5ndsstemme, og hva du trenger for \u00e5 stemme i Oslo under valget.","robots":{"index":"index","follow":"follow","max-snippet":"max-snippet:-1","max-image-preview":"max-image-preview:large","max-video-preview":"max-video-preview:-1"},"canonical":"https:\/\/hoyre.no\/oslo\/hvordan-stemme-i-oslo\/","og_locale":"nb_NO","og_type":"article","og_title":"Hvordan stemme i Oslo","og_description":"L\u00e6r hvordan du kan forh\u00e5ndsstemme i Oslo. Finn ut hvor og n\u00e5r du kan forh\u00e5ndsstemme, og hva du trenger for \u00e5 stemme i Oslo under valget.","og_url":"https:\/\/hoyre.no\/oslo\/hvordan-stemme-i-oslo\/","og_site_name":"Oslo H\u00f8yre","article_publisher":"https:\/\/www.facebook.com\/oslo.hoyre","article_modified_time":"2025-08-12T11:02:27+00:00","og_image":[{"width":2500,"height":1652,"url":"https:\/\/hoyre.no\/content\/uploads\/sites\/408\/2025\/05\/GettyImages-601897728-scaled.jpg","type":"image\/jpeg"}],"twitter_card":"summary_large_image","twitter_misc":{"Ansl. lesetid":"2 minutter"},"schema":{"@context":"https:\/\/schema.org","@graph":[{"@type":"WebPage","@id":"https:\/\/hoyre.no\/oslo\/hvordan-stemme-i-oslo\/","url":"https:\/\/hoyre.no\/oslo\/hvordan-stemme-i-oslo\/","name":"Hvordan stemme i Oslo - Oslo H\u00f8yre","isPartOf":{"@id":"https:\/\/hoyre.no\/oslo\/#website"},"datePublished":"2023-05-25T08:11:04+00:00","dateModified":"2025-08-12T11:02:27+00:00","description":"L\u00e6r hvordan du kan forh\u00e5ndsstemme i Oslo. Finn ut hvor og n\u00e5r du kan forh\u00e5ndsstemme, og hva du trenger for \u00e5 stemme i Oslo under valget.","breadcrumb":{"@id":"https:\/\/hoyre.no\/oslo\/hvordan-stemme-i-oslo\/#breadcrumb"},"inLanguage":"nb-NO","potentialAction":[{"@type":"ReadAction","target":["https:\/\/hoyre.no\/oslo\/hvordan-stemme-i-oslo\/"]}]},{"@type":"BreadcrumbList","@id":"https:\/\/hoyre.no\/oslo\/hvordan-stemme-i-oslo\/#breadcrumb","itemListElement":[{"@type":"ListItem","position":1,"name":"Til hoyre.no","item":"https:\/\/hoyre.no"},{"@type":"ListItem","position":2,"name":"Hjem","item":"https:\/\/hoyre.no\/oslo\/"},{"@type":"ListItem","position":3,"name":"Hvordan stemme i Oslo"}]},{"@type":"WebSite","@id":"https:\/\/hoyre.no\/oslo\/#website","url":"https:\/\/hoyre.no\/oslo\/","name":"Oslo H\u00f8yre","description":"","publisher":{"@id":"https:\/\/hoyre.no\/oslo\/#organization"},"inLanguage":"nb-NO"},{"@type":"Organization","@id":"https:\/\/hoyre.no\/oslo\/#organization","name":"Oslo H\u00f8yre","url":"https:\/\/hoyre.no\/oslo\/","logo":{"@type":"ImageObject","inLanguage":"nb-NO","@id":"https:\/\/hoyre.no\/oslo\/#\/schema\/logo\/image\/","url":"https:\/\/hoyre.no\/content\/uploads\/sites\/408\/2022\/11\/Hoyres-logo.png","contentUrl":"https:\/\/hoyre.no\/content\/uploads\/sites\/408\/2022\/11\/Hoyres-logo.png","width":1000,"height":1000,"caption":"Oslo H\u00f8yre"},"image":{"@id":"https:\/\/hoyre.no\/oslo\/#\/schema\/logo\/image\/"},"sameAs":["https:\/\/www.facebook.com\/oslo.hoyre"]}]}},"distributor_meta":false,"distributor_terms":false,"distributor_media":false,"distributor_original_site_name":"Oslo H\u00f8yre","distributor_original_site_url":"https:\/\/hoyre.no\/oslo","push-errors":false,"_links":{"self":[{"href":"https:\/\/hoyre.no\/oslo\/wp-json\/wp\/v2\/pages\/4492","targetHints":{"allow":["GET"]}}],"collection":[{"href":"https:\/\/hoyre.no\/oslo\/wp-json\/wp\/v2\/pages"}],"about":[{"href":"https:\/\/hoyre.no\/oslo\/wp-json\/wp\/v2\/types\/page"}],"author":[{"embeddable":true,"href":"https:\/\/hoyre.no\/oslo\/wp-json\/wp\/v2\/users\/31424"}],"replies":[{"embeddable":true,"href":"https:\/\/hoyre.no\/oslo\/wp-json\/wp\/v2\/comments?post=4492"}],"version-history":[{"count":24,"href":"https:\/\/hoyre.no\/oslo\/wp-json\/wp\/v2\/pages\/4492\/revisions"}],"predecessor-version":[{"id":9133,"href":"https:\/\/hoyre.no\/oslo\/wp-json\/wp\/v2\/pages\/4492\/revisions\/9133"}],"wp:attachment":[{"href":"https:\/\/hoyre.no\/oslo\/wp-json\/wp\/v2\/media?parent=4492"}],"curies":[{"name":"wp","href":"https:\/\/api.w.org\/{rel}","templated":true}]}}