{"id":4615,"date":"2023-06-23T14:41:20","date_gmt":"2023-06-23T12:41:20","guid":{"rendered":"https:\/\/hoyre.no\/oslo\/?page_id=4615"},"modified":"2023-08-18T10:01:11","modified_gmt":"2023-08-18T08:01:11","slug":"kommunens-okonomistyring","status":"publish","type":"page","link":"https:\/\/hoyre.no\/oslo\/kommunens-okonomistyring\/","title":{"rendered":"Kommunens \u00f8konomistyring"},"content":{"rendered":"\n<div class=\"wp-block-hoyre-hero with-image-gradient text-color-light  has-media alignfull has-background\"><div class=\"hoyre-hero has-image\"><h1 class=\"title\">Kommunens \u00f8konomistyring<\/h1><figure class=\"hoyre-image-wrapper\"><div class=\"hoyre-image\"><img loading=\"lazy\" decoding=\"async\" width=\"2500\" height=\"1667\" src=\"https:\/\/hoyre.no\/content\/uploads\/sites\/408\/2023\/06\/IMG_3921-kopi-scaled.jpg\" class=\"attachment-scaled size-scaled\" alt=\"\" style=\"object-position: 50% 50%\" srcset=\"https:\/\/hoyre.no\/content\/uploads\/sites\/408\/2023\/06\/IMG_3921-kopi-scaled.jpg 2500w, https:\/\/hoyre.no\/content\/uploads\/sites\/408\/2023\/06\/IMG_3921-kopi-300x200.jpg 300w, https:\/\/hoyre.no\/content\/uploads\/sites\/408\/2023\/06\/IMG_3921-kopi-1024x683.jpg 1024w, https:\/\/hoyre.no\/content\/uploads\/sites\/408\/2023\/06\/IMG_3921-kopi-768x512.jpg 768w, https:\/\/hoyre.no\/content\/uploads\/sites\/408\/2023\/06\/IMG_3921-kopi-1536x1024.jpg 1536w, https:\/\/hoyre.no\/content\/uploads\/sites\/408\/2023\/06\/IMG_3921-kopi-2048x1365.jpg 2048w\" sizes=\"auto, (max-width: 2500px) 100vw, 2500px\" \/><\/div><\/figure><\/div><\/div>\n\n\n\n\n<h2 class=\"wp-block-heading\" id=\"h-mer-for-pengene-det-viktigste-forst\">Mer for pengene &#8211; det viktigste f\u00f8rst<\/h2>\n\n\n\n<p>Oslo H\u00f8yre mener at vi har et ansvar for \u00e5 tenke langsiktig og s\u00f8rge for at ogs\u00e5 neste generasjon opplever en god by med et godt tjenestetilbud. Kommunens \u00f8konomi m\u00e5 v\u00e6re b\u00e6rekraftig, og ressursene m\u00e5 forvaltes langsiktig.<\/p>\n\n\n\n<p>Oslo kommunes pengebruk har \u00f8kt mye siden 2015 \u2013 uten at tjenestetilbudet til innbyggerne har bedret seg tilsvarende. Dagens byr\u00e5d ser ut til \u00e5 v\u00e6re mer opptatt av \u00e5 bruke pengene som er tilgjengelig, enn \u00e5 sikre at de brukes godt og gir best mulig tjenester til innbyggerne over tid.<\/p>\n\n\n\n<p>Svak \u00f8konomistyring gj\u00f8r byen s\u00e5rbar for svikt i kommunens inntekter. Manglende styring og kontroll gj\u00f8r viktige prosjekter dyrere.<\/p>\n\n\n\n<div class=\"wp-block-teft-factbox is-style-blue\"><div class=\"factbox-inner\"><div class=\"entry-content\"><h4 class=\"toggle\">Oslo H\u00f8yre lover at<\/h4>\n<ul class=\"wp-block-list\"><li>vi skal bruke det som er n\u00f8dvendig for \u00e5 levere gode tjenester til innbyggerne<\/li><li>vi skal ikke bruke mer penger \u2013 men disponere midlene bedre<\/li><li>vi skal styre bedre \u2013 det skal bli f\u00e6rre kostnadsoverskridelser i kommunale prosjekter, og ha en mer kritisk holdning til hva kommunen skal eie, og hvilke tjenester den selv skal utf\u00f8re<\/li><\/ul>\n<\/div><\/div><\/div>\n\n\n\n<h3 class=\"wp-block-heading\" id=\"h-budsjettsprekker-i-oslo-kommune-de-siste-arene\">Budsjettsprekker i Oslo kommune de siste \u00e5rene:<\/h3>\n\n\n\n<figure class=\"wp-block-image size-large is-resized\"><img loading=\"lazy\" decoding=\"async\" src=\"https:\/\/hoyre.no\/content\/uploads\/sites\/408\/2023\/08\/Budsjettsprekker-3-819x1024.png\" alt=\"\" class=\"wp-image-5024\" width=\"503\" height=\"628\" srcset=\"https:\/\/hoyre.no\/content\/uploads\/sites\/408\/2023\/08\/Budsjettsprekker-3-819x1024.png 819w, https:\/\/hoyre.no\/content\/uploads\/sites\/408\/2023\/08\/Budsjettsprekker-3-240x300.png 240w, https:\/\/hoyre.no\/content\/uploads\/sites\/408\/2023\/08\/Budsjettsprekker-3-768x960.png 768w, https:\/\/hoyre.no\/content\/uploads\/sites\/408\/2023\/08\/Budsjettsprekker-3.png 864w\" sizes=\"auto, (max-width: 503px) 100vw, 503px\" \/><figcaption>Kilder:<br><a href=\"https:\/\/www.regjeringen.no\/no\/tema\/kommuner-og-regioner\/kommunedata\/effektivitetsanalyse\/effektivitetsanalyse\/id2520380\/\">https:\/\/www.regjeringen.no\/no\/tema\/kommuner-og-regioner\/kommunedata\/effektivitetsanalyse\/effektivitetsanalyse\/id2520380\/<\/a><br><a href=\"https:\/\/www.agendakaupang.no\/wp-content\/uploads\/2022\/08\/Norges-best-styrte-kommuner-Kommuneindeksen-2022_Agenda-Kaupang-11.08.22.pdf\">https:\/\/www.agendakaupang.no\/wp-content\/uploads\/2022\/08\/Norges-best-styrte-kommuner-Kommuneindeksen-2022_Agenda-Kaupang-11.08.22.pdf<\/a><\/figcaption><\/figure>\n\n\n\n<p>Oslo H\u00f8yre vil at kommunen skal gj\u00f8re sine viktigste oppgaver godt fremfor \u00e5 sette i gang tiltak som har liten verdi for innbyggerne. For \u00e5 f\u00e5 mest mulig ut av fellesskapets midler m\u00e5 vi lete etter kostnadseffektive l\u00f8sninger og v\u00e6re villige til \u00e5 gj\u00f8re endringer for \u00e5 oppn\u00e5 h\u00f8yest mulig servicegrad. Forutsigbar og trygg \u00f8konomisk styring er ogs\u00e5 viktig for n\u00e6ringsliv og jobbskaping i byen.<\/p>\n\n\n\n<p>Oslo H\u00f8yre vil sikre en stabil \u00f8konomisk drift slik at kommunen kan opprettholde viktige tilbud til innbyggerne ogs\u00e5 dersom inntektene svinger i \u00e5rene fremover. Et grep for \u00e5 lykkes med dette er \u00e5 innf\u00f8re en \u00abhandlingsregel\u00bb som sikrer at pengebruken er \u00f8konomisk b\u00e6rekraftig p\u00e5 sikt.<\/p>\n\n\n\n<h3 class=\"wp-block-heading\" id=\"h-oslo-hoyre-vil\">Oslo H\u00f8yre vil<\/h3>\n\n\n\n<ul class=\"wp-block-list\"><li>gjennomf\u00f8re en lokal avbyr\u00e5kratiserings- og effektiviseringsreform (ABE-reform)<\/li><li>innf\u00f8re omr\u00e5degjennomganger etter modell av Solberg-regjeringen for \u00e5 identifisere st\u00f8rre innsparingsmuligheter p\u00e5 kommunebudsjettet<\/li><li>selge eiendom kommunen ikke har bruk for<\/li><li>etablere en \u00abhandlingsregel\u00bb for bruk av kraftinntekter, som sikrer at inntekter over et visst niv\u00e5 brukes til \u00e5 finansiere investeringer eller nedbetale gjeld<\/li><\/ul>\n\n\n\n\n<p>Penger det offentlige henter inn fra innbyggerne, enten de kommer fra inntektsskatt, formuesskatt eller gjennom andre skatter og avgifter, m\u00e5 brukes med respekt for innbyggerne som har betalt dem. I tiden fremover er det varslet ytterligere rente\u00f8kninger som vil gj\u00f8re innbyggernes \u00f8konomi trangere. Samtidig vil lokale avgifter \u00f8ke p\u00e5 grunn av n\u00f8dvendige investeringer i vann og avl\u00f8p, milj\u00f8, kollektiv og vei. Da er det helt  vesentlig at kommunen ikke krever inn mer enn det som er n\u00f8dvendig, og sikrer at disse pengene brukes p\u00e5 best mulig m\u00e5te. Oslo H\u00f8yre har vist tidligere at det er mulig \u00e5 drifte kommunen b\u00e6rekraftig og sikre tjenester med god kvalitet uten eiendomsskatt, og vi vil jobbe for \u00e5 avvikle den. I den grad det m\u00e5 gj\u00f8res prioriteringer, vil vi f\u00f8rst avvikle den for privatboliger.<\/p>\n\n\n\n<h3 class=\"wp-block-heading\" id=\"h-les-ogsa\">LES OGS\u00c5:<\/h3>\n\n\n\n<div class=\"wp-block-buttons is-layout-flex wp-block-buttons-is-layout-flex\"><\/div>\n\n\n\n<h3 class=\"wp-block-heading\" id=\"h-slosing-se-hva-kommunen-bruker-penger-pa\">Sl\u00f8sing: Se hva kommunen bruker penger p\u00e5\ud83d\udc47<\/h3>\n\n\n\n<figure class=\"wp-block-embed is-type-video is-provider-youtube wp-block-embed-youtube wp-embed-aspect-4-3 wp-has-aspect-ratio\"><div class=\"wp-block-embed__wrapper\">\n<iframe loading=\"lazy\" title=\"Nok sl\u00f8sing: \u00f8sterssopp\" width=\"500\" height=\"375\" src=\"https:\/\/www.youtube.com\/embed\/Q2xQCMuNRwI?feature=oembed\" frameborder=\"0\" allow=\"accelerometer; autoplay; clipboard-write; encrypted-media; gyroscope; picture-in-picture; web-share\" referrerpolicy=\"strict-origin-when-cross-origin\" allowfullscreen><\/iframe>\n<\/div><\/figure>\n\n\n\n<figure class=\"wp-block-embed is-type-video is-provider-youtube wp-block-embed-youtube wp-embed-aspect-4-3 wp-has-aspect-ratio\"><div class=\"wp-block-embed__wrapper\">\n<iframe loading=\"lazy\" title=\"Kommunale avgifter\" width=\"500\" height=\"375\" src=\"https:\/\/www.youtube.com\/embed\/NydFX2WPse0?feature=oembed\" frameborder=\"0\" allow=\"accelerometer; autoplay; clipboard-write; encrypted-media; gyroscope; picture-in-picture; web-share\" referrerpolicy=\"strict-origin-when-cross-origin\" allowfullscreen><\/iframe>\n<\/div><\/figure>\n\n\n\n<div class=\"wp-block-teft-cards alignwide teft-cards-grid default-size-4\"><div class=\"teft-cards-item has-4-columns is-card-hoyre\">\n\t<div class=\"teft-card hoyre-teft-card page-teft-card\">\n\t\t<a href=\"https:\/\/hoyre.no\/oslo\/monopol-egner-seg-best-som-brettspill\/\" class=\"teft-card__primary-action\">\n\n\t\t\t\t\t<div class=\"teft-card__media teft-card__media--16-9\">\n\t\t\t\t\t\t<img loading=\"lazy\" decoding=\"async\" width=\"768\" height=\"768\" src=\"https:\/\/hoyre.no\/content\/uploads\/sites\/408\/2023\/06\/Design-uten-navn-27-kopi-768x768.png\" class=\"attachment-medium_large size-medium_large\" alt=\"Eldreomsorg\" srcset=\"https:\/\/hoyre.no\/content\/uploads\/sites\/408\/2023\/06\/Design-uten-navn-27-kopi-768x768.png 768w, https:\/\/hoyre.no\/content\/uploads\/sites\/408\/2023\/06\/Design-uten-navn-27-kopi-300x300.png 300w, https:\/\/hoyre.no\/content\/uploads\/sites\/408\/2023\/06\/Design-uten-navn-27-kopi-1024x1024.png 1024w, https:\/\/hoyre.no\/content\/uploads\/sites\/408\/2023\/06\/Design-uten-navn-27-kopi-150x150.png 150w, https:\/\/hoyre.no\/content\/uploads\/sites\/408\/2023\/06\/Design-uten-navn-27-kopi.png 1080w\" sizes=\"auto, (max-width: 768px) 100vw, 768px\" \/>\t\t<\/div>\n\t\t\n\t\t\t<div class=\"teft-card__content-wrapper\">\n\t\t\t\t<div class=\"teft-card__secondary\">\n\t\t\t\t\t\t\t\t\t<\/div>\n\n\t\t\t\t<div class=\"teft-card__primary\">\n\t\t\t\t\t<h2 class=\"teft-card__title\">Monopol egner seg best som brettspill&nbsp;<span class=\"teft-card__primary-title-append\"><\/span><\/h2>\t\t\t\t<\/div>\n\t\t\t<\/div>\n\t\t<\/a>\n\t<\/div>\n\n\t<\/div>\n\n<div class=\"teft-cards-item has-4-columns is-card-hoyre\">\n\t<div class=\"teft-card hoyre-teft-card page-teft-card\">\n\t\t<a href=\"https:\/\/hoyre.no\/oslo\/du-skal-ikke-vaere-utrygg-i-oslo\/\" class=\"teft-card__primary-action\">\n\n\t\t\t\t\t<div class=\"teft-card__media teft-card__media--16-9\">\n\t\t\t\t\t\t<img loading=\"lazy\" decoding=\"async\" width=\"768\" height=\"512\" src=\"https:\/\/hoyre.no\/content\/uploads\/sites\/408\/2023\/06\/GettyImages-1271547720-768x512.jpg\" class=\"attachment-medium_large size-medium_large\" alt=\"trygghet\" srcset=\"https:\/\/hoyre.no\/content\/uploads\/sites\/408\/2023\/06\/GettyImages-1271547720-768x512.jpg 768w, https:\/\/hoyre.no\/content\/uploads\/sites\/408\/2023\/06\/GettyImages-1271547720-300x200.jpg 300w, https:\/\/hoyre.no\/content\/uploads\/sites\/408\/2023\/06\/GettyImages-1271547720-1024x683.jpg 1024w, https:\/\/hoyre.no\/content\/uploads\/sites\/408\/2023\/06\/GettyImages-1271547720-1536x1024.jpg 1536w, https:\/\/hoyre.no\/content\/uploads\/sites\/408\/2023\/06\/GettyImages-1271547720-2048x1365.jpg 2048w\" sizes=\"auto, (max-width: 768px) 100vw, 768px\" \/>\t\t<\/div>\n\t\t\n\t\t\t<div class=\"teft-card__content-wrapper\">\n\t\t\t\t<div class=\"teft-card__secondary\">\n\t\t\t\t\t\t\t\t\t<\/div>\n\n\t\t\t\t<div class=\"teft-card__primary\">\n\t\t\t\t\t<h2 class=\"teft-card__title\">Du skal ikke v\u00e6re utrygg i Oslo&nbsp;<span class=\"teft-card__primary-title-append\"><\/span><\/h2>\t\t\t\t<\/div>\n\t\t\t<\/div>\n\t\t<\/a>\n\t<\/div>\n\n\t<\/div>\n\n<div class=\"teft-cards-item has-4-columns is-card-hoyre\">\n\t<div class=\"teft-card hoyre-teft-card page-teft-card\">\n\t\t<a href=\"https:\/\/hoyre.no\/oslo\/politikk\/5-grunner-til-a-stemme-oslo-hoyre\/\" class=\"teft-card__primary-action\">\n\n\t\t\t\t\t<div class=\"teft-card__media teft-card__media--16-9\">\n\t\t\t\t\t\t<img loading=\"lazy\" decoding=\"async\" width=\"768\" height=\"512\" src=\"https:\/\/hoyre.no\/content\/uploads\/sites\/408\/2023\/05\/Anne-Lindboe-og-Eirik-Lae-Solberg-foto-Hans-Kristian-Thorbjornsen-8-768x512.jpg\" class=\"attachment-medium_large size-medium_large\" alt=\"Anne Lindboe og Eirik Lae Solberg\" srcset=\"https:\/\/hoyre.no\/content\/uploads\/sites\/408\/2023\/05\/Anne-Lindboe-og-Eirik-Lae-Solberg-foto-Hans-Kristian-Thorbjornsen-8-768x512.jpg 768w, https:\/\/hoyre.no\/content\/uploads\/sites\/408\/2023\/05\/Anne-Lindboe-og-Eirik-Lae-Solberg-foto-Hans-Kristian-Thorbjornsen-8-300x200.jpg 300w, https:\/\/hoyre.no\/content\/uploads\/sites\/408\/2023\/05\/Anne-Lindboe-og-Eirik-Lae-Solberg-foto-Hans-Kristian-Thorbjornsen-8-1024x683.jpg 1024w, https:\/\/hoyre.no\/content\/uploads\/sites\/408\/2023\/05\/Anne-Lindboe-og-Eirik-Lae-Solberg-foto-Hans-Kristian-Thorbjornsen-8-1536x1024.jpg 1536w, https:\/\/hoyre.no\/content\/uploads\/sites\/408\/2023\/05\/Anne-Lindboe-og-Eirik-Lae-Solberg-foto-Hans-Kristian-Thorbjornsen-8-2048x1365.jpg 2048w\" sizes=\"auto, (max-width: 768px) 100vw, 768px\" \/>\t\t<\/div>\n\t\t\n\t\t\t<div class=\"teft-card__content-wrapper\">\n\t\t\t\t<div class=\"teft-card__secondary\">\n\t\t\t\t\t\t\t\t\t<\/div>\n\n\t\t\t\t<div class=\"teft-card__primary\">\n\t\t\t\t\t<h2 class=\"teft-card__title\">Fem grunner til \u00e5 stemme Oslo H\u00f8yre&nbsp;<span class=\"teft-card__primary-title-append\"><\/span><\/h2>\t\t\t\t<\/div>\n\t\t\t<\/div>\n\t\t<\/a>\n\t<\/div>\n\n\t<\/div><\/div>\n","protected":false},"excerpt":{"rendered":"<p>Penger det offentlige henter inn fra innbyggerne, enten de kommer fra inntektsskatt, formuesskatt eller gjennom andre skatter og avgifter, m\u00e5 brukes med respekt for innbyggerne som har betalt dem. I tiden fremover er det varslet ytterligere rente\u00f8kninger som vil gj\u00f8re innbyggernes \u00f8konomi trangere. Samtidig vil lokale avgifter \u00f8ke p\u00e5 grunn av n\u00f8dvendige investeringer i vann [&hellip;]<\/p>\n","protected":false},"author":31424,"featured_media":0,"parent":0,"menu_order":0,"comment_status":"closed","ping_status":"closed","template":"","meta":{"teft_cards_image_url":"","teft_cards_custom_pretitle":"","teft_cards_image_id":4533,"teft_cards_image_focal_point_x":0.5,"teft_cards_image_focal_point_y":0.5,"teft_cards_title":"","teft_cards_excerpt":"","teft_show_chapters":false,"footnotes":""},"class_list":["post-4615","page","type-page","status-publish","hentry"],"yoast_head":"<!-- This site is optimized with the Yoast SEO Premium plugin v26.5 (Yoast SEO v26.6) - https:\/\/yoast.com\/wordpress\/plugins\/seo\/ -->\n<title>Kommunens \u00f8konomistyring - Oslo H\u00f8yre<\/title>\n<meta name=\"description\" content=\"Oslo kommunes pengebruk har \u00f8kt mye siden 2015 \u2013 uten at tjenestetilbudet til innbyggerne har bedret seg tilsvarende.\" \/>\n<meta name=\"robots\" content=\"index, follow, max-snippet:-1, max-image-preview:large, max-video-preview:-1\" \/>\n<link rel=\"canonical\" href=\"https:\/\/hoyre.no\/oslo\/kommunens-okonomistyring\/\" \/>\n<meta property=\"og:locale\" content=\"nb_NO\" \/>\n<meta property=\"og:type\" content=\"article\" \/>\n<meta property=\"og:title\" content=\"Kommunens \u00f8konomistyring\" \/>\n<meta property=\"og:description\" content=\"Oslo kommunes pengebruk har \u00f8kt mye siden 2015 \u2013 uten at tjenestetilbudet til innbyggerne har bedret seg tilsvarende.\" \/>\n<meta property=\"og:url\" content=\"https:\/\/hoyre.no\/oslo\/kommunens-okonomistyring\/\" \/>\n<meta property=\"og:site_name\" content=\"Oslo H\u00f8yre\" \/>\n<meta property=\"article:publisher\" content=\"https:\/\/www.facebook.com\/oslo.hoyre\" \/>\n<meta property=\"article:modified_time\" content=\"2023-08-18T08:01:11+00:00\" \/>\n<meta property=\"og:image\" content=\"https:\/\/hoyre.no\/content\/uploads\/sites\/408\/2023\/06\/IMG_3921-kopi-1024x683.jpg\" \/>\n<meta name=\"twitter:card\" content=\"summary_large_image\" \/>\n<meta name=\"twitter:label1\" content=\"Ansl. lesetid\" \/>\n\t<meta name=\"twitter:data1\" content=\"3 minutter\" \/>\n<script type=\"application\/ld+json\" class=\"yoast-schema-graph\">{\"@context\":\"https:\/\/schema.org\",\"@graph\":[{\"@type\":\"WebPage\",\"@id\":\"https:\/\/hoyre.no\/oslo\/kommunens-okonomistyring\/\",\"url\":\"https:\/\/hoyre.no\/oslo\/kommunens-okonomistyring\/\",\"name\":\"Kommunens \u00f8konomistyring - Oslo H\u00f8yre\",\"isPartOf\":{\"@id\":\"https:\/\/hoyre.no\/oslo\/#website\"},\"image\":{\"@id\":\"https:\/\/hoyre.no\/oslo\/kommunens-okonomistyring\/#primaryimage\"},\"thumbnailUrl\":\"https:\/\/hoyre.no\/content\/uploads\/sites\/408\/2023\/08\/Budsjettsprekker-3-819x1024.png\",\"datePublished\":\"2023-06-23T12:41:20+00:00\",\"dateModified\":\"2023-08-18T08:01:11+00:00\",\"description\":\"Oslo kommunes pengebruk har \u00f8kt mye siden 2015 \u2013 uten at tjenestetilbudet til innbyggerne har bedret seg tilsvarende.\",\"breadcrumb\":{\"@id\":\"https:\/\/hoyre.no\/oslo\/kommunens-okonomistyring\/#breadcrumb\"},\"inLanguage\":\"nb-NO\",\"potentialAction\":[{\"@type\":\"ReadAction\",\"target\":[\"https:\/\/hoyre.no\/oslo\/kommunens-okonomistyring\/\"]}]},{\"@type\":\"ImageObject\",\"inLanguage\":\"nb-NO\",\"@id\":\"https:\/\/hoyre.no\/oslo\/kommunens-okonomistyring\/#primaryimage\",\"url\":\"https:\/\/hoyre.no\/content\/uploads\/sites\/408\/2023\/08\/Budsjettsprekker-3-819x1024.png\",\"contentUrl\":\"https:\/\/hoyre.no\/content\/uploads\/sites\/408\/2023\/08\/Budsjettsprekker-3-819x1024.png\"},{\"@type\":\"BreadcrumbList\",\"@id\":\"https:\/\/hoyre.no\/oslo\/kommunens-okonomistyring\/#breadcrumb\",\"itemListElement\":[{\"@type\":\"ListItem\",\"position\":1,\"name\":\"Til hoyre.no\",\"item\":\"https:\/\/hoyre.no\"},{\"@type\":\"ListItem\",\"position\":2,\"name\":\"Hjem\",\"item\":\"https:\/\/hoyre.no\/oslo\/\"},{\"@type\":\"ListItem\",\"position\":3,\"name\":\"Kommunens \u00f8konomistyring\"}]},{\"@type\":\"WebSite\",\"@id\":\"https:\/\/hoyre.no\/oslo\/#website\",\"url\":\"https:\/\/hoyre.no\/oslo\/\",\"name\":\"Oslo H\u00f8yre\",\"description\":\"\",\"publisher\":{\"@id\":\"https:\/\/hoyre.no\/oslo\/#organization\"},\"inLanguage\":\"nb-NO\"},{\"@type\":\"Organization\",\"@id\":\"https:\/\/hoyre.no\/oslo\/#organization\",\"name\":\"Oslo H\u00f8yre\",\"url\":\"https:\/\/hoyre.no\/oslo\/\",\"logo\":{\"@type\":\"ImageObject\",\"inLanguage\":\"nb-NO\",\"@id\":\"https:\/\/hoyre.no\/oslo\/#\/schema\/logo\/image\/\",\"url\":\"https:\/\/hoyre.no\/content\/uploads\/sites\/408\/2022\/11\/Hoyres-logo.png\",\"contentUrl\":\"https:\/\/hoyre.no\/content\/uploads\/sites\/408\/2022\/11\/Hoyres-logo.png\",\"width\":1000,\"height\":1000,\"caption\":\"Oslo H\u00f8yre\"},\"image\":{\"@id\":\"https:\/\/hoyre.no\/oslo\/#\/schema\/logo\/image\/\"},\"sameAs\":[\"https:\/\/www.facebook.com\/oslo.hoyre\"]}]}<\/script>\n<!-- \/ Yoast SEO Premium plugin. -->","yoast_head_json":{"title":"Kommunens \u00f8konomistyring - Oslo H\u00f8yre","description":"Oslo kommunes pengebruk har \u00f8kt mye siden 2015 \u2013 uten at tjenestetilbudet til innbyggerne har bedret seg tilsvarende.","robots":{"index":"index","follow":"follow","max-snippet":"max-snippet:-1","max-image-preview":"max-image-preview:large","max-video-preview":"max-video-preview:-1"},"canonical":"https:\/\/hoyre.no\/oslo\/kommunens-okonomistyring\/","og_locale":"nb_NO","og_type":"article","og_title":"Kommunens \u00f8konomistyring","og_description":"Oslo kommunes pengebruk har \u00f8kt mye siden 2015 \u2013 uten at tjenestetilbudet til innbyggerne har bedret seg tilsvarende.","og_url":"https:\/\/hoyre.no\/oslo\/kommunens-okonomistyring\/","og_site_name":"Oslo H\u00f8yre","article_publisher":"https:\/\/www.facebook.com\/oslo.hoyre","article_modified_time":"2023-08-18T08:01:11+00:00","og_image":[{"url":"https:\/\/hoyre.no\/content\/uploads\/sites\/408\/2023\/06\/IMG_3921-kopi-1024x683.jpg","width":"","height":"","type":""}],"twitter_card":"summary_large_image","twitter_misc":{"Ansl. lesetid":"3 minutter"},"schema":{"@context":"https:\/\/schema.org","@graph":[{"@type":"WebPage","@id":"https:\/\/hoyre.no\/oslo\/kommunens-okonomistyring\/","url":"https:\/\/hoyre.no\/oslo\/kommunens-okonomistyring\/","name":"Kommunens \u00f8konomistyring - Oslo H\u00f8yre","isPartOf":{"@id":"https:\/\/hoyre.no\/oslo\/#website"},"image":{"@id":"https:\/\/hoyre.no\/oslo\/kommunens-okonomistyring\/#primaryimage"},"thumbnailUrl":"https:\/\/hoyre.no\/content\/uploads\/sites\/408\/2023\/08\/Budsjettsprekker-3-819x1024.png","datePublished":"2023-06-23T12:41:20+00:00","dateModified":"2023-08-18T08:01:11+00:00","description":"Oslo kommunes pengebruk har \u00f8kt mye siden 2015 \u2013 uten at tjenestetilbudet til innbyggerne har bedret seg tilsvarende.","breadcrumb":{"@id":"https:\/\/hoyre.no\/oslo\/kommunens-okonomistyring\/#breadcrumb"},"inLanguage":"nb-NO","potentialAction":[{"@type":"ReadAction","target":["https:\/\/hoyre.no\/oslo\/kommunens-okonomistyring\/"]}]},{"@type":"ImageObject","inLanguage":"nb-NO","@id":"https:\/\/hoyre.no\/oslo\/kommunens-okonomistyring\/#primaryimage","url":"https:\/\/hoyre.no\/content\/uploads\/sites\/408\/2023\/08\/Budsjettsprekker-3-819x1024.png","contentUrl":"https:\/\/hoyre.no\/content\/uploads\/sites\/408\/2023\/08\/Budsjettsprekker-3-819x1024.png"},{"@type":"BreadcrumbList","@id":"https:\/\/hoyre.no\/oslo\/kommunens-okonomistyring\/#breadcrumb","itemListElement":[{"@type":"ListItem","position":1,"name":"Til hoyre.no","item":"https:\/\/hoyre.no"},{"@type":"ListItem","position":2,"name":"Hjem","item":"https:\/\/hoyre.no\/oslo\/"},{"@type":"ListItem","position":3,"name":"Kommunens \u00f8konomistyring"}]},{"@type":"WebSite","@id":"https:\/\/hoyre.no\/oslo\/#website","url":"https:\/\/hoyre.no\/oslo\/","name":"Oslo H\u00f8yre","description":"","publisher":{"@id":"https:\/\/hoyre.no\/oslo\/#organization"},"inLanguage":"nb-NO"},{"@type":"Organization","@id":"https:\/\/hoyre.no\/oslo\/#organization","name":"Oslo H\u00f8yre","url":"https:\/\/hoyre.no\/oslo\/","logo":{"@type":"ImageObject","inLanguage":"nb-NO","@id":"https:\/\/hoyre.no\/oslo\/#\/schema\/logo\/image\/","url":"https:\/\/hoyre.no\/content\/uploads\/sites\/408\/2022\/11\/Hoyres-logo.png","contentUrl":"https:\/\/hoyre.no\/content\/uploads\/sites\/408\/2022\/11\/Hoyres-logo.png","width":1000,"height":1000,"caption":"Oslo H\u00f8yre"},"image":{"@id":"https:\/\/hoyre.no\/oslo\/#\/schema\/logo\/image\/"},"sameAs":["https:\/\/www.facebook.com\/oslo.hoyre"]}]}},"distributor_meta":false,"distributor_terms":false,"distributor_media":false,"distributor_original_site_name":"Oslo H\u00f8yre","distributor_original_site_url":"https:\/\/hoyre.no\/oslo","push-errors":false,"_links":{"self":[{"href":"https:\/\/hoyre.no\/oslo\/wp-json\/wp\/v2\/pages\/4615","targetHints":{"allow":["GET"]}}],"collection":[{"href":"https:\/\/hoyre.no\/oslo\/wp-json\/wp\/v2\/pages"}],"about":[{"href":"https:\/\/hoyre.no\/oslo\/wp-json\/wp\/v2\/types\/page"}],"author":[{"embeddable":true,"href":"https:\/\/hoyre.no\/oslo\/wp-json\/wp\/v2\/users\/31424"}],"replies":[{"embeddable":true,"href":"https:\/\/hoyre.no\/oslo\/wp-json\/wp\/v2\/comments?post=4615"}],"version-history":[{"count":31,"href":"https:\/\/hoyre.no\/oslo\/wp-json\/wp\/v2\/pages\/4615\/revisions"}],"predecessor-version":[{"id":5201,"href":"https:\/\/hoyre.no\/oslo\/wp-json\/wp\/v2\/pages\/4615\/revisions\/5201"}],"wp:attachment":[{"href":"https:\/\/hoyre.no\/oslo\/wp-json\/wp\/v2\/media?parent=4615"}],"curies":[{"name":"wp","href":"https:\/\/api.w.org\/{rel}","templated":true}]}}