{"id":4624,"date":"2023-06-23T14:42:44","date_gmt":"2023-06-23T12:42:44","guid":{"rendered":"https:\/\/hoyre.no\/oslo\/?page_id=4624"},"modified":"2023-08-05T20:37:29","modified_gmt":"2023-08-05T18:37:29","slug":"eiendomsskatt","status":"publish","type":"page","link":"https:\/\/hoyre.no\/oslo\/eiendomsskatt\/","title":{"rendered":"Eiendomsskatt"},"content":{"rendered":"\n<div class=\"wp-block-hoyre-hero with-image-gradient text-color-light  has-media alignfull has-background\"><div class=\"hoyre-hero has-image\"><h1 class=\"title\">Eiendomsskatt<\/h1><figure class=\"hoyre-image-wrapper\"><div class=\"hoyre-image\"><img loading=\"lazy\" decoding=\"async\" width=\"1640\" height=\"924\" src=\"https:\/\/hoyre.no\/content\/uploads\/sites\/408\/2023\/06\/Leilighet-Oslo-2.png\" class=\"attachment-scaled size-scaled\" alt=\"Leilighet i Oslo\" style=\"object-position: 50% 50%\" srcset=\"https:\/\/hoyre.no\/content\/uploads\/sites\/408\/2023\/06\/Leilighet-Oslo-2.png 1640w, https:\/\/hoyre.no\/content\/uploads\/sites\/408\/2023\/06\/Leilighet-Oslo-2-300x169.png 300w, https:\/\/hoyre.no\/content\/uploads\/sites\/408\/2023\/06\/Leilighet-Oslo-2-1024x577.png 1024w, https:\/\/hoyre.no\/content\/uploads\/sites\/408\/2023\/06\/Leilighet-Oslo-2-768x433.png 768w, https:\/\/hoyre.no\/content\/uploads\/sites\/408\/2023\/06\/Leilighet-Oslo-2-1536x865.png 1536w\" sizes=\"auto, (max-width: 1640px) 100vw, 1640px\" \/><\/div><\/figure><\/div><\/div>\n\n\n\n\n<h2 class=\"wp-block-heading\" id=\"h-vi-vil-kutte-i-eiendomsskatten-pa-boligen-din\">Vi vil kutte i eiendomsskatten p\u00e5 boligen din<\/h2>\n\n\n\n<div class=\"wp-block-hoyre-banner undefined  is-style-dark\"><div class=\"banner-inner\"><div class=\"banner-content\"><div class=\"entry-content\">\n<h3 class=\"wp-block-heading\" id=\"h-visste-du-at\">Visste du at?<\/h3>\n\n\n\n<p>Oslo kommune har sl\u00f8st bort folks skattepenger p\u00e5 \u00e5 kj\u00f8pe private barnehager, rekommunalisere eldreomsorgen, hatt enorme kostnadsoverskridelser i kommunens egne prosjekter og gjort dyre eiendomskj\u00f8p.<\/p>\n\n\n\n<div class=\"wp-block-buttons is-layout-flex wp-block-buttons-is-layout-flex\"><\/div>\n<\/div><\/div><\/div><\/div>\n\n\n\n<p>Penger det offentlige henter inn fra innbyggerne, enten de kommer fra inntektsskatt, formuesskatt eller gjennom andre skatter og avgifter, m\u00e5 brukes med respekt for innbyggerne som har betalt dem. <\/p>\n\n\n\n<p>I \u00e5rene fremover er det varslet rente\u00f8kninger som vil gj\u00f8re innbyggernes \u00f8konomi trangere. Samtidig vil lokale avgifter \u00f8ke p\u00e5 grunn av n\u00f8dvendige investeringer i vann og avl\u00f8p, milj\u00f8, kollektiv og vei. Da er det helt vesentlig at kommunen ikke krever inn mer enn det som er n\u00f8dvendig, og sikrer at disse pengene brukes p\u00e5 best mulig m\u00e5te. <\/p>\n\n\n\n<p>Oslo H\u00f8yre har vist tidligere at det er mulig \u00e5 drifte kommunen b\u00e6rekraftig og sikre tjenester med god kvalitet uten eiendomsskatt, og vi vil jobbe for \u00e5 avvikle den. I den grad det m\u00e5 gj\u00f8res prioriteringer, vil vi f\u00f8rst avvikle den for privatboliger.<\/p>\n\n\n\n<div class=\"wp-block-hoyre-banner undefined  is-style-blue\"><div class=\"banner-inner\"><figure class=\"hoyre-image-wrapper\"><div class=\"hoyre-image\"><img loading=\"lazy\" decoding=\"async\" width=\"1640\" height=\"924\" src=\"https:\/\/hoyre.no\/content\/uploads\/sites\/408\/2023\/06\/Design-uten-navn-27.png\" class=\"attachment-scaled size-scaled\" alt=\"\" style=\"object-position: 50% 50%\" srcset=\"https:\/\/hoyre.no\/content\/uploads\/sites\/408\/2023\/06\/Design-uten-navn-27.png 1640w, https:\/\/hoyre.no\/content\/uploads\/sites\/408\/2023\/06\/Design-uten-navn-27-300x169.png 300w, https:\/\/hoyre.no\/content\/uploads\/sites\/408\/2023\/06\/Design-uten-navn-27-1024x577.png 1024w, https:\/\/hoyre.no\/content\/uploads\/sites\/408\/2023\/06\/Design-uten-navn-27-768x433.png 768w, https:\/\/hoyre.no\/content\/uploads\/sites\/408\/2023\/06\/Design-uten-navn-27-1536x865.png 1536w\" sizes=\"auto, (max-width: 1640px) 100vw, 1640px\" \/><\/div><\/figure><div class=\"banner-content\"><div class=\"entry-content\">\n<h3 class=\"wp-block-heading\" id=\"h-under-raymond-johansens-ledelse-har-levekostnadene-til-de-fleste-okt-mer-enn-inntektene\">Under Raymond Johansens ledelse har levekostnadene til de fleste \u00f8kt mer enn inntektene.<\/h3>\n\n\n\n<p>Familier og enslige de siste \u00e5rene f\u00e5tt trangere \u00f8konomi. Barnefattigdommen i de mest utsatte omr\u00e5dene i Oslo er \u00f8kende, og ulikheten \u00f8ker. <\/p>\n\n\n\n<div class=\"wp-block-buttons is-layout-flex wp-block-buttons-is-layout-flex\"><\/div>\n<\/div><\/div><\/div><\/div>\n\n\n\n<p>Oslo skal ogs\u00e5 v\u00e6re en by der det er godt \u00e5 bo i fremtiden. Vi m\u00e5 derfor bygge flere boliger s\u00e5 folk har r\u00e5d til \u00e5 kj\u00f8pe sin egen. Skal vi klare dette m\u00e5 byen styres godt. H\u00f8yre vil ha slutt p\u00e5 sl\u00f8singen og f\u00e5 orden p\u00e5 \u00f8konomien.<\/p>\n\n\n\n<figure class=\"wp-block-image size-large\"><img loading=\"lazy\" decoding=\"async\" width=\"1024\" height=\"683\" src=\"https:\/\/hoyre.no\/content\/uploads\/sites\/408\/2023\/05\/Anne-Lindboe-og-Eirik-Lae-Solberg-foto-Hans-Kristian-Thorbjornsen-8-1024x683.jpg\" alt=\"Anne Lindboe og Eirik Lae Solberg\" class=\"wp-image-4504\" srcset=\"https:\/\/hoyre.no\/content\/uploads\/sites\/408\/2023\/05\/Anne-Lindboe-og-Eirik-Lae-Solberg-foto-Hans-Kristian-Thorbjornsen-8-1024x683.jpg 1024w, https:\/\/hoyre.no\/content\/uploads\/sites\/408\/2023\/05\/Anne-Lindboe-og-Eirik-Lae-Solberg-foto-Hans-Kristian-Thorbjornsen-8-300x200.jpg 300w, https:\/\/hoyre.no\/content\/uploads\/sites\/408\/2023\/05\/Anne-Lindboe-og-Eirik-Lae-Solberg-foto-Hans-Kristian-Thorbjornsen-8-768x512.jpg 768w, https:\/\/hoyre.no\/content\/uploads\/sites\/408\/2023\/05\/Anne-Lindboe-og-Eirik-Lae-Solberg-foto-Hans-Kristian-Thorbjornsen-8-1536x1024.jpg 1536w, https:\/\/hoyre.no\/content\/uploads\/sites\/408\/2023\/05\/Anne-Lindboe-og-Eirik-Lae-Solberg-foto-Hans-Kristian-Thorbjornsen-8-2048x1365.jpg 2048w\" sizes=\"auto, (max-width: 1024px) 100vw, 1024px\" \/><figcaption> Byr\u00e5dslederkandidat Eirik Lae Solberg og ordf\u00f8rerkandidat Anne Lindboe.<\/figcaption><\/figure>\n\n\n\n<div class=\"wp-block-buttons is-layout-flex wp-block-buttons-is-layout-flex\"><\/div>\n\n\n\n\n<h3 class=\"wp-block-heading\" id=\"h-les-ogsa\">LES OGS\u00c5:<\/h3>\n\n\n\n<div class=\"wp-block-teft-cards alignwide teft-cards-grid default-size-4\"><div class=\"teft-cards-item has-4-columns is-card-hoyre\">\n\t<div class=\"teft-card hoyre-teft-card page-teft-card\">\n\t\t<a href=\"https:\/\/hoyre.no\/oslo\/kommunens-okonomistyring\/\" class=\"teft-card__primary-action\">\n\n\t\t\t\t\t<div class=\"teft-card__media teft-card__media--16-9\">\n\t\t\t\t\t\t<img loading=\"lazy\" decoding=\"async\" width=\"768\" height=\"512\" src=\"https:\/\/hoyre.no\/content\/uploads\/sites\/408\/2023\/06\/IMG_3921-kopi-768x512.jpg\" class=\"attachment-medium_large size-medium_large\" alt=\"\" srcset=\"https:\/\/hoyre.no\/content\/uploads\/sites\/408\/2023\/06\/IMG_3921-kopi-768x512.jpg 768w, https:\/\/hoyre.no\/content\/uploads\/sites\/408\/2023\/06\/IMG_3921-kopi-300x200.jpg 300w, https:\/\/hoyre.no\/content\/uploads\/sites\/408\/2023\/06\/IMG_3921-kopi-1024x683.jpg 1024w, https:\/\/hoyre.no\/content\/uploads\/sites\/408\/2023\/06\/IMG_3921-kopi-1536x1024.jpg 1536w, https:\/\/hoyre.no\/content\/uploads\/sites\/408\/2023\/06\/IMG_3921-kopi-2048x1365.jpg 2048w\" sizes=\"auto, (max-width: 768px) 100vw, 768px\" \/>\t\t<\/div>\n\t\t\n\t\t\t<div class=\"teft-card__content-wrapper\">\n\t\t\t\t<div class=\"teft-card__secondary\">\n\t\t\t\t\t\t\t\t\t<\/div>\n\n\t\t\t\t<div class=\"teft-card__primary\">\n\t\t\t\t\t<h2 class=\"teft-card__title\">Kommunens \u00f8konomistyring&nbsp;<span class=\"teft-card__primary-title-append\"><\/span><\/h2>\t\t\t\t<\/div>\n\t\t\t<\/div>\n\t\t<\/a>\n\t<\/div>\n\n\t<\/div>\n\n<div class=\"teft-cards-item has-4-columns is-card-hoyre\">\n\t<div class=\"teft-card hoyre-teft-card page-teft-card\">\n\t\t<a href=\"https:\/\/hoyre.no\/oslo\/monopol-egner-seg-best-som-brettspill\/\" class=\"teft-card__primary-action\">\n\n\t\t\t\t\t<div class=\"teft-card__media teft-card__media--16-9\">\n\t\t\t\t\t\t<img loading=\"lazy\" decoding=\"async\" width=\"768\" height=\"768\" src=\"https:\/\/hoyre.no\/content\/uploads\/sites\/408\/2023\/06\/Design-uten-navn-27-kopi-768x768.png\" class=\"attachment-medium_large size-medium_large\" alt=\"Eldreomsorg\" srcset=\"https:\/\/hoyre.no\/content\/uploads\/sites\/408\/2023\/06\/Design-uten-navn-27-kopi-768x768.png 768w, https:\/\/hoyre.no\/content\/uploads\/sites\/408\/2023\/06\/Design-uten-navn-27-kopi-300x300.png 300w, https:\/\/hoyre.no\/content\/uploads\/sites\/408\/2023\/06\/Design-uten-navn-27-kopi-1024x1024.png 1024w, https:\/\/hoyre.no\/content\/uploads\/sites\/408\/2023\/06\/Design-uten-navn-27-kopi-150x150.png 150w, https:\/\/hoyre.no\/content\/uploads\/sites\/408\/2023\/06\/Design-uten-navn-27-kopi.png 1080w\" sizes=\"auto, (max-width: 768px) 100vw, 768px\" \/>\t\t<\/div>\n\t\t\n\t\t\t<div class=\"teft-card__content-wrapper\">\n\t\t\t\t<div class=\"teft-card__secondary\">\n\t\t\t\t\t\t\t\t\t<\/div>\n\n\t\t\t\t<div class=\"teft-card__primary\">\n\t\t\t\t\t<h2 class=\"teft-card__title\">Monopol egner seg best som brettspill&nbsp;<span class=\"teft-card__primary-title-append\"><\/span><\/h2>\t\t\t\t<\/div>\n\t\t\t<\/div>\n\t\t<\/a>\n\t<\/div>\n\n\t<\/div>\n\n<div class=\"teft-cards-item has-4-columns is-card-hoyre\">\n\t<div class=\"teft-card hoyre-teft-card page-teft-card\">\n\t\t<a href=\"https:\/\/hoyre.no\/oslo\/politikk\/5-grunner-til-a-stemme-oslo-hoyre\/\" class=\"teft-card__primary-action\">\n\n\t\t\t\t\t<div class=\"teft-card__media teft-card__media--16-9\">\n\t\t\t\t\t\t<img loading=\"lazy\" decoding=\"async\" width=\"768\" height=\"512\" src=\"https:\/\/hoyre.no\/content\/uploads\/sites\/408\/2023\/05\/Anne-Lindboe-og-Eirik-Lae-Solberg-foto-Hans-Kristian-Thorbjornsen-8-768x512.jpg\" class=\"attachment-medium_large size-medium_large\" alt=\"Anne Lindboe og Eirik Lae Solberg\" srcset=\"https:\/\/hoyre.no\/content\/uploads\/sites\/408\/2023\/05\/Anne-Lindboe-og-Eirik-Lae-Solberg-foto-Hans-Kristian-Thorbjornsen-8-768x512.jpg 768w, https:\/\/hoyre.no\/content\/uploads\/sites\/408\/2023\/05\/Anne-Lindboe-og-Eirik-Lae-Solberg-foto-Hans-Kristian-Thorbjornsen-8-300x200.jpg 300w, https:\/\/hoyre.no\/content\/uploads\/sites\/408\/2023\/05\/Anne-Lindboe-og-Eirik-Lae-Solberg-foto-Hans-Kristian-Thorbjornsen-8-1024x683.jpg 1024w, https:\/\/hoyre.no\/content\/uploads\/sites\/408\/2023\/05\/Anne-Lindboe-og-Eirik-Lae-Solberg-foto-Hans-Kristian-Thorbjornsen-8-1536x1024.jpg 1536w, https:\/\/hoyre.no\/content\/uploads\/sites\/408\/2023\/05\/Anne-Lindboe-og-Eirik-Lae-Solberg-foto-Hans-Kristian-Thorbjornsen-8-2048x1365.jpg 2048w\" sizes=\"auto, (max-width: 768px) 100vw, 768px\" \/>\t\t<\/div>\n\t\t\n\t\t\t<div class=\"teft-card__content-wrapper\">\n\t\t\t\t<div class=\"teft-card__secondary\">\n\t\t\t\t\t\t\t\t\t<\/div>\n\n\t\t\t\t<div class=\"teft-card__primary\">\n\t\t\t\t\t<h2 class=\"teft-card__title\">Fem grunner til \u00e5 stemme Oslo H\u00f8yre&nbsp;<span class=\"teft-card__primary-title-append\"><\/span><\/h2>\t\t\t\t<\/div>\n\t\t\t<\/div>\n\t\t<\/a>\n\t<\/div>\n\n\t<\/div><\/div>\n","protected":false},"excerpt":{"rendered":"<p>LES OGS\u00c5:<\/p>\n","protected":false},"author":31424,"featured_media":0,"parent":0,"menu_order":0,"comment_status":"closed","ping_status":"closed","template":"","meta":{"teft_cards_image_url":"","teft_cards_custom_pretitle":"","teft_cards_image_id":4625,"teft_cards_image_focal_point_x":0.5,"teft_cards_image_focal_point_y":0.5,"teft_cards_title":"","teft_cards_excerpt":"","teft_show_chapters":false,"footnotes":""},"class_list":["post-4624","page","type-page","status-publish","hentry"],"yoast_head":"<!-- This site is optimized with the Yoast SEO Premium plugin v26.5 (Yoast SEO v26.6) - https:\/\/yoast.com\/wordpress\/plugins\/seo\/ -->\n<title>Eiendomsskatt - Oslo H\u00f8yre<\/title>\n<meta name=\"description\" content=\"Oslo H\u00f8yre vil kutte i eiendomsskatten p\u00e5 boligen din.\" \/>\n<meta name=\"robots\" content=\"index, follow, max-snippet:-1, max-image-preview:large, max-video-preview:-1\" \/>\n<link rel=\"canonical\" href=\"https:\/\/hoyre.no\/oslo\/eiendomsskatt\/\" \/>\n<meta property=\"og:locale\" content=\"nb_NO\" \/>\n<meta property=\"og:type\" content=\"article\" \/>\n<meta property=\"og:title\" content=\"Eiendomsskatt\" \/>\n<meta property=\"og:description\" content=\"Oslo H\u00f8yre vil kutte i eiendomsskatten p\u00e5 boligen din.\" \/>\n<meta property=\"og:url\" content=\"https:\/\/hoyre.no\/oslo\/eiendomsskatt\/\" \/>\n<meta property=\"og:site_name\" content=\"Oslo H\u00f8yre\" \/>\n<meta property=\"article:publisher\" content=\"https:\/\/www.facebook.com\/oslo.hoyre\" \/>\n<meta property=\"article:modified_time\" content=\"2023-08-05T18:37:29+00:00\" \/>\n<meta property=\"og:image\" content=\"https:\/\/hoyre.no\/content\/uploads\/sites\/408\/2023\/06\/Leilighet-Oslo-2-1024x577.png\" \/>\n<meta name=\"twitter:card\" content=\"summary_large_image\" \/>\n<meta name=\"twitter:description\" content=\"Oslo H\u00f8yre vil kutte i eiendomsskatten p\u00e5 boligen din.\" \/>\n<meta name=\"twitter:label1\" content=\"Ansl. lesetid\" \/>\n\t<meta name=\"twitter:data1\" content=\"2 minutter\" \/>\n<script type=\"application\/ld+json\" class=\"yoast-schema-graph\">{\"@context\":\"https:\/\/schema.org\",\"@graph\":[{\"@type\":\"WebPage\",\"@id\":\"https:\/\/hoyre.no\/oslo\/eiendomsskatt\/\",\"url\":\"https:\/\/hoyre.no\/oslo\/eiendomsskatt\/\",\"name\":\"Eiendomsskatt - Oslo H\u00f8yre\",\"isPartOf\":{\"@id\":\"https:\/\/hoyre.no\/oslo\/#website\"},\"image\":{\"@id\":\"https:\/\/hoyre.no\/oslo\/eiendomsskatt\/#primaryimage\"},\"thumbnailUrl\":\"https:\/\/hoyre.no\/content\/uploads\/sites\/408\/2023\/05\/Anne-Lindboe-og-Eirik-Lae-Solberg-foto-Hans-Kristian-Thorbjornsen-8-1024x683.jpg\",\"datePublished\":\"2023-06-23T12:42:44+00:00\",\"dateModified\":\"2023-08-05T18:37:29+00:00\",\"description\":\"Oslo H\u00f8yre vil kutte i eiendomsskatten p\u00e5 boligen din.\",\"breadcrumb\":{\"@id\":\"https:\/\/hoyre.no\/oslo\/eiendomsskatt\/#breadcrumb\"},\"inLanguage\":\"nb-NO\",\"potentialAction\":[{\"@type\":\"ReadAction\",\"target\":[\"https:\/\/hoyre.no\/oslo\/eiendomsskatt\/\"]}]},{\"@type\":\"ImageObject\",\"inLanguage\":\"nb-NO\",\"@id\":\"https:\/\/hoyre.no\/oslo\/eiendomsskatt\/#primaryimage\",\"url\":\"https:\/\/hoyre.no\/content\/uploads\/sites\/408\/2023\/05\/Anne-Lindboe-og-Eirik-Lae-Solberg-foto-Hans-Kristian-Thorbjornsen-8-1024x683.jpg\",\"contentUrl\":\"https:\/\/hoyre.no\/content\/uploads\/sites\/408\/2023\/05\/Anne-Lindboe-og-Eirik-Lae-Solberg-foto-Hans-Kristian-Thorbjornsen-8-1024x683.jpg\"},{\"@type\":\"BreadcrumbList\",\"@id\":\"https:\/\/hoyre.no\/oslo\/eiendomsskatt\/#breadcrumb\",\"itemListElement\":[{\"@type\":\"ListItem\",\"position\":1,\"name\":\"Til hoyre.no\",\"item\":\"https:\/\/hoyre.no\"},{\"@type\":\"ListItem\",\"position\":2,\"name\":\"Hjem\",\"item\":\"https:\/\/hoyre.no\/oslo\/\"},{\"@type\":\"ListItem\",\"position\":3,\"name\":\"Eiendomsskatt\"}]},{\"@type\":\"WebSite\",\"@id\":\"https:\/\/hoyre.no\/oslo\/#website\",\"url\":\"https:\/\/hoyre.no\/oslo\/\",\"name\":\"Oslo H\u00f8yre\",\"description\":\"\",\"publisher\":{\"@id\":\"https:\/\/hoyre.no\/oslo\/#organization\"},\"inLanguage\":\"nb-NO\"},{\"@type\":\"Organization\",\"@id\":\"https:\/\/hoyre.no\/oslo\/#organization\",\"name\":\"Oslo H\u00f8yre\",\"url\":\"https:\/\/hoyre.no\/oslo\/\",\"logo\":{\"@type\":\"ImageObject\",\"inLanguage\":\"nb-NO\",\"@id\":\"https:\/\/hoyre.no\/oslo\/#\/schema\/logo\/image\/\",\"url\":\"https:\/\/hoyre.no\/content\/uploads\/sites\/408\/2022\/11\/Hoyres-logo.png\",\"contentUrl\":\"https:\/\/hoyre.no\/content\/uploads\/sites\/408\/2022\/11\/Hoyres-logo.png\",\"width\":1000,\"height\":1000,\"caption\":\"Oslo H\u00f8yre\"},\"image\":{\"@id\":\"https:\/\/hoyre.no\/oslo\/#\/schema\/logo\/image\/\"},\"sameAs\":[\"https:\/\/www.facebook.com\/oslo.hoyre\"]}]}<\/script>\n<!-- \/ Yoast SEO Premium plugin. -->","yoast_head_json":{"title":"Eiendomsskatt - Oslo H\u00f8yre","description":"Oslo H\u00f8yre vil kutte i eiendomsskatten p\u00e5 boligen din.","robots":{"index":"index","follow":"follow","max-snippet":"max-snippet:-1","max-image-preview":"max-image-preview:large","max-video-preview":"max-video-preview:-1"},"canonical":"https:\/\/hoyre.no\/oslo\/eiendomsskatt\/","og_locale":"nb_NO","og_type":"article","og_title":"Eiendomsskatt","og_description":"Oslo H\u00f8yre vil kutte i eiendomsskatten p\u00e5 boligen din.","og_url":"https:\/\/hoyre.no\/oslo\/eiendomsskatt\/","og_site_name":"Oslo H\u00f8yre","article_publisher":"https:\/\/www.facebook.com\/oslo.hoyre","article_modified_time":"2023-08-05T18:37:29+00:00","og_image":[{"url":"https:\/\/hoyre.no\/content\/uploads\/sites\/408\/2023\/06\/Leilighet-Oslo-2-1024x577.png","width":"","height":"","type":""}],"twitter_card":"summary_large_image","twitter_description":"Oslo H\u00f8yre vil kutte i eiendomsskatten p\u00e5 boligen din.","twitter_misc":{"Ansl. lesetid":"2 minutter"},"schema":{"@context":"https:\/\/schema.org","@graph":[{"@type":"WebPage","@id":"https:\/\/hoyre.no\/oslo\/eiendomsskatt\/","url":"https:\/\/hoyre.no\/oslo\/eiendomsskatt\/","name":"Eiendomsskatt - Oslo H\u00f8yre","isPartOf":{"@id":"https:\/\/hoyre.no\/oslo\/#website"},"image":{"@id":"https:\/\/hoyre.no\/oslo\/eiendomsskatt\/#primaryimage"},"thumbnailUrl":"https:\/\/hoyre.no\/content\/uploads\/sites\/408\/2023\/05\/Anne-Lindboe-og-Eirik-Lae-Solberg-foto-Hans-Kristian-Thorbjornsen-8-1024x683.jpg","datePublished":"2023-06-23T12:42:44+00:00","dateModified":"2023-08-05T18:37:29+00:00","description":"Oslo H\u00f8yre vil kutte i eiendomsskatten p\u00e5 boligen din.","breadcrumb":{"@id":"https:\/\/hoyre.no\/oslo\/eiendomsskatt\/#breadcrumb"},"inLanguage":"nb-NO","potentialAction":[{"@type":"ReadAction","target":["https:\/\/hoyre.no\/oslo\/eiendomsskatt\/"]}]},{"@type":"ImageObject","inLanguage":"nb-NO","@id":"https:\/\/hoyre.no\/oslo\/eiendomsskatt\/#primaryimage","url":"https:\/\/hoyre.no\/content\/uploads\/sites\/408\/2023\/05\/Anne-Lindboe-og-Eirik-Lae-Solberg-foto-Hans-Kristian-Thorbjornsen-8-1024x683.jpg","contentUrl":"https:\/\/hoyre.no\/content\/uploads\/sites\/408\/2023\/05\/Anne-Lindboe-og-Eirik-Lae-Solberg-foto-Hans-Kristian-Thorbjornsen-8-1024x683.jpg"},{"@type":"BreadcrumbList","@id":"https:\/\/hoyre.no\/oslo\/eiendomsskatt\/#breadcrumb","itemListElement":[{"@type":"ListItem","position":1,"name":"Til hoyre.no","item":"https:\/\/hoyre.no"},{"@type":"ListItem","position":2,"name":"Hjem","item":"https:\/\/hoyre.no\/oslo\/"},{"@type":"ListItem","position":3,"name":"Eiendomsskatt"}]},{"@type":"WebSite","@id":"https:\/\/hoyre.no\/oslo\/#website","url":"https:\/\/hoyre.no\/oslo\/","name":"Oslo H\u00f8yre","description":"","publisher":{"@id":"https:\/\/hoyre.no\/oslo\/#organization"},"inLanguage":"nb-NO"},{"@type":"Organization","@id":"https:\/\/hoyre.no\/oslo\/#organization","name":"Oslo H\u00f8yre","url":"https:\/\/hoyre.no\/oslo\/","logo":{"@type":"ImageObject","inLanguage":"nb-NO","@id":"https:\/\/hoyre.no\/oslo\/#\/schema\/logo\/image\/","url":"https:\/\/hoyre.no\/content\/uploads\/sites\/408\/2022\/11\/Hoyres-logo.png","contentUrl":"https:\/\/hoyre.no\/content\/uploads\/sites\/408\/2022\/11\/Hoyres-logo.png","width":1000,"height":1000,"caption":"Oslo H\u00f8yre"},"image":{"@id":"https:\/\/hoyre.no\/oslo\/#\/schema\/logo\/image\/"},"sameAs":["https:\/\/www.facebook.com\/oslo.hoyre"]}]}},"distributor_meta":false,"distributor_terms":false,"distributor_media":false,"distributor_original_site_name":"Oslo H\u00f8yre","distributor_original_site_url":"https:\/\/hoyre.no\/oslo","push-errors":false,"_links":{"self":[{"href":"https:\/\/hoyre.no\/oslo\/wp-json\/wp\/v2\/pages\/4624","targetHints":{"allow":["GET"]}}],"collection":[{"href":"https:\/\/hoyre.no\/oslo\/wp-json\/wp\/v2\/pages"}],"about":[{"href":"https:\/\/hoyre.no\/oslo\/wp-json\/wp\/v2\/types\/page"}],"author":[{"embeddable":true,"href":"https:\/\/hoyre.no\/oslo\/wp-json\/wp\/v2\/users\/31424"}],"replies":[{"embeddable":true,"href":"https:\/\/hoyre.no\/oslo\/wp-json\/wp\/v2\/comments?post=4624"}],"version-history":[{"count":13,"href":"https:\/\/hoyre.no\/oslo\/wp-json\/wp\/v2\/pages\/4624\/revisions"}],"predecessor-version":[{"id":5279,"href":"https:\/\/hoyre.no\/oslo\/wp-json\/wp\/v2\/pages\/4624\/revisions\/5279"}],"wp:attachment":[{"href":"https:\/\/hoyre.no\/oslo\/wp-json\/wp\/v2\/media?parent=4624"}],"curies":[{"name":"wp","href":"https:\/\/api.w.org\/{rel}","templated":true}]}}