{"id":4821,"date":"2023-06-23T14:37:50","date_gmt":"2023-06-23T12:37:50","guid":{"rendered":"https:\/\/hoyre.no\/oslo\/?page_id=4821"},"modified":"2023-09-01T15:04:18","modified_gmt":"2023-09-01T13:04:18","slug":"vi-ma-bygge-boliger-der-folk-faktisk-vil-bo","status":"publish","type":"page","link":"https:\/\/hoyre.no\/oslo\/vi-ma-bygge-boliger-der-folk-faktisk-vil-bo\/","title":{"rendered":"Vi m\u00e5 bygge boliger der folk faktisk vil bo"},"content":{"rendered":"\n<div class=\"wp-block-hoyre-hero with-image-gradient text-color-light  has-media alignfull has-background\"><div class=\"hoyre-hero has-image\"><h1 class=\"title\">Vi m\u00e5 bygge mer for \u00e5 hjelpe flere!<\/h1><p class=\"preamble\">Vi vil ha flere byggeklare tomter og fjerne forbudet mot \u00e5 bygge sm\u00e5 leiligheter.<\/p>\t\t\t<div class=\"post-meta wp-block teft-byline-wrapper\">\n\t\t\t\t<div class=\"top\">\n\t\t\t\t\t<div class=\"signature\">\n\t\t\t\t\t\t<div class=\"teft-byline\">\n\t\t\t\t\t\t\t\t\t\t\t\t\t\t<div>\n\t\t\t\t\t\t\t\t<h3>H\u00f8yres redaksjon<\/h3>\t\t\t\t\t\t\t\t\n\t\t\t\t\t\t\t\t\t\t\t\t\t\t\t\t\t<span class=\"date\">Sist oppdatert: 1. september 2023<\/span>\n\t\t\t\t\t\t\t\t\t\t\t\t\t\t\t\t\t\t\t\t\t\t\t\t\t<span class=\"reading-time\" itemprop=\"timeRequired\" content=\"PT6M\"><em>Ca. 6 minutter lesetid<\/em><\/span>\n\t\t\t\t\t\t\t\t\t\t\t\t\t\t\t<\/div>\n\t\t\t\t\t\t<\/div>\n\t\t\t\t\t<\/div>\n\t\t\t\t\t\t<div class=\"sharing\">\n\t\t<a class=\"share-button share-link copy-link\" data-copy=\"https:\/\/hoyre.no\/oslo\/vi-ma-bygge-boliger-der-folk-faktisk-vil-bo\/\" target=\"_blank\"><span class=\"screen-reader-text\">Del link<\/span><\/a>\n\t\t<a class=\"share-button share-twitter\" href=\"http:\/\/twitter.com\/share?text=Vi m\u00e5 bygge boliger der folk faktisk vil bo&#038;url=https:\/\/hoyre.no\/oslo\/vi-ma-bygge-boliger-der-folk-faktisk-vil-bo\/&#038;hashtags=Hoyre\" target=\"_blank\"><span class=\"screen-reader-text\">Del p\u00e5 twitter<\/span><\/a>\n\t\t<a class=\"share-button share-facebook\" href=\"https:\/\/www.facebook.com\/sharer\/sharer.php?u=https:\/\/hoyre.no\/oslo\/vi-ma-bygge-boliger-der-folk-faktisk-vil-bo\/\" target=\"_blank\"><span class=\"screen-reader-text\">Del p\u00e5 facebook<\/span><\/a>\n\t<\/div>\n\t\t\t\t\t<\/div>\n\t\t\t<\/div>\n\n\t\t\t<figure class=\"hoyre-image-wrapper\"><div class=\"hoyre-image\"><img loading=\"lazy\" decoding=\"async\" width=\"1920\" height=\"1281\" src=\"https:\/\/hoyre.no\/content\/uploads\/sites\/408\/2022\/09\/Oslo-Hoyre-satser-pa-ytre-by.jpg\" class=\"attachment-scaled size-scaled\" alt=\"Utsikt over Oslo\" style=\"object-position: 50% 50%\" srcset=\"https:\/\/hoyre.no\/content\/uploads\/sites\/408\/2022\/09\/Oslo-Hoyre-satser-pa-ytre-by.jpg 1920w, https:\/\/hoyre.no\/content\/uploads\/sites\/408\/2022\/09\/Oslo-Hoyre-satser-pa-ytre-by-300x200.jpg 300w, https:\/\/hoyre.no\/content\/uploads\/sites\/408\/2022\/09\/Oslo-Hoyre-satser-pa-ytre-by-1024x683.jpg 1024w, https:\/\/hoyre.no\/content\/uploads\/sites\/408\/2022\/09\/Oslo-Hoyre-satser-pa-ytre-by-768x512.jpg 768w, https:\/\/hoyre.no\/content\/uploads\/sites\/408\/2022\/09\/Oslo-Hoyre-satser-pa-ytre-by-1536x1025.jpg 1536w\" sizes=\"auto, (max-width: 1920px) 100vw, 1920px\" \/><\/div><\/figure><\/div><\/div>\n\n\n\n\n\n\n<h2 class=\"wp-block-heading\" id=\"h-hvordan-skal-flere-fa-mulighet-til-a-bo-i-oslo\">Hvordan skal flere f\u00e5 mulighet til \u00e5 bo i Oslo?<\/h2>\n\n\n\n<p>Det bygges og reguleres for lite, byggekostnadene er for h\u00f8ye, og boligprisene har \u00f8kt kraftig. Summen av dette er at mange ufrivillig blir st\u00e5ende utenfor boligmarkedet. Oslo H\u00f8yre g\u00e5r til valg p\u00e5 at det m\u00e5 bygges langt flere boliger i Oslo enn det har v\u00e6rt gjort de siste \u00e5rene, og at flere boligs\u00f8kere m\u00e5 f\u00e5 innpass p\u00e5 markedet.<\/p>\n\n\n\n<p>Oslo H\u00f8yre mener at tilgang p\u00e5 flere boliger i markedet er det aller viktigste tiltaket for \u00e5 dempe prisveksten og sikre at flere f\u00e5r eie egen bolig. I Oslo har saksbehandlingstiden \u00f8kt dramatisk. Kommunen har drevet opp byggekostnadene med detaljerte s\u00e6rkrav, f\u00f8ringer og \u00abveiledere\u00bb. Oslo H\u00f8yre mener at det m\u00e5 stilles tydelige krav til kvalitet, b\u00e6rekraft og universell utforming i prosjekter, men at disse m\u00e5 v\u00e6re forholdsmessige og forutsigbare, slik at de ikke bidrar til redusert bygging og h\u00f8yere priser p\u00e5 de boligene som bygges. Vi vil redusere antall kostnadsdrivende, kommunale s\u00e6rkrav og veiledere.<\/p>\n\n\n\n<p>Boligproblemet l\u00f8ses ikke med ett enkelt tiltak. Det er behov for en helhetlig boligpolitikk med et sett av virkemidler: \u00f8konomiske, juridiske og politiske. Oslo H\u00f8yre vil jobbe parallelt p\u00e5 alle disse omr\u00e5dene, og vil v\u00e6re p\u00e5driver overfor Stortinget der l\u00f8sningene finnes nasjonalt. Det gjelder for eksempel redusert<br>dokumentavgift for f\u00f8rstegangskj\u00f8pere og et statlig krafttak for studentboliger, slik at leiligheter frigis til andre boligs\u00f8kere. Husbanken m\u00e5 f\u00e5 mulighet til \u00e5 innvilge l\u00e5n og tilskudd ogs\u00e5 til private utdanningsinstitusjoner som vil tilby studentboliger.<br><\/p>\n\n\n\n<p>Samtidig mener Oslo H\u00f8yre at reguleringsmyndighetene m\u00e5 ta en mer offensiv rolle i arbeidet med nye omr\u00e5deplaner. Oslo H\u00f8yre ser positivt p\u00e5 at private kan ta initiativ til omr\u00e5dereguleringer, slik loven \u00e5pner for. Det kan korte ned planprosessen med tre\u2013fire \u00e5r. <\/p>\n\n\n\n<p>Det er stort potensial for bolig- og stedsutvikling utenfor Ring 3, og tiden er inne for \u00e5 satse ogs\u00e5 i Oslo nord og s\u00f8r. For \u00e5 utvikle gode nabolag er gode utbyggingsavtaler helt avgj\u00f8rende. Kostnadene for disse veltes i realiteten over p\u00e5 boligkj\u00f8perne, s\u00e5 det er viktig at kostnadene er lavest mulig og tilpasset det lokale markedet. Oslo H\u00f8yre vil jobbe for \u00e5 utvikle flere familieboliger i familievennlige omgivelser i Oslos randsone.<\/p>\n\n\n\n\n<div class=\"wp-block-hoyre-banner undefined  is-style-blue\"><div class=\"banner-inner\"><div class=\"banner-content\"><div class=\"entry-content\">\n<h3 class=\"wp-block-heading\" id=\"h-under-raymond-johansens-ledelser-har-levekostnadene-til-de-fleste-okt-mer-enn-inntektene\">Under Raymond Johansens ledelser har levekostnadene til de fleste \u00f8kt mer enn inntektene.<\/h3>\n\n\n\n<p>Familier og enslige de siste \u00e5rene f\u00e5tt trangere \u00f8konomi. Barnefattigdommen i de mest utsatte omr\u00e5dene i Oslo er \u00f8kende, og ulikheten \u00f8ker. <\/p>\n\n\n\n<div class=\"wp-block-buttons is-layout-flex wp-block-buttons-is-layout-flex\"><\/div>\n<\/div><\/div><\/div><\/div>\n\n\n\n<h3 class=\"wp-block-heading\" id=\"h-10-solide-grunner-til-at-hoyre-vil-gjore-oslo-til-en-by-alle-kan-ha-rad-til-a-bo-i\">10 solide grunner til at H\u00f8yre vil gj\u00f8re Oslo til en by alle kan ha r\u00e5d til \u00e5 bo i<\/h3>\n\n\n\n<ol class=\"wp-block-list\" type=\"1\" start=\"1\"><li><strong>Flere b\u00f8r inn p\u00e5 boligmarkedet<\/strong><br>Oslo H\u00f8yre vil teste ut pilotprosjekter for \u00e5 hjelpe personer i lavinntektsgrupper inn p\u00e5 boligmarkedet, gjennom alternative startl\u00e5n, gj\u00f8re boligl\u00e5nsforskriften mer fleksibel for f\u00f8rstegangskj\u00f8pere og legge til rette for flere deleie- og leie-til-eie boliger.<\/li><li><strong>Oslo skal si JA til nye boliger, ikke NEI<\/strong><br>Oslo H\u00f8yre mener bygging av flere boliger er det aller viktigste tiltaket for \u00e5 dempe prisveksten og sikre at flere f\u00e5r eie sin egen bolig. Oslo H\u00f8yre g\u00e5r til valg p\u00e5 at det m\u00e5 bygges langt flere boliger i Oslo enn det har v\u00e6rt gjort de siste \u00e5rene, og at flere boligs\u00f8kere m\u00e5 f\u00e5 innpass p\u00e5 markedet.<\/li><li><strong>Flere mindre leiligheter<\/strong><br>I Oslo er det en leilighetsnorm som legger f\u00f8ringer for hvor store nye boliger kan v\u00e6re. Oslo H\u00f8yre vil at s\u00e5 mange som mulig har mulighet til \u00e5 kj\u00f8pe seg bolig i Oslo og vil fjerne leilighetsnormen.<\/li><\/ol>\n\n\n\n<div class=\"wp-block-hoyre-banner undefined  is-style-blue\"><div class=\"banner-inner\"><figure class=\"hoyre-image-wrapper\"><div class=\"hoyre-image\"><img loading=\"lazy\" decoding=\"async\" width=\"2500\" height=\"1668\" src=\"https:\/\/hoyre.no\/content\/uploads\/sites\/408\/2023\/04\/GettyImages-860044514-scaled.jpg\" class=\"attachment-scaled size-scaled\" alt=\"\" style=\"object-position: 86% 69%\" srcset=\"https:\/\/hoyre.no\/content\/uploads\/sites\/408\/2023\/04\/GettyImages-860044514-scaled.jpg 2500w, https:\/\/hoyre.no\/content\/uploads\/sites\/408\/2023\/04\/GettyImages-860044514-300x200.jpg 300w, https:\/\/hoyre.no\/content\/uploads\/sites\/408\/2023\/04\/GettyImages-860044514-1024x683.jpg 1024w, https:\/\/hoyre.no\/content\/uploads\/sites\/408\/2023\/04\/GettyImages-860044514-768x513.jpg 768w, https:\/\/hoyre.no\/content\/uploads\/sites\/408\/2023\/04\/GettyImages-860044514-1536x1025.jpg 1536w, https:\/\/hoyre.no\/content\/uploads\/sites\/408\/2023\/04\/GettyImages-860044514-2048x1367.jpg 2048w\" sizes=\"auto, (max-width: 2500px) 100vw, 2500px\" \/><\/div><\/figure><div class=\"banner-content\"><div class=\"entry-content\">\n<h3 class=\"wp-block-heading\" id=\"h-visste-du-at\">Visste du at?<\/h3>\n\n\n\n<p>Hvis du i dag har en vanlig inntekt, har du bare r\u00e5d til \u00e5 kj\u00f8pe 1 av 100 boliger som er til salgs i Oslo?<\/p>\n\n\n\n<div class=\"wp-block-buttons is-layout-flex wp-block-buttons-is-layout-flex\"><\/div>\n<\/div><\/div><\/div><\/div>\n\n\n\n<ol class=\"wp-block-list\" type=\"1\" start=\"4\"><li><strong>Kommunens saksbehandlingstid skal ned<\/strong><br>Oslo H\u00f8yre vil redusere saksbehandlingstiden hos reguleringsmyndighetene og forsterke servicetorget rettet mot kunder og innbyggerne, og i samarbeid med utviklere, ha et m\u00e5l om en stabil og god boligforsyning i hovedstaden.<\/li><li><strong>Bygge ut Gjersrud-Stensrud<\/strong><br>Vi vil starte planleggingen av en ny bydel p\u00e5 Gjersrud-Stensrud: Skogbyen med rekkehus og sm\u00e5blokker som vil bli et attraktivt omr\u00e5de s\u00e6rlig for barnefamilier.<\/li><li><strong>Byen skal styres bedre &#8211; fellesskapets midler skal forvaltes p\u00e5 en god m\u00e5te<\/strong><br>De siste \u00e5rene har vi gang p\u00e5 gang avdekket manglende kontroll med kommunens bruk av penger. Fornebubanen, ny vannforsyning, T\u00f8yenbadet, Manglerud bad og Deichmanske bibliotek er prosjekter som har blitt dyrere, mens regningen sendes Oslos innbyggere. Vinner Oslo H\u00f8yre valget skal kostnadskontrollen bedres, og kommunen skal ha en kritisk holdning til hva kommunen skal eie og hvilke tjenester den selv skal utf\u00f8re.<\/li><\/ol>\n\n\n\n<div class=\"wp-block-hoyre-banner undefined  is-style-blue\"><div class=\"banner-inner\"><div class=\"banner-content\"><div class=\"entry-content\">\n<h3 class=\"wp-block-heading\" id=\"h-visste-du-at-1\">Visste du at?<\/h3>\n\n\n\n<p>Oslo kommune har sl\u00f8st bort folks skattepenger p\u00e5 \u00e5 kj\u00f8pe private barnehager, rekommunalisere eldreomsorgen, hatt enorme kostnadsoverskridelser i kommunens egne prosjekter og gjort dyre eiendomskj\u00f8p.<\/p>\n\n\n\n<div class=\"wp-block-buttons is-layout-flex wp-block-buttons-is-layout-flex\"><\/div>\n<\/div><\/div><\/div><\/div>\n\n\n\n<ol class=\"wp-block-list\" type=\"1\" start=\"7\"><li><strong>Innbyggerne skal m\u00f8te en triveligere og rausere kommune<\/strong><br>Oslo skal v\u00e6re en tilgjengelig, im\u00f8tekommende, fremoverlent og fleksibel kommune. H\u00f8yre vil forenkle s\u00f8knadsprosesser, forbedre kommunikasjon og ha mindre byr\u00e5krati.<\/li><li><strong>Fjerne skatten p\u00e5 egen bolig, og bruke innbyggernes penger fornuftig<\/strong><br>Det r\u00f8dgr\u00f8nne byr\u00e5det fortsetter \u00e5 sende stadig st\u00f8rre regninger til Oslofolk. Oslo H\u00f8yre mener det er mulig \u00e5 opprettholde velferden til dem som trenger det mest, uten \u00e5 kreve inn skatter og avgifter. Oslo H\u00f8yre vil&nbsp;&nbsp;jobbe for \u00e5 avvikle eiendomsskatten, og ikke kreve inn mer avgifter enn det som er n\u00f8dvendig. <\/li><li><strong>Selge eiendom kommunen ikke har bruk for<\/strong><br>Oslo kommune har 100 kommunale bygg som i dag st\u00e5r helt eller delvis tomme<sup><a href=\"https:\/\/www.aftenposten.no\/oslo\/i\/Orlvgb\/oslos-106-ubrukte-eiendommer\" target=\"_blank\" rel=\"noreferrer noopener\">6<\/a><\/sup>. Oslo H\u00f8yre vil s\u00f8rge for en gjennomgang av kommunens eiendomsmasse og selge eiendommene som kommunen ikke har behov for selv. Salgsinntektene kan blant annet brukes til \u00e5 bygge nye skoler og barnehager, og sikre folks velferd.<\/li><\/ol>\n\n\n\n<div class=\"wp-block-hoyre-banner undefined  is-style-blue\"><div class=\"banner-inner\"><figure class=\"hoyre-image-wrapper\"><div class=\"hoyre-image\"><img loading=\"lazy\" decoding=\"async\" width=\"2500\" height=\"1667\" src=\"https:\/\/hoyre.no\/content\/uploads\/sites\/408\/2023\/04\/GettyImages-1199523702-scaled.jpg\" class=\"attachment-scaled size-scaled\" alt=\"\" style=\"object-position: 50% 50%\" srcset=\"https:\/\/hoyre.no\/content\/uploads\/sites\/408\/2023\/04\/GettyImages-1199523702-scaled.jpg 2500w, https:\/\/hoyre.no\/content\/uploads\/sites\/408\/2023\/04\/GettyImages-1199523702-300x200.jpg 300w, https:\/\/hoyre.no\/content\/uploads\/sites\/408\/2023\/04\/GettyImages-1199523702-1024x683.jpg 1024w, https:\/\/hoyre.no\/content\/uploads\/sites\/408\/2023\/04\/GettyImages-1199523702-768x512.jpg 768w, https:\/\/hoyre.no\/content\/uploads\/sites\/408\/2023\/04\/GettyImages-1199523702-1536x1024.jpg 1536w, https:\/\/hoyre.no\/content\/uploads\/sites\/408\/2023\/04\/GettyImages-1199523702-2048x1365.jpg 2048w\" sizes=\"auto, (max-width: 2500px) 100vw, 2500px\" \/><\/div><\/figure><div class=\"banner-content\"><div class=\"entry-content\">\n<h3 class=\"wp-block-heading\" id=\"h-lurer-du-pa-hva-leilighetsnormen-faktisk-er\">Lurer du p\u00e5 hva leilighetsnormen faktisk er?<\/h3>\n\n\n\n<p><strong>Leilighetsnormen&nbsp;inneb\u00e6rer blant annet at det ikke skal bygges boliger p\u00e5 under 35 kvadratmeter i&nbsp;Oslo&nbsp;sentrum. I tillegg kan bare 35 prosent av alle leiligheter i et byggeprosjekt v\u00e6re mellom 35 og 50 kvadratmeter. Minst 40 prosent av leilighetene m\u00e5 v\u00e6re over 80 kvadratmeter.<\/strong><br><br>H\u00f8yre vil skrote leilighetsnormen, det viktigste er at tilbudet m\u00f8ter ettersp\u00f8rselen, i dag er det h\u00f8y ettersp\u00f8rsel etter mindre boliger.<\/p>\n\n\n\n<div class=\"wp-block-buttons is-layout-flex wp-block-buttons-is-layout-flex\"><\/div>\n<\/div><\/div><\/div><\/div>\n","protected":false},"excerpt":{"rendered":"<p>10 solide grunner til at H\u00f8yre vil gj\u00f8re Oslo til en by alle kan ha r\u00e5d til \u00e5 bo i Flere b\u00f8r inn p\u00e5 boligmarkedetOslo H\u00f8yre vil teste ut pilotprosjekter for \u00e5 hjelpe personer i lavinntektsgrupper inn p\u00e5 boligmarkedet, gjennom alternative startl\u00e5n, gj\u00f8re boligl\u00e5nsforskriften mer fleksibel for f\u00f8rstegangskj\u00f8pere og legge til rette for flere deleie- [&hellip;]<\/p>\n","protected":false},"author":31424,"featured_media":0,"parent":0,"menu_order":0,"comment_status":"closed","ping_status":"closed","template":"","meta":{"teft_cards_image_url":"","teft_cards_custom_pretitle":"","teft_cards_image_id":279,"teft_cards_image_focal_point_x":0.5,"teft_cards_image_focal_point_y":0.5,"teft_cards_title":"","teft_cards_excerpt":"","teft_show_chapters":false,"footnotes":""},"class_list":["post-4821","page","type-page","status-publish","hentry"],"yoast_head":"<!-- This site is optimized with the Yoast SEO Premium plugin v26.5 (Yoast SEO v26.6) - https:\/\/yoast.com\/wordpress\/plugins\/seo\/ -->\n<title>Vi m\u00e5 bygge mer for \u00e5 hjelpe flere! - Oslo H\u00f8yre<\/title>\n<meta name=\"description\" content=\"Vi m\u00e5 bygge boliger der folk faktisk vil bo. Oslo H\u00f8yre vil fjerne leilighetsnormen, slik at flere kommer inn p\u00e5 boligmarkedet.\" \/>\n<meta name=\"robots\" content=\"index, follow, max-snippet:-1, max-image-preview:large, max-video-preview:-1\" \/>\n<link rel=\"canonical\" href=\"https:\/\/hoyre.no\/oslo\/vi-ma-bygge-boliger-der-folk-faktisk-vil-bo\/\" \/>\n<meta property=\"og:locale\" content=\"nb_NO\" \/>\n<meta property=\"og:type\" content=\"article\" \/>\n<meta property=\"og:title\" content=\"Vi m\u00e5 bygge mer for \u00e5 hjelpe flere!\" \/>\n<meta property=\"og:description\" content=\"Vi m\u00e5 bygge boliger der folk faktisk vil bo. Oslo H\u00f8yre vil fjerne leilighetsnormen, slik at flere kommer inn p\u00e5 boligmarkedet.\" \/>\n<meta property=\"og:url\" content=\"https:\/\/hoyre.no\/oslo\/vi-ma-bygge-boliger-der-folk-faktisk-vil-bo\/\" \/>\n<meta property=\"og:site_name\" content=\"Oslo H\u00f8yre\" \/>\n<meta property=\"article:publisher\" content=\"https:\/\/www.facebook.com\/oslo.hoyre\" \/>\n<meta property=\"article:modified_time\" content=\"2023-09-01T13:04:18+00:00\" \/>\n<meta property=\"og:image\" content=\"https:\/\/hoyre.no\/content\/uploads\/sites\/408\/2022\/09\/Slik-satser-Oslo-Hoyre-pa-klima-3.png\" \/>\n\t<meta property=\"og:image:width\" content=\"1180\" \/>\n\t<meta property=\"og:image:height\" content=\"500\" \/>\n\t<meta property=\"og:image:type\" content=\"image\/png\" \/>\n<meta name=\"twitter:card\" content=\"summary_large_image\" \/>\n<meta name=\"twitter:title\" content=\"Vi m\u00e5 bygge mer for \u00e5 hjelpe flere!\" \/>\n<meta name=\"twitter:description\" content=\"Vi m\u00e5 bygge boliger der folk faktisk vil bo. Oslo H\u00f8yre vil fjerne leilighetsnormen, slik at flere kommer inn p\u00e5 boligmarkedet.\" \/>\n<meta name=\"twitter:label1\" content=\"Ansl. lesetid\" \/>\n\t<meta name=\"twitter:data1\" content=\"6 minutter\" \/>\n<script type=\"application\/ld+json\" class=\"yoast-schema-graph\">{\"@context\":\"https:\/\/schema.org\",\"@graph\":[{\"@type\":\"WebPage\",\"@id\":\"https:\/\/hoyre.no\/oslo\/vi-ma-bygge-boliger-der-folk-faktisk-vil-bo\/\",\"url\":\"https:\/\/hoyre.no\/oslo\/vi-ma-bygge-boliger-der-folk-faktisk-vil-bo\/\",\"name\":\"Vi m\u00e5 bygge mer for \u00e5 hjelpe flere! - Oslo H\u00f8yre\",\"isPartOf\":{\"@id\":\"https:\/\/hoyre.no\/oslo\/#website\"},\"datePublished\":\"2023-06-23T12:37:50+00:00\",\"dateModified\":\"2023-09-01T13:04:18+00:00\",\"description\":\"Vi m\u00e5 bygge boliger der folk faktisk vil bo. Oslo H\u00f8yre vil fjerne leilighetsnormen, slik at flere kommer inn p\u00e5 boligmarkedet.\",\"breadcrumb\":{\"@id\":\"https:\/\/hoyre.no\/oslo\/vi-ma-bygge-boliger-der-folk-faktisk-vil-bo\/#breadcrumb\"},\"inLanguage\":\"nb-NO\",\"potentialAction\":[{\"@type\":\"ReadAction\",\"target\":[\"https:\/\/hoyre.no\/oslo\/vi-ma-bygge-boliger-der-folk-faktisk-vil-bo\/\"]}]},{\"@type\":\"BreadcrumbList\",\"@id\":\"https:\/\/hoyre.no\/oslo\/vi-ma-bygge-boliger-der-folk-faktisk-vil-bo\/#breadcrumb\",\"itemListElement\":[{\"@type\":\"ListItem\",\"position\":1,\"name\":\"Til hoyre.no\",\"item\":\"https:\/\/hoyre.no\"},{\"@type\":\"ListItem\",\"position\":2,\"name\":\"Hjem\",\"item\":\"https:\/\/hoyre.no\/oslo\/\"},{\"@type\":\"ListItem\",\"position\":3,\"name\":\"Vi m\u00e5 bygge boliger der folk faktisk vil bo\"}]},{\"@type\":\"WebSite\",\"@id\":\"https:\/\/hoyre.no\/oslo\/#website\",\"url\":\"https:\/\/hoyre.no\/oslo\/\",\"name\":\"Oslo H\u00f8yre\",\"description\":\"\",\"publisher\":{\"@id\":\"https:\/\/hoyre.no\/oslo\/#organization\"},\"inLanguage\":\"nb-NO\"},{\"@type\":\"Organization\",\"@id\":\"https:\/\/hoyre.no\/oslo\/#organization\",\"name\":\"Oslo H\u00f8yre\",\"url\":\"https:\/\/hoyre.no\/oslo\/\",\"logo\":{\"@type\":\"ImageObject\",\"inLanguage\":\"nb-NO\",\"@id\":\"https:\/\/hoyre.no\/oslo\/#\/schema\/logo\/image\/\",\"url\":\"https:\/\/hoyre.no\/content\/uploads\/sites\/408\/2022\/11\/Hoyres-logo.png\",\"contentUrl\":\"https:\/\/hoyre.no\/content\/uploads\/sites\/408\/2022\/11\/Hoyres-logo.png\",\"width\":1000,\"height\":1000,\"caption\":\"Oslo H\u00f8yre\"},\"image\":{\"@id\":\"https:\/\/hoyre.no\/oslo\/#\/schema\/logo\/image\/\"},\"sameAs\":[\"https:\/\/www.facebook.com\/oslo.hoyre\"]}]}<\/script>\n<!-- \/ Yoast SEO Premium plugin. -->","yoast_head_json":{"title":"Vi m\u00e5 bygge mer for \u00e5 hjelpe flere! - Oslo H\u00f8yre","description":"Vi m\u00e5 bygge boliger der folk faktisk vil bo. Oslo H\u00f8yre vil fjerne leilighetsnormen, slik at flere kommer inn p\u00e5 boligmarkedet.","robots":{"index":"index","follow":"follow","max-snippet":"max-snippet:-1","max-image-preview":"max-image-preview:large","max-video-preview":"max-video-preview:-1"},"canonical":"https:\/\/hoyre.no\/oslo\/vi-ma-bygge-boliger-der-folk-faktisk-vil-bo\/","og_locale":"nb_NO","og_type":"article","og_title":"Vi m\u00e5 bygge mer for \u00e5 hjelpe flere!","og_description":"Vi m\u00e5 bygge boliger der folk faktisk vil bo. Oslo H\u00f8yre vil fjerne leilighetsnormen, slik at flere kommer inn p\u00e5 boligmarkedet.","og_url":"https:\/\/hoyre.no\/oslo\/vi-ma-bygge-boliger-der-folk-faktisk-vil-bo\/","og_site_name":"Oslo H\u00f8yre","article_publisher":"https:\/\/www.facebook.com\/oslo.hoyre","article_modified_time":"2023-09-01T13:04:18+00:00","og_image":[{"width":1180,"height":500,"url":"https:\/\/hoyre.no\/content\/uploads\/sites\/408\/2022\/09\/Slik-satser-Oslo-Hoyre-pa-klima-3.png","type":"image\/png"}],"twitter_card":"summary_large_image","twitter_title":"Vi m\u00e5 bygge mer for \u00e5 hjelpe flere!","twitter_description":"Vi m\u00e5 bygge boliger der folk faktisk vil bo. Oslo H\u00f8yre vil fjerne leilighetsnormen, slik at flere kommer inn p\u00e5 boligmarkedet.","twitter_misc":{"Ansl. lesetid":"6 minutter"},"schema":{"@context":"https:\/\/schema.org","@graph":[{"@type":"WebPage","@id":"https:\/\/hoyre.no\/oslo\/vi-ma-bygge-boliger-der-folk-faktisk-vil-bo\/","url":"https:\/\/hoyre.no\/oslo\/vi-ma-bygge-boliger-der-folk-faktisk-vil-bo\/","name":"Vi m\u00e5 bygge mer for \u00e5 hjelpe flere! - Oslo H\u00f8yre","isPartOf":{"@id":"https:\/\/hoyre.no\/oslo\/#website"},"datePublished":"2023-06-23T12:37:50+00:00","dateModified":"2023-09-01T13:04:18+00:00","description":"Vi m\u00e5 bygge boliger der folk faktisk vil bo. Oslo H\u00f8yre vil fjerne leilighetsnormen, slik at flere kommer inn p\u00e5 boligmarkedet.","breadcrumb":{"@id":"https:\/\/hoyre.no\/oslo\/vi-ma-bygge-boliger-der-folk-faktisk-vil-bo\/#breadcrumb"},"inLanguage":"nb-NO","potentialAction":[{"@type":"ReadAction","target":["https:\/\/hoyre.no\/oslo\/vi-ma-bygge-boliger-der-folk-faktisk-vil-bo\/"]}]},{"@type":"BreadcrumbList","@id":"https:\/\/hoyre.no\/oslo\/vi-ma-bygge-boliger-der-folk-faktisk-vil-bo\/#breadcrumb","itemListElement":[{"@type":"ListItem","position":1,"name":"Til hoyre.no","item":"https:\/\/hoyre.no"},{"@type":"ListItem","position":2,"name":"Hjem","item":"https:\/\/hoyre.no\/oslo\/"},{"@type":"ListItem","position":3,"name":"Vi m\u00e5 bygge boliger der folk faktisk vil bo"}]},{"@type":"WebSite","@id":"https:\/\/hoyre.no\/oslo\/#website","url":"https:\/\/hoyre.no\/oslo\/","name":"Oslo H\u00f8yre","description":"","publisher":{"@id":"https:\/\/hoyre.no\/oslo\/#organization"},"inLanguage":"nb-NO"},{"@type":"Organization","@id":"https:\/\/hoyre.no\/oslo\/#organization","name":"Oslo H\u00f8yre","url":"https:\/\/hoyre.no\/oslo\/","logo":{"@type":"ImageObject","inLanguage":"nb-NO","@id":"https:\/\/hoyre.no\/oslo\/#\/schema\/logo\/image\/","url":"https:\/\/hoyre.no\/content\/uploads\/sites\/408\/2022\/11\/Hoyres-logo.png","contentUrl":"https:\/\/hoyre.no\/content\/uploads\/sites\/408\/2022\/11\/Hoyres-logo.png","width":1000,"height":1000,"caption":"Oslo H\u00f8yre"},"image":{"@id":"https:\/\/hoyre.no\/oslo\/#\/schema\/logo\/image\/"},"sameAs":["https:\/\/www.facebook.com\/oslo.hoyre"]}]}},"distributor_meta":false,"distributor_terms":false,"distributor_media":false,"distributor_original_site_name":"Oslo H\u00f8yre","distributor_original_site_url":"https:\/\/hoyre.no\/oslo","push-errors":false,"_links":{"self":[{"href":"https:\/\/hoyre.no\/oslo\/wp-json\/wp\/v2\/pages\/4821","targetHints":{"allow":["GET"]}}],"collection":[{"href":"https:\/\/hoyre.no\/oslo\/wp-json\/wp\/v2\/pages"}],"about":[{"href":"https:\/\/hoyre.no\/oslo\/wp-json\/wp\/v2\/types\/page"}],"author":[{"embeddable":true,"href":"https:\/\/hoyre.no\/oslo\/wp-json\/wp\/v2\/users\/31424"}],"replies":[{"embeddable":true,"href":"https:\/\/hoyre.no\/oslo\/wp-json\/wp\/v2\/comments?post=4821"}],"version-history":[{"count":14,"href":"https:\/\/hoyre.no\/oslo\/wp-json\/wp\/v2\/pages\/4821\/revisions"}],"predecessor-version":[{"id":5288,"href":"https:\/\/hoyre.no\/oslo\/wp-json\/wp\/v2\/pages\/4821\/revisions\/5288"}],"wp:attachment":[{"href":"https:\/\/hoyre.no\/oslo\/wp-json\/wp\/v2\/media?parent=4821"}],"curies":[{"name":"wp","href":"https:\/\/api.w.org\/{rel}","templated":true}]}}