{"id":7051,"date":"2024-08-06T09:23:15","date_gmt":"2024-08-06T07:23:15","guid":{"rendered":"https:\/\/hoyre.no\/oslo\/?page_id=7051"},"modified":"2026-03-03T10:48:33","modified_gmt":"2026-03-03T09:48:33","slug":"barnehager","status":"publish","type":"page","link":"https:\/\/hoyre.no\/oslo\/politikk\/vi-mener\/barnehager\/","title":{"rendered":"Barnehager"},"content":{"rendered":"\n<div class=\"wp-block-hoyre-hero text-color-light  has-media alignfull has-background \"><div class=\"hoyre-hero has-image\"><h1 class=\"title\">Barnehager<\/h1><p class=\"preamble\">Byens barnehager skal v\u00e6re et sted for lek, l\u00e6ring og mestring. <\/p>\t\t\t<div class=\"post-meta wp-block teft-byline-wrapper\">\n\t\t\t\t<div class=\"top\">\n\t\t\t\t\t<div class=\"signature\">\n\t\t\t\t\t\t<div class=\"teft-byline\">\n\t\t\t\t\t\t\t\t\t\t\t\t\t\t<div>\n\t\t\t\t\t\t\t\t<h3>H\u00f8yres redaksjon<\/h3>\t\t\t\t\t\t\t\t\n\t\t\t\t\t\t\t\t\t\t\t\t\t\t\t\t\t<span class=\"date\">Sist oppdatert: 3. mars 2026<\/span>\n\t\t\t\t\t\t\t\t\t\t\t\t\t\t\t\t\t\t\t\t\t\t\t\t\t<span class=\"reading-time\" itemprop=\"timeRequired\" content=\"PT2M\"><em>Ca. 2 minutter lesetid<\/em><\/span>\n\t\t\t\t\t\t\t\t\t\t\t\t\t\t\t<\/div>\n\t\t\t\t\t\t<\/div>\n\t\t\t\t\t<\/div>\n\t\t\t\t\t\t<div class=\"sharing\">\n\t\t<a class=\"share-button share-link copy-link\" data-copy=\"https:\/\/hoyre.no\/oslo\/politikk\/vi-mener\/barnehager\/\" target=\"_blank\"><span class=\"screen-reader-text\">Del link<\/span><\/a>\n\t\t<a class=\"share-button share-twitter\" href=\"http:\/\/twitter.com\/share?text=Barnehager&#038;url=https:\/\/hoyre.no\/oslo\/politikk\/vi-mener\/barnehager\/&#038;hashtags=Hoyre\" target=\"_blank\"><span class=\"screen-reader-text\">Del p\u00e5 twitter<\/span><\/a>\n\t\t<a class=\"share-button share-facebook\" href=\"https:\/\/www.facebook.com\/sharer\/sharer.php?u=https:\/\/hoyre.no\/oslo\/politikk\/vi-mener\/barnehager\/\" target=\"_blank\"><span class=\"screen-reader-text\">Del p\u00e5 facebook<\/span><\/a>\n\t<\/div>\n\t\t\t\t\t<\/div>\n\t\t\t<\/div>\n\n\t\t\t<figure class=\"hoyre-image-wrapper\"><div class=\"hoyre-image\"><img loading=\"lazy\" decoding=\"async\" width=\"1980\" height=\"1095\" src=\"https:\/\/hoyre.no\/content\/uploads\/sites\/408\/2024\/08\/Barnehage.jpg\" class=\"attachment-scaled size-scaled\" alt=\"Illustrasjonsbilde barnehage\" style=\"object-position: 50% 50%\" srcset=\"https:\/\/hoyre.no\/content\/uploads\/sites\/408\/2024\/08\/Barnehage.jpg 1980w, https:\/\/hoyre.no\/content\/uploads\/sites\/408\/2024\/08\/Barnehage-300x166.jpg 300w, https:\/\/hoyre.no\/content\/uploads\/sites\/408\/2024\/08\/Barnehage-1024x566.jpg 1024w, https:\/\/hoyre.no\/content\/uploads\/sites\/408\/2024\/08\/Barnehage-768x425.jpg 768w, https:\/\/hoyre.no\/content\/uploads\/sites\/408\/2024\/08\/Barnehage-1536x849.jpg 1536w\" sizes=\"auto, (max-width: 1980px) 100vw, 1980px\" \/><\/div><\/figure><\/div><\/div>\n\n\n\n\n<p><strong>Trygge barnehager skal gi barna en opplevelse av \u00e5 bli sett og h\u00f8rt, og de skal f\u00e5 kjenne p\u00e5 mestring og gleden ved \u00e5 l\u00e6re. Det bidrar til at barn blir trygge sammen med andre barn. Barnehagene skal sammen med skolel\u00f8pet bidra til sosial utjevning og til at alle barn har et godt utgangspunkt for et godt liv. <\/strong><\/p>\n\n\n\n<p>Barnehagen er b\u00e5de en trygg omsorgsarena og et sted hvor barna kan leke, l\u00e6re gjennom lek og f\u00e5 stimulert sin naturlige nysgjerrighet. Det er viktig at tilbudet har god kvalitet, og barnehagene i Oslo skal v\u00e6re landets beste. For \u00e5 oppn\u00e5 det m\u00e5 barnehagene tiltrekke seg og beholde dyktige ansatte. Oslo H\u00f8yre vil gi barnehagestyrere og pedagogiske ledere tilbud om lederutdanning, og gi flere ufagl\u00e6rte barnehageansatte muligheten til \u00e5 gjennomf\u00f8re barnehagel\u00e6rerutdanning mens de st\u00e5r i jobb.<\/p>\n\n\n\n<p>Altfor mange barn begynner p\u00e5 skolen uten \u00e5 kunne norsk godt nok. Oslo H\u00f8yre vil derfor ha egnespr\u00e5ksatsinger i barnehagene.<\/p>\n\n\n\n<p>Oslo H\u00f8yre mener det er viktig b\u00e5de for familienes valgfrihet og for \u00e5 skape mangfold og nytenkning i barnehagetilbudet at vi b\u00e5de har kommunale og private barnehager i byen v\u00e5r. Derfor har H\u00f8yre i byr\u00e5d fjernet forbudet mot \u00e5 starte nye private barnehager som ble innf\u00f8rt av det forrige byr\u00e5det som bestod av Arbeiderpartiet,  Milj\u00f8partiet De Gr\u00f8nne og Sosialistisk Venstreparti. Oslo H\u00f8yre mener at kommunale og private barnehager skal likebehandles.<\/p>\n\n\n\n<p><strong>Oslo H\u00f8yre vil:<\/strong><\/p>\n\n\n\n<ul class=\"wp-block-list\">\n<li>kartlegge barns spr\u00e5kutvikling f\u00f8r skolestart og styrke norskoppl\u00e6ringen til de barna som trenger det, og gi tilbud om ekstra spr\u00e5koppl\u00e6ring p\u00e5 Aktivitetsskolen (AKS) eller Sommerskolen Oslo for skolestartere som har behov for det<\/li>\n\n\n\n<li>at gratis eller redusert barnehagepris til lavinntektsfamilier skal gis uavhengig av hvor i byen de bor<\/li>\n\n\n\n<li>jobbe for at minst halvparten av de ansatte i barnehagene skal v\u00e6re barnehagel\u00e6rere innen 2027<\/li>\n\n\n\n<li>stoppe kommunaliseringen av private barnehagetilbud, da familiebarnehager og andre private barnehager bidrar til mangfold, innovasjon og \u00f8kt kapasitet<\/li>\n\n\n\n<li>\u00f8ke maksimalsatsen for matpenger i de kommunale barnehagene, slik at barna f\u00e5r n\u00e6ringsrik mat, og s\u00f8rge for at lavinntektsfamilier f\u00e5r matpengene dekket av kommunen<\/li>\n\n\n\n<li>styrke innsatsen for \u00e5 oppdage s\u00e5rbare barn i barnehagealder, for eksempel barn med dysleksi, d\u00e5rligh\u00f8rsel eller autisme<\/li>\n\n\n\n<li>jobbe for at flere barn f\u00e5r barnehageplass n\u00e5r de fyller ett \u00e5r, uansett n\u00e5r p\u00e5 \u00e5ret de er f\u00f8dt<\/li>\n<\/ul>\n\n","protected":false},"excerpt":{"rendered":"","protected":false},"author":23018,"featured_media":0,"parent":7021,"menu_order":0,"comment_status":"closed","ping_status":"closed","template":"","meta":{"teft_cards_image_url":"","teft_cards_custom_pretitle":"","teft_cards_image_id":7052,"teft_cards_image_focal_point_x":0.5,"teft_cards_image_focal_point_y":0.5,"teft_cards_title":"","teft_cards_excerpt":"","teft_show_chapters":false,"footnotes":""},"class_list":["post-7051","page","type-page","status-publish","hentry"],"yoast_head":"<!-- This site is optimized with the Yoast SEO Premium plugin v26.5 (Yoast SEO v26.6) - https:\/\/yoast.com\/wordpress\/plugins\/seo\/ -->\n<title>Barnehager - Oslo H\u00f8yre<\/title>\n<meta name=\"robots\" content=\"index, follow, max-snippet:-1, max-image-preview:large, max-video-preview:-1\" \/>\n<link rel=\"canonical\" href=\"https:\/\/hoyre.no\/oslo\/politikk\/vi-mener\/barnehager\/\" \/>\n<meta property=\"og:locale\" content=\"nb_NO\" \/>\n<meta property=\"og:type\" content=\"article\" \/>\n<meta property=\"og:title\" content=\"Barnehager\" \/>\n<meta property=\"og:url\" content=\"https:\/\/hoyre.no\/oslo\/politikk\/vi-mener\/barnehager\/\" \/>\n<meta property=\"og:site_name\" content=\"Oslo H\u00f8yre\" \/>\n<meta property=\"article:publisher\" content=\"https:\/\/www.facebook.com\/oslo.hoyre\" \/>\n<meta property=\"article:modified_time\" content=\"2026-03-03T09:48:33+00:00\" \/>\n<meta property=\"og:image\" content=\"https:\/\/hoyre.no\/content\/uploads\/sites\/408\/2024\/08\/Barnehage-1024x566.jpg\" \/>\n<meta name=\"twitter:card\" content=\"summary_large_image\" \/>\n<meta name=\"twitter:label1\" content=\"Ansl. lesetid\" \/>\n\t<meta name=\"twitter:data1\" content=\"3 minutter\" \/>\n<script type=\"application\/ld+json\" class=\"yoast-schema-graph\">{\"@context\":\"https:\/\/schema.org\",\"@graph\":[{\"@type\":\"WebPage\",\"@id\":\"https:\/\/hoyre.no\/oslo\/politikk\/vi-mener\/barnehager\/\",\"url\":\"https:\/\/hoyre.no\/oslo\/politikk\/vi-mener\/barnehager\/\",\"name\":\"Barnehager - Oslo H\u00f8yre\",\"isPartOf\":{\"@id\":\"https:\/\/hoyre.no\/oslo\/#website\"},\"datePublished\":\"2024-08-06T07:23:15+00:00\",\"dateModified\":\"2026-03-03T09:48:33+00:00\",\"breadcrumb\":{\"@id\":\"https:\/\/hoyre.no\/oslo\/politikk\/vi-mener\/barnehager\/#breadcrumb\"},\"inLanguage\":\"nb-NO\",\"potentialAction\":[{\"@type\":\"ReadAction\",\"target\":[\"https:\/\/hoyre.no\/oslo\/politikk\/vi-mener\/barnehager\/\"]}]},{\"@type\":\"BreadcrumbList\",\"@id\":\"https:\/\/hoyre.no\/oslo\/politikk\/vi-mener\/barnehager\/#breadcrumb\",\"itemListElement\":[{\"@type\":\"ListItem\",\"position\":1,\"name\":\"Til hoyre.no\",\"item\":\"https:\/\/hoyre.no\"},{\"@type\":\"ListItem\",\"position\":2,\"name\":\"Hjem\",\"item\":\"https:\/\/hoyre.no\/oslo\/\"},{\"@type\":\"ListItem\",\"position\":3,\"name\":\"Politikk\",\"item\":\"https:\/\/hoyre.no\/oslo\/politikk\/\"},{\"@type\":\"ListItem\",\"position\":4,\"name\":\"Vi mener\",\"item\":\"https:\/\/hoyre.no\/oslo\/politikk\/vi-mener\/\"},{\"@type\":\"ListItem\",\"position\":5,\"name\":\"Barnehager\"}]},{\"@type\":\"WebSite\",\"@id\":\"https:\/\/hoyre.no\/oslo\/#website\",\"url\":\"https:\/\/hoyre.no\/oslo\/\",\"name\":\"Oslo H\u00f8yre\",\"description\":\"\",\"publisher\":{\"@id\":\"https:\/\/hoyre.no\/oslo\/#organization\"},\"inLanguage\":\"nb-NO\"},{\"@type\":\"Organization\",\"@id\":\"https:\/\/hoyre.no\/oslo\/#organization\",\"name\":\"Oslo H\u00f8yre\",\"url\":\"https:\/\/hoyre.no\/oslo\/\",\"logo\":{\"@type\":\"ImageObject\",\"inLanguage\":\"nb-NO\",\"@id\":\"https:\/\/hoyre.no\/oslo\/#\/schema\/logo\/image\/\",\"url\":\"https:\/\/hoyre.no\/content\/uploads\/sites\/408\/2022\/11\/Hoyres-logo.png\",\"contentUrl\":\"https:\/\/hoyre.no\/content\/uploads\/sites\/408\/2022\/11\/Hoyres-logo.png\",\"width\":1000,\"height\":1000,\"caption\":\"Oslo H\u00f8yre\"},\"image\":{\"@id\":\"https:\/\/hoyre.no\/oslo\/#\/schema\/logo\/image\/\"},\"sameAs\":[\"https:\/\/www.facebook.com\/oslo.hoyre\"]}]}<\/script>\n<!-- \/ Yoast SEO Premium plugin. -->","yoast_head_json":{"title":"Barnehager - Oslo H\u00f8yre","robots":{"index":"index","follow":"follow","max-snippet":"max-snippet:-1","max-image-preview":"max-image-preview:large","max-video-preview":"max-video-preview:-1"},"canonical":"https:\/\/hoyre.no\/oslo\/politikk\/vi-mener\/barnehager\/","og_locale":"nb_NO","og_type":"article","og_title":"Barnehager","og_url":"https:\/\/hoyre.no\/oslo\/politikk\/vi-mener\/barnehager\/","og_site_name":"Oslo H\u00f8yre","article_publisher":"https:\/\/www.facebook.com\/oslo.hoyre","article_modified_time":"2026-03-03T09:48:33+00:00","og_image":[{"url":"https:\/\/hoyre.no\/content\/uploads\/sites\/408\/2024\/08\/Barnehage-1024x566.jpg","width":"","height":"","type":""}],"twitter_card":"summary_large_image","twitter_misc":{"Ansl. lesetid":"3 minutter"},"schema":{"@context":"https:\/\/schema.org","@graph":[{"@type":"WebPage","@id":"https:\/\/hoyre.no\/oslo\/politikk\/vi-mener\/barnehager\/","url":"https:\/\/hoyre.no\/oslo\/politikk\/vi-mener\/barnehager\/","name":"Barnehager - Oslo H\u00f8yre","isPartOf":{"@id":"https:\/\/hoyre.no\/oslo\/#website"},"datePublished":"2024-08-06T07:23:15+00:00","dateModified":"2026-03-03T09:48:33+00:00","breadcrumb":{"@id":"https:\/\/hoyre.no\/oslo\/politikk\/vi-mener\/barnehager\/#breadcrumb"},"inLanguage":"nb-NO","potentialAction":[{"@type":"ReadAction","target":["https:\/\/hoyre.no\/oslo\/politikk\/vi-mener\/barnehager\/"]}]},{"@type":"BreadcrumbList","@id":"https:\/\/hoyre.no\/oslo\/politikk\/vi-mener\/barnehager\/#breadcrumb","itemListElement":[{"@type":"ListItem","position":1,"name":"Til hoyre.no","item":"https:\/\/hoyre.no"},{"@type":"ListItem","position":2,"name":"Hjem","item":"https:\/\/hoyre.no\/oslo\/"},{"@type":"ListItem","position":3,"name":"Politikk","item":"https:\/\/hoyre.no\/oslo\/politikk\/"},{"@type":"ListItem","position":4,"name":"Vi mener","item":"https:\/\/hoyre.no\/oslo\/politikk\/vi-mener\/"},{"@type":"ListItem","position":5,"name":"Barnehager"}]},{"@type":"WebSite","@id":"https:\/\/hoyre.no\/oslo\/#website","url":"https:\/\/hoyre.no\/oslo\/","name":"Oslo H\u00f8yre","description":"","publisher":{"@id":"https:\/\/hoyre.no\/oslo\/#organization"},"inLanguage":"nb-NO"},{"@type":"Organization","@id":"https:\/\/hoyre.no\/oslo\/#organization","name":"Oslo H\u00f8yre","url":"https:\/\/hoyre.no\/oslo\/","logo":{"@type":"ImageObject","inLanguage":"nb-NO","@id":"https:\/\/hoyre.no\/oslo\/#\/schema\/logo\/image\/","url":"https:\/\/hoyre.no\/content\/uploads\/sites\/408\/2022\/11\/Hoyres-logo.png","contentUrl":"https:\/\/hoyre.no\/content\/uploads\/sites\/408\/2022\/11\/Hoyres-logo.png","width":1000,"height":1000,"caption":"Oslo H\u00f8yre"},"image":{"@id":"https:\/\/hoyre.no\/oslo\/#\/schema\/logo\/image\/"},"sameAs":["https:\/\/www.facebook.com\/oslo.hoyre"]}]}},"distributor_meta":false,"distributor_terms":false,"distributor_media":false,"distributor_original_site_name":"Oslo H\u00f8yre","distributor_original_site_url":"https:\/\/hoyre.no\/oslo","push-errors":false,"_links":{"self":[{"href":"https:\/\/hoyre.no\/oslo\/wp-json\/wp\/v2\/pages\/7051","targetHints":{"allow":["GET"]}}],"collection":[{"href":"https:\/\/hoyre.no\/oslo\/wp-json\/wp\/v2\/pages"}],"about":[{"href":"https:\/\/hoyre.no\/oslo\/wp-json\/wp\/v2\/types\/page"}],"author":[{"embeddable":true,"href":"https:\/\/hoyre.no\/oslo\/wp-json\/wp\/v2\/users\/23018"}],"replies":[{"embeddable":true,"href":"https:\/\/hoyre.no\/oslo\/wp-json\/wp\/v2\/comments?post=7051"}],"version-history":[{"count":3,"href":"https:\/\/hoyre.no\/oslo\/wp-json\/wp\/v2\/pages\/7051\/revisions"}],"predecessor-version":[{"id":9824,"href":"https:\/\/hoyre.no\/oslo\/wp-json\/wp\/v2\/pages\/7051\/revisions\/9824"}],"up":[{"embeddable":true,"href":"https:\/\/hoyre.no\/oslo\/wp-json\/wp\/v2\/pages\/7021"}],"wp:attachment":[{"href":"https:\/\/hoyre.no\/oslo\/wp-json\/wp\/v2\/media?parent=7051"}],"curies":[{"name":"wp","href":"https:\/\/api.w.org\/{rel}","templated":true}]}}