{"id":7069,"date":"2024-08-07T15:09:41","date_gmt":"2024-08-07T13:09:41","guid":{"rendered":"https:\/\/hoyre.no\/oslo\/?page_id=7069"},"modified":"2024-08-07T15:23:32","modified_gmt":"2024-08-07T13:23:32","slug":"bilpolitikk","status":"publish","type":"page","link":"https:\/\/hoyre.no\/oslo\/politikk\/vi-mener\/bilpolitikk\/","title":{"rendered":"Bilpolitikk"},"content":{"rendered":"\n<div class=\"wp-block-hoyre-hero with-image-gradient text-color-light  has-media alignfull has-background\"><div class=\"hoyre-hero has-image\"><h1 class=\"title\">Bilpolitikk<\/h1><figure class=\"hoyre-image-wrapper\"><div class=\"hoyre-image\"><img loading=\"lazy\" decoding=\"async\" width=\"1920\" height=\"904\" src=\"https:\/\/hoyre.no\/content\/uploads\/sites\/408\/2024\/08\/El-Oslo-1920-px.jpg\" class=\"attachment-scaled size-scaled\" alt=\"Nilde av biler p\u00e5 parkeringsplass\" style=\"object-position: 50% 50%\" srcset=\"https:\/\/hoyre.no\/content\/uploads\/sites\/408\/2024\/08\/El-Oslo-1920-px.jpg 1920w, https:\/\/hoyre.no\/content\/uploads\/sites\/408\/2024\/08\/El-Oslo-1920-px-300x141.jpg 300w, https:\/\/hoyre.no\/content\/uploads\/sites\/408\/2024\/08\/El-Oslo-1920-px-1024x482.jpg 1024w, https:\/\/hoyre.no\/content\/uploads\/sites\/408\/2024\/08\/El-Oslo-1920-px-768x362.jpg 768w, https:\/\/hoyre.no\/content\/uploads\/sites\/408\/2024\/08\/El-Oslo-1920-px-1536x723.jpg 1536w\" sizes=\"auto, (max-width: 1920px) 100vw, 1920px\" \/><\/div><\/figure><\/div><\/div>\n\n\n\n\n<p><em>Foto: <a href=\"https:\/\/commons.wikimedia.org\/wiki\/File:Elbil_Parkering_Plass_Oslo_10_2018_3806.jpg\">Mariordo (Mario Roberto Dur\u00e1n Ortiz)<\/a>, <a href=\"https:\/\/creativecommons.org\/licenses\/by-sa\/4.0\">CC BY-SA 4.0<\/a>, via Wikimedia Commons<\/em><\/p>\n\n\n\n<p>At f\u00e6rre bruker bil i hverdagen er et m\u00e5l, b\u00e5de for \u00e5 kutte utslipp, k\u00f8, st\u00f8y og forurensing og for \u00e5 bidra til\u00f8kt trafikksikkerhet og en gr\u00f8nnere og triveligere by. En forutsetning for at folk skal kunne la bilen st\u00e5, er at kollektivtilbudet er godt og tilgjengelig, og at det er trygt og effektivt \u00e5 g\u00e5 og sykle. Oslo H\u00f8yre vil derfor f\u00f8re en politikk for \u00e5 gj\u00f8re kollektiv, sykkel og gange til f\u00f8rstevalget.<\/p>\n\n\n\n<p>Fremdeles er det likevel slik at noen har behov for \u00e5 bruke bil. For noen er bil ogs\u00e5 en forutsetning for mobilitet, og Oslo H\u00f8yre vil derfor ogs\u00e5 ta hensyn til dem som trenger bil.   <\/p>\n\n\n\n<p>I tilfeller der gateareal omprioriteres fra bil til andre form\u00e5l, vil vi legge vekt p\u00e5 \u00e5 finne smidige l\u00f8sninger som ivaretar innbyggernes og n\u00e6ringslivets behov. Eksempler p\u00e5 dette kan v\u00e6re korttidsparkering, varelevering og h\u00e5ndverkerparkering. Oslo H\u00f8yre mener ogs\u00e5 at det ikke er et m\u00e5l i seg selv \u00e5 fjerne parkeringsplasser. I v\u00e5rt f\u00f8rste budsjett etter vi kom i byr\u00e5d h\u00f8sten 2023 fjernet vi beboerparkeringsavgiften utenfor Ring 3.<\/p>\n\n\n\n<p>Det skal alltid l\u00f8nne seg \u00e5 velge de mest milj\u00f8vennlige bilene. Oslo H\u00f8yre  vil derfor bygge ut ladeinfrastruktur og gj\u00f8re bildelingsordninger mer tilgjengelige gjennom flere reserverte parkerings- og ladeplasser.<\/p>\n\n\n\n<p>Bompenger er et virkemiddel for \u00e5 kutte utslipp, redusere biltrafikk og sikre finansiering til tiltak for byutvikling, n\u00e6rmilj\u00f8tiltak, kollektivtransport, syklister og fotgjengere. Samtidig er bompenger er en \u00f8konomisk belastning for innbyggere og n\u00e6ringsliv i byen. Oslo H\u00f8yre er opptatt av \u00e5 begrense kostnadene for privatpersoner og n\u00e6ringslivet mest mulig og arbeide for at staten tar et st\u00f8rre ansvar for investeringene i hovedstadsregionen.<\/p>\n\n\n\n<p><strong>Oslo H\u00f8yre vil:<\/strong><\/p>\n\n\n\n<ul class=\"wp-block-list\">\n<li>jobbe for flere parkeringsplasser i underjordiske anlegg, og for at disse f\u00e5r ladeinfrastruktur<\/li>\n\n\n\n<li>sikre minstekrav til antall p-plasser i nye utbyggingsprosjekter, og jobbe for at biler st\u00e5r i egne parkeringsanlegg og ikke tar opp plass i gatene og skaper uoversiktlige situasjoner i boligomr\u00e5der<\/li>\n\n\n\n<li>forbedre beboerparkeringen blant annet ved \u00e5 begrense oversalget av parkeringstillatelser<\/li>\n\n\n\n<li>jobbe for en ordning hvor beboerparkering f\u00f8lger beboeren og ikke bilen, samt redusere \u00e5rsprisen for beboerkort<\/li>\n\n\n\n<li>jobbe for \u00e5 innf\u00f8re veiprising basert p\u00e5 faktisk bruk s\u00e5 raskt som mulig, som erstatning for dagens bompengesystem \u2013 samtidig som personvernet ivaretas<\/li>\n\n\n\n<li>v\u00e6re positiv til etablering av fyllestasjoner for hydrogen og biogass for n\u00e6ringsliv og privatbiler<\/li>\n\n\n\n<li>unng\u00e5 forfall p\u00e5 veiene grunnet slitasje og fremvekst av trafikkfeller m\u00e5. Bevilgningene til asfaltering skal minst dobles basert p\u00e5 revidert budsjett for Oslo kommune i 2023. I 2024 skal det legges frem en forpliktende opptrappingsplan for \u00e5 ta igjen vedlikeholdsetterslepet.<\/li>\n\n\n\n<li>etablere tilstrekkelig med parkeringsplasser for brukere og p\u00e5r\u00f8rende ved kommunens institusjoner og helsetilbud<\/li>\n\n\n\n<li>sikre at det er tilstrekkelig med parkeringsplasser ved rekreasjonsomr\u00e5der som Sognsvann.<\/li>\n<\/ul>\n\n","protected":false},"excerpt":{"rendered":"","protected":false},"author":23018,"featured_media":0,"parent":7021,"menu_order":0,"comment_status":"closed","ping_status":"closed","template":"","meta":{"teft_cards_image_url":"","teft_cards_custom_pretitle":"","teft_cards_image_id":7073,"teft_cards_image_focal_point_x":0.5,"teft_cards_image_focal_point_y":0.5,"teft_cards_title":"","teft_cards_excerpt":"","teft_show_chapters":false,"footnotes":""},"class_list":["post-7069","page","type-page","status-publish","hentry"],"yoast_head":"<!-- This site is optimized with the Yoast SEO Premium plugin v26.5 (Yoast SEO v26.6) - https:\/\/yoast.com\/wordpress\/plugins\/seo\/ -->\n<title>Bilpolitikk - Oslo H\u00f8yre<\/title>\n<meta name=\"robots\" content=\"index, follow, max-snippet:-1, max-image-preview:large, max-video-preview:-1\" \/>\n<link rel=\"canonical\" href=\"https:\/\/hoyre.no\/oslo\/politikk\/vi-mener\/bilpolitikk\/\" \/>\n<meta property=\"og:locale\" content=\"nb_NO\" \/>\n<meta property=\"og:type\" content=\"article\" \/>\n<meta property=\"og:title\" content=\"Bilpolitikk\" \/>\n<meta property=\"og:url\" content=\"https:\/\/hoyre.no\/oslo\/politikk\/vi-mener\/bilpolitikk\/\" \/>\n<meta property=\"og:site_name\" content=\"Oslo H\u00f8yre\" \/>\n<meta property=\"article:publisher\" content=\"https:\/\/www.facebook.com\/oslo.hoyre\" \/>\n<meta property=\"article:modified_time\" content=\"2024-08-07T13:23:32+00:00\" \/>\n<meta property=\"og:image\" content=\"https:\/\/hoyre.no\/content\/uploads\/sites\/408\/2024\/08\/El-Oslo-1920-px-1024x482.jpg\" \/>\n<meta name=\"twitter:card\" content=\"summary_large_image\" \/>\n<meta name=\"twitter:label1\" content=\"Ansl. lesetid\" \/>\n\t<meta name=\"twitter:data1\" content=\"3 minutter\" \/>\n<script type=\"application\/ld+json\" class=\"yoast-schema-graph\">{\"@context\":\"https:\/\/schema.org\",\"@graph\":[{\"@type\":\"WebPage\",\"@id\":\"https:\/\/hoyre.no\/oslo\/politikk\/vi-mener\/bilpolitikk\/\",\"url\":\"https:\/\/hoyre.no\/oslo\/politikk\/vi-mener\/bilpolitikk\/\",\"name\":\"Bilpolitikk - Oslo H\u00f8yre\",\"isPartOf\":{\"@id\":\"https:\/\/hoyre.no\/oslo\/#website\"},\"datePublished\":\"2024-08-07T13:09:41+00:00\",\"dateModified\":\"2024-08-07T13:23:32+00:00\",\"breadcrumb\":{\"@id\":\"https:\/\/hoyre.no\/oslo\/politikk\/vi-mener\/bilpolitikk\/#breadcrumb\"},\"inLanguage\":\"nb-NO\",\"potentialAction\":[{\"@type\":\"ReadAction\",\"target\":[\"https:\/\/hoyre.no\/oslo\/politikk\/vi-mener\/bilpolitikk\/\"]}]},{\"@type\":\"BreadcrumbList\",\"@id\":\"https:\/\/hoyre.no\/oslo\/politikk\/vi-mener\/bilpolitikk\/#breadcrumb\",\"itemListElement\":[{\"@type\":\"ListItem\",\"position\":1,\"name\":\"Til hoyre.no\",\"item\":\"https:\/\/hoyre.no\"},{\"@type\":\"ListItem\",\"position\":2,\"name\":\"Hjem\",\"item\":\"https:\/\/hoyre.no\/oslo\/\"},{\"@type\":\"ListItem\",\"position\":3,\"name\":\"Politikk\",\"item\":\"https:\/\/hoyre.no\/oslo\/politikk\/\"},{\"@type\":\"ListItem\",\"position\":4,\"name\":\"Vi mener\",\"item\":\"https:\/\/hoyre.no\/oslo\/politikk\/vi-mener\/\"},{\"@type\":\"ListItem\",\"position\":5,\"name\":\"Bilpolitikk\"}]},{\"@type\":\"WebSite\",\"@id\":\"https:\/\/hoyre.no\/oslo\/#website\",\"url\":\"https:\/\/hoyre.no\/oslo\/\",\"name\":\"Oslo H\u00f8yre\",\"description\":\"\",\"publisher\":{\"@id\":\"https:\/\/hoyre.no\/oslo\/#organization\"},\"inLanguage\":\"nb-NO\"},{\"@type\":\"Organization\",\"@id\":\"https:\/\/hoyre.no\/oslo\/#organization\",\"name\":\"Oslo H\u00f8yre\",\"url\":\"https:\/\/hoyre.no\/oslo\/\",\"logo\":{\"@type\":\"ImageObject\",\"inLanguage\":\"nb-NO\",\"@id\":\"https:\/\/hoyre.no\/oslo\/#\/schema\/logo\/image\/\",\"url\":\"https:\/\/hoyre.no\/content\/uploads\/sites\/408\/2022\/11\/Hoyres-logo.png\",\"contentUrl\":\"https:\/\/hoyre.no\/content\/uploads\/sites\/408\/2022\/11\/Hoyres-logo.png\",\"width\":1000,\"height\":1000,\"caption\":\"Oslo H\u00f8yre\"},\"image\":{\"@id\":\"https:\/\/hoyre.no\/oslo\/#\/schema\/logo\/image\/\"},\"sameAs\":[\"https:\/\/www.facebook.com\/oslo.hoyre\"]}]}<\/script>\n<!-- \/ Yoast SEO Premium plugin. -->","yoast_head_json":{"title":"Bilpolitikk - Oslo H\u00f8yre","robots":{"index":"index","follow":"follow","max-snippet":"max-snippet:-1","max-image-preview":"max-image-preview:large","max-video-preview":"max-video-preview:-1"},"canonical":"https:\/\/hoyre.no\/oslo\/politikk\/vi-mener\/bilpolitikk\/","og_locale":"nb_NO","og_type":"article","og_title":"Bilpolitikk","og_url":"https:\/\/hoyre.no\/oslo\/politikk\/vi-mener\/bilpolitikk\/","og_site_name":"Oslo H\u00f8yre","article_publisher":"https:\/\/www.facebook.com\/oslo.hoyre","article_modified_time":"2024-08-07T13:23:32+00:00","og_image":[{"url":"https:\/\/hoyre.no\/content\/uploads\/sites\/408\/2024\/08\/El-Oslo-1920-px-1024x482.jpg","width":"","height":"","type":""}],"twitter_card":"summary_large_image","twitter_misc":{"Ansl. lesetid":"3 minutter"},"schema":{"@context":"https:\/\/schema.org","@graph":[{"@type":"WebPage","@id":"https:\/\/hoyre.no\/oslo\/politikk\/vi-mener\/bilpolitikk\/","url":"https:\/\/hoyre.no\/oslo\/politikk\/vi-mener\/bilpolitikk\/","name":"Bilpolitikk - Oslo H\u00f8yre","isPartOf":{"@id":"https:\/\/hoyre.no\/oslo\/#website"},"datePublished":"2024-08-07T13:09:41+00:00","dateModified":"2024-08-07T13:23:32+00:00","breadcrumb":{"@id":"https:\/\/hoyre.no\/oslo\/politikk\/vi-mener\/bilpolitikk\/#breadcrumb"},"inLanguage":"nb-NO","potentialAction":[{"@type":"ReadAction","target":["https:\/\/hoyre.no\/oslo\/politikk\/vi-mener\/bilpolitikk\/"]}]},{"@type":"BreadcrumbList","@id":"https:\/\/hoyre.no\/oslo\/politikk\/vi-mener\/bilpolitikk\/#breadcrumb","itemListElement":[{"@type":"ListItem","position":1,"name":"Til hoyre.no","item":"https:\/\/hoyre.no"},{"@type":"ListItem","position":2,"name":"Hjem","item":"https:\/\/hoyre.no\/oslo\/"},{"@type":"ListItem","position":3,"name":"Politikk","item":"https:\/\/hoyre.no\/oslo\/politikk\/"},{"@type":"ListItem","position":4,"name":"Vi mener","item":"https:\/\/hoyre.no\/oslo\/politikk\/vi-mener\/"},{"@type":"ListItem","position":5,"name":"Bilpolitikk"}]},{"@type":"WebSite","@id":"https:\/\/hoyre.no\/oslo\/#website","url":"https:\/\/hoyre.no\/oslo\/","name":"Oslo H\u00f8yre","description":"","publisher":{"@id":"https:\/\/hoyre.no\/oslo\/#organization"},"inLanguage":"nb-NO"},{"@type":"Organization","@id":"https:\/\/hoyre.no\/oslo\/#organization","name":"Oslo H\u00f8yre","url":"https:\/\/hoyre.no\/oslo\/","logo":{"@type":"ImageObject","inLanguage":"nb-NO","@id":"https:\/\/hoyre.no\/oslo\/#\/schema\/logo\/image\/","url":"https:\/\/hoyre.no\/content\/uploads\/sites\/408\/2022\/11\/Hoyres-logo.png","contentUrl":"https:\/\/hoyre.no\/content\/uploads\/sites\/408\/2022\/11\/Hoyres-logo.png","width":1000,"height":1000,"caption":"Oslo H\u00f8yre"},"image":{"@id":"https:\/\/hoyre.no\/oslo\/#\/schema\/logo\/image\/"},"sameAs":["https:\/\/www.facebook.com\/oslo.hoyre"]}]}},"distributor_meta":false,"distributor_terms":false,"distributor_media":false,"distributor_original_site_name":"Oslo H\u00f8yre","distributor_original_site_url":"https:\/\/hoyre.no\/oslo","push-errors":false,"_links":{"self":[{"href":"https:\/\/hoyre.no\/oslo\/wp-json\/wp\/v2\/pages\/7069","targetHints":{"allow":["GET"]}}],"collection":[{"href":"https:\/\/hoyre.no\/oslo\/wp-json\/wp\/v2\/pages"}],"about":[{"href":"https:\/\/hoyre.no\/oslo\/wp-json\/wp\/v2\/types\/page"}],"author":[{"embeddable":true,"href":"https:\/\/hoyre.no\/oslo\/wp-json\/wp\/v2\/users\/23018"}],"replies":[{"embeddable":true,"href":"https:\/\/hoyre.no\/oslo\/wp-json\/wp\/v2\/comments?post=7069"}],"version-history":[{"count":3,"href":"https:\/\/hoyre.no\/oslo\/wp-json\/wp\/v2\/pages\/7069\/revisions"}],"predecessor-version":[{"id":7074,"href":"https:\/\/hoyre.no\/oslo\/wp-json\/wp\/v2\/pages\/7069\/revisions\/7074"}],"up":[{"embeddable":true,"href":"https:\/\/hoyre.no\/oslo\/wp-json\/wp\/v2\/pages\/7021"}],"wp:attachment":[{"href":"https:\/\/hoyre.no\/oslo\/wp-json\/wp\/v2\/media?parent=7069"}],"curies":[{"name":"wp","href":"https:\/\/api.w.org\/{rel}","templated":true}]}}