{"id":8338,"date":"2025-01-27T16:08:01","date_gmt":"2025-01-27T15:08:01","guid":{"rendered":"https:\/\/hoyre.no\/oslo\/?page_id=8338"},"modified":"2025-01-27T16:08:01","modified_gmt":"2025-01-27T15:08:01","slug":"en-slankere-offentlig-sektor","status":"publish","type":"page","link":"https:\/\/hoyre.no\/oslo\/en-slankere-offentlig-sektor\/","title":{"rendered":"En slankere offentlig sektor"},"content":{"rendered":"\n<div class=\"wp-block-hoyre-hero with-image-gradient text-color-light  alignfull has-background\"><div class=\"hoyre-hero \"><h1 class=\"title\"><strong>En slankere offentlig sektor<\/strong><\/h1><p class=\"preamble\"><em>Vedtatt p\u00e5 Oslo H\u00f8yres \u00e5rsm\u00f8te 2025<\/em><\/p><\/div><\/div>\n\n\n\n\n<h2 class=\"wp-block-heading\" id=\"h-en-slankere-offentlig-sektor\"><strong>En slankere offentlig sektor<\/strong><\/h2>\n\n\n\n<p>Oslo H\u00f8yres m\u00e5l er en slankere og mer effektiv offentlig sektor, som leverer bedre tjenester til innbyggere og n\u00e6ringsliv enn i dag. Offentlig sektors andel av fastlands-BNP m\u00e5 reduseres betydelig. For \u00e5 f\u00e5 mer igjen for hver krone vi bruker p\u00e5 offentlige tjenester og administrasjon, b\u00f8r det stilles forutsigbare krav til \u00e5rlig effektivisering i alle offentlige etater og virksomheter. Digitalisering, ny teknologi og innovative offentlige innkj\u00f8p kan bidra til bedre, billigere og mer effektive l\u00f8sninger i offentlig sektor. Flere av oppgavene som i dag l\u00f8ses av det offentlige, kan l\u00f8ses billigere og bedre av private akt\u00f8rer. Det m\u00e5 v\u00e6re viktigere at tjenestene er gode og effektive, enn at de leveres av offentlige ansatte.<\/p>\n\n\n\n<p>Bruken av oljepenger i norsk \u00f8konomi har \u00f8kt kraftig under St\u00f8re-regjeringen. Oslo H\u00f8yre mener det m\u00e5 utredes endringer i handlingsregelen som bidrar til at niv\u00e5et p\u00e5 oljepengebruken blir b\u00e6rekraftig over tid. Det b\u00f8r vurderes \u00e5 sette en grense for oljepengebrukens andel av de \u00e5rlige statsbudsjettene. Det er ogs\u00e5 behov for \u00e5 vurdere hvordan en revidert handlingsregel kan bidra til mer forutsigbarhet i perioder med store \u00e5rlige svingninger i fondets verdi.<\/p>\n\n\n\n<p>Behovet for reform av offentlige tjenester vil vokse i takt med \u00f8kningen av behovet for offentlig innsats p\u00e5 flere omr\u00e5der de neste \u00e5rene. Forsvaret skal rustes opp, det er behov for flere politifolk i gatene og behovene i helse- og omsorgssektoren vil \u00f8ke betydelig i takt med \u00f8kt levealder. Det blir krevende \u00e5 m\u00f8te disse behovene samtidig som offentlig sektors andel av BNP skal reduseres. Derfor m\u00e5 det gj\u00f8res mer for \u00e5 sikre at flere av de som i dag st\u00e5r utenfor arbeidsmarkedet, kommer i jobb. Det m\u00e5 alltid l\u00f8nne seg \u00e5 jobbe.<\/p>\n\n\n\n<p>Norge er med sine tre forvaltningsniv\u00e5 er et overadministrert land. Fylkeskommunene har relativt f\u00e5 oppgaver, som kan overtas av kommunene dersom de blir f\u00e6rre og st\u00f8rre. Mindre kommuner sliter ofte med \u00e5 tilby et bredt spekter av tjenester kostnadseffektivt. St\u00f8rre kommuner vil f\u00e5 bedre tilgang til kompetanse og ressurser, og vil gj\u00f8re det enklere \u00e5 h\u00e5ndtere befolkningsnedgang og et \u00f8kende antall pleietrengende eldre. Oslo H\u00f8yre mener det er n\u00f8dvendig med en kommunereform der m\u00e5let er \u00e5 redusere antallet kommuner betydelig, slik at kommunene har et tilstrekkelig befolkningsgrunnlag til \u00e5 levere gode tjenester til innbyggerne<\/p>\n\n\n\n<p><strong>Oslo H\u00f8yre vil:<\/strong><\/p>\n\n\n\n<ul class=\"wp-block-list\">\n<li>Innf\u00f8re et tak p\u00e5 hvor stor andel av statsbudsjettet som kan finansieres av oljefondet.<\/li>\n\n\n\n<li>Utrede endringer i handlingsregelen som bidrar til ansvarlig bruk av oljepenger over tid.<\/li>\n\n\n\n<li>Starte en ny kommunereform med sikte p\u00e5 \u00e5 redusere antallet kommuner betydelig og \u00f8ke befolkningsgrunnlaget i hver enkelt kommune<\/li>\n\n\n\n<li>Avvikle fylkeskommunene.<\/li>\n\n\n\n<li>Sikre bedre styring av pengebruken i store offentlige prosjekter.<\/li>\n\n\n\n<li>Redusere veksten i antall ansatte i offentlig sektor ved \u00e5 gjeninnf\u00f8re og forsterke Avbyr\u00e5kratiserings- og effektiviseringsreformen.<\/li>\n\n\n\n<li>Fjerne statlige normer for \u00e5 gi offentlige virksomheter fleksibilitet til \u00e5 tilpasse bemanning etter lokale behov.<\/li>\n\n\n\n<li>Prioritere digitaliseringsprosjekter som f\u00f8rer til lavere offentlige kostnader og like god eller bedre kvalitet p\u00e5 tjenestene.<\/li>\n\n\n\n<li>Innf\u00f8re en statlig regel som krever at en eksisterende regulering fjernes for hver nye som innf\u00f8res.<\/li>\n\n\n\n<li>\u00d8ke bruken av offentlig-privat samarbeid.<\/li>\n\n\n\n<li>Redusere landbrukssubsidiene og legge til rette for et mer innovativt, selvstendig og konkurransedyktig landbruk.<\/li>\n\n\n\n<li>Redusere byggekostnader gjennom blant annet forenkling av plan- og bygningsloven.<\/li>\n\n\n\n<li>Ha en gjennomgang av hele offentlig sektor for \u00e5 forenkle administrasjon og redusere kostnader.<\/li>\n\n\n\n<li>Gj\u00f8re det enklere for gr\u00fcndere, private og ideelle bedrifter \u00e5 levere tjenester til det offentlige.<\/li>\n\n\n\n<li>Aktivt ta i bruk offentlige innkj\u00f8p til \u00e5 anskaffe mer innovative og effektive produkter og tjenester.<\/li>\n<\/ul>\n\n","protected":false},"excerpt":{"rendered":"","protected":false},"author":8395,"featured_media":0,"parent":0,"menu_order":0,"comment_status":"closed","ping_status":"closed","template":"","meta":{"teft_cards_image_url":"","teft_cards_custom_pretitle":"","teft_cards_image_id":0,"teft_cards_image_focal_point_x":0,"teft_cards_image_focal_point_y":0,"teft_cards_title":"","teft_cards_excerpt":"","teft_show_chapters":false,"footnotes":""},"class_list":["post-8338","page","type-page","status-publish","hentry"],"yoast_head":"<!-- This site is optimized with the Yoast SEO Premium plugin v26.5 (Yoast SEO v26.6) - https:\/\/yoast.com\/wordpress\/plugins\/seo\/ -->\n<title>En slankere offentlig sektor - Oslo H\u00f8yre<\/title>\n<meta name=\"description\" content=\"Oslo H\u00f8yres m\u00e5l er en slankere og mer effektiv offentlig sektor, som leverer bedre tjenester til innbyggere og n\u00e6ringsliv enn i dag.\" \/>\n<meta name=\"robots\" content=\"index, follow, max-snippet:-1, max-image-preview:large, max-video-preview:-1\" \/>\n<link rel=\"canonical\" href=\"https:\/\/hoyre.no\/oslo\/en-slankere-offentlig-sektor\/\" \/>\n<meta property=\"og:locale\" content=\"nb_NO\" \/>\n<meta property=\"og:type\" content=\"article\" \/>\n<meta property=\"og:title\" content=\"En slankere offentlig sektor\" \/>\n<meta property=\"og:description\" content=\"Oslo H\u00f8yres m\u00e5l er en slankere og mer effektiv offentlig sektor, som leverer bedre tjenester til innbyggere og n\u00e6ringsliv enn i dag.\" \/>\n<meta property=\"og:url\" content=\"https:\/\/hoyre.no\/oslo\/en-slankere-offentlig-sektor\/\" \/>\n<meta property=\"og:site_name\" content=\"Oslo H\u00f8yre\" \/>\n<meta property=\"article:publisher\" content=\"https:\/\/www.facebook.com\/oslo.hoyre\" \/>\n<meta property=\"og:image\" content=\"https:\/\/hoyre.no\/content\/uploads\/sites\/408\/2022\/11\/Hoyres-logo.png\" \/>\n\t<meta property=\"og:image:width\" content=\"1000\" \/>\n\t<meta property=\"og:image:height\" content=\"1000\" \/>\n\t<meta property=\"og:image:type\" content=\"image\/png\" \/>\n<meta name=\"twitter:card\" content=\"summary_large_image\" \/>\n<meta name=\"twitter:description\" content=\"Oslo H\u00f8yres m\u00e5l er en slankere og mer effektiv offentlig sektor, som leverer bedre tjenester til innbyggere og n\u00e6ringsliv enn i dag.\" \/>\n<meta name=\"twitter:label1\" content=\"Ansl. lesetid\" \/>\n\t<meta name=\"twitter:data1\" content=\"4 minutter\" \/>\n<script type=\"application\/ld+json\" class=\"yoast-schema-graph\">{\"@context\":\"https:\/\/schema.org\",\"@graph\":[{\"@type\":\"WebPage\",\"@id\":\"https:\/\/hoyre.no\/oslo\/en-slankere-offentlig-sektor\/\",\"url\":\"https:\/\/hoyre.no\/oslo\/en-slankere-offentlig-sektor\/\",\"name\":\"En slankere offentlig sektor - Oslo H\u00f8yre\",\"isPartOf\":{\"@id\":\"https:\/\/hoyre.no\/oslo\/#website\"},\"datePublished\":\"2025-01-27T15:08:01+00:00\",\"description\":\"Oslo H\u00f8yres m\u00e5l er en slankere og mer effektiv offentlig sektor, som leverer bedre tjenester til innbyggere og n\u00e6ringsliv enn i dag.\",\"breadcrumb\":{\"@id\":\"https:\/\/hoyre.no\/oslo\/en-slankere-offentlig-sektor\/#breadcrumb\"},\"inLanguage\":\"nb-NO\",\"potentialAction\":[{\"@type\":\"ReadAction\",\"target\":[\"https:\/\/hoyre.no\/oslo\/en-slankere-offentlig-sektor\/\"]}]},{\"@type\":\"BreadcrumbList\",\"@id\":\"https:\/\/hoyre.no\/oslo\/en-slankere-offentlig-sektor\/#breadcrumb\",\"itemListElement\":[{\"@type\":\"ListItem\",\"position\":1,\"name\":\"Til hoyre.no\",\"item\":\"https:\/\/hoyre.no\"},{\"@type\":\"ListItem\",\"position\":2,\"name\":\"Hjem\",\"item\":\"https:\/\/hoyre.no\/oslo\/\"},{\"@type\":\"ListItem\",\"position\":3,\"name\":\"En slankere offentlig sektor\"}]},{\"@type\":\"WebSite\",\"@id\":\"https:\/\/hoyre.no\/oslo\/#website\",\"url\":\"https:\/\/hoyre.no\/oslo\/\",\"name\":\"Oslo H\u00f8yre\",\"description\":\"\",\"publisher\":{\"@id\":\"https:\/\/hoyre.no\/oslo\/#organization\"},\"inLanguage\":\"nb-NO\"},{\"@type\":\"Organization\",\"@id\":\"https:\/\/hoyre.no\/oslo\/#organization\",\"name\":\"Oslo H\u00f8yre\",\"url\":\"https:\/\/hoyre.no\/oslo\/\",\"logo\":{\"@type\":\"ImageObject\",\"inLanguage\":\"nb-NO\",\"@id\":\"https:\/\/hoyre.no\/oslo\/#\/schema\/logo\/image\/\",\"url\":\"https:\/\/hoyre.no\/content\/uploads\/sites\/408\/2022\/11\/Hoyres-logo.png\",\"contentUrl\":\"https:\/\/hoyre.no\/content\/uploads\/sites\/408\/2022\/11\/Hoyres-logo.png\",\"width\":1000,\"height\":1000,\"caption\":\"Oslo H\u00f8yre\"},\"image\":{\"@id\":\"https:\/\/hoyre.no\/oslo\/#\/schema\/logo\/image\/\"},\"sameAs\":[\"https:\/\/www.facebook.com\/oslo.hoyre\"]}]}<\/script>\n<!-- \/ Yoast SEO Premium plugin. -->","yoast_head_json":{"title":"En slankere offentlig sektor - Oslo H\u00f8yre","description":"Oslo H\u00f8yres m\u00e5l er en slankere og mer effektiv offentlig sektor, som leverer bedre tjenester til innbyggere og n\u00e6ringsliv enn i dag.","robots":{"index":"index","follow":"follow","max-snippet":"max-snippet:-1","max-image-preview":"max-image-preview:large","max-video-preview":"max-video-preview:-1"},"canonical":"https:\/\/hoyre.no\/oslo\/en-slankere-offentlig-sektor\/","og_locale":"nb_NO","og_type":"article","og_title":"En slankere offentlig sektor","og_description":"Oslo H\u00f8yres m\u00e5l er en slankere og mer effektiv offentlig sektor, som leverer bedre tjenester til innbyggere og n\u00e6ringsliv enn i dag.","og_url":"https:\/\/hoyre.no\/oslo\/en-slankere-offentlig-sektor\/","og_site_name":"Oslo H\u00f8yre","article_publisher":"https:\/\/www.facebook.com\/oslo.hoyre","og_image":[{"width":1000,"height":1000,"url":"https:\/\/hoyre.no\/content\/uploads\/sites\/408\/2022\/11\/Hoyres-logo.png","type":"image\/png"}],"twitter_card":"summary_large_image","twitter_description":"Oslo H\u00f8yres m\u00e5l er en slankere og mer effektiv offentlig sektor, som leverer bedre tjenester til innbyggere og n\u00e6ringsliv enn i dag.","twitter_misc":{"Ansl. lesetid":"4 minutter"},"schema":{"@context":"https:\/\/schema.org","@graph":[{"@type":"WebPage","@id":"https:\/\/hoyre.no\/oslo\/en-slankere-offentlig-sektor\/","url":"https:\/\/hoyre.no\/oslo\/en-slankere-offentlig-sektor\/","name":"En slankere offentlig sektor - Oslo H\u00f8yre","isPartOf":{"@id":"https:\/\/hoyre.no\/oslo\/#website"},"datePublished":"2025-01-27T15:08:01+00:00","description":"Oslo H\u00f8yres m\u00e5l er en slankere og mer effektiv offentlig sektor, som leverer bedre tjenester til innbyggere og n\u00e6ringsliv enn i dag.","breadcrumb":{"@id":"https:\/\/hoyre.no\/oslo\/en-slankere-offentlig-sektor\/#breadcrumb"},"inLanguage":"nb-NO","potentialAction":[{"@type":"ReadAction","target":["https:\/\/hoyre.no\/oslo\/en-slankere-offentlig-sektor\/"]}]},{"@type":"BreadcrumbList","@id":"https:\/\/hoyre.no\/oslo\/en-slankere-offentlig-sektor\/#breadcrumb","itemListElement":[{"@type":"ListItem","position":1,"name":"Til hoyre.no","item":"https:\/\/hoyre.no"},{"@type":"ListItem","position":2,"name":"Hjem","item":"https:\/\/hoyre.no\/oslo\/"},{"@type":"ListItem","position":3,"name":"En slankere offentlig sektor"}]},{"@type":"WebSite","@id":"https:\/\/hoyre.no\/oslo\/#website","url":"https:\/\/hoyre.no\/oslo\/","name":"Oslo H\u00f8yre","description":"","publisher":{"@id":"https:\/\/hoyre.no\/oslo\/#organization"},"inLanguage":"nb-NO"},{"@type":"Organization","@id":"https:\/\/hoyre.no\/oslo\/#organization","name":"Oslo H\u00f8yre","url":"https:\/\/hoyre.no\/oslo\/","logo":{"@type":"ImageObject","inLanguage":"nb-NO","@id":"https:\/\/hoyre.no\/oslo\/#\/schema\/logo\/image\/","url":"https:\/\/hoyre.no\/content\/uploads\/sites\/408\/2022\/11\/Hoyres-logo.png","contentUrl":"https:\/\/hoyre.no\/content\/uploads\/sites\/408\/2022\/11\/Hoyres-logo.png","width":1000,"height":1000,"caption":"Oslo H\u00f8yre"},"image":{"@id":"https:\/\/hoyre.no\/oslo\/#\/schema\/logo\/image\/"},"sameAs":["https:\/\/www.facebook.com\/oslo.hoyre"]}]}},"distributor_meta":false,"distributor_terms":false,"distributor_media":false,"distributor_original_site_name":"Oslo H\u00f8yre","distributor_original_site_url":"https:\/\/hoyre.no\/oslo","push-errors":false,"_links":{"self":[{"href":"https:\/\/hoyre.no\/oslo\/wp-json\/wp\/v2\/pages\/8338","targetHints":{"allow":["GET"]}}],"collection":[{"href":"https:\/\/hoyre.no\/oslo\/wp-json\/wp\/v2\/pages"}],"about":[{"href":"https:\/\/hoyre.no\/oslo\/wp-json\/wp\/v2\/types\/page"}],"author":[{"embeddable":true,"href":"https:\/\/hoyre.no\/oslo\/wp-json\/wp\/v2\/users\/8395"}],"replies":[{"embeddable":true,"href":"https:\/\/hoyre.no\/oslo\/wp-json\/wp\/v2\/comments?post=8338"}],"version-history":[{"count":1,"href":"https:\/\/hoyre.no\/oslo\/wp-json\/wp\/v2\/pages\/8338\/revisions"}],"predecessor-version":[{"id":8339,"href":"https:\/\/hoyre.no\/oslo\/wp-json\/wp\/v2\/pages\/8338\/revisions\/8339"}],"wp:attachment":[{"href":"https:\/\/hoyre.no\/oslo\/wp-json\/wp\/v2\/media?parent=8338"}],"curies":[{"name":"wp","href":"https:\/\/api.w.org\/{rel}","templated":true}]}}