{"id":9701,"date":"2026-01-24T16:54:26","date_gmt":"2026-01-24T15:54:26","guid":{"rendered":"https:\/\/hoyre.no\/oslo\/?page_id=9701"},"modified":"2026-01-24T16:54:26","modified_gmt":"2026-01-24T15:54:26","slug":"la-skole-vaere-skole","status":"publish","type":"page","link":"https:\/\/hoyre.no\/oslo\/la-skole-vaere-skole\/","title":{"rendered":"La skole v\u00e6re skole"},"content":{"rendered":"\n<div class=\"wp-block-hoyre-hero with-image-gradient text-color-light  alignfull has-background \"><div class=\"hoyre-hero \"><h1 class=\"title\"><strong>La skole v\u00e6re skole<\/strong><\/h1><p class=\"preamble\">Vedtatt p\u00e5 Oslo H\u00f8yres \u00e5rsm\u00f8te 2026.<\/p><\/div><\/div>\n\n\n\n\n<p>Norske elever blir for d\u00e5rlig rustet for livet som m\u00f8ter dem etter skolebenken. N\u00e5r 1 av 3 elever er p\u00e5 kritisk lavt niv\u00e5 i lesing og regning, er det p\u00e5 tide \u00e5 ta grep.<\/p>\n\n\n\n<p>Forskning viser at en hoved\u00e5rsak til at barn har d\u00e5rligere konsentrasjonsevne enn f\u00f8r, er ensidig bruk av digitale l\u00e6remidler. \u00c5 v\u00e6re p\u00e5 skjerm gir en lykkerus som ofte er sterkere enn \u00f8nsket om \u00e5 l\u00e6re noe nytt. Dessuten er det mer anstrengende for \u00f8ynene \u00e5 lese p\u00e5 skjerm, og man husker mindre av det man har lest p\u00e5 skjerm enn det man leser p\u00e5 papir. N\u00e5r elevene skal l\u00e6re om fotosyntesen eller en annen prosess, f\u00e5r de mer kunnskap av \u00e5 se en animasjon eller film enn av \u00e5 lese om prosessen i en bok.<\/p>\n\n\n\n<p>Repetisjon og mengdetrening fungerer ogs\u00e5 godt digitalt. Det er derfor viktig \u00e5 ha en kombinasjon av trykte og digitale l\u00e6remidler og en bevisst holdning til hva som egner seg n\u00e5r, s\u00e6rlig p\u00e5 de laveste trinnene. Digitale enheter b\u00f8r legges helt vekk n\u00e5r de ikke skal brukes i undervisningen.<\/p>\n\n\n\n<p>Siden 2023 har det borgerlige flertallet i Oslo gjennomf\u00f8rt en stor satsing p\u00e5 fysisk undervisningsmateriell i skolen, nettopp for \u00e5 styrke elevenes l\u00e6ring og konsentrasjon i klasserommet..<\/p>\n\n\n\n<p>Skolen m\u00e5 igjen bli et sted som fokuserer mest p\u00e5 l\u00e6ring. N\u00e5r elevene f\u00f8rst har l\u00e6rt noe i timen, er lekser sentralt for \u00e5 sikre repetisjon. I dag er det for store forskjeller i hvilken praksis l\u00e6rerne har med lekser. Det skaper store forskjeller mellom elevene. Derfor m\u00e5 vi innf\u00f8re et leksekrav som hovedregel i grunnskolen, samtidig som det er ordninger hvor elevene f\u00e5r hjelp med \u00e5 gj\u00f8re leksene.<\/p>\n\n\n\n<p><strong>Oslo H\u00f8yre vil:<\/strong><\/p>\n\n\n\n<ul class=\"wp-block-list\">\n<li>Sikre at alle elever har tilgang p\u00e5 fysiske l\u00e6reb\u00f8ker.<\/li>\n\n\n\n<li>Innf\u00f8re leksekrav som hovedregel i grunnskolen.<\/li>\n\n\n\n<li>Innf\u00f8re leksehjelp som en del av skolefritidsordningen.<\/li>\n\n\n\n<li>Gi elever i ungdomsskolen og p\u00e5 videreg\u00e5ende skole mulighet til \u00e5 ha deltidsjobb som leksehjelp.<\/li>\n\n\n\n<li>Vurdere tydeligere sanksjoner ved alvorlig og vedvarende skolefrav\u00e6r, herunder strengere krav til medvirkning fra foresatte og konsekvenser ved manglende oppf\u00f8lging.<\/li>\n\n\n\n<li>Gjennomf\u00f8re undervisningen, som ikke trenger digitale hjelpemidler, uten at elevene har tilgang til digital enhet da disse forstyrrer elevenes konsentrasjon.<\/li>\n\n\n\n<li>Etablere forpliktende felles kjernepensum i norsk, musikk og samfunnsfag, slik at alle elever m\u00f8ter sentrale norske tekster, sanger og historiske hendelser i l\u00f8pet av grunnskolen<\/li>\n<\/ul>\n\n","protected":false},"excerpt":{"rendered":"","protected":false},"author":11570,"featured_media":0,"parent":0,"menu_order":0,"comment_status":"closed","ping_status":"closed","template":"","meta":{"teft_cards_image_url":"","teft_cards_custom_pretitle":"","teft_cards_image_id":0,"teft_cards_image_focal_point_x":0,"teft_cards_image_focal_point_y":0,"teft_cards_title":"La skole v\u00e6re skole","teft_cards_excerpt":"","teft_show_chapters":false,"footnotes":""},"class_list":["post-9701","page","type-page","status-publish","hentry"],"yoast_head":"<!-- This site is optimized with the Yoast SEO Premium plugin v26.5 (Yoast SEO v26.6) - https:\/\/yoast.com\/wordpress\/plugins\/seo\/ -->\n<title>La skole v\u00e6re skole - Oslo H\u00f8yre<\/title>\n<meta name=\"robots\" content=\"index, follow, max-snippet:-1, max-image-preview:large, max-video-preview:-1\" \/>\n<link rel=\"canonical\" href=\"https:\/\/hoyre.no\/oslo\/la-skole-vaere-skole\/\" \/>\n<meta property=\"og:locale\" content=\"nb_NO\" \/>\n<meta property=\"og:type\" content=\"article\" \/>\n<meta property=\"og:title\" content=\"La skole v\u00e6re skole\" \/>\n<meta property=\"og:url\" content=\"https:\/\/hoyre.no\/oslo\/la-skole-vaere-skole\/\" \/>\n<meta property=\"og:site_name\" content=\"Oslo H\u00f8yre\" \/>\n<meta property=\"article:publisher\" content=\"https:\/\/www.facebook.com\/oslo.hoyre\" \/>\n<meta property=\"og:image\" content=\"https:\/\/hoyre.no\/content\/uploads\/sites\/408\/2022\/11\/Hoyres-logo.png\" \/>\n\t<meta property=\"og:image:width\" content=\"1000\" \/>\n\t<meta property=\"og:image:height\" content=\"1000\" \/>\n\t<meta property=\"og:image:type\" content=\"image\/png\" \/>\n<meta name=\"twitter:card\" content=\"summary_large_image\" \/>\n<meta name=\"twitter:label1\" content=\"Ansl. lesetid\" \/>\n\t<meta name=\"twitter:data1\" content=\"3 minutter\" \/>\n<script type=\"application\/ld+json\" class=\"yoast-schema-graph\">{\"@context\":\"https:\/\/schema.org\",\"@graph\":[{\"@type\":\"WebPage\",\"@id\":\"https:\/\/hoyre.no\/oslo\/la-skole-vaere-skole\/\",\"url\":\"https:\/\/hoyre.no\/oslo\/la-skole-vaere-skole\/\",\"name\":\"La skole v\u00e6re skole - Oslo H\u00f8yre\",\"isPartOf\":{\"@id\":\"https:\/\/hoyre.no\/oslo\/#website\"},\"datePublished\":\"2026-01-24T15:54:26+00:00\",\"breadcrumb\":{\"@id\":\"https:\/\/hoyre.no\/oslo\/la-skole-vaere-skole\/#breadcrumb\"},\"inLanguage\":\"nb-NO\",\"potentialAction\":[{\"@type\":\"ReadAction\",\"target\":[\"https:\/\/hoyre.no\/oslo\/la-skole-vaere-skole\/\"]}]},{\"@type\":\"BreadcrumbList\",\"@id\":\"https:\/\/hoyre.no\/oslo\/la-skole-vaere-skole\/#breadcrumb\",\"itemListElement\":[{\"@type\":\"ListItem\",\"position\":1,\"name\":\"Til hoyre.no\",\"item\":\"https:\/\/hoyre.no\"},{\"@type\":\"ListItem\",\"position\":2,\"name\":\"Hjem\",\"item\":\"https:\/\/hoyre.no\/oslo\/\"},{\"@type\":\"ListItem\",\"position\":3,\"name\":\"La skole v\u00e6re skole\"}]},{\"@type\":\"WebSite\",\"@id\":\"https:\/\/hoyre.no\/oslo\/#website\",\"url\":\"https:\/\/hoyre.no\/oslo\/\",\"name\":\"Oslo H\u00f8yre\",\"description\":\"\",\"publisher\":{\"@id\":\"https:\/\/hoyre.no\/oslo\/#organization\"},\"inLanguage\":\"nb-NO\"},{\"@type\":\"Organization\",\"@id\":\"https:\/\/hoyre.no\/oslo\/#organization\",\"name\":\"Oslo H\u00f8yre\",\"url\":\"https:\/\/hoyre.no\/oslo\/\",\"logo\":{\"@type\":\"ImageObject\",\"inLanguage\":\"nb-NO\",\"@id\":\"https:\/\/hoyre.no\/oslo\/#\/schema\/logo\/image\/\",\"url\":\"https:\/\/hoyre.no\/content\/uploads\/sites\/408\/2022\/11\/Hoyres-logo.png\",\"contentUrl\":\"https:\/\/hoyre.no\/content\/uploads\/sites\/408\/2022\/11\/Hoyres-logo.png\",\"width\":1000,\"height\":1000,\"caption\":\"Oslo H\u00f8yre\"},\"image\":{\"@id\":\"https:\/\/hoyre.no\/oslo\/#\/schema\/logo\/image\/\"},\"sameAs\":[\"https:\/\/www.facebook.com\/oslo.hoyre\"]}]}<\/script>\n<!-- \/ Yoast SEO Premium plugin. -->","yoast_head_json":{"title":"La skole v\u00e6re skole - Oslo H\u00f8yre","robots":{"index":"index","follow":"follow","max-snippet":"max-snippet:-1","max-image-preview":"max-image-preview:large","max-video-preview":"max-video-preview:-1"},"canonical":"https:\/\/hoyre.no\/oslo\/la-skole-vaere-skole\/","og_locale":"nb_NO","og_type":"article","og_title":"La skole v\u00e6re skole","og_url":"https:\/\/hoyre.no\/oslo\/la-skole-vaere-skole\/","og_site_name":"Oslo H\u00f8yre","article_publisher":"https:\/\/www.facebook.com\/oslo.hoyre","og_image":[{"width":1000,"height":1000,"url":"https:\/\/hoyre.no\/content\/uploads\/sites\/408\/2022\/11\/Hoyres-logo.png","type":"image\/png"}],"twitter_card":"summary_large_image","twitter_misc":{"Ansl. lesetid":"3 minutter"},"schema":{"@context":"https:\/\/schema.org","@graph":[{"@type":"WebPage","@id":"https:\/\/hoyre.no\/oslo\/la-skole-vaere-skole\/","url":"https:\/\/hoyre.no\/oslo\/la-skole-vaere-skole\/","name":"La skole v\u00e6re skole - Oslo H\u00f8yre","isPartOf":{"@id":"https:\/\/hoyre.no\/oslo\/#website"},"datePublished":"2026-01-24T15:54:26+00:00","breadcrumb":{"@id":"https:\/\/hoyre.no\/oslo\/la-skole-vaere-skole\/#breadcrumb"},"inLanguage":"nb-NO","potentialAction":[{"@type":"ReadAction","target":["https:\/\/hoyre.no\/oslo\/la-skole-vaere-skole\/"]}]},{"@type":"BreadcrumbList","@id":"https:\/\/hoyre.no\/oslo\/la-skole-vaere-skole\/#breadcrumb","itemListElement":[{"@type":"ListItem","position":1,"name":"Til hoyre.no","item":"https:\/\/hoyre.no"},{"@type":"ListItem","position":2,"name":"Hjem","item":"https:\/\/hoyre.no\/oslo\/"},{"@type":"ListItem","position":3,"name":"La skole v\u00e6re skole"}]},{"@type":"WebSite","@id":"https:\/\/hoyre.no\/oslo\/#website","url":"https:\/\/hoyre.no\/oslo\/","name":"Oslo H\u00f8yre","description":"","publisher":{"@id":"https:\/\/hoyre.no\/oslo\/#organization"},"inLanguage":"nb-NO"},{"@type":"Organization","@id":"https:\/\/hoyre.no\/oslo\/#organization","name":"Oslo H\u00f8yre","url":"https:\/\/hoyre.no\/oslo\/","logo":{"@type":"ImageObject","inLanguage":"nb-NO","@id":"https:\/\/hoyre.no\/oslo\/#\/schema\/logo\/image\/","url":"https:\/\/hoyre.no\/content\/uploads\/sites\/408\/2022\/11\/Hoyres-logo.png","contentUrl":"https:\/\/hoyre.no\/content\/uploads\/sites\/408\/2022\/11\/Hoyres-logo.png","width":1000,"height":1000,"caption":"Oslo H\u00f8yre"},"image":{"@id":"https:\/\/hoyre.no\/oslo\/#\/schema\/logo\/image\/"},"sameAs":["https:\/\/www.facebook.com\/oslo.hoyre"]}]}},"distributor_meta":false,"distributor_terms":false,"distributor_media":false,"distributor_original_site_name":"Oslo H\u00f8yre","distributor_original_site_url":"https:\/\/hoyre.no\/oslo","push-errors":false,"_links":{"self":[{"href":"https:\/\/hoyre.no\/oslo\/wp-json\/wp\/v2\/pages\/9701","targetHints":{"allow":["GET"]}}],"collection":[{"href":"https:\/\/hoyre.no\/oslo\/wp-json\/wp\/v2\/pages"}],"about":[{"href":"https:\/\/hoyre.no\/oslo\/wp-json\/wp\/v2\/types\/page"}],"author":[{"embeddable":true,"href":"https:\/\/hoyre.no\/oslo\/wp-json\/wp\/v2\/users\/11570"}],"replies":[{"embeddable":true,"href":"https:\/\/hoyre.no\/oslo\/wp-json\/wp\/v2\/comments?post=9701"}],"version-history":[{"count":1,"href":"https:\/\/hoyre.no\/oslo\/wp-json\/wp\/v2\/pages\/9701\/revisions"}],"predecessor-version":[{"id":9702,"href":"https:\/\/hoyre.no\/oslo\/wp-json\/wp\/v2\/pages\/9701\/revisions\/9702"}],"wp:attachment":[{"href":"https:\/\/hoyre.no\/oslo\/wp-json\/wp\/v2\/media?parent=9701"}],"curies":[{"name":"wp","href":"https:\/\/api.w.org\/{rel}","templated":true}]}}