{"id":9924,"date":"2026-03-19T16:32:00","date_gmt":"2026-03-19T15:32:00","guid":{"rendered":"https:\/\/hoyre.no\/oslo\/?page_id=9924"},"modified":"2026-04-28T09:20:26","modified_gmt":"2026-04-28T07:20:26","slug":"forslag","status":"publish","type":"page","link":"https:\/\/hoyre.no\/oslo\/forslag\/","title":{"rendered":"Hva ville du gjort hvis du var ordf\u00f8rer?"},"content":{"rendered":"\n<div class=\"hero-2026 is-style-corner alignwide wp-block-hoyre-hero-2026\">\n\t\t\t<div class=\"hero-2026__image\"><img decoding=\"async\" src=\"https:\/\/hoyre.no\/content\/uploads\/sites\/408\/2023\/10\/oslo-1.png\" alt=\"oslo r\u00e5dhus\" \/><\/div>\n\t\t\t\n\t\t\t<div class=\"hero-2026__content\">\n\t\t\t\t<svg width=\"101\" height=\"480\" viewBox=\"0 0 101 480\" fill=\"none\" xmlns=\"http:\/\/www.w3.org\/2000\/svg\">\n<path d=\"M6.65616 117.334C-0.295628 76.2104 -3.77152 55.6485 6.21097 39.8114C16.1935 23.9743 36.2437 18.2415 76.3441 6.77569L100.041 0L100.042 480L67.9629 480L6.65616 117.334Z\" fill=\"currentColor\" \/>\n<\/svg>\n\n\t\t\t\t\n\t\t\t\t<h2 class=\"hero-2026__title\">Hva ville du gjort hvis du var ordf\u00f8rer?<\/h2>\n\t\t\t\t<div class=\"hero-2026__buttons\">\n\n<\/div>\n\t\t\t<\/div>\n\t\t<\/div>\n\n\n<h2 class=\"wp-block-heading\" id=\"h-vi-vil-hore-fra-deg\">Vi vil h\u00f8re fra deg!<\/h2>\n\n\n\n<p>Hvis du hadde styrt Oslo, hva ville du gjort for \u00e5 gj\u00f8re folks hverdag enklere og bedre?<\/p>\n\n\n\n<p>Hva skal til for at barna v\u00e5re l\u00e6rer mer og trives bedre p\u00e5 skolen? Hvordan kan vi gi enda bedre omsorg til de vi er glade i? Hvordan kan vi skape gode n\u00e6rmilj\u00f8 i hele byen?<\/p>\n\n\n\n<p>Har du svar p\u00e5 noen av disse sp\u00f8rsm\u00e5lene? Da vil vi i Oslo H\u00f8yre h\u00f8re fra deg!<\/p>\n\n\n\n<p>Vi er i gang med \u00e5 lage v\u00e5rt nye program til lokalvalget i 2027. Den beste politikken lager vi sammen, og derfor vil vi gjerne ha dine ideer og forslag til hvordan Oslo kan bli en enda bedre by.<\/p>\n\n\n\n<div class=\"wp-block-buttons is-layout-flex wp-block-buttons-is-layout-flex\">\n<div class=\"wp-block-button\"><a class=\"wp-block-button__link wp-element-button\" href=\"https:\/\/response.questback.com\/hoyre\/uljnmaxqrq\">Send inn dine forslag her<\/a><\/div>\n<\/div>\n\n\n\n<p>Tusen takk for at du bidrar! Lokalvalget handler om deg, og det handler om Oslo. Sammen gj\u00f8r vi Oslo til verdens beste by!<\/p>\n\n\n\n<div class=\"wp-block-media-text has-media-on-the-right is-stacked-on-mobile is-image-fill-element is-style-pale-blue\"><div class=\"wp-block-media-text__content\">\n<p><em>&#8211; Alle vi som bor i Oslo har et stort hjerte for byen v\u00e5r. Sammen kan vi gj\u00f8re den til et enda bedre sted \u00e5 bo og leve. &nbsp;<\/em><\/p>\n\n\n\n<p class=\"has-text-align-right\">Anne Lindboe, ordf\u00f8rer<\/p>\n<\/div><figure class=\"wp-block-media-text__media\"><img loading=\"lazy\" decoding=\"async\" width=\"1024\" height=\"683\" src=\"https:\/\/hoyre.no\/content\/uploads\/sites\/408\/2026\/04\/IMG_1183-1024x683.jpeg\" alt=\"Anne Lindboe\" class=\"wp-image-9997 size-full\" style=\"object-position:60% 50%\" srcset=\"https:\/\/hoyre.no\/content\/uploads\/sites\/408\/2026\/04\/IMG_1183-1024x683.jpeg 1024w, https:\/\/hoyre.no\/content\/uploads\/sites\/408\/2026\/04\/IMG_1183-300x200.jpeg 300w, https:\/\/hoyre.no\/content\/uploads\/sites\/408\/2026\/04\/IMG_1183-768x512.jpeg 768w, https:\/\/hoyre.no\/content\/uploads\/sites\/408\/2026\/04\/IMG_1183-1536x1024.jpeg 1536w, https:\/\/hoyre.no\/content\/uploads\/sites\/408\/2026\/04\/IMG_1183-2048x1365.jpeg 2048w\" sizes=\"auto, (max-width: 1024px) 100vw, 1024px\" \/><\/figure><\/div>\n\n\n\n<h2 class=\"wp-block-heading\" id=\"h-vil-du-pavirke-mer-bli-medlem-da-vel\">Vil du p\u00e5virke mer? Bli medlem, da vel!<\/h2>\n\n\n\n<p>Har du et brennende engasjement for byen eller lokalmilj\u00f8et ditt? Da vil vi p\u00e5 det varmeste anbefale deg \u00e5 bli medlem i Oslo H\u00f8yre!<\/p>\n\n\n\n<p>I tiden fremover skjer det mye spennende i partiet. Vi skal lage ny politikk, og sette sammen laget som skal bringe H\u00f8yre til valgseier i bystyret og bydelene. Kanskje du er den vi ser etter?<\/p>\n\n\n\n<p>I Oslo H\u00f8yre m\u00f8ter du ogs\u00e5 mange hyggelige og dyktige mennesker, som alle jobber hardt for \u00e5 gj\u00f8re samfunnet v\u00e5rt bedre.<\/p>\n\n\n\n<p>Hos oss er det plass til alle \ud83d\udc99<\/p>\n\n\n\n<div class=\"wp-block-buttons is-layout-flex wp-block-buttons-is-layout-flex\">\n<div class=\"wp-block-button\"><a class=\"wp-block-button__link wp-element-button\" href=\"https:\/\/hoyre.no\/bli-med\/bli-medlem\/\">Bli medlem<\/a><\/div>\n<\/div>\n\n\n\n<figure class=\"wp-block-image size-large\"><img loading=\"lazy\" decoding=\"async\" width=\"1024\" height=\"683\" src=\"https:\/\/hoyre.no\/content\/uploads\/sites\/408\/2026\/01\/IMG_8484-3-1024x683.jpg\" alt=\"\" class=\"wp-image-9613\" srcset=\"https:\/\/hoyre.no\/content\/uploads\/sites\/408\/2026\/01\/IMG_8484-3-1024x683.jpg 1024w, https:\/\/hoyre.no\/content\/uploads\/sites\/408\/2026\/01\/IMG_8484-3-300x200.jpg 300w, https:\/\/hoyre.no\/content\/uploads\/sites\/408\/2026\/01\/IMG_8484-3-768x512.jpg 768w, https:\/\/hoyre.no\/content\/uploads\/sites\/408\/2026\/01\/IMG_8484-3-1536x1024.jpg 1536w, https:\/\/hoyre.no\/content\/uploads\/sites\/408\/2026\/01\/IMG_8484-3-2048x1365.jpg 2048w\" sizes=\"auto, (max-width: 1024px) 100vw, 1024px\" \/><\/figure>\n\n\n\n<p><strong>Vil du lese mer om programprosessen?<\/strong><\/p>\n\n\n\n<div class=\"wp-block-buttons is-layout-flex wp-block-buttons-is-layout-flex\">\n<div class=\"wp-block-button\"><a class=\"wp-block-button__link wp-element-button\" href=\"https:\/\/hoyre.no\/oslo\/programkomiteen\/\">Trykk her<\/a><\/div>\n<\/div>\n\n\n\n\n<p><\/p>\n","protected":false},"excerpt":{"rendered":"","protected":false},"author":11570,"featured_media":0,"parent":0,"menu_order":0,"comment_status":"closed","ping_status":"closed","template":"","meta":{"teft_cards_image_url":"","teft_cards_custom_pretitle":"","teft_cards_image_id":5175,"teft_cards_image_focal_point_x":0.5,"teft_cards_image_focal_point_y":0.5,"teft_cards_title":"Hva ville du gjort hvis du var ordf\u00f8rer?","teft_cards_excerpt":"","teft_show_chapters":false,"footnotes":""},"class_list":["post-9924","page","type-page","status-publish","hentry"],"yoast_head":"<!-- This site is optimized with the Yoast SEO Premium plugin v26.5 (Yoast SEO v26.6) - https:\/\/yoast.com\/wordpress\/plugins\/seo\/ -->\n<title>Hva ville du gjort hvis du var ordf\u00f8rer? - Oslo H\u00f8yre<\/title>\n<meta name=\"robots\" content=\"index, follow, max-snippet:-1, max-image-preview:large, max-video-preview:-1\" \/>\n<link rel=\"canonical\" href=\"https:\/\/hoyre.no\/oslo\/forslag\/\" \/>\n<meta property=\"og:locale\" content=\"nb_NO\" \/>\n<meta property=\"og:type\" content=\"article\" \/>\n<meta property=\"og:title\" content=\"Hva ville du gjort hvis du var ordf\u00f8rer?\" \/>\n<meta property=\"og:url\" content=\"https:\/\/hoyre.no\/oslo\/forslag\/\" \/>\n<meta property=\"og:site_name\" content=\"Oslo H\u00f8yre\" \/>\n<meta property=\"article:publisher\" content=\"https:\/\/www.facebook.com\/oslo.hoyre\" \/>\n<meta property=\"article:modified_time\" content=\"2026-04-28T07:20:26+00:00\" \/>\n<meta property=\"og:image\" content=\"https:\/\/hoyre.no\/content\/uploads\/sites\/408\/2023\/08\/IMG_2389-1024x683.jpg\" \/>\n<meta name=\"twitter:card\" content=\"summary_large_image\" \/>\n<meta name=\"twitter:label1\" content=\"Ansl. lesetid\" \/>\n\t<meta name=\"twitter:data1\" content=\"2 minutter\" \/>\n<script type=\"application\/ld+json\" class=\"yoast-schema-graph\">{\"@context\":\"https:\/\/schema.org\",\"@graph\":[{\"@type\":\"WebPage\",\"@id\":\"https:\/\/hoyre.no\/oslo\/forslag\/\",\"url\":\"https:\/\/hoyre.no\/oslo\/forslag\/\",\"name\":\"Hva ville du gjort hvis du var ordf\u00f8rer? - Oslo H\u00f8yre\",\"isPartOf\":{\"@id\":\"https:\/\/hoyre.no\/oslo\/#website\"},\"image\":{\"@id\":\"https:\/\/hoyre.no\/oslo\/forslag\/#primaryimage\"},\"thumbnailUrl\":\"https:\/\/hoyre.no\/content\/uploads\/sites\/408\/2026\/04\/IMG_1183-1024x683.jpeg\",\"datePublished\":\"2026-03-19T15:32:00+00:00\",\"dateModified\":\"2026-04-28T07:20:26+00:00\",\"breadcrumb\":{\"@id\":\"https:\/\/hoyre.no\/oslo\/forslag\/#breadcrumb\"},\"inLanguage\":\"nb-NO\",\"potentialAction\":[{\"@type\":\"ReadAction\",\"target\":[\"https:\/\/hoyre.no\/oslo\/forslag\/\"]}]},{\"@type\":\"ImageObject\",\"inLanguage\":\"nb-NO\",\"@id\":\"https:\/\/hoyre.no\/oslo\/forslag\/#primaryimage\",\"url\":\"https:\/\/hoyre.no\/content\/uploads\/sites\/408\/2026\/04\/IMG_1183-1024x683.jpeg\",\"contentUrl\":\"https:\/\/hoyre.no\/content\/uploads\/sites\/408\/2026\/04\/IMG_1183-1024x683.jpeg\"},{\"@type\":\"BreadcrumbList\",\"@id\":\"https:\/\/hoyre.no\/oslo\/forslag\/#breadcrumb\",\"itemListElement\":[{\"@type\":\"ListItem\",\"position\":1,\"name\":\"Til hoyre.no\",\"item\":\"https:\/\/hoyre.no\"},{\"@type\":\"ListItem\",\"position\":2,\"name\":\"Hjem\",\"item\":\"https:\/\/hoyre.no\/oslo\/\"},{\"@type\":\"ListItem\",\"position\":3,\"name\":\"Hva ville du gjort hvis du var ordf\u00f8rer?\"}]},{\"@type\":\"WebSite\",\"@id\":\"https:\/\/hoyre.no\/oslo\/#website\",\"url\":\"https:\/\/hoyre.no\/oslo\/\",\"name\":\"Oslo H\u00f8yre\",\"description\":\"\",\"publisher\":{\"@id\":\"https:\/\/hoyre.no\/oslo\/#organization\"},\"inLanguage\":\"nb-NO\"},{\"@type\":\"Organization\",\"@id\":\"https:\/\/hoyre.no\/oslo\/#organization\",\"name\":\"Oslo H\u00f8yre\",\"url\":\"https:\/\/hoyre.no\/oslo\/\",\"logo\":{\"@type\":\"ImageObject\",\"inLanguage\":\"nb-NO\",\"@id\":\"https:\/\/hoyre.no\/oslo\/#\/schema\/logo\/image\/\",\"url\":\"https:\/\/hoyre.no\/content\/uploads\/sites\/408\/2022\/11\/Hoyres-logo.png\",\"contentUrl\":\"https:\/\/hoyre.no\/content\/uploads\/sites\/408\/2022\/11\/Hoyres-logo.png\",\"width\":1000,\"height\":1000,\"caption\":\"Oslo H\u00f8yre\"},\"image\":{\"@id\":\"https:\/\/hoyre.no\/oslo\/#\/schema\/logo\/image\/\"},\"sameAs\":[\"https:\/\/www.facebook.com\/oslo.hoyre\"]}]}<\/script>\n<!-- \/ Yoast SEO Premium plugin. -->","yoast_head_json":{"title":"Hva ville du gjort hvis du var ordf\u00f8rer? - Oslo H\u00f8yre","robots":{"index":"index","follow":"follow","max-snippet":"max-snippet:-1","max-image-preview":"max-image-preview:large","max-video-preview":"max-video-preview:-1"},"canonical":"https:\/\/hoyre.no\/oslo\/forslag\/","og_locale":"nb_NO","og_type":"article","og_title":"Hva ville du gjort hvis du var ordf\u00f8rer?","og_url":"https:\/\/hoyre.no\/oslo\/forslag\/","og_site_name":"Oslo H\u00f8yre","article_publisher":"https:\/\/www.facebook.com\/oslo.hoyre","article_modified_time":"2026-04-28T07:20:26+00:00","og_image":[{"url":"https:\/\/hoyre.no\/content\/uploads\/sites\/408\/2023\/08\/IMG_2389-1024x683.jpg","width":"","height":"","type":""}],"twitter_card":"summary_large_image","twitter_misc":{"Ansl. lesetid":"2 minutter"},"schema":{"@context":"https:\/\/schema.org","@graph":[{"@type":"WebPage","@id":"https:\/\/hoyre.no\/oslo\/forslag\/","url":"https:\/\/hoyre.no\/oslo\/forslag\/","name":"Hva ville du gjort hvis du var ordf\u00f8rer? - Oslo H\u00f8yre","isPartOf":{"@id":"https:\/\/hoyre.no\/oslo\/#website"},"image":{"@id":"https:\/\/hoyre.no\/oslo\/forslag\/#primaryimage"},"thumbnailUrl":"https:\/\/hoyre.no\/content\/uploads\/sites\/408\/2026\/04\/IMG_1183-1024x683.jpeg","datePublished":"2026-03-19T15:32:00+00:00","dateModified":"2026-04-28T07:20:26+00:00","breadcrumb":{"@id":"https:\/\/hoyre.no\/oslo\/forslag\/#breadcrumb"},"inLanguage":"nb-NO","potentialAction":[{"@type":"ReadAction","target":["https:\/\/hoyre.no\/oslo\/forslag\/"]}]},{"@type":"ImageObject","inLanguage":"nb-NO","@id":"https:\/\/hoyre.no\/oslo\/forslag\/#primaryimage","url":"https:\/\/hoyre.no\/content\/uploads\/sites\/408\/2026\/04\/IMG_1183-1024x683.jpeg","contentUrl":"https:\/\/hoyre.no\/content\/uploads\/sites\/408\/2026\/04\/IMG_1183-1024x683.jpeg"},{"@type":"BreadcrumbList","@id":"https:\/\/hoyre.no\/oslo\/forslag\/#breadcrumb","itemListElement":[{"@type":"ListItem","position":1,"name":"Til hoyre.no","item":"https:\/\/hoyre.no"},{"@type":"ListItem","position":2,"name":"Hjem","item":"https:\/\/hoyre.no\/oslo\/"},{"@type":"ListItem","position":3,"name":"Hva ville du gjort hvis du var ordf\u00f8rer?"}]},{"@type":"WebSite","@id":"https:\/\/hoyre.no\/oslo\/#website","url":"https:\/\/hoyre.no\/oslo\/","name":"Oslo H\u00f8yre","description":"","publisher":{"@id":"https:\/\/hoyre.no\/oslo\/#organization"},"inLanguage":"nb-NO"},{"@type":"Organization","@id":"https:\/\/hoyre.no\/oslo\/#organization","name":"Oslo H\u00f8yre","url":"https:\/\/hoyre.no\/oslo\/","logo":{"@type":"ImageObject","inLanguage":"nb-NO","@id":"https:\/\/hoyre.no\/oslo\/#\/schema\/logo\/image\/","url":"https:\/\/hoyre.no\/content\/uploads\/sites\/408\/2022\/11\/Hoyres-logo.png","contentUrl":"https:\/\/hoyre.no\/content\/uploads\/sites\/408\/2022\/11\/Hoyres-logo.png","width":1000,"height":1000,"caption":"Oslo H\u00f8yre"},"image":{"@id":"https:\/\/hoyre.no\/oslo\/#\/schema\/logo\/image\/"},"sameAs":["https:\/\/www.facebook.com\/oslo.hoyre"]}]}},"distributor_meta":false,"distributor_terms":false,"distributor_media":false,"distributor_original_site_name":"Oslo H\u00f8yre","distributor_original_site_url":"https:\/\/hoyre.no\/oslo","push-errors":false,"_links":{"self":[{"href":"https:\/\/hoyre.no\/oslo\/wp-json\/wp\/v2\/pages\/9924","targetHints":{"allow":["GET"]}}],"collection":[{"href":"https:\/\/hoyre.no\/oslo\/wp-json\/wp\/v2\/pages"}],"about":[{"href":"https:\/\/hoyre.no\/oslo\/wp-json\/wp\/v2\/types\/page"}],"author":[{"embeddable":true,"href":"https:\/\/hoyre.no\/oslo\/wp-json\/wp\/v2\/users\/11570"}],"replies":[{"embeddable":true,"href":"https:\/\/hoyre.no\/oslo\/wp-json\/wp\/v2\/comments?post=9924"}],"version-history":[{"count":11,"href":"https:\/\/hoyre.no\/oslo\/wp-json\/wp\/v2\/pages\/9924\/revisions"}],"predecessor-version":[{"id":10004,"href":"https:\/\/hoyre.no\/oslo\/wp-json\/wp\/v2\/pages\/9924\/revisions\/10004"}],"wp:attachment":[{"href":"https:\/\/hoyre.no\/oslo\/wp-json\/wp\/v2\/media?parent=9924"}],"curies":[{"name":"wp","href":"https:\/\/api.w.org\/{rel}","templated":true}]}}