{"id":166,"date":"2022-12-29T14:39:48","date_gmt":"2022-12-29T13:39:48","guid":{"rendered":"https:\/\/hoyre.no\/ovre-eiker\/?page_id=166"},"modified":"2026-02-03T15:38:56","modified_gmt":"2026-02-03T14:38:56","slug":"adrian-tollefsen-var-ordforerkandidat","status":"publish","type":"page","link":"https:\/\/hoyre.no\/ovre-eiker\/politikk\/adrian-tollefsen-var-ordforerkandidat\/","title":{"rendered":"Adrian Tollefsen &#8211; v\u00e5r ordf\u00f8rer"},"content":{"rendered":"\n<div class=\"wp-block-hoyre-hero with-image-gradient text-color-light  has-media alignfull has-background \"><div class=\"hoyre-hero has-image\"><h1 class=\"title\">Adrian Tollefsen &#8211; ordf\u00f8rer<\/h1><p class=\"preamble\">Bli bedre kjent med \u00d8vre Eikers ordf\u00f8rer\ud83d\udc47<\/p>\t\t\t<div class=\"post-meta wp-block teft-byline-wrapper\">\n\t\t\t\t<div class=\"top\">\n\t\t\t\t\t<div class=\"signature\">\n\t\t\t\t\t\t<div class=\"teft-byline\">\n\t\t\t\t\t\t\t\t\t\t\t\t\t\t<div>\n\t\t\t\t\t\t\t\t<h3>H\u00f8yres redaksjon<\/h3>\t\t\t\t\t\t\t\t\n\t\t\t\t\t\t\t\t\t\t\t\t\t\t\t\t\t<span class=\"date\">Sist oppdatert: 3. februar 2026<\/span>\n\t\t\t\t\t\t\t\t\t\t\t\t\t\t\t\t\t\t\t\t\t\t\t\t\t<span class=\"reading-time\" itemprop=\"timeRequired\" content=\"PT5M\"><em>Ca. 5 minutter lesetid<\/em><\/span>\n\t\t\t\t\t\t\t\t\t\t\t\t\t\t\t<\/div>\n\t\t\t\t\t\t<\/div>\n\t\t\t\t\t<\/div>\n\t\t\t\t\t\t<div class=\"sharing\">\n\t\t<a class=\"share-button share-link copy-link\" data-copy=\"https:\/\/hoyre.no\/ovre-eiker\/politikk\/adrian-tollefsen-var-ordforerkandidat\/\" target=\"_blank\"><span class=\"screen-reader-text\">Del link<\/span><\/a>\n\t\t<a class=\"share-button share-twitter\" href=\"http:\/\/twitter.com\/share?text=Adrian Tollefsen &#8211; v\u00e5r ordf\u00f8rer&#038;url=https:\/\/hoyre.no\/ovre-eiker\/politikk\/adrian-tollefsen-var-ordforerkandidat\/&#038;hashtags=Hoyre\" target=\"_blank\"><span class=\"screen-reader-text\">Del p\u00e5 twitter<\/span><\/a>\n\t\t<a class=\"share-button share-facebook\" href=\"https:\/\/www.facebook.com\/sharer\/sharer.php?u=https:\/\/hoyre.no\/ovre-eiker\/politikk\/adrian-tollefsen-var-ordforerkandidat\/\" target=\"_blank\"><span class=\"screen-reader-text\">Del p\u00e5 facebook<\/span><\/a>\n\t<\/div>\n\t\t\t\t\t<\/div>\n\t\t\t<\/div>\n\n\t\t\t<figure class=\"hoyre-image-wrapper\"><div class=\"hoyre-image\"><img loading=\"lazy\" decoding=\"async\" width=\"2000\" height=\"2500\" src=\"https:\/\/hoyre.no\/content\/uploads\/sites\/155\/2023\/11\/MG_0299-scaled.jpg\" class=\"attachment-scaled size-scaled\" alt=\"\" style=\"object-position: 49% 30%\" srcset=\"https:\/\/hoyre.no\/content\/uploads\/sites\/155\/2023\/11\/MG_0299-scaled.jpg 2000w, https:\/\/hoyre.no\/content\/uploads\/sites\/155\/2023\/11\/MG_0299-240x300.jpg 240w, https:\/\/hoyre.no\/content\/uploads\/sites\/155\/2023\/11\/MG_0299-819x1024.jpg 819w, https:\/\/hoyre.no\/content\/uploads\/sites\/155\/2023\/11\/MG_0299-768x960.jpg 768w, https:\/\/hoyre.no\/content\/uploads\/sites\/155\/2023\/11\/MG_0299-1229x1536.jpg 1229w, https:\/\/hoyre.no\/content\/uploads\/sites\/155\/2023\/11\/MG_0299-1638x2048.jpg 1638w\" sizes=\"auto, (max-width: 2000px) 100vw, 2000px\" \/><\/div><\/figure><\/div><\/div>\n\n\n\n\n<div class=\"wp-block-buttons is-content-justification-center is-layout-flex wp-container-core-buttons-is-layout-16018d1d wp-block-buttons-is-layout-flex\">\n<div class=\"wp-block-button\"><a class=\"wp-block-button__link wp-element-button\" href=\"https:\/\/hoyre.no\/nyhetsbrev\/\" target=\"_blank\" rel=\"noreferrer noopener\">abonner p\u00e5 h\u00f8yres nyhetsbrev<\/a><\/div>\n\n\n\n<div class=\"wp-block-button\"><a class=\"wp-block-button__link wp-element-button\" href=\"https:\/\/hoyre.no\/personprofiler\/adrian-wilhelm-kjolo-tollefsen\/\" target=\"_blank\" rel=\"noreferrer noopener\">kom i kontakt med Adrian<\/a><\/div>\n\n\n\n<div class=\"wp-block-button\"><a class=\"wp-block-button__link wp-element-button\" href=\"https:\/\/www.facebook.com\/profile.php?id=100069299585884\" target=\"_blank\" rel=\"noreferrer noopener\">f\u00f8lg \u00d8vre Eiker h\u00f8yre p\u00e5 facebook<\/a><\/div>\n<\/div>\n\n\n\n<div class=\"wp-block-hoyre-banner undefined has-icon-title icon-heart is-style-blue\"><div class=\"banner-inner\"><figure class=\"hoyre-image-wrapper\"><div class=\"hoyre-image\"><img loading=\"lazy\" decoding=\"async\" width=\"1160\" height=\"1184\" src=\"https:\/\/hoyre.no\/content\/uploads\/sites\/155\/2023\/10\/Adrian-Tollefsen-2023.jpg\" class=\"attachment-scaled size-scaled\" alt=\"\" style=\"object-position: 55.00000000000001% 27%\" srcset=\"https:\/\/hoyre.no\/content\/uploads\/sites\/155\/2023\/10\/Adrian-Tollefsen-2023.jpg 1160w, https:\/\/hoyre.no\/content\/uploads\/sites\/155\/2023\/10\/Adrian-Tollefsen-2023-294x300.jpg 294w, https:\/\/hoyre.no\/content\/uploads\/sites\/155\/2023\/10\/Adrian-Tollefsen-2023-1003x1024.jpg 1003w, https:\/\/hoyre.no\/content\/uploads\/sites\/155\/2023\/10\/Adrian-Tollefsen-2023-768x784.jpg 768w\" sizes=\"auto, (max-width: 1160px) 100vw, 1160px\" \/><\/div><\/figure><div class=\"banner-content\"><div class=\"entry-content\">\n<h2 class=\"wp-block-heading has-text-align-center\" id=\"h-bli-bedre-kjent-med-navn\">Bli bedre kjent med Adrian!<\/h2>\n\n\n\n<p class=\"has-text-align-left\"><strong>Alder:<\/strong> 38<\/p>\n\n\n\n<p class=\"has-text-align-left\"><strong>Bosted:<\/strong> Hokksund<\/p>\n\n\n\n<p class=\"has-text-align-left\"><strong>Jobb:<\/strong> Ordf\u00f8rer i \u00d8vre Eiker, tidligere Generalsekret\u00e6r i Mental Helse Ungdom<\/p>\n\n\n\n<p class=\"has-text-align-left\"><strong>Politisk erfaring:<\/strong> Ordf\u00f8rer i \u00d8vre Eiker siden 2023, Arbeidsutvalgsmedlem i Buskerud H\u00f8yre siden 2026, Gruppeleder for \u00d8vre Eiker H\u00f8yre siden 2015-2023, Ordf\u00f8rerkandidat i 2019 og 2023, medlem av kommunestyret i \u00d8vre Eiker siden 2011, Varamedlem til Stortinget 2021-2025.<\/p>\n\n\n\n<div class=\"wp-block-buttons is-layout-flex wp-block-buttons-is-layout-flex\"><\/div>\n<\/div><\/div><\/div><\/div>\n\n\n\n<figure class=\"wp-block-teft-gallery columns-3 count-4 rows-2 is-cropped\"><ul class=\"teft-gallery-grid\"><li class=\"teft-gallery-item \"><figure><a data-size=\"undefinedxundefined\"><img loading=\"lazy\" decoding=\"async\" width=\"1024\" height=\"767\" src=\"https:\/\/hoyre.no\/content\/uploads\/sites\/155\/2022\/12\/236581149_4657357850962944_6407723367247039066_n-1024x767.jpg\" class=\"attachment-large size-large\" alt=\"\" srcset=\"https:\/\/hoyre.no\/content\/uploads\/sites\/155\/2022\/12\/236581149_4657357850962944_6407723367247039066_n-1024x767.jpg 1024w, https:\/\/hoyre.no\/content\/uploads\/sites\/155\/2022\/12\/236581149_4657357850962944_6407723367247039066_n-300x225.jpg 300w, https:\/\/hoyre.no\/content\/uploads\/sites\/155\/2022\/12\/236581149_4657357850962944_6407723367247039066_n-768x575.jpg 768w, https:\/\/hoyre.no\/content\/uploads\/sites\/155\/2022\/12\/236581149_4657357850962944_6407723367247039066_n.jpg 1440w\" sizes=\"auto, (max-width: 1024px) 100vw, 1024px\" \/ data-full-url=\"https:\/\/hoyre.no\/content\/uploads\/sites\/155\/2022\/12\/236581149_4657357850962944_6407723367247039066_n.jpg\" data-id=\"158\" data-caption=\"158\"\/><\/a><\/figure><\/li><li class=\"teft-gallery-item \"><figure><a data-size=\"undefinedxundefined\"><img loading=\"lazy\" decoding=\"async\" width=\"960\" height=\"720\" src=\"https:\/\/hoyre.no\/content\/uploads\/sites\/155\/2022\/12\/236140395_10158142610361129_8089634615462661806_n.jpg\" class=\"attachment-large size-large\" alt=\"\" srcset=\"https:\/\/hoyre.no\/content\/uploads\/sites\/155\/2022\/12\/236140395_10158142610361129_8089634615462661806_n.jpg 960w, https:\/\/hoyre.no\/content\/uploads\/sites\/155\/2022\/12\/236140395_10158142610361129_8089634615462661806_n-300x225.jpg 300w, https:\/\/hoyre.no\/content\/uploads\/sites\/155\/2022\/12\/236140395_10158142610361129_8089634615462661806_n-768x576.jpg 768w\" sizes=\"auto, (max-width: 960px) 100vw, 960px\" \/ data-full-url=\"https:\/\/hoyre.no\/content\/uploads\/sites\/155\/2022\/12\/236140395_10158142610361129_8089634615462661806_n.jpg\" data-id=\"159\" data-caption=\"159\"\/><\/a><\/figure><\/li><li class=\"teft-gallery-item \"><figure><a data-size=\"undefinedxundefined\"><img loading=\"lazy\" decoding=\"async\" width=\"720\" height=\"960\" src=\"https:\/\/hoyre.no\/content\/uploads\/sites\/155\/2022\/12\/64247797_862180717478543_1971518369731444736_n.jpg\" class=\"attachment-large size-large\" alt=\"\" srcset=\"https:\/\/hoyre.no\/content\/uploads\/sites\/155\/2022\/12\/64247797_862180717478543_1971518369731444736_n.jpg 720w, https:\/\/hoyre.no\/content\/uploads\/sites\/155\/2022\/12\/64247797_862180717478543_1971518369731444736_n-225x300.jpg 225w\" sizes=\"auto, (max-width: 720px) 100vw, 720px\" \/ data-full-url=\"https:\/\/hoyre.no\/content\/uploads\/sites\/155\/2022\/12\/64247797_862180717478543_1971518369731444736_n.jpg\" data-id=\"160\" data-caption=\"160\"\/><\/a><\/figure><\/li><li class=\"teft-gallery-item \"><figure><a href=\"https:\/\/hoyre.no\/content\/uploads\/sites\/155\/2023\/11\/MG_0299-2-scaled.jpg\" data-size=\"2000x2500\"><img loading=\"lazy\" decoding=\"async\" width=\"819\" height=\"1024\" src=\"https:\/\/hoyre.no\/content\/uploads\/sites\/155\/2023\/11\/MG_0299-2-819x1024.jpg\" class=\"attachment-large size-large\" alt=\"\" srcset=\"https:\/\/hoyre.no\/content\/uploads\/sites\/155\/2023\/11\/MG_0299-2-819x1024.jpg 819w, https:\/\/hoyre.no\/content\/uploads\/sites\/155\/2023\/11\/MG_0299-2-240x300.jpg 240w, https:\/\/hoyre.no\/content\/uploads\/sites\/155\/2023\/11\/MG_0299-2-768x960.jpg 768w, https:\/\/hoyre.no\/content\/uploads\/sites\/155\/2023\/11\/MG_0299-2-1229x1536.jpg 1229w, https:\/\/hoyre.no\/content\/uploads\/sites\/155\/2023\/11\/MG_0299-2-1638x2048.jpg 1638w, https:\/\/hoyre.no\/content\/uploads\/sites\/155\/2023\/11\/MG_0299-2-scaled.jpg 2000w\" sizes=\"auto, (max-width: 819px) 100vw, 819px\" \/ data-full-url=\"https:\/\/hoyre.no\/content\/uploads\/sites\/155\/2023\/11\/MG_0299-2-scaled.jpg\" data-id=\"900\" data-caption=\"900\"\/><\/a><\/figure><\/li><\/ul><\/figure>\n\n\n\n<h1 class=\"wp-block-heading has-text-align-center\">Adrians hjertesaker<\/h1>\n\n\n\n<h2 class=\"wp-block-heading\">\ud83d\udc99 Helse og omsorg<\/h2>\n\n\n\n<h3 class=\"wp-block-heading\">Helse er viktig i alle deler av livet. En verdig omsorg n\u00e5r livet g\u00e5r mot slutten er n\u00f8dvendig.<\/h3>\n\n\n\n<p>Jeg mener det skal v\u00e6re enkelt \u00e5 f\u00e5 bistand fra offentlige tjenester n\u00e5r behovet er der. For meg er kvalitet og kompetanse grunnleggende i den kommunale helsetjenesten, og brukeren skal v\u00e6re i sentrum og ha reelle valg.<\/p>\n\n\n\n<p>Eikertun er blant de beste i regionen for demensomsorg og jeg mener dette er en posisjon vi skal utvikle til \u00e5 bli blant landets beste.<\/p>\n\n\n\n<p>Jeg jobber for \u00e5 etablere helsestasjon i de nye lokalene der legevakten holdt til p\u00e5 Eikertun og jeg mener en fortsatt vekst i sykehjemsplasser er helt avgj\u00f8rende parallelt med flere hjemmetjenester.<\/p>\n\n\n\n<h2 class=\"wp-block-heading\">\ud83d\udc99 Utdanning for alle<\/h2>\n\n\n\n<h3 class=\"wp-block-heading\">En skole der alle f\u00f8ler tilh\u00f8righet, glede og fellesskap er viktig for hver og en.<\/h3>\n\n\n\n<p>Mitt m\u00e5l er at \u00d8vre Eiker skal ha en god skole der ingen mobbes eller mistrives. Barna skal ha alle muligheter til \u00e5 n\u00e5 sitt fulle faglige potensial og l\u00e6re seg \u00e5 bli et ansvarlig og sosialt menneske.<\/p>\n\n\n\n<p>Skolene i \u00d8vre Eiker skal v\u00e6re en skole med omsorg og som gir alle barn samme muligheter og skolen i \u00d8vre Eiker skal preges av trygt l\u00e6ringsmilj\u00f8 og h\u00f8yt faglig niv\u00e5.<\/p>\n\n\n\n<p>Jeg jobber for at skolene i Vestfossen og Hokksund skal prioriteres med hensyn til rehabilitering\/nybygg.<\/p>\n\n\n\n<h2 class=\"wp-block-heading\">\ud83d\udc99 Frivilligheten<\/h2>\n\n\n\n<h3 class=\"wp-block-heading\">Frivillig sektor er helt avgj\u00f8rende for kommunen, b\u00e5de n\u00e5r det gjelder \u00e5 gi et godt tilbud til innbyggerne og fordi det \u00e5 v\u00e6re frivillig gir god helse.<\/h3>\n\n\n\n<p>Jeg \u00f8nsker at \u00d8vre Eiker kommune skal v\u00e6re en&nbsp; kommune som legger til rette for frivilligheten, idretten, teater- og musikklivet. Frivilligheten skal opplever \u00e5 bli tatt p\u00e5 alvor og f\u00f8le at de har et godt samarbeid med kommunen.<\/p>\n\n\n\n<p>Jeg g\u00e5r til valg p\u00e5 \u00e5 styrke tilskuddsordningene til frivillig sektor, og gj\u00f8re fordelingen mer rettferdig. Det er ogs\u00e5 viktig for meg \u00e5 legge til rette for at arbeidet som idrettsr\u00e5det, musikkr\u00e5det og teaterr\u00e5det i kommunen gj\u00f8r, fremheves som gode eksempler p\u00e5 samarbeid mellom frivilligheten og kommunen.<\/p>\n\n\n\n<p>Jeg \u00f8nsker ogs\u00e5&nbsp; \u00e5 videreutvikle Loesmoen Idrettspark til \u00e5 bli en moderne idrettspark for alle innbyggere i kommunen, med nytt badeanlegg.<\/p>\n\n\n\n<p><\/p>\n\n\n\n<h2 class=\"wp-block-heading has-text-align-center\">5 kjappe<\/h2>\n\n\n\n<h4 class=\"wp-block-heading\">Hvorfor meldte du deg inn i H\u00f8yre?<\/h4>\n\n\n\n<p>Psykisk helse, skole, barnehage og et varmere samfunn er viktig for meg. Derfor har H\u00f8yre antagelig alltid v\u00e6rt \u2013 og vil alltid v\u00e6re \u2013 mitt parti.<\/p>\n\n\n\n<h4 class=\"wp-block-heading\">Hva gj\u00f8r du helst p\u00e5 fritiden?<\/h4>\n\n\n\n<p>Jeg bruker helst tid p\u00e5 familien og hobbyer som modelltog!<\/p>\n\n\n\n<h4 class=\"wp-block-heading\"><strong>Hva spiser du n\u00e5r du skal kose deg skikkelig?&nbsp;<\/strong>&nbsp;<\/h4>\n\n\n\n<p>Lasagne, enkelt og greit!<\/p>\n\n\n\n<h4 class=\"wp-block-heading\"><strong>Hvilken musikk s<\/strong>etter du helst p\u00e5?<\/h4>\n\n\n\n<p>Jeg h\u00f8rer p\u00e5 s\u00e5 mangt og er veldig allsidig n\u00e5r det gjelder musikksmak, men Elvis Presley er alltid en vinner!<\/p>\n\n\n\n<h4 class=\"wp-block-heading\"><strong>Hva er ditt favorittsted a) i \u00d8vre Eiker og b) utenom \u00d8vre Eiker?&nbsp;<\/strong><\/h4>\n\n\n\n<p>a) Fossesholm herreg\u00e5rd. b) London.<\/p>\n\n\n\n<p><\/p>\n\n\n\n<p><\/p>\n\n\n\n<h3 class=\"wp-block-heading\">Stem p\u00e5 H\u00f8yre i 2027<\/h3>\n\n\n\n<p>\u00d8vre Eiker kommune er en kommune med litt over 20.000 innbyggere.<\/p>\n\n\n\n<p>Her bor mennesker i alle aldre og i alle livssituasjoner.<\/p>\n\n\n\n<p>Fra de helt sm\u00e5, de unge, de voksne og de gamle. \u00d8vre Eiker H\u00f8yre har som m\u00e5l at alle innbyggere \u2013 uansett st\u00e5sted i livet \u2013 skal ha de beste mulighetene for \u00e5 leve et godt liv.<\/p>\n\n\n\n<div class=\"wp-block-buttons is-layout-flex wp-block-buttons-is-layout-flex\">\n<div class=\"wp-block-button\"><a class=\"wp-block-button__link wp-element-button\" href=\"https:\/\/hoyre.no\/ovre-eiker\/politikk\/\" target=\"_blank\" rel=\"noreferrer noopener\">Les programmet v\u00e5rt her!<\/a><\/div>\n<\/div>\n\n","protected":false},"excerpt":{"rendered":"","protected":false},"author":31684,"featured_media":0,"parent":568,"menu_order":0,"comment_status":"closed","ping_status":"closed","template":"","meta":{"teft_cards_image_url":"","teft_cards_custom_pretitle":"","teft_cards_image_id":193,"teft_cards_image_focal_point_x":0.48,"teft_cards_image_focal_point_y":0.48,"teft_cards_title":"Adrian Tollefsen - v\u00e5r ordf\u00f8rerkandidat","teft_cards_excerpt":"","teft_show_chapters":false,"footnotes":""},"class_list":["post-166","page","type-page","status-publish","hentry"],"yoast_head":"<!-- This site is optimized with the Yoast SEO plugin v26.6 - https:\/\/yoast.com\/wordpress\/plugins\/seo\/ -->\n<title>Adrian Tollefsen - v\u00e5r ordf\u00f8rer - \u00d8vre Eiker H\u00f8yre<\/title>\n<meta name=\"robots\" content=\"index, follow, max-snippet:-1, max-image-preview:large, max-video-preview:-1\" \/>\n<link rel=\"canonical\" href=\"https:\/\/hoyre.no\/ovre-eiker\/politikk\/adrian-tollefsen-var-ordforerkandidat\/\" \/>\n<meta property=\"og:locale\" content=\"nb_NO\" \/>\n<meta property=\"og:type\" content=\"article\" \/>\n<meta property=\"og:title\" content=\"Adrian Tollefsen - v\u00e5r ordf\u00f8rer - \u00d8vre Eiker H\u00f8yre\" \/>\n<meta property=\"og:url\" content=\"https:\/\/hoyre.no\/ovre-eiker\/politikk\/adrian-tollefsen-var-ordforerkandidat\/\" \/>\n<meta property=\"og:site_name\" content=\"\u00d8vre Eiker H\u00f8yre\" \/>\n<meta property=\"article:modified_time\" content=\"2026-02-03T14:38:56+00:00\" \/>\n<meta property=\"og:image\" content=\"https:\/\/hoyre.no\/content\/uploads\/sites\/155\/2023\/02\/adrian-tollefsen-1024x845.jpeg\" \/>\n<meta name=\"twitter:card\" content=\"summary_large_image\" \/>\n<meta name=\"twitter:label1\" content=\"Ansl. lesetid\" \/>\n\t<meta name=\"twitter:data1\" content=\"4 minutter\" \/>\n<script type=\"application\/ld+json\" class=\"yoast-schema-graph\">{\"@context\":\"https:\/\/schema.org\",\"@graph\":[{\"@type\":\"WebPage\",\"@id\":\"https:\/\/hoyre.no\/ovre-eiker\/politikk\/adrian-tollefsen-var-ordforerkandidat\/\",\"url\":\"https:\/\/hoyre.no\/ovre-eiker\/politikk\/adrian-tollefsen-var-ordforerkandidat\/\",\"name\":\"Adrian Tollefsen - v\u00e5r ordf\u00f8rer - \u00d8vre Eiker H\u00f8yre\",\"isPartOf\":{\"@id\":\"https:\/\/hoyre.no\/ovre-eiker\/#website\"},\"datePublished\":\"2022-12-29T13:39:48+00:00\",\"dateModified\":\"2026-02-03T14:38:56+00:00\",\"breadcrumb\":{\"@id\":\"https:\/\/hoyre.no\/ovre-eiker\/politikk\/adrian-tollefsen-var-ordforerkandidat\/#breadcrumb\"},\"inLanguage\":\"nb-NO\",\"potentialAction\":[{\"@type\":\"ReadAction\",\"target\":[\"https:\/\/hoyre.no\/ovre-eiker\/politikk\/adrian-tollefsen-var-ordforerkandidat\/\"]}]},{\"@type\":\"BreadcrumbList\",\"@id\":\"https:\/\/hoyre.no\/ovre-eiker\/politikk\/adrian-tollefsen-var-ordforerkandidat\/#breadcrumb\",\"itemListElement\":[{\"@type\":\"ListItem\",\"position\":1,\"name\":\"Til hoyre.no\",\"item\":\"https:\/\/hoyre.no\"},{\"@type\":\"ListItem\",\"position\":2,\"name\":\"Hjem\",\"item\":\"https:\/\/hoyre.no\/ovre-eiker\/\"},{\"@type\":\"ListItem\",\"position\":3,\"name\":\"Politikk\",\"item\":\"https:\/\/hoyre.no\/ovre-eiker\/politikk\/\"},{\"@type\":\"ListItem\",\"position\":4,\"name\":\"Adrian Tollefsen &#8211; v\u00e5r ordf\u00f8rer\"}]},{\"@type\":\"WebSite\",\"@id\":\"https:\/\/hoyre.no\/ovre-eiker\/#website\",\"url\":\"https:\/\/hoyre.no\/ovre-eiker\/\",\"name\":\"\u00d8vre Eiker H\u00f8yre\",\"description\":\"\",\"inLanguage\":\"nb-NO\"}]}<\/script>\n<!-- \/ Yoast SEO plugin. -->","yoast_head_json":{"title":"Adrian Tollefsen - v\u00e5r ordf\u00f8rer - \u00d8vre Eiker H\u00f8yre","robots":{"index":"index","follow":"follow","max-snippet":"max-snippet:-1","max-image-preview":"max-image-preview:large","max-video-preview":"max-video-preview:-1"},"canonical":"https:\/\/hoyre.no\/ovre-eiker\/politikk\/adrian-tollefsen-var-ordforerkandidat\/","og_locale":"nb_NO","og_type":"article","og_title":"Adrian Tollefsen - v\u00e5r ordf\u00f8rer - \u00d8vre Eiker H\u00f8yre","og_url":"https:\/\/hoyre.no\/ovre-eiker\/politikk\/adrian-tollefsen-var-ordforerkandidat\/","og_site_name":"\u00d8vre Eiker H\u00f8yre","article_modified_time":"2026-02-03T14:38:56+00:00","og_image":[{"url":"https:\/\/hoyre.no\/content\/uploads\/sites\/155\/2023\/02\/adrian-tollefsen-1024x845.jpeg","width":"","height":"","type":""}],"twitter_card":"summary_large_image","twitter_misc":{"Ansl. lesetid":"4 minutter"},"schema":{"@context":"https:\/\/schema.org","@graph":[{"@type":"WebPage","@id":"https:\/\/hoyre.no\/ovre-eiker\/politikk\/adrian-tollefsen-var-ordforerkandidat\/","url":"https:\/\/hoyre.no\/ovre-eiker\/politikk\/adrian-tollefsen-var-ordforerkandidat\/","name":"Adrian Tollefsen - v\u00e5r ordf\u00f8rer - \u00d8vre Eiker H\u00f8yre","isPartOf":{"@id":"https:\/\/hoyre.no\/ovre-eiker\/#website"},"datePublished":"2022-12-29T13:39:48+00:00","dateModified":"2026-02-03T14:38:56+00:00","breadcrumb":{"@id":"https:\/\/hoyre.no\/ovre-eiker\/politikk\/adrian-tollefsen-var-ordforerkandidat\/#breadcrumb"},"inLanguage":"nb-NO","potentialAction":[{"@type":"ReadAction","target":["https:\/\/hoyre.no\/ovre-eiker\/politikk\/adrian-tollefsen-var-ordforerkandidat\/"]}]},{"@type":"BreadcrumbList","@id":"https:\/\/hoyre.no\/ovre-eiker\/politikk\/adrian-tollefsen-var-ordforerkandidat\/#breadcrumb","itemListElement":[{"@type":"ListItem","position":1,"name":"Til hoyre.no","item":"https:\/\/hoyre.no"},{"@type":"ListItem","position":2,"name":"Hjem","item":"https:\/\/hoyre.no\/ovre-eiker\/"},{"@type":"ListItem","position":3,"name":"Politikk","item":"https:\/\/hoyre.no\/ovre-eiker\/politikk\/"},{"@type":"ListItem","position":4,"name":"Adrian Tollefsen &#8211; v\u00e5r ordf\u00f8rer"}]},{"@type":"WebSite","@id":"https:\/\/hoyre.no\/ovre-eiker\/#website","url":"https:\/\/hoyre.no\/ovre-eiker\/","name":"\u00d8vre Eiker H\u00f8yre","description":"","inLanguage":"nb-NO"}]}},"distributor_meta":false,"distributor_terms":false,"distributor_media":false,"distributor_original_site_name":"\u00d8vre Eiker H\u00f8yre","distributor_original_site_url":"https:\/\/hoyre.no\/ovre-eiker","push-errors":false,"_links":{"self":[{"href":"https:\/\/hoyre.no\/ovre-eiker\/wp-json\/wp\/v2\/pages\/166","targetHints":{"allow":["GET"]}}],"collection":[{"href":"https:\/\/hoyre.no\/ovre-eiker\/wp-json\/wp\/v2\/pages"}],"about":[{"href":"https:\/\/hoyre.no\/ovre-eiker\/wp-json\/wp\/v2\/types\/page"}],"author":[{"embeddable":true,"href":"https:\/\/hoyre.no\/ovre-eiker\/wp-json\/wp\/v2\/users\/31684"}],"replies":[{"embeddable":true,"href":"https:\/\/hoyre.no\/ovre-eiker\/wp-json\/wp\/v2\/comments?post=166"}],"version-history":[{"count":25,"href":"https:\/\/hoyre.no\/ovre-eiker\/wp-json\/wp\/v2\/pages\/166\/revisions"}],"predecessor-version":[{"id":1406,"href":"https:\/\/hoyre.no\/ovre-eiker\/wp-json\/wp\/v2\/pages\/166\/revisions\/1406"}],"up":[{"embeddable":true,"href":"https:\/\/hoyre.no\/ovre-eiker\/wp-json\/wp\/v2\/pages\/568"}],"wp:attachment":[{"href":"https:\/\/hoyre.no\/ovre-eiker\/wp-json\/wp\/v2\/media?parent=166"}],"curies":[{"name":"wp","href":"https:\/\/api.w.org\/{rel}","templated":true}]}}