{"id":196,"date":"2023-06-14T16:23:49","date_gmt":"2023-06-14T14:23:49","guid":{"rendered":"https:\/\/hoyre.no\/oyer\/?page_id=196"},"modified":"2025-01-17T13:57:49","modified_gmt":"2025-01-17T12:57:49","slug":"var-politikk","status":"publish","type":"page","link":"https:\/\/hoyre.no\/oyer\/var-politikk\/","title":{"rendered":"V\u00e5r politikk"},"content":{"rendered":"\n<div class=\"wp-block-hoyre-hero with-image-gradient text-color-light  has-media alignfull has-background\"><div class=\"hoyre-hero has-image\"><h1 class=\"title\">7 gode grunner til \u00e5 stemme H\u00f8yre i <br>\u00d8yer kommune<\/h1><figure class=\"hoyre-image-wrapper\"><div class=\"hoyre-image\"><img loading=\"lazy\" decoding=\"async\" width=\"2500\" height=\"1874\" src=\"https:\/\/hoyre.no\/content\/uploads\/sites\/45\/2022\/11\/IMG_0338-scaled.jpg\" class=\"attachment-scaled size-scaled\" alt=\"\" style=\"object-position: 50% 50%\" srcset=\"https:\/\/hoyre.no\/content\/uploads\/sites\/45\/2022\/11\/IMG_0338-scaled.jpg 2500w, https:\/\/hoyre.no\/content\/uploads\/sites\/45\/2022\/11\/IMG_0338-300x225.jpg 300w, https:\/\/hoyre.no\/content\/uploads\/sites\/45\/2022\/11\/IMG_0338-1024x767.jpg 1024w, https:\/\/hoyre.no\/content\/uploads\/sites\/45\/2022\/11\/IMG_0338-768x576.jpg 768w, https:\/\/hoyre.no\/content\/uploads\/sites\/45\/2022\/11\/IMG_0338-1536x1151.jpg 1536w, https:\/\/hoyre.no\/content\/uploads\/sites\/45\/2022\/11\/IMG_0338-2048x1535.jpg 2048w\" sizes=\"auto, (max-width: 2500px) 100vw, 2500px\" \/><\/div><\/figure><\/div><\/div>\n\n\n\n<div class=\"wp-block-media-text alignwide is-stacked-on-mobile is-image-fill is-style-pale-purple\"><figure class=\"wp-block-media-text__media\" style=\"background-image:url('https:\/\/hoyre.no\/content\/uploads\/sites\/45\/2023\/06\/GettyImages-815670790-1024x691.jpg');background-position:50% 50%\"><img loading=\"lazy\" decoding=\"async\" width=\"1024\" height=\"691\" src=\"https:\/\/hoyre.no\/content\/uploads\/sites\/45\/2023\/06\/GettyImages-815670790-1024x691.jpg\" alt=\"\" class=\"wp-image-188 size-full\" srcset=\"https:\/\/hoyre.no\/content\/uploads\/sites\/45\/2023\/06\/GettyImages-815670790-1024x691.jpg 1024w, https:\/\/hoyre.no\/content\/uploads\/sites\/45\/2023\/06\/GettyImages-815670790-300x202.jpg 300w, https:\/\/hoyre.no\/content\/uploads\/sites\/45\/2023\/06\/GettyImages-815670790-768x518.jpg 768w, https:\/\/hoyre.no\/content\/uploads\/sites\/45\/2023\/06\/GettyImages-815670790-1536x1036.jpg 1536w, https:\/\/hoyre.no\/content\/uploads\/sites\/45\/2023\/06\/GettyImages-815670790-2048x1381.jpg 2048w\" sizes=\"auto, (max-width: 1024px) 100vw, 1024px\" \/><\/figure><div class=\"wp-block-media-text__content\">\n<h2 class=\"wp-block-heading\" style=\"font-style:normal;font-weight:400\"><strong>1. Vi er p\u00e5 lag med dem som skaper arbeidsplasser<\/strong><\/h2>\n\n\n\n<p>Vi vil jobbe for \u00e5 f\u00e5 flere nye arbeidsplasser og legge til rette for \u00e5 styrke eksisterende bedrifter og n\u00e6ringer i hele kommunen. Vi vil legge til rette for at det skapes flere arbeidsplasser, blant annet ved \u00e5 revidere retningslinjene for det kommunale n\u00e6ringsfondet. Vi m\u00e5 s\u00f8rge for at n\u00e6ringslivet blir m\u00f8tt av en forutsigbar og samarbeidsvillig kommune, med l\u00f8sningsorientert administrasjon som skal prioritere en mer effektiv saksbehandling. \u00d8yer kommune skal gjennom et aktivt samarbeid med Lillehammer-regionen Vekst v\u00e6re hjelpsomme og positive til de som \u00f8nsker \u00e5 etablere seg i kommunen. Vurdere samarbeid med NAV i nabokommunene, for \u00e5 kunne delta i viktige tiltak for b\u00e5de brukere og n\u00e6ringsliv. \u00d8yer kommune skal jobbe for \u00e5 bedre omd\u00f8mme.<\/p>\n<\/div><\/div>\n\n\n\n\n<div class=\"wp-block-media-text alignwide has-media-on-the-right is-stacked-on-mobile is-image-fill is-style-pale-blue\"><div class=\"wp-block-media-text__content\">\n<h2 class=\"wp-block-heading\">2. Vi vil at skolene i \u00d8yer skal gi mestring og l\u00e6ringsglede til alle elever<\/h2>\n\n\n\n<p>Skolene i begge sogn er viktige for fremtidens \u00d8yer, og m\u00e5 ha gode rammer som sikrer en god kvalitet p\u00e5 l\u00e6ringen og gir trygghet i skoledagen. Det m\u00e5 v\u00e6re tilstrekkelige ressurser til tidlig innsats for \u00e5 sikre gode overganger mellom barneskole, ungdomsskole og videreg\u00e5ende skole.<\/p>\n\n\n\n<p>Innholdet i skolen skal v\u00e6re tilpasset alle. God kvalitet og godt milj\u00f8 i alle \u00d8yer-skolene er viktig for \u00e5 kunne tiltrekke seg nye innbyggere. \u00d8yer ungdomsskole er en skole hvor skolebyggene er i ferd med \u00e5 bli utdaterte, og arbeidet med \u00e5 planlegge en ny skole b\u00f8r startes. \u00d8yer H\u00f8yre \u00f8nsker et bredt samarbeid for \u00e5 f\u00e5 opp nye ideer og l\u00f8sninger rundt dette.<\/p>\n<\/div><figure class=\"wp-block-media-text__media\" style=\"background-image:url('https:\/\/hoyre.no\/content\/uploads\/sites\/45\/2023\/06\/GettyImages-176979540-1-1024x683.jpg');background-position:50% 50%\"><img loading=\"lazy\" decoding=\"async\" width=\"1024\" height=\"683\" src=\"https:\/\/hoyre.no\/content\/uploads\/sites\/45\/2023\/06\/GettyImages-176979540-1-1024x683.jpg\" alt=\"\" class=\"wp-image-199 size-full\" srcset=\"https:\/\/hoyre.no\/content\/uploads\/sites\/45\/2023\/06\/GettyImages-176979540-1-1024x683.jpg 1024w, https:\/\/hoyre.no\/content\/uploads\/sites\/45\/2023\/06\/GettyImages-176979540-1-300x200.jpg 300w, https:\/\/hoyre.no\/content\/uploads\/sites\/45\/2023\/06\/GettyImages-176979540-1-768x513.jpg 768w, https:\/\/hoyre.no\/content\/uploads\/sites\/45\/2023\/06\/GettyImages-176979540-1-1536x1025.jpg 1536w, https:\/\/hoyre.no\/content\/uploads\/sites\/45\/2023\/06\/GettyImages-176979540-1-2048x1367.jpg 2048w\" sizes=\"auto, (max-width: 1024px) 100vw, 1024px\" \/><\/figure><\/div>\n\n\n\n\n<div class=\"wp-block-media-text alignwide is-stacked-on-mobile is-image-fill is-style-pale-green\"><figure class=\"wp-block-media-text__media\" style=\"background-image:url('https:\/\/hoyre.no\/content\/uploads\/sites\/45\/2023\/06\/image1-2-1-1024x683.jpeg');background-position:50% 50%\"><img loading=\"lazy\" decoding=\"async\" width=\"1024\" height=\"683\" src=\"https:\/\/hoyre.no\/content\/uploads\/sites\/45\/2023\/06\/image1-2-1-1024x683.jpeg\" alt=\"\" class=\"wp-image-200 size-full\" srcset=\"https:\/\/hoyre.no\/content\/uploads\/sites\/45\/2023\/06\/image1-2-1-1024x683.jpeg 1024w, https:\/\/hoyre.no\/content\/uploads\/sites\/45\/2023\/06\/image1-2-1-300x200.jpeg 300w, https:\/\/hoyre.no\/content\/uploads\/sites\/45\/2023\/06\/image1-2-1-768x512.jpeg 768w, https:\/\/hoyre.no\/content\/uploads\/sites\/45\/2023\/06\/image1-2-1-1536x1024.jpeg 1536w, https:\/\/hoyre.no\/content\/uploads\/sites\/45\/2023\/06\/image1-2-1-2048x1365.jpeg 2048w\" sizes=\"auto, (max-width: 1024px) 100vw, 1024px\" \/><\/figure><div class=\"wp-block-media-text__content\">\n<h2 class=\"wp-block-heading alignfull\">3. Vi vil at det skal v\u00e6re trygt \u00e5 bli gammel i \u00d8yer<\/h2>\n\n\n\n<p>Det m\u00e5 legges til rette for at \u00d8yer blir et aldersvennlig samfunn, der eldre gis en verdig alderdom. Det betyr at eldre skal gis mulighet til bo hjemme s\u00e5 lenge som mulig, under trygge forhold. Samtidig skal det tilbys tilrettelagte tjenester for den enkelte n\u00e5r det er behov. Vi skal jobbe for \u00e5 ta i bruk de siste 12 plassene p\u00e5 \u00d8yer helsehus. For \u00e5 m\u00f8te behovet for god demens-omsorg skal samarbeid med nabo-kommunene vurderes, dersom det ikke finnes gode l\u00f8sninger i \u00d8yer. Samfunnet som helhet m\u00e5 bidra til at eldre skal gis en alderdom som er god. Det betyr at kommunen m\u00e5 samarbeide med blant annet frivilligheten. Fremtidens boligplanlegging er et viktig element i et aldersvennlig samfunn. Boligplanlegging for fremtidens eldreomsorg, som gir eldre mulighet til \u00e5 bo i felleskap og sentrumsn\u00e6rt, er viktig i begge sogn.<\/p>\n<\/div><\/div>\n\n\n\n<div class=\"wp-block-media-text alignwide has-media-on-the-right is-stacked-on-mobile is-image-fill is-style-pink\"><div class=\"wp-block-media-text__content\">\n<h2 class=\"wp-block-heading is-style-large\">4. Vi mener at utvikling gjennom verdiskaping skal<br>gi \u00f8kt velferd<\/h2>\n\n\n\n<p class=\"is-style-default\">Vekst og utvikling er de viktigste forutsetningene for \u00e5 skape et velfungerende samfunn. Den demografiske fordelingen er p\u00e5 vei mot \u00e5 bli dramatisk endret, og betyr at det blir f\u00e6rre yrkesaktive pr innbygger og flere eldre enn yngre, noe ogs\u00e5 \u00d8yer vil merke.<br>Vi m\u00e5 planlegge for en god utvikling som gir kommunen handlingsrom til \u00e5 m\u00f8te fremtidens utfordringer. For \u00e5 kunne legge til rette for stor aktivitet i kommunen i sommerhalv\u00e5ret, b\u00f8r det v\u00e6re \u00e5pen barnehage og aktivitetstilbud p\u00e5 sommerstid\/sommer-SFO.<br>En definert utbyggingsgrense mot fjellet mener \u00d8yer H\u00f8yre er fastlagt, og denne skal ikke utfordres. Vi skal arbeide for videre utbygging av fritidsbebyggelse etter kommunens vedtatte strategi fra mai 2019, og legge rammer for fremtidig hytteutvikling som sikrer at \u00d8yer kommune er en hyttedestinasjon med kvalitet. Det skal fortettes i allerede eksisterende hytteomr\u00e5der, og minimalt med nye arealer skal tas i bruk. Fortrinnsvis skal eksisterende veier, vann- og avl\u00f8p og annen infrastruktur benyttes.<br>Vi vil jobbe sammen med de som \u00f8nsker \u00e5 utvikle sentrum i begge sogn, og legge til rette for attraktive og hyggelige sentrum (handel, service og m\u00f8teplasser) som b\u00e5de innbyggere og tilreisende trives med. Vi vil revidere sentrumsplanen for \u00d8yer sogn, slik at den stemmer med realitetene og den utviklingen som trengs for \u00e5 utvikle et attraktivt sentrum. Bygging av ny permanent bru p\u00e5 Tretten er viktig, og prosessen b\u00f8r brukes for \u00e5 bidra til en positiv sentrumsutvikling.<\/p>\n<\/div><figure class=\"wp-block-media-text__media\" style=\"background-image:url('https:\/\/hoyre.no\/content\/uploads\/sites\/45\/2023\/06\/DE7F6DCC-372F-498F-9E1A-B084D3050250-1024x1024.png');background-position:52% 85%\"><img loading=\"lazy\" decoding=\"async\" width=\"1024\" height=\"1024\" src=\"https:\/\/hoyre.no\/content\/uploads\/sites\/45\/2023\/06\/DE7F6DCC-372F-498F-9E1A-B084D3050250-1024x1024.png\" alt=\"\" class=\"wp-image-214 size-full\" srcset=\"https:\/\/hoyre.no\/content\/uploads\/sites\/45\/2023\/06\/DE7F6DCC-372F-498F-9E1A-B084D3050250-1024x1024.png 1024w, https:\/\/hoyre.no\/content\/uploads\/sites\/45\/2023\/06\/DE7F6DCC-372F-498F-9E1A-B084D3050250-300x300.png 300w, https:\/\/hoyre.no\/content\/uploads\/sites\/45\/2023\/06\/DE7F6DCC-372F-498F-9E1A-B084D3050250-150x150.png 150w, https:\/\/hoyre.no\/content\/uploads\/sites\/45\/2023\/06\/DE7F6DCC-372F-498F-9E1A-B084D3050250-768x768.png 768w, https:\/\/hoyre.no\/content\/uploads\/sites\/45\/2023\/06\/DE7F6DCC-372F-498F-9E1A-B084D3050250.png 1080w\" sizes=\"auto, (max-width: 1024px) 100vw, 1024px\" \/><\/figure><\/div>\n\n\n\n<div class=\"wp-block-media-text alignwide is-stacked-on-mobile is-image-fill is-style-pale-blue\"><figure class=\"wp-block-media-text__media\" style=\"background-image:url('https:\/\/hoyre.no\/content\/uploads\/sites\/45\/2023\/06\/GettyImages-1063392686-1024x683.jpg');background-position:50% 50%\"><img loading=\"lazy\" decoding=\"async\" width=\"1024\" height=\"683\" src=\"https:\/\/hoyre.no\/content\/uploads\/sites\/45\/2023\/06\/GettyImages-1063392686-1024x683.jpg\" alt=\"\" class=\"wp-image-203 size-full\" srcset=\"https:\/\/hoyre.no\/content\/uploads\/sites\/45\/2023\/06\/GettyImages-1063392686-1024x683.jpg 1024w, https:\/\/hoyre.no\/content\/uploads\/sites\/45\/2023\/06\/GettyImages-1063392686-300x200.jpg 300w, https:\/\/hoyre.no\/content\/uploads\/sites\/45\/2023\/06\/GettyImages-1063392686-768x512.jpg 768w, https:\/\/hoyre.no\/content\/uploads\/sites\/45\/2023\/06\/GettyImages-1063392686-1536x1024.jpg 1536w, https:\/\/hoyre.no\/content\/uploads\/sites\/45\/2023\/06\/GettyImages-1063392686-2048x1365.jpg 2048w\" sizes=\"auto, (max-width: 1024px) 100vw, 1024px\" \/><\/figure><div class=\"wp-block-media-text__content\">\n<h2 class=\"wp-block-heading is-style-default\"><strong>5. Vi vil styrke tilbudet om<br>psykisk helsehjelp<\/strong><\/h2>\n\n\n\n<p>Dagens samfunn stiller store krav. Samfunnsutviklingen har f\u00f8rt til endringer som gir andre og st\u00f8rre utfordringer. Det er behov for \u00e5 gi st\u00f8tte til de som sliter for at de skal kunne st\u00e5 i hverdagen sin. Til de unge er det spesielt viktig \u00e5 tilby riktig og god faglig bistand tidlig. Det kreves derfor en styrking av tilbudet for alle grupper som har behov for hjelp. Riktig og tilstrekkelig kompetanse rundt psykisk helse og rus m\u00e5 styrkes. Forebyggende arbeid for \u00e5 hindre at ungdom kommer i kontakt med ulike typer rus og kriminalitet er viktig i b\u00e5de skolen og i lokalmilj\u00f8et.<\/p>\n\n\n\n<ul class=\"is-style-default wp-block-list\">\n<li><\/li>\n<\/ul>\n<\/div><\/div>\n\n\n\n<div class=\"wp-block-media-text alignwide has-media-on-the-right is-stacked-on-mobile is-image-fill is-style-pale-green\"><div class=\"wp-block-media-text__content\">\n<h2 class=\"wp-block-heading is-style-large\">6. Vi mener at vi m\u00e5 v\u00e6re sammen om \u00e5 skape den kommunen vi vil ha<\/h2>\n\n\n\n<p style=\"letter-spacing:rem\">Det er viktig \u00e5 ta innbyggerne p\u00e5 alvor for \u00e5 m\u00f8te fremtidens behov og forventninger til hvilke tjenester kommunen skal levere. Det betyr at det m\u00e5 etableres arenaer for dialog og samarbeid. Samarbeid med sivilsamfunnet blir viktigere for \u00e5 omstille samfunnet til de utfordringene vi st\u00e5r overfor. Det er viktig at flere f\u00e5r ta del i hvordan kommunen kan bli b\u00e6rekraftig p\u00e5 sikt, b\u00e5de \u00f8konomisk og for tilgangen p\u00e5 n\u00f8dvendig kompetanse. Dersom det vil styrke tjenesten, skal det s\u00f8kes interkommunale samarbeid over og p\u00e5 tvers av kommunegrensene. Det er ogs\u00e5 viktig \u00e5 dele viktig kompetanse mellom kommunene, i tillegg til at det kan v\u00e6re \u00f8konomisk gunstig \u00e5 samarbeide regionalt. Frivillig, lokalt arbeid blir veldig viktig i tiden fremover, n\u00e5r vi blir f\u00e6rre yrkesaktive og flere eldre. Det er viktig \u00e5 ikke ta frivillig arbeid for gitt, men gi frivilligheten st\u00f8tte og verkt\u00f8y til \u00e5 bidra med sitt viktige arbeid. Frivilligsentralen er en viktig akt\u00f8r som m\u00e5 styrkes. Det m\u00e5 sikres trygge gang- og sykkelveier,  krysningspunkt for g\u00e5ende og syklende i hele kommunen.<br>Det m\u00e5 legges til rette for \u00f8kt fysisk aktivitet, men samtidig b\u00f8r all ferdsel i \u00d8yer styres p\u00e5 en slik m\u00e5te at b\u00e5de innbyggere og bes\u00f8kende f\u00e5r positive opplevelser. Vi vil ta opp igjen arbeidet med \u00e5 f\u00e5 realisert Dagsturhytte prosjektet i \u00d8yer.<\/p>\n<\/div><figure class=\"wp-block-media-text__media\" style=\"background-image:url('https:\/\/hoyre.no\/content\/uploads\/sites\/45\/2023\/06\/GettyImages-530167744-683x1024.jpg');background-position:50% 50%\"><img loading=\"lazy\" decoding=\"async\" width=\"683\" height=\"1024\" src=\"https:\/\/hoyre.no\/content\/uploads\/sites\/45\/2023\/06\/GettyImages-530167744-683x1024.jpg\" alt=\"\" class=\"wp-image-204 size-full\" srcset=\"https:\/\/hoyre.no\/content\/uploads\/sites\/45\/2023\/06\/GettyImages-530167744-683x1024.jpg 683w, https:\/\/hoyre.no\/content\/uploads\/sites\/45\/2023\/06\/GettyImages-530167744-200x300.jpg 200w, https:\/\/hoyre.no\/content\/uploads\/sites\/45\/2023\/06\/GettyImages-530167744-768x1152.jpg 768w, https:\/\/hoyre.no\/content\/uploads\/sites\/45\/2023\/06\/GettyImages-530167744-1024x1536.jpg 1024w, https:\/\/hoyre.no\/content\/uploads\/sites\/45\/2023\/06\/GettyImages-530167744-1365x2048.jpg 1365w, https:\/\/hoyre.no\/content\/uploads\/sites\/45\/2023\/06\/GettyImages-530167744-scaled.jpg 1667w\" sizes=\"auto, (max-width: 683px) 100vw, 683px\" \/><\/figure><\/div>\n\n\n\n<div class=\"wp-block-media-text alignwide is-stacked-on-mobile is-image-fill is-style-lightest-grey\"><figure class=\"wp-block-media-text__media\" style=\"background-image:url('https:\/\/hoyre.no\/content\/uploads\/sites\/45\/2023\/06\/Design-uten-navn-1-1024x1024.png');background-position:50% 50%\"><img loading=\"lazy\" decoding=\"async\" width=\"1024\" height=\"1024\" src=\"https:\/\/hoyre.no\/content\/uploads\/sites\/45\/2023\/06\/Design-uten-navn-1-1024x1024.png\" alt=\"\" class=\"wp-image-205 size-full\" srcset=\"https:\/\/hoyre.no\/content\/uploads\/sites\/45\/2023\/06\/Design-uten-navn-1-1024x1024.png 1024w, https:\/\/hoyre.no\/content\/uploads\/sites\/45\/2023\/06\/Design-uten-navn-1-300x300.png 300w, https:\/\/hoyre.no\/content\/uploads\/sites\/45\/2023\/06\/Design-uten-navn-1-150x150.png 150w, https:\/\/hoyre.no\/content\/uploads\/sites\/45\/2023\/06\/Design-uten-navn-1-768x768.png 768w, https:\/\/hoyre.no\/content\/uploads\/sites\/45\/2023\/06\/Design-uten-navn-1.png 1080w\" sizes=\"auto, (max-width: 1024px) 100vw, 1024px\" \/><\/figure><div class=\"wp-block-media-text__content\">\n<h2 class=\"wp-block-heading is-style-large\"><strong>7. Vi vil at klima og milj\u00f8 skal tas p\u00e5 alvor<\/strong><\/h2>\n\n\n\n<p>Vi har merket konsekvensene av klimaendringene ogs\u00e5 i \u00d8yer. Det m\u00e5 tas p\u00e5 alvor og tas hensyn til i videre planlegging. V\u00e5re viktige naturkvaliteter m\u00e5 ivaretas p\u00e5 best mulig m\u00e5te og sikres for fremtidige generasjoner. Samtidig m\u00e5 det hele tiden balanseres opp mot samfunnets behov, som for eksempel mangel p\u00e5 energi. Vi m\u00e5 tilpasse utviklingen til fremtidens utfordringer med klimaendringer, b\u00e5de med hensyn til utslipp og for energiforbruk. \u00d8yer b\u00f8r ligge i front for hvordan fremtidens bygging skal skje, med minst mulig bruk av natur, energi og behov for egne transportmidler. Det b\u00f8r tilrettelegges for energieffektivisering i kommunale bygg. \u00d8yer H\u00f8yre vil arbeide for \u00e5 bygge ut fornybar energi, med vekt p\u00e5 vannkraft. Det m\u00e5 utredes hvilke konsekvenser vindkraft og solenergi har for naturen f\u00f8r dette kan bygges ut i kommunen.<\/p>\n<\/div><\/div>\n","protected":false},"excerpt":{"rendered":"<p>1. Vi er p\u00e5 lag med dem som skaper arbeidsplasser Vi vil jobbe for \u00e5 f\u00e5 flere nye arbeidsplasser og legge til rette for \u00e5 styrke eksisterende bedrifter og n\u00e6ringer i hele kommunen. Vi vil legge til rette for at det skapes flere arbeidsplasser, blant annet ved \u00e5 revidere retningslinjene for det kommunale n\u00e6ringsfondet. Vi [&hellip;]<\/p>\n","protected":false},"author":13521,"featured_media":0,"parent":0,"menu_order":0,"comment_status":"closed","ping_status":"closed","template":"","meta":{"teft_cards_image_url":"","teft_cards_custom_pretitle":"","teft_cards_image_id":0,"teft_cards_image_focal_point_x":0,"teft_cards_image_focal_point_y":0,"teft_cards_title":"","teft_cards_excerpt":"","teft_show_chapters":false,"footnotes":""},"class_list":["post-196","page","type-page","status-publish","hentry"],"yoast_head":"<!-- This site is optimized with the Yoast SEO plugin v26.6 - https:\/\/yoast.com\/wordpress\/plugins\/seo\/ -->\n<title>V\u00e5r politikk - \u00d8yer H\u00f8yre<\/title>\n<meta name=\"description\" content=\"Her f\u00e5r du syv gode grunner til hvorfor du b\u00f8r stemme H\u00f8yre i \u00d8yer kommune.\" \/>\n<meta name=\"robots\" content=\"index, follow, max-snippet:-1, max-image-preview:large, max-video-preview:-1\" \/>\n<link rel=\"canonical\" href=\"https:\/\/hoyre.no\/oyer\/var-politikk\/\" \/>\n<meta property=\"og:locale\" content=\"nb_NO\" \/>\n<meta property=\"og:type\" content=\"article\" \/>\n<meta property=\"og:title\" content=\"V\u00e5r politikk - \u00d8yer H\u00f8yre\" \/>\n<meta property=\"og:description\" content=\"Her f\u00e5r du syv gode grunner til hvorfor du b\u00f8r stemme H\u00f8yre i \u00d8yer kommune.\" \/>\n<meta property=\"og:url\" content=\"https:\/\/hoyre.no\/oyer\/var-politikk\/\" \/>\n<meta property=\"og:site_name\" content=\"\u00d8yer H\u00f8yre\" \/>\n<meta property=\"article:modified_time\" content=\"2025-01-17T12:57:49+00:00\" \/>\n<meta property=\"og:image\" content=\"https:\/\/hoyre.no\/content\/uploads\/sites\/45\/2023\/06\/GettyImages-815670790-1024x691.jpg\" \/>\n<meta name=\"twitter:card\" content=\"summary_large_image\" \/>\n<meta name=\"twitter:label1\" content=\"Ansl. lesetid\" \/>\n\t<meta name=\"twitter:data1\" content=\"8 minutter\" \/>\n<script type=\"application\/ld+json\" class=\"yoast-schema-graph\">{\"@context\":\"https:\/\/schema.org\",\"@graph\":[{\"@type\":\"WebPage\",\"@id\":\"https:\/\/hoyre.no\/oyer\/var-politikk\/\",\"url\":\"https:\/\/hoyre.no\/oyer\/var-politikk\/\",\"name\":\"V\u00e5r politikk - \u00d8yer H\u00f8yre\",\"isPartOf\":{\"@id\":\"https:\/\/hoyre.no\/oyer\/#website\"},\"image\":{\"@id\":\"https:\/\/hoyre.no\/oyer\/var-politikk\/#primaryimage\"},\"thumbnailUrl\":\"https:\/\/hoyre.no\/content\/uploads\/sites\/45\/2023\/06\/GettyImages-815670790-1024x691.jpg\",\"datePublished\":\"2023-06-14T14:23:49+00:00\",\"dateModified\":\"2025-01-17T12:57:49+00:00\",\"description\":\"Her f\u00e5r du syv gode grunner til hvorfor du b\u00f8r stemme H\u00f8yre i \u00d8yer kommune.\",\"breadcrumb\":{\"@id\":\"https:\/\/hoyre.no\/oyer\/var-politikk\/#breadcrumb\"},\"inLanguage\":\"nb-NO\",\"potentialAction\":[{\"@type\":\"ReadAction\",\"target\":[\"https:\/\/hoyre.no\/oyer\/var-politikk\/\"]}]},{\"@type\":\"ImageObject\",\"inLanguage\":\"nb-NO\",\"@id\":\"https:\/\/hoyre.no\/oyer\/var-politikk\/#primaryimage\",\"url\":\"https:\/\/hoyre.no\/content\/uploads\/sites\/45\/2023\/06\/GettyImages-815670790-1024x691.jpg\",\"contentUrl\":\"https:\/\/hoyre.no\/content\/uploads\/sites\/45\/2023\/06\/GettyImages-815670790-1024x691.jpg\"},{\"@type\":\"BreadcrumbList\",\"@id\":\"https:\/\/hoyre.no\/oyer\/var-politikk\/#breadcrumb\",\"itemListElement\":[{\"@type\":\"ListItem\",\"position\":1,\"name\":\"Til hoyre.no\",\"item\":\"https:\/\/hoyre.no\"},{\"@type\":\"ListItem\",\"position\":2,\"name\":\"Hjem\",\"item\":\"https:\/\/hoyre.no\/oyer\/\"},{\"@type\":\"ListItem\",\"position\":3,\"name\":\"V\u00e5r politikk\"}]},{\"@type\":\"WebSite\",\"@id\":\"https:\/\/hoyre.no\/oyer\/#website\",\"url\":\"https:\/\/hoyre.no\/oyer\/\",\"name\":\"\u00d8yer H\u00f8yre\",\"description\":\"Bare enda et H\u00f8yres nettsteder-nettsted\",\"inLanguage\":\"nb-NO\"}]}<\/script>\n<!-- \/ Yoast SEO plugin. -->","yoast_head_json":{"title":"V\u00e5r politikk - \u00d8yer H\u00f8yre","description":"Her f\u00e5r du syv gode grunner til hvorfor du b\u00f8r stemme H\u00f8yre i \u00d8yer kommune.","robots":{"index":"index","follow":"follow","max-snippet":"max-snippet:-1","max-image-preview":"max-image-preview:large","max-video-preview":"max-video-preview:-1"},"canonical":"https:\/\/hoyre.no\/oyer\/var-politikk\/","og_locale":"nb_NO","og_type":"article","og_title":"V\u00e5r politikk - \u00d8yer H\u00f8yre","og_description":"Her f\u00e5r du syv gode grunner til hvorfor du b\u00f8r stemme H\u00f8yre i \u00d8yer kommune.","og_url":"https:\/\/hoyre.no\/oyer\/var-politikk\/","og_site_name":"\u00d8yer H\u00f8yre","article_modified_time":"2025-01-17T12:57:49+00:00","og_image":[{"url":"https:\/\/hoyre.no\/content\/uploads\/sites\/45\/2023\/06\/GettyImages-815670790-1024x691.jpg","type":"","width":"","height":""}],"twitter_card":"summary_large_image","twitter_misc":{"Ansl. lesetid":"8 minutter"},"schema":{"@context":"https:\/\/schema.org","@graph":[{"@type":"WebPage","@id":"https:\/\/hoyre.no\/oyer\/var-politikk\/","url":"https:\/\/hoyre.no\/oyer\/var-politikk\/","name":"V\u00e5r politikk - \u00d8yer H\u00f8yre","isPartOf":{"@id":"https:\/\/hoyre.no\/oyer\/#website"},"image":{"@id":"https:\/\/hoyre.no\/oyer\/var-politikk\/#primaryimage"},"thumbnailUrl":"https:\/\/hoyre.no\/content\/uploads\/sites\/45\/2023\/06\/GettyImages-815670790-1024x691.jpg","datePublished":"2023-06-14T14:23:49+00:00","dateModified":"2025-01-17T12:57:49+00:00","description":"Her f\u00e5r du syv gode grunner til hvorfor du b\u00f8r stemme H\u00f8yre i \u00d8yer kommune.","breadcrumb":{"@id":"https:\/\/hoyre.no\/oyer\/var-politikk\/#breadcrumb"},"inLanguage":"nb-NO","potentialAction":[{"@type":"ReadAction","target":["https:\/\/hoyre.no\/oyer\/var-politikk\/"]}]},{"@type":"ImageObject","inLanguage":"nb-NO","@id":"https:\/\/hoyre.no\/oyer\/var-politikk\/#primaryimage","url":"https:\/\/hoyre.no\/content\/uploads\/sites\/45\/2023\/06\/GettyImages-815670790-1024x691.jpg","contentUrl":"https:\/\/hoyre.no\/content\/uploads\/sites\/45\/2023\/06\/GettyImages-815670790-1024x691.jpg"},{"@type":"BreadcrumbList","@id":"https:\/\/hoyre.no\/oyer\/var-politikk\/#breadcrumb","itemListElement":[{"@type":"ListItem","position":1,"name":"Til hoyre.no","item":"https:\/\/hoyre.no"},{"@type":"ListItem","position":2,"name":"Hjem","item":"https:\/\/hoyre.no\/oyer\/"},{"@type":"ListItem","position":3,"name":"V\u00e5r politikk"}]},{"@type":"WebSite","@id":"https:\/\/hoyre.no\/oyer\/#website","url":"https:\/\/hoyre.no\/oyer\/","name":"\u00d8yer H\u00f8yre","description":"Bare enda et H\u00f8yres nettsteder-nettsted","inLanguage":"nb-NO"}]}},"distributor_meta":false,"distributor_terms":false,"distributor_media":false,"distributor_original_site_name":"\u00d8yer H\u00f8yre","distributor_original_site_url":"https:\/\/hoyre.no\/oyer","push-errors":false,"_links":{"self":[{"href":"https:\/\/hoyre.no\/oyer\/wp-json\/wp\/v2\/pages\/196","targetHints":{"allow":["GET"]}}],"collection":[{"href":"https:\/\/hoyre.no\/oyer\/wp-json\/wp\/v2\/pages"}],"about":[{"href":"https:\/\/hoyre.no\/oyer\/wp-json\/wp\/v2\/types\/page"}],"author":[{"embeddable":true,"href":"https:\/\/hoyre.no\/oyer\/wp-json\/wp\/v2\/users\/13521"}],"replies":[{"embeddable":true,"href":"https:\/\/hoyre.no\/oyer\/wp-json\/wp\/v2\/comments?post=196"}],"version-history":[{"count":8,"href":"https:\/\/hoyre.no\/oyer\/wp-json\/wp\/v2\/pages\/196\/revisions"}],"predecessor-version":[{"id":249,"href":"https:\/\/hoyre.no\/oyer\/wp-json\/wp\/v2\/pages\/196\/revisions\/249"}],"wp:attachment":[{"href":"https:\/\/hoyre.no\/oyer\/wp-json\/wp\/v2\/media?parent=196"}],"curies":[{"name":"wp","href":"https:\/\/api.w.org\/{rel}","templated":true}]}}