{"id":290,"date":"2023-06-04T19:59:19","date_gmt":"2023-06-04T17:59:19","guid":{"rendered":"https:\/\/hoyre.no\/rade\/?page_id=290"},"modified":"2023-06-12T19:06:50","modified_gmt":"2023-06-12T17:06:50","slug":"janne-myrvang-2023-2027","status":"publish","type":"page","link":"https:\/\/hoyre.no\/rade\/janne-myrvang-2023-2027\/","title":{"rendered":"Janne Myrvang 2023 &#8211; 2027"},"content":{"rendered":"\n<div class=\"wp-block-hoyre-hero with-image-gradient text-color-light  has-media alignfull has-background\"><div class=\"hoyre-hero has-image\"><h1 class=\"title\">Som lokalpolitiker representerer du innbyggerne<\/h1><p class=\"preamble\">R\u00e5de skal v\u00e6re en fremoverlent kommune der alle blir sett og h\u00f8rt. Dette inneb\u00e6rer en god skole og en god helseomsorg. For \u00e5 f\u00e5 til dette m\u00e5 vi ha en fortsatt god \u00f8konomi. Vi skal ogs\u00e5 v\u00e6re attraktive for n\u00e6ringslivet!<\/p>\t\t\t<div class=\"post-meta wp-block teft-byline-wrapper\">\n\t\t\t\t<div class=\"top\">\n\t\t\t\t\t<div class=\"signature\">\n\t\t\t\t\t\t<div class=\"teft-byline\">\n\t\t\t\t\t\t\t\t\t\t\t\t\t\t<div>\n\t\t\t\t\t\t\t\t<h3>H\u00f8yres redaksjon<\/h3>\t\t\t\t\t\t\t\t\n\t\t\t\t\t\t\t\t\t\t\t\t\t\t\t\t\t<span class=\"date\">Sist oppdatert: 12. juni 2023<\/span>\n\t\t\t\t\t\t\t\t\t\t\t\t\t\t\t\t\t\t\t\t\t\t\t\t\t<span class=\"reading-time\" itemprop=\"timeRequired\" content=\"PT2M\"><em>Ca. 2 minutter lesetid<\/em><\/span>\n\t\t\t\t\t\t\t\t\t\t\t\t\t\t\t<\/div>\n\t\t\t\t\t\t<\/div>\n\t\t\t\t\t<\/div>\n\t\t\t\t\t\t<div class=\"sharing\">\n\t\t<a class=\"share-button share-link copy-link\" data-copy=\"https:\/\/hoyre.no\/rade\/janne-myrvang-2023-2027\/\" target=\"_blank\"><span class=\"screen-reader-text\">Del link<\/span><\/a>\n\t\t<a class=\"share-button share-twitter\" href=\"http:\/\/twitter.com\/share?text=Janne Myrvang 2023 &#8211; 2027&#038;url=https:\/\/hoyre.no\/rade\/janne-myrvang-2023-2027\/&#038;hashtags=Hoyre\" target=\"_blank\"><span class=\"screen-reader-text\">Del p\u00e5 twitter<\/span><\/a>\n\t\t<a class=\"share-button share-facebook\" href=\"https:\/\/www.facebook.com\/sharer\/sharer.php?u=https:\/\/hoyre.no\/rade\/janne-myrvang-2023-2027\/\" target=\"_blank\"><span class=\"screen-reader-text\">Del p\u00e5 facebook<\/span><\/a>\n\t<\/div>\n\t\t\t\t\t<\/div>\n\t\t\t<\/div>\n\n\t\t\t<figure class=\"hoyre-image-wrapper\"><div class=\"hoyre-image\"><img loading=\"lazy\" decoding=\"async\" width=\"2500\" height=\"1729\" src=\"https:\/\/hoyre.no\/content\/uploads\/sites\/164\/2023\/06\/Janne-Merethe-Myrvang-52064425-scaled.jpg\" class=\"attachment-scaled size-scaled\" alt=\"\" style=\"object-position: 50% 50%\" srcset=\"https:\/\/hoyre.no\/content\/uploads\/sites\/164\/2023\/06\/Janne-Merethe-Myrvang-52064425-scaled.jpg 2500w, https:\/\/hoyre.no\/content\/uploads\/sites\/164\/2023\/06\/Janne-Merethe-Myrvang-52064425-300x208.jpg 300w, https:\/\/hoyre.no\/content\/uploads\/sites\/164\/2023\/06\/Janne-Merethe-Myrvang-52064425-1024x708.jpg 1024w, https:\/\/hoyre.no\/content\/uploads\/sites\/164\/2023\/06\/Janne-Merethe-Myrvang-52064425-768x531.jpg 768w, https:\/\/hoyre.no\/content\/uploads\/sites\/164\/2023\/06\/Janne-Merethe-Myrvang-52064425-1536x1062.jpg 1536w, https:\/\/hoyre.no\/content\/uploads\/sites\/164\/2023\/06\/Janne-Merethe-Myrvang-52064425-2048x1417.jpg 2048w\" sizes=\"auto, (max-width: 2500px) 100vw, 2500px\" \/><\/div><\/figure><\/div><\/div>\n\n\n\n\n<p>Jeg er trebarnsmor og er utdannet intensivsykepleier. I l\u00f8pet av karrieren min har jeg v\u00e6rt FN soldat i Libanon, oppdrag for Leger uten grenser i utlandet, bemannet ambulansehelikopter, ambulanse, arbeidet i akuttmottak og ved intensivavdeling \u2013 det vil si det meste innen akuttmedisin. Etter ytterligere utdanning innen organisasjon og ledelse samt helserett og prosjektledelse, ble jeg headhuntet til en r\u00e5dgiverstilling ved Sykehuset \u00d8stfold. Blant oppgavene er all form for saksbehandling, prosjekter og ikke minst alt innen CBRN beredskap i sykehuset.<br>Jeg er f\u00f8dt og oppvokst i Oslo, men flyttet tidlig til familiens eiendom p\u00e5 Saltnes hvor jeg n\u00e5 bor.<br>Jeg engasjerte meg i lokalpolitikken for 4 \u00e5r siden og har v\u00e6rt varamedlem i kommunestyret og fast medlem i HOV-utvalget, i tillegg til ledervervet i R\u00e5de H\u00f8yre. Erfaringene jeg har gjort meg kommer godt med i den neste 4-\u00e5rs perioden.<br>Politikk er ikke bare fine ord, men konkrete oppgaver som omsettes i praksis til det beste for innbyggerne i kommunen v\u00e5r. For \u00e5 f\u00e5 til dette m\u00e5 vi lytte og omsette dette i praksis der vi kan. \u00c5 digitalisere saksbehandling innen byggesaker vil v\u00e6re en fin begynnelse. R\u00e5de kommune m\u00e5 ligge i forkant av eldreb\u00f8lgen og skape gode vilk\u00e5r for v\u00e5r \u00f8kende seniorgruppe. Jeg \u00f8nsker \u00e5 bidra til flere aktiviteter og treffsteder p\u00e5 Saltnes.<br>Jeg opplever H\u00f8yre i R\u00e5de som et godt team som vil det beste for bygda. Hvis du mener at jeg kan bidra i kommunestyret de neste fire \u00e5rene setter du et ekstra kryss ved navnet mitt.<\/p>\n\n\n\n\n<figure class=\"wp-block-image size-large\"><img loading=\"lazy\" decoding=\"async\" width=\"1024\" height=\"708\" src=\"https:\/\/hoyre.no\/content\/uploads\/sites\/164\/2023\/06\/Janne-Merethe-Myrvang-52064425-1024x708.jpg\" alt=\"\" class=\"wp-image-255\" srcset=\"https:\/\/hoyre.no\/content\/uploads\/sites\/164\/2023\/06\/Janne-Merethe-Myrvang-52064425-1024x708.jpg 1024w, https:\/\/hoyre.no\/content\/uploads\/sites\/164\/2023\/06\/Janne-Merethe-Myrvang-52064425-300x208.jpg 300w, https:\/\/hoyre.no\/content\/uploads\/sites\/164\/2023\/06\/Janne-Merethe-Myrvang-52064425-768x531.jpg 768w, https:\/\/hoyre.no\/content\/uploads\/sites\/164\/2023\/06\/Janne-Merethe-Myrvang-52064425-1536x1062.jpg 1536w, https:\/\/hoyre.no\/content\/uploads\/sites\/164\/2023\/06\/Janne-Merethe-Myrvang-52064425-2048x1417.jpg 2048w\" sizes=\"auto, (max-width: 1024px) 100vw, 1024px\" \/><\/figure>\n","protected":false},"excerpt":{"rendered":"","protected":false},"author":15871,"featured_media":0,"parent":0,"menu_order":0,"comment_status":"closed","ping_status":"closed","template":"","meta":{"teft_cards_image_url":"","teft_cards_custom_pretitle":"","teft_cards_image_id":255,"teft_cards_image_focal_point_x":0.5,"teft_cards_image_focal_point_y":0.5,"teft_cards_title":"","teft_cards_excerpt":"","teft_show_chapters":false,"footnotes":""},"class_list":["post-290","page","type-page","status-publish","hentry"],"yoast_head":"<!-- This site is optimized with the Yoast SEO plugin v26.6 - https:\/\/yoast.com\/wordpress\/plugins\/seo\/ -->\n<title>Janne Myrvang 2023 - 2027 - R\u00e5de H\u00f8yre<\/title>\n<meta name=\"robots\" content=\"index, follow, max-snippet:-1, max-image-preview:large, max-video-preview:-1\" \/>\n<link rel=\"canonical\" href=\"https:\/\/hoyre.no\/rade\/janne-myrvang-2023-2027\/\" \/>\n<meta property=\"og:locale\" content=\"nb_NO\" \/>\n<meta property=\"og:type\" content=\"article\" \/>\n<meta property=\"og:title\" content=\"Janne Myrvang 2023 - 2027 - R\u00e5de H\u00f8yre\" \/>\n<meta property=\"og:url\" content=\"https:\/\/hoyre.no\/rade\/janne-myrvang-2023-2027\/\" \/>\n<meta property=\"og:site_name\" content=\"R\u00e5de H\u00f8yre\" \/>\n<meta property=\"article:modified_time\" content=\"2023-06-12T17:06:50+00:00\" \/>\n<meta property=\"og:image\" content=\"https:\/\/hoyre.no\/content\/uploads\/sites\/164\/2023\/06\/Janne-Merethe-Myrvang-52064425-1024x708.jpg\" \/>\n<meta name=\"twitter:card\" content=\"summary_large_image\" \/>\n<meta name=\"twitter:label1\" content=\"Ansl. lesetid\" \/>\n\t<meta name=\"twitter:data1\" content=\"2 minutter\" \/>\n<script type=\"application\/ld+json\" class=\"yoast-schema-graph\">{\"@context\":\"https:\/\/schema.org\",\"@graph\":[{\"@type\":\"WebPage\",\"@id\":\"https:\/\/hoyre.no\/rade\/janne-myrvang-2023-2027\/\",\"url\":\"https:\/\/hoyre.no\/rade\/janne-myrvang-2023-2027\/\",\"name\":\"Janne Myrvang 2023 - 2027 - R\u00e5de H\u00f8yre\",\"isPartOf\":{\"@id\":\"https:\/\/hoyre.no\/rade\/#website\"},\"image\":{\"@id\":\"https:\/\/hoyre.no\/rade\/janne-myrvang-2023-2027\/#primaryimage\"},\"thumbnailUrl\":\"https:\/\/hoyre.no\/content\/uploads\/sites\/164\/2023\/06\/Janne-Merethe-Myrvang-52064425-1024x708.jpg\",\"datePublished\":\"2023-06-04T17:59:19+00:00\",\"dateModified\":\"2023-06-12T17:06:50+00:00\",\"breadcrumb\":{\"@id\":\"https:\/\/hoyre.no\/rade\/janne-myrvang-2023-2027\/#breadcrumb\"},\"inLanguage\":\"nb-NO\",\"potentialAction\":[{\"@type\":\"ReadAction\",\"target\":[\"https:\/\/hoyre.no\/rade\/janne-myrvang-2023-2027\/\"]}]},{\"@type\":\"ImageObject\",\"inLanguage\":\"nb-NO\",\"@id\":\"https:\/\/hoyre.no\/rade\/janne-myrvang-2023-2027\/#primaryimage\",\"url\":\"https:\/\/hoyre.no\/content\/uploads\/sites\/164\/2023\/06\/Janne-Merethe-Myrvang-52064425-1024x708.jpg\",\"contentUrl\":\"https:\/\/hoyre.no\/content\/uploads\/sites\/164\/2023\/06\/Janne-Merethe-Myrvang-52064425-1024x708.jpg\"},{\"@type\":\"BreadcrumbList\",\"@id\":\"https:\/\/hoyre.no\/rade\/janne-myrvang-2023-2027\/#breadcrumb\",\"itemListElement\":[{\"@type\":\"ListItem\",\"position\":1,\"name\":\"Til hoyre.no\",\"item\":\"https:\/\/hoyre.no\"},{\"@type\":\"ListItem\",\"position\":2,\"name\":\"Hjem\",\"item\":\"https:\/\/hoyre.no\/rade\/\"},{\"@type\":\"ListItem\",\"position\":3,\"name\":\"Janne Myrvang 2023 &#8211; 2027\"}]},{\"@type\":\"WebSite\",\"@id\":\"https:\/\/hoyre.no\/rade\/#website\",\"url\":\"https:\/\/hoyre.no\/rade\/\",\"name\":\"R\u00e5de H\u00f8yre\",\"description\":\"Bare enda et H\u00f8yres nettsteder-nettsted\",\"inLanguage\":\"nb-NO\"}]}<\/script>\n<!-- \/ Yoast SEO plugin. -->","yoast_head_json":{"title":"Janne Myrvang 2023 - 2027 - R\u00e5de H\u00f8yre","robots":{"index":"index","follow":"follow","max-snippet":"max-snippet:-1","max-image-preview":"max-image-preview:large","max-video-preview":"max-video-preview:-1"},"canonical":"https:\/\/hoyre.no\/rade\/janne-myrvang-2023-2027\/","og_locale":"nb_NO","og_type":"article","og_title":"Janne Myrvang 2023 - 2027 - R\u00e5de H\u00f8yre","og_url":"https:\/\/hoyre.no\/rade\/janne-myrvang-2023-2027\/","og_site_name":"R\u00e5de H\u00f8yre","article_modified_time":"2023-06-12T17:06:50+00:00","og_image":[{"url":"https:\/\/hoyre.no\/content\/uploads\/sites\/164\/2023\/06\/Janne-Merethe-Myrvang-52064425-1024x708.jpg","width":"","height":"","type":""}],"twitter_card":"summary_large_image","twitter_misc":{"Ansl. lesetid":"2 minutter"},"schema":{"@context":"https:\/\/schema.org","@graph":[{"@type":"WebPage","@id":"https:\/\/hoyre.no\/rade\/janne-myrvang-2023-2027\/","url":"https:\/\/hoyre.no\/rade\/janne-myrvang-2023-2027\/","name":"Janne Myrvang 2023 - 2027 - R\u00e5de H\u00f8yre","isPartOf":{"@id":"https:\/\/hoyre.no\/rade\/#website"},"image":{"@id":"https:\/\/hoyre.no\/rade\/janne-myrvang-2023-2027\/#primaryimage"},"thumbnailUrl":"https:\/\/hoyre.no\/content\/uploads\/sites\/164\/2023\/06\/Janne-Merethe-Myrvang-52064425-1024x708.jpg","datePublished":"2023-06-04T17:59:19+00:00","dateModified":"2023-06-12T17:06:50+00:00","breadcrumb":{"@id":"https:\/\/hoyre.no\/rade\/janne-myrvang-2023-2027\/#breadcrumb"},"inLanguage":"nb-NO","potentialAction":[{"@type":"ReadAction","target":["https:\/\/hoyre.no\/rade\/janne-myrvang-2023-2027\/"]}]},{"@type":"ImageObject","inLanguage":"nb-NO","@id":"https:\/\/hoyre.no\/rade\/janne-myrvang-2023-2027\/#primaryimage","url":"https:\/\/hoyre.no\/content\/uploads\/sites\/164\/2023\/06\/Janne-Merethe-Myrvang-52064425-1024x708.jpg","contentUrl":"https:\/\/hoyre.no\/content\/uploads\/sites\/164\/2023\/06\/Janne-Merethe-Myrvang-52064425-1024x708.jpg"},{"@type":"BreadcrumbList","@id":"https:\/\/hoyre.no\/rade\/janne-myrvang-2023-2027\/#breadcrumb","itemListElement":[{"@type":"ListItem","position":1,"name":"Til hoyre.no","item":"https:\/\/hoyre.no"},{"@type":"ListItem","position":2,"name":"Hjem","item":"https:\/\/hoyre.no\/rade\/"},{"@type":"ListItem","position":3,"name":"Janne Myrvang 2023 &#8211; 2027"}]},{"@type":"WebSite","@id":"https:\/\/hoyre.no\/rade\/#website","url":"https:\/\/hoyre.no\/rade\/","name":"R\u00e5de H\u00f8yre","description":"Bare enda et H\u00f8yres nettsteder-nettsted","inLanguage":"nb-NO"}]}},"distributor_meta":false,"distributor_terms":false,"distributor_media":false,"distributor_original_site_name":"R\u00e5de H\u00f8yre","distributor_original_site_url":"https:\/\/hoyre.no\/rade","push-errors":false,"_links":{"self":[{"href":"https:\/\/hoyre.no\/rade\/wp-json\/wp\/v2\/pages\/290","targetHints":{"allow":["GET"]}}],"collection":[{"href":"https:\/\/hoyre.no\/rade\/wp-json\/wp\/v2\/pages"}],"about":[{"href":"https:\/\/hoyre.no\/rade\/wp-json\/wp\/v2\/types\/page"}],"author":[{"embeddable":true,"href":"https:\/\/hoyre.no\/rade\/wp-json\/wp\/v2\/users\/15871"}],"replies":[{"embeddable":true,"href":"https:\/\/hoyre.no\/rade\/wp-json\/wp\/v2\/comments?post=290"}],"version-history":[{"count":4,"href":"https:\/\/hoyre.no\/rade\/wp-json\/wp\/v2\/pages\/290\/revisions"}],"predecessor-version":[{"id":420,"href":"https:\/\/hoyre.no\/rade\/wp-json\/wp\/v2\/pages\/290\/revisions\/420"}],"wp:attachment":[{"href":"https:\/\/hoyre.no\/rade\/wp-json\/wp\/v2\/media?parent=290"}],"curies":[{"name":"wp","href":"https:\/\/api.w.org\/{rel}","templated":true}]}}