{"id":314,"date":"2023-06-04T20:35:52","date_gmt":"2023-06-04T18:35:52","guid":{"rendered":"https:\/\/hoyre.no\/rade\/?page_id=314"},"modified":"2023-06-12T18:25:58","modified_gmt":"2023-06-12T16:25:58","slug":"per-kristian-andreassen-2023-2027","status":"publish","type":"page","link":"https:\/\/hoyre.no\/rade\/per-kristian-andreassen-2023-2027\/","title":{"rendered":"Per Kristian Andreassen 2023 &#8211; 2027"},"content":{"rendered":"\n<div class=\"wp-block-hoyre-hero with-image-gradient text-color-light  has-media alignfull has-background\"><div class=\"hoyre-hero has-image\"><h1 class=\"title\">Kommunen er til for innbyggerne<\/h1><p class=\"preamble\">Lokalt engasjement ligger mitt hjerte n\u00e6r. Som individer og via foreninger kan vi alle bidra til \u00e5 gj\u00f8re lokalsamfunnet v\u00e5rt bedre<\/p>\t\t\t<div class=\"post-meta wp-block teft-byline-wrapper\">\n\t\t\t\t<div class=\"top\">\n\t\t\t\t\t<div class=\"signature\">\n\t\t\t\t\t\t<div class=\"teft-byline\">\n\t\t\t\t\t\t\t\t\t\t\t\t\t\t<div>\n\t\t\t\t\t\t\t\t<h3>H\u00f8yres redaksjon<\/h3>\t\t\t\t\t\t\t\t\n\t\t\t\t\t\t\t\t\t\t\t\t\t\t\t\t\t<span class=\"date\">Sist oppdatert: 12. juni 2023<\/span>\n\t\t\t\t\t\t\t\t\t\t\t\t\t\t\t\t\t\t\t\t\t\t\t\t\t<span class=\"reading-time\" itemprop=\"timeRequired\" content=\"PT1M\"><em>Ca. 1 minutter lesetid<\/em><\/span>\n\t\t\t\t\t\t\t\t\t\t\t\t\t\t\t<\/div>\n\t\t\t\t\t\t<\/div>\n\t\t\t\t\t<\/div>\n\t\t\t\t\t\t<div class=\"sharing\">\n\t\t<a class=\"share-button share-link copy-link\" data-copy=\"https:\/\/hoyre.no\/rade\/per-kristian-andreassen-2023-2027\/\" target=\"_blank\"><span class=\"screen-reader-text\">Del link<\/span><\/a>\n\t\t<a class=\"share-button share-twitter\" href=\"http:\/\/twitter.com\/share?text=Per Kristian Andreassen 2023 &#8211; 2027&#038;url=https:\/\/hoyre.no\/rade\/per-kristian-andreassen-2023-2027\/&#038;hashtags=Hoyre\" target=\"_blank\"><span class=\"screen-reader-text\">Del p\u00e5 twitter<\/span><\/a>\n\t\t<a class=\"share-button share-facebook\" href=\"https:\/\/www.facebook.com\/sharer\/sharer.php?u=https:\/\/hoyre.no\/rade\/per-kristian-andreassen-2023-2027\/\" target=\"_blank\"><span class=\"screen-reader-text\">Del p\u00e5 facebook<\/span><\/a>\n\t<\/div>\n\t\t\t\t\t<\/div>\n\t\t\t<\/div>\n\n\t\t\t<figure class=\"hoyre-image-wrapper\"><div class=\"hoyre-image\"><img loading=\"lazy\" decoding=\"async\" width=\"2500\" height=\"1763\" src=\"https:\/\/hoyre.no\/content\/uploads\/sites\/164\/2023\/06\/Per-Kristian-Andreassen-52191905-scaled.jpg\" class=\"attachment-scaled size-scaled\" alt=\"\" style=\"object-position: 50% 50%\" srcset=\"https:\/\/hoyre.no\/content\/uploads\/sites\/164\/2023\/06\/Per-Kristian-Andreassen-52191905-scaled.jpg 2500w, https:\/\/hoyre.no\/content\/uploads\/sites\/164\/2023\/06\/Per-Kristian-Andreassen-52191905-300x212.jpg 300w, https:\/\/hoyre.no\/content\/uploads\/sites\/164\/2023\/06\/Per-Kristian-Andreassen-52191905-1024x722.jpg 1024w, https:\/\/hoyre.no\/content\/uploads\/sites\/164\/2023\/06\/Per-Kristian-Andreassen-52191905-768x542.jpg 768w, https:\/\/hoyre.no\/content\/uploads\/sites\/164\/2023\/06\/Per-Kristian-Andreassen-52191905-1536x1083.jpg 1536w, https:\/\/hoyre.no\/content\/uploads\/sites\/164\/2023\/06\/Per-Kristian-Andreassen-52191905-2048x1444.jpg 2048w\" sizes=\"auto, (max-width: 2500px) 100vw, 2500px\" \/><\/div><\/figure><\/div><\/div>\n\n\n\n\n<p>Jeg engasjerte meg tidlig i lokalmilj\u00f8et som mange\u00e5rig leder av Missingen velforening. Dette engasjementet \u00f8nsker jeg \u00e5 ta med meg inn i lokalpolitikken. Jeg er f\u00f8dt og oppvokst i Fredrikstad og flyttet til R\u00e5de i 2007 etter studier, og bor p\u00e5 Missingmyr med kone og to barn. Fritiden tilbringes i stor grad med oppf\u00f8lging av barn, og jeg er selv aktiv i korps.<\/p>\n\n\n\n<p>Gjennom velforeningen er det s\u00e6rlig gang\/sykkelsti og n\u00e6rmilj\u00f8anlegg som er synlige resultater av arbeidet. Dette er lange og tunge prosesser, men med st\u00e5-p\u00e5 vilje kommer man langt og jeg ser frem til ferdigstillelse av dette og lignende tiltak. I kommunen har vi relativt spredt bebyggelse og jeg vil jobbe for at alle f\u00f8ler seg som en del av kommunen med gode oppvekst og levevilk\u00e5r.<\/p>\n\n\n\n<p>Jeg mener at kommunen skal v\u00e6re en serviceorganisasjon som det er enkelt \u00e5 komme i kontakt med og som f\u00f8lger opp stort og sm\u00e5tt. Det er et ansvar som hviler p\u00e5 b\u00e5de folkevalgte og ansatte.<\/p>\n\n\n\n<p>Jeg har ikke v\u00e6rt politisk aktiv tidligere, men n\u00e5r jeg ble kjent med sv\u00e6rt engasjerte mennesker i H\u00f8yre, var det enkelt \u00e5 bli med p\u00e5 laget. H\u00f8yre har vist seg som et godt styringsparti og jeg gleder meg til \u00e5 bidra.<\/p>\n\n\n\n\n<figure class=\"wp-block-image size-large\"><img loading=\"lazy\" decoding=\"async\" width=\"1024\" height=\"722\" src=\"https:\/\/hoyre.no\/content\/uploads\/sites\/164\/2023\/06\/Per-Kristian-Andreassen-52191905-1024x722.jpg\" alt=\"\" class=\"wp-image-264\" srcset=\"https:\/\/hoyre.no\/content\/uploads\/sites\/164\/2023\/06\/Per-Kristian-Andreassen-52191905-1024x722.jpg 1024w, https:\/\/hoyre.no\/content\/uploads\/sites\/164\/2023\/06\/Per-Kristian-Andreassen-52191905-300x212.jpg 300w, https:\/\/hoyre.no\/content\/uploads\/sites\/164\/2023\/06\/Per-Kristian-Andreassen-52191905-768x542.jpg 768w, https:\/\/hoyre.no\/content\/uploads\/sites\/164\/2023\/06\/Per-Kristian-Andreassen-52191905-1536x1083.jpg 1536w, https:\/\/hoyre.no\/content\/uploads\/sites\/164\/2023\/06\/Per-Kristian-Andreassen-52191905-2048x1444.jpg 2048w\" sizes=\"auto, (max-width: 1024px) 100vw, 1024px\" \/><\/figure>\n","protected":false},"excerpt":{"rendered":"","protected":false},"author":15871,"featured_media":0,"parent":0,"menu_order":0,"comment_status":"closed","ping_status":"closed","template":"","meta":{"teft_cards_image_url":"","teft_cards_custom_pretitle":"","teft_cards_image_id":264,"teft_cards_image_focal_point_x":0.5,"teft_cards_image_focal_point_y":0.5,"teft_cards_title":"","teft_cards_excerpt":"","teft_show_chapters":false,"footnotes":""},"class_list":["post-314","page","type-page","status-publish","hentry"],"yoast_head":"<!-- This site is optimized with the Yoast SEO plugin v26.6 - https:\/\/yoast.com\/wordpress\/plugins\/seo\/ -->\n<title>Per Kristian Andreassen 2023 - 2027 - R\u00e5de H\u00f8yre<\/title>\n<meta name=\"robots\" content=\"index, follow, max-snippet:-1, max-image-preview:large, max-video-preview:-1\" \/>\n<link rel=\"canonical\" href=\"https:\/\/hoyre.no\/rade\/per-kristian-andreassen-2023-2027\/\" \/>\n<meta property=\"og:locale\" content=\"nb_NO\" \/>\n<meta property=\"og:type\" content=\"article\" \/>\n<meta property=\"og:title\" content=\"Per Kristian Andreassen 2023 - 2027 - R\u00e5de H\u00f8yre\" \/>\n<meta property=\"og:url\" content=\"https:\/\/hoyre.no\/rade\/per-kristian-andreassen-2023-2027\/\" \/>\n<meta property=\"og:site_name\" content=\"R\u00e5de H\u00f8yre\" \/>\n<meta property=\"article:modified_time\" content=\"2023-06-12T16:25:58+00:00\" \/>\n<meta property=\"og:image\" content=\"https:\/\/hoyre.no\/content\/uploads\/sites\/164\/2023\/06\/Per-Kristian-Andreassen-52191905-1024x722.jpg\" \/>\n<meta name=\"twitter:card\" content=\"summary_large_image\" \/>\n<meta name=\"twitter:label1\" content=\"Ansl. lesetid\" \/>\n\t<meta name=\"twitter:data1\" content=\"2 minutter\" \/>\n<script type=\"application\/ld+json\" class=\"yoast-schema-graph\">{\"@context\":\"https:\/\/schema.org\",\"@graph\":[{\"@type\":\"WebPage\",\"@id\":\"https:\/\/hoyre.no\/rade\/per-kristian-andreassen-2023-2027\/\",\"url\":\"https:\/\/hoyre.no\/rade\/per-kristian-andreassen-2023-2027\/\",\"name\":\"Per Kristian Andreassen 2023 - 2027 - R\u00e5de H\u00f8yre\",\"isPartOf\":{\"@id\":\"https:\/\/hoyre.no\/rade\/#website\"},\"image\":{\"@id\":\"https:\/\/hoyre.no\/rade\/per-kristian-andreassen-2023-2027\/#primaryimage\"},\"thumbnailUrl\":\"https:\/\/hoyre.no\/content\/uploads\/sites\/164\/2023\/06\/Per-Kristian-Andreassen-52191905-1024x722.jpg\",\"datePublished\":\"2023-06-04T18:35:52+00:00\",\"dateModified\":\"2023-06-12T16:25:58+00:00\",\"breadcrumb\":{\"@id\":\"https:\/\/hoyre.no\/rade\/per-kristian-andreassen-2023-2027\/#breadcrumb\"},\"inLanguage\":\"nb-NO\",\"potentialAction\":[{\"@type\":\"ReadAction\",\"target\":[\"https:\/\/hoyre.no\/rade\/per-kristian-andreassen-2023-2027\/\"]}]},{\"@type\":\"ImageObject\",\"inLanguage\":\"nb-NO\",\"@id\":\"https:\/\/hoyre.no\/rade\/per-kristian-andreassen-2023-2027\/#primaryimage\",\"url\":\"https:\/\/hoyre.no\/content\/uploads\/sites\/164\/2023\/06\/Per-Kristian-Andreassen-52191905-1024x722.jpg\",\"contentUrl\":\"https:\/\/hoyre.no\/content\/uploads\/sites\/164\/2023\/06\/Per-Kristian-Andreassen-52191905-1024x722.jpg\"},{\"@type\":\"BreadcrumbList\",\"@id\":\"https:\/\/hoyre.no\/rade\/per-kristian-andreassen-2023-2027\/#breadcrumb\",\"itemListElement\":[{\"@type\":\"ListItem\",\"position\":1,\"name\":\"Til hoyre.no\",\"item\":\"https:\/\/hoyre.no\"},{\"@type\":\"ListItem\",\"position\":2,\"name\":\"Hjem\",\"item\":\"https:\/\/hoyre.no\/rade\/\"},{\"@type\":\"ListItem\",\"position\":3,\"name\":\"Per Kristian Andreassen 2023 &#8211; 2027\"}]},{\"@type\":\"WebSite\",\"@id\":\"https:\/\/hoyre.no\/rade\/#website\",\"url\":\"https:\/\/hoyre.no\/rade\/\",\"name\":\"R\u00e5de H\u00f8yre\",\"description\":\"Bare enda et H\u00f8yres nettsteder-nettsted\",\"inLanguage\":\"nb-NO\"}]}<\/script>\n<!-- \/ Yoast SEO plugin. -->","yoast_head_json":{"title":"Per Kristian Andreassen 2023 - 2027 - R\u00e5de H\u00f8yre","robots":{"index":"index","follow":"follow","max-snippet":"max-snippet:-1","max-image-preview":"max-image-preview:large","max-video-preview":"max-video-preview:-1"},"canonical":"https:\/\/hoyre.no\/rade\/per-kristian-andreassen-2023-2027\/","og_locale":"nb_NO","og_type":"article","og_title":"Per Kristian Andreassen 2023 - 2027 - R\u00e5de H\u00f8yre","og_url":"https:\/\/hoyre.no\/rade\/per-kristian-andreassen-2023-2027\/","og_site_name":"R\u00e5de H\u00f8yre","article_modified_time":"2023-06-12T16:25:58+00:00","og_image":[{"url":"https:\/\/hoyre.no\/content\/uploads\/sites\/164\/2023\/06\/Per-Kristian-Andreassen-52191905-1024x722.jpg","width":"","height":"","type":""}],"twitter_card":"summary_large_image","twitter_misc":{"Ansl. lesetid":"2 minutter"},"schema":{"@context":"https:\/\/schema.org","@graph":[{"@type":"WebPage","@id":"https:\/\/hoyre.no\/rade\/per-kristian-andreassen-2023-2027\/","url":"https:\/\/hoyre.no\/rade\/per-kristian-andreassen-2023-2027\/","name":"Per Kristian Andreassen 2023 - 2027 - R\u00e5de H\u00f8yre","isPartOf":{"@id":"https:\/\/hoyre.no\/rade\/#website"},"image":{"@id":"https:\/\/hoyre.no\/rade\/per-kristian-andreassen-2023-2027\/#primaryimage"},"thumbnailUrl":"https:\/\/hoyre.no\/content\/uploads\/sites\/164\/2023\/06\/Per-Kristian-Andreassen-52191905-1024x722.jpg","datePublished":"2023-06-04T18:35:52+00:00","dateModified":"2023-06-12T16:25:58+00:00","breadcrumb":{"@id":"https:\/\/hoyre.no\/rade\/per-kristian-andreassen-2023-2027\/#breadcrumb"},"inLanguage":"nb-NO","potentialAction":[{"@type":"ReadAction","target":["https:\/\/hoyre.no\/rade\/per-kristian-andreassen-2023-2027\/"]}]},{"@type":"ImageObject","inLanguage":"nb-NO","@id":"https:\/\/hoyre.no\/rade\/per-kristian-andreassen-2023-2027\/#primaryimage","url":"https:\/\/hoyre.no\/content\/uploads\/sites\/164\/2023\/06\/Per-Kristian-Andreassen-52191905-1024x722.jpg","contentUrl":"https:\/\/hoyre.no\/content\/uploads\/sites\/164\/2023\/06\/Per-Kristian-Andreassen-52191905-1024x722.jpg"},{"@type":"BreadcrumbList","@id":"https:\/\/hoyre.no\/rade\/per-kristian-andreassen-2023-2027\/#breadcrumb","itemListElement":[{"@type":"ListItem","position":1,"name":"Til hoyre.no","item":"https:\/\/hoyre.no"},{"@type":"ListItem","position":2,"name":"Hjem","item":"https:\/\/hoyre.no\/rade\/"},{"@type":"ListItem","position":3,"name":"Per Kristian Andreassen 2023 &#8211; 2027"}]},{"@type":"WebSite","@id":"https:\/\/hoyre.no\/rade\/#website","url":"https:\/\/hoyre.no\/rade\/","name":"R\u00e5de H\u00f8yre","description":"Bare enda et H\u00f8yres nettsteder-nettsted","inLanguage":"nb-NO"}]}},"distributor_meta":false,"distributor_terms":false,"distributor_media":false,"distributor_original_site_name":"R\u00e5de H\u00f8yre","distributor_original_site_url":"https:\/\/hoyre.no\/rade","push-errors":false,"_links":{"self":[{"href":"https:\/\/hoyre.no\/rade\/wp-json\/wp\/v2\/pages\/314","targetHints":{"allow":["GET"]}}],"collection":[{"href":"https:\/\/hoyre.no\/rade\/wp-json\/wp\/v2\/pages"}],"about":[{"href":"https:\/\/hoyre.no\/rade\/wp-json\/wp\/v2\/types\/page"}],"author":[{"embeddable":true,"href":"https:\/\/hoyre.no\/rade\/wp-json\/wp\/v2\/users\/15871"}],"replies":[{"embeddable":true,"href":"https:\/\/hoyre.no\/rade\/wp-json\/wp\/v2\/comments?post=314"}],"version-history":[{"count":2,"href":"https:\/\/hoyre.no\/rade\/wp-json\/wp\/v2\/pages\/314\/revisions"}],"predecessor-version":[{"id":384,"href":"https:\/\/hoyre.no\/rade\/wp-json\/wp\/v2\/pages\/314\/revisions\/384"}],"wp:attachment":[{"href":"https:\/\/hoyre.no\/rade\/wp-json\/wp\/v2\/media?parent=314"}],"curies":[{"name":"wp","href":"https:\/\/api.w.org\/{rel}","templated":true}]}}