{"id":325,"date":"2023-06-04T20:48:03","date_gmt":"2023-06-04T18:48:03","guid":{"rendered":"https:\/\/hoyre.no\/rade\/?page_id=325"},"modified":"2023-06-12T18:30:44","modified_gmt":"2023-06-12T16:30:44","slug":"kjell-andre-holstad-aasheim-2023-2027","status":"publish","type":"page","link":"https:\/\/hoyre.no\/rade\/kjell-andre-holstad-aasheim-2023-2027\/","title":{"rendered":"Kjell Andre Holstad Aasheim 2023 &#8211; 2027"},"content":{"rendered":"\n<div class=\"wp-block-hoyre-hero with-image-gradient text-color-light  has-media alignfull has-background\"><div class=\"hoyre-hero has-image\"><h1 class=\"title\">Vi trenger et nytt Kulturhus i Karlshus!<\/h1><p class=\"preamble\">Et signalbygg, Kulturhus, Langhus, midt i Karlshus sentrum vil v\u00e6re bra for oss alle sammen og samtidig tiltrekke oss nye R\u00e5defolk!<\/p>\t\t\t<div class=\"post-meta wp-block teft-byline-wrapper\">\n\t\t\t\t<div class=\"top\">\n\t\t\t\t\t<div class=\"signature\">\n\t\t\t\t\t\t<div class=\"teft-byline\">\n\t\t\t\t\t\t\t\t\t\t\t\t\t\t<div>\n\t\t\t\t\t\t\t\t<h3>H\u00f8yres redaksjon<\/h3>\t\t\t\t\t\t\t\t\n\t\t\t\t\t\t\t\t\t\t\t\t\t\t\t\t\t<span class=\"date\">Sist oppdatert: 12. juni 2023<\/span>\n\t\t\t\t\t\t\t\t\t\t\t\t\t\t\t\t\t\t\t\t\t\t\t\t\t<span class=\"reading-time\" itemprop=\"timeRequired\" content=\"PT1M\"><em>Ca. 1 minutter lesetid<\/em><\/span>\n\t\t\t\t\t\t\t\t\t\t\t\t\t\t\t<\/div>\n\t\t\t\t\t\t<\/div>\n\t\t\t\t\t<\/div>\n\t\t\t\t\t\t<div class=\"sharing\">\n\t\t<a class=\"share-button share-link copy-link\" data-copy=\"https:\/\/hoyre.no\/rade\/kjell-andre-holstad-aasheim-2023-2027\/\" target=\"_blank\"><span class=\"screen-reader-text\">Del link<\/span><\/a>\n\t\t<a class=\"share-button share-twitter\" href=\"http:\/\/twitter.com\/share?text=Kjell Andre Holstad Aasheim 2023 &#8211; 2027&#038;url=https:\/\/hoyre.no\/rade\/kjell-andre-holstad-aasheim-2023-2027\/&#038;hashtags=Hoyre\" target=\"_blank\"><span class=\"screen-reader-text\">Del p\u00e5 twitter<\/span><\/a>\n\t\t<a class=\"share-button share-facebook\" href=\"https:\/\/www.facebook.com\/sharer\/sharer.php?u=https:\/\/hoyre.no\/rade\/kjell-andre-holstad-aasheim-2023-2027\/\" target=\"_blank\"><span class=\"screen-reader-text\">Del p\u00e5 facebook<\/span><\/a>\n\t<\/div>\n\t\t\t\t\t<\/div>\n\t\t\t<\/div>\n\n\t\t\t<figure class=\"hoyre-image-wrapper\"><div class=\"hoyre-image\"><img loading=\"lazy\" decoding=\"async\" width=\"1772\" height=\"1181\" src=\"https:\/\/hoyre.no\/content\/uploads\/sites\/164\/2023\/06\/Kjell-Andre-Holstad-Aasheim-52072469.jpg\" class=\"attachment-scaled size-scaled\" alt=\"\" style=\"object-position: 50% 50%\" srcset=\"https:\/\/hoyre.no\/content\/uploads\/sites\/164\/2023\/06\/Kjell-Andre-Holstad-Aasheim-52072469.jpg 1772w, https:\/\/hoyre.no\/content\/uploads\/sites\/164\/2023\/06\/Kjell-Andre-Holstad-Aasheim-52072469-300x200.jpg 300w, https:\/\/hoyre.no\/content\/uploads\/sites\/164\/2023\/06\/Kjell-Andre-Holstad-Aasheim-52072469-1024x682.jpg 1024w, https:\/\/hoyre.no\/content\/uploads\/sites\/164\/2023\/06\/Kjell-Andre-Holstad-Aasheim-52072469-768x512.jpg 768w, https:\/\/hoyre.no\/content\/uploads\/sites\/164\/2023\/06\/Kjell-Andre-Holstad-Aasheim-52072469-1536x1024.jpg 1536w\" sizes=\"auto, (max-width: 1772px) 100vw, 1772px\" \/><\/div><\/figure><\/div><\/div>\n\n\n\n\n<p>Jeg har g\u00e5tt p\u00e5 skole i Norge og USA, og sett hvordan mennesker fra ulike kulturer fint kan leve sammen. P\u00e5 Universitetet jeg gikk p\u00e5 i Florida (der jeg tok en MBA) s\u00e5 var vi studenter fra 69 forskjellige land. Og det var fint \u00e5 se hvordan vi alle fungerte sammen! Det spiller ingen rolle hvor i verden du kommer fra, vi er bare mennesker, med menneskelige behov. Vi vil bare bli beriket med ny informasjon om hvordan de andre kulturene fungerer hvis vi kommer fra ulike land. &nbsp;<\/p>\n\n\n\n<p>Jeg har samboer, to flotte jenter p\u00e5 16 og 18 \u00e5r og en hund. Jeg er fra R\u00e5de og har bodd i R\u00e5de hele livet unntatt skolegang og litt jobb andre steder. Fritidsaktiviteter er \u00f8l, noe jeg ogs\u00e5 jobber med.<\/p>\n\n\n\n<p>Jeg har v\u00e6rt med i politikken i R\u00e5de i 12 \u00e5r og har sittet i Kommunestyret, Formannskapet og den gang; Utvalg for Teknikk (n\u00e5 Samfunnsutvalget). Sentrumsplanen er noe vi har jobbet med i mange \u00e5r og som n\u00e5 er ferdig. Det blir spennende \u00e5 se hvordan Karlshus sentrum vil utvikle seg de neste \u00e5rene. Jeg h\u00e5per sentrum vil bli et sted hvor folk kan m\u00f8tes, snakke sammen, ha det g\u00f8y og utveksle erfaringer.<\/p>\n\n\n\n\n<figure class=\"wp-block-image size-large\"><img loading=\"lazy\" decoding=\"async\" width=\"1024\" height=\"682\" src=\"https:\/\/hoyre.no\/content\/uploads\/sites\/164\/2023\/06\/Kjell-Andre-Holstad-Aasheim-52072469-1024x682.jpg\" alt=\"\" class=\"wp-image-268\" srcset=\"https:\/\/hoyre.no\/content\/uploads\/sites\/164\/2023\/06\/Kjell-Andre-Holstad-Aasheim-52072469-1024x682.jpg 1024w, https:\/\/hoyre.no\/content\/uploads\/sites\/164\/2023\/06\/Kjell-Andre-Holstad-Aasheim-52072469-300x200.jpg 300w, https:\/\/hoyre.no\/content\/uploads\/sites\/164\/2023\/06\/Kjell-Andre-Holstad-Aasheim-52072469-768x512.jpg 768w, https:\/\/hoyre.no\/content\/uploads\/sites\/164\/2023\/06\/Kjell-Andre-Holstad-Aasheim-52072469-1536x1024.jpg 1536w, https:\/\/hoyre.no\/content\/uploads\/sites\/164\/2023\/06\/Kjell-Andre-Holstad-Aasheim-52072469.jpg 1772w\" sizes=\"auto, (max-width: 1024px) 100vw, 1024px\" \/><\/figure>\n","protected":false},"excerpt":{"rendered":"","protected":false},"author":15871,"featured_media":0,"parent":0,"menu_order":0,"comment_status":"closed","ping_status":"closed","template":"","meta":{"teft_cards_image_url":"","teft_cards_custom_pretitle":"","teft_cards_image_id":268,"teft_cards_image_focal_point_x":0.5,"teft_cards_image_focal_point_y":0.5,"teft_cards_title":"","teft_cards_excerpt":"","teft_show_chapters":false,"footnotes":""},"class_list":["post-325","page","type-page","status-publish","hentry"],"yoast_head":"<!-- This site is optimized with the Yoast SEO plugin v26.6 - https:\/\/yoast.com\/wordpress\/plugins\/seo\/ -->\n<title>Kjell Andre Holstad Aasheim 2023 - 2027 - R\u00e5de H\u00f8yre<\/title>\n<meta name=\"robots\" content=\"index, follow, max-snippet:-1, max-image-preview:large, max-video-preview:-1\" \/>\n<link rel=\"canonical\" href=\"https:\/\/hoyre.no\/rade\/kjell-andre-holstad-aasheim-2023-2027\/\" \/>\n<meta property=\"og:locale\" content=\"nb_NO\" \/>\n<meta property=\"og:type\" content=\"article\" \/>\n<meta property=\"og:title\" content=\"Kjell Andre Holstad Aasheim 2023 - 2027 - R\u00e5de H\u00f8yre\" \/>\n<meta property=\"og:url\" content=\"https:\/\/hoyre.no\/rade\/kjell-andre-holstad-aasheim-2023-2027\/\" \/>\n<meta property=\"og:site_name\" content=\"R\u00e5de H\u00f8yre\" \/>\n<meta property=\"article:modified_time\" content=\"2023-06-12T16:30:44+00:00\" \/>\n<meta property=\"og:image\" content=\"https:\/\/hoyre.no\/content\/uploads\/sites\/164\/2023\/06\/Kjell-Andre-Holstad-Aasheim-52072469-1024x682.jpg\" \/>\n<meta name=\"twitter:card\" content=\"summary_large_image\" \/>\n<meta name=\"twitter:label1\" content=\"Ansl. lesetid\" \/>\n\t<meta name=\"twitter:data1\" content=\"2 minutter\" \/>\n<script type=\"application\/ld+json\" class=\"yoast-schema-graph\">{\"@context\":\"https:\/\/schema.org\",\"@graph\":[{\"@type\":\"WebPage\",\"@id\":\"https:\/\/hoyre.no\/rade\/kjell-andre-holstad-aasheim-2023-2027\/\",\"url\":\"https:\/\/hoyre.no\/rade\/kjell-andre-holstad-aasheim-2023-2027\/\",\"name\":\"Kjell Andre Holstad Aasheim 2023 - 2027 - R\u00e5de H\u00f8yre\",\"isPartOf\":{\"@id\":\"https:\/\/hoyre.no\/rade\/#website\"},\"image\":{\"@id\":\"https:\/\/hoyre.no\/rade\/kjell-andre-holstad-aasheim-2023-2027\/#primaryimage\"},\"thumbnailUrl\":\"https:\/\/hoyre.no\/content\/uploads\/sites\/164\/2023\/06\/Kjell-Andre-Holstad-Aasheim-52072469-1024x682.jpg\",\"datePublished\":\"2023-06-04T18:48:03+00:00\",\"dateModified\":\"2023-06-12T16:30:44+00:00\",\"breadcrumb\":{\"@id\":\"https:\/\/hoyre.no\/rade\/kjell-andre-holstad-aasheim-2023-2027\/#breadcrumb\"},\"inLanguage\":\"nb-NO\",\"potentialAction\":[{\"@type\":\"ReadAction\",\"target\":[\"https:\/\/hoyre.no\/rade\/kjell-andre-holstad-aasheim-2023-2027\/\"]}]},{\"@type\":\"ImageObject\",\"inLanguage\":\"nb-NO\",\"@id\":\"https:\/\/hoyre.no\/rade\/kjell-andre-holstad-aasheim-2023-2027\/#primaryimage\",\"url\":\"https:\/\/hoyre.no\/content\/uploads\/sites\/164\/2023\/06\/Kjell-Andre-Holstad-Aasheim-52072469-1024x682.jpg\",\"contentUrl\":\"https:\/\/hoyre.no\/content\/uploads\/sites\/164\/2023\/06\/Kjell-Andre-Holstad-Aasheim-52072469-1024x682.jpg\"},{\"@type\":\"BreadcrumbList\",\"@id\":\"https:\/\/hoyre.no\/rade\/kjell-andre-holstad-aasheim-2023-2027\/#breadcrumb\",\"itemListElement\":[{\"@type\":\"ListItem\",\"position\":1,\"name\":\"Til hoyre.no\",\"item\":\"https:\/\/hoyre.no\"},{\"@type\":\"ListItem\",\"position\":2,\"name\":\"Hjem\",\"item\":\"https:\/\/hoyre.no\/rade\/\"},{\"@type\":\"ListItem\",\"position\":3,\"name\":\"Kjell Andre Holstad Aasheim 2023 &#8211; 2027\"}]},{\"@type\":\"WebSite\",\"@id\":\"https:\/\/hoyre.no\/rade\/#website\",\"url\":\"https:\/\/hoyre.no\/rade\/\",\"name\":\"R\u00e5de H\u00f8yre\",\"description\":\"Bare enda et H\u00f8yres nettsteder-nettsted\",\"inLanguage\":\"nb-NO\"}]}<\/script>\n<!-- \/ Yoast SEO plugin. -->","yoast_head_json":{"title":"Kjell Andre Holstad Aasheim 2023 - 2027 - R\u00e5de H\u00f8yre","robots":{"index":"index","follow":"follow","max-snippet":"max-snippet:-1","max-image-preview":"max-image-preview:large","max-video-preview":"max-video-preview:-1"},"canonical":"https:\/\/hoyre.no\/rade\/kjell-andre-holstad-aasheim-2023-2027\/","og_locale":"nb_NO","og_type":"article","og_title":"Kjell Andre Holstad Aasheim 2023 - 2027 - R\u00e5de H\u00f8yre","og_url":"https:\/\/hoyre.no\/rade\/kjell-andre-holstad-aasheim-2023-2027\/","og_site_name":"R\u00e5de H\u00f8yre","article_modified_time":"2023-06-12T16:30:44+00:00","og_image":[{"url":"https:\/\/hoyre.no\/content\/uploads\/sites\/164\/2023\/06\/Kjell-Andre-Holstad-Aasheim-52072469-1024x682.jpg","width":"","height":"","type":""}],"twitter_card":"summary_large_image","twitter_misc":{"Ansl. lesetid":"2 minutter"},"schema":{"@context":"https:\/\/schema.org","@graph":[{"@type":"WebPage","@id":"https:\/\/hoyre.no\/rade\/kjell-andre-holstad-aasheim-2023-2027\/","url":"https:\/\/hoyre.no\/rade\/kjell-andre-holstad-aasheim-2023-2027\/","name":"Kjell Andre Holstad Aasheim 2023 - 2027 - R\u00e5de H\u00f8yre","isPartOf":{"@id":"https:\/\/hoyre.no\/rade\/#website"},"image":{"@id":"https:\/\/hoyre.no\/rade\/kjell-andre-holstad-aasheim-2023-2027\/#primaryimage"},"thumbnailUrl":"https:\/\/hoyre.no\/content\/uploads\/sites\/164\/2023\/06\/Kjell-Andre-Holstad-Aasheim-52072469-1024x682.jpg","datePublished":"2023-06-04T18:48:03+00:00","dateModified":"2023-06-12T16:30:44+00:00","breadcrumb":{"@id":"https:\/\/hoyre.no\/rade\/kjell-andre-holstad-aasheim-2023-2027\/#breadcrumb"},"inLanguage":"nb-NO","potentialAction":[{"@type":"ReadAction","target":["https:\/\/hoyre.no\/rade\/kjell-andre-holstad-aasheim-2023-2027\/"]}]},{"@type":"ImageObject","inLanguage":"nb-NO","@id":"https:\/\/hoyre.no\/rade\/kjell-andre-holstad-aasheim-2023-2027\/#primaryimage","url":"https:\/\/hoyre.no\/content\/uploads\/sites\/164\/2023\/06\/Kjell-Andre-Holstad-Aasheim-52072469-1024x682.jpg","contentUrl":"https:\/\/hoyre.no\/content\/uploads\/sites\/164\/2023\/06\/Kjell-Andre-Holstad-Aasheim-52072469-1024x682.jpg"},{"@type":"BreadcrumbList","@id":"https:\/\/hoyre.no\/rade\/kjell-andre-holstad-aasheim-2023-2027\/#breadcrumb","itemListElement":[{"@type":"ListItem","position":1,"name":"Til hoyre.no","item":"https:\/\/hoyre.no"},{"@type":"ListItem","position":2,"name":"Hjem","item":"https:\/\/hoyre.no\/rade\/"},{"@type":"ListItem","position":3,"name":"Kjell Andre Holstad Aasheim 2023 &#8211; 2027"}]},{"@type":"WebSite","@id":"https:\/\/hoyre.no\/rade\/#website","url":"https:\/\/hoyre.no\/rade\/","name":"R\u00e5de H\u00f8yre","description":"Bare enda et H\u00f8yres nettsteder-nettsted","inLanguage":"nb-NO"}]}},"distributor_meta":false,"distributor_terms":false,"distributor_media":false,"distributor_original_site_name":"R\u00e5de H\u00f8yre","distributor_original_site_url":"https:\/\/hoyre.no\/rade","push-errors":false,"_links":{"self":[{"href":"https:\/\/hoyre.no\/rade\/wp-json\/wp\/v2\/pages\/325","targetHints":{"allow":["GET"]}}],"collection":[{"href":"https:\/\/hoyre.no\/rade\/wp-json\/wp\/v2\/pages"}],"about":[{"href":"https:\/\/hoyre.no\/rade\/wp-json\/wp\/v2\/types\/page"}],"author":[{"embeddable":true,"href":"https:\/\/hoyre.no\/rade\/wp-json\/wp\/v2\/users\/15871"}],"replies":[{"embeddable":true,"href":"https:\/\/hoyre.no\/rade\/wp-json\/wp\/v2\/comments?post=325"}],"version-history":[{"count":2,"href":"https:\/\/hoyre.no\/rade\/wp-json\/wp\/v2\/pages\/325\/revisions"}],"predecessor-version":[{"id":389,"href":"https:\/\/hoyre.no\/rade\/wp-json\/wp\/v2\/pages\/325\/revisions\/389"}],"wp:attachment":[{"href":"https:\/\/hoyre.no\/rade\/wp-json\/wp\/v2\/media?parent=325"}],"curies":[{"name":"wp","href":"https:\/\/api.w.org\/{rel}","templated":true}]}}