{"id":489,"date":"2023-10-20T19:06:22","date_gmt":"2023-10-20T17:06:22","guid":{"rendered":"https:\/\/hoyre.no\/rade\/?page_id=489"},"modified":"2025-02-18T16:52:50","modified_gmt":"2025-02-18T15:52:50","slug":"samarbeidsplattform","status":"publish","type":"page","link":"https:\/\/hoyre.no\/rade\/samarbeidsplattform\/","title":{"rendered":"Samarbeidsplattform"},"content":{"rendered":"\n<div class=\"wp-block-hoyre-hero with-image-gradient text-color-light  has-media alignfull has-background\"><div class=\"hoyre-hero has-image\"><h1 class=\"title\">H\u00f8yre, Sp og KrF fortsetter det gode samarbeidet i R\u00e5de\u00a0<\/h1><p class=\"preamble\">Partiene er enige om et valgteknisk og politisk samarbeid.\u00a0<\/p>\t\t\t<div class=\"post-meta wp-block teft-byline-wrapper\">\n\t\t\t\t<div class=\"top\">\n\t\t\t\t\t<div class=\"signature\">\n\t\t\t\t\t\t<div class=\"teft-byline\">\n\t\t\t\t\t\t\t\t\t\t\t\t\t\t<div>\n\t\t\t\t\t\t\t\t<h3>H\u00f8yres redaksjon<\/h3>\t\t\t\t\t\t\t\t\n\t\t\t\t\t\t\t\t\t\t\t\t\t\t\t\t\t<span class=\"date\">Sist oppdatert: 18. februar 2025<\/span>\n\t\t\t\t\t\t\t\t\t\t\t\t\t\t\t\t\t\t\t\t\t\t\t\t\t<span class=\"reading-time\" itemprop=\"timeRequired\" content=\"PT2M\"><em>Ca. 2 minutter lesetid<\/em><\/span>\n\t\t\t\t\t\t\t\t\t\t\t\t\t\t\t<\/div>\n\t\t\t\t\t\t<\/div>\n\t\t\t\t\t<\/div>\n\t\t\t\t\t\t<div class=\"sharing\">\n\t\t<a class=\"share-button share-link copy-link\" data-copy=\"https:\/\/hoyre.no\/rade\/samarbeidsplattform\/\" target=\"_blank\"><span class=\"screen-reader-text\">Del link<\/span><\/a>\n\t\t<a class=\"share-button share-twitter\" href=\"http:\/\/twitter.com\/share?text=Samarbeidsplattform&#038;url=https:\/\/hoyre.no\/rade\/samarbeidsplattform\/&#038;hashtags=Hoyre\" target=\"_blank\"><span class=\"screen-reader-text\">Del p\u00e5 twitter<\/span><\/a>\n\t\t<a class=\"share-button share-facebook\" href=\"https:\/\/www.facebook.com\/sharer\/sharer.php?u=https:\/\/hoyre.no\/rade\/samarbeidsplattform\/\" target=\"_blank\"><span class=\"screen-reader-text\">Del p\u00e5 facebook<\/span><\/a>\n\t<\/div>\n\t\t\t\t\t<\/div>\n\t\t\t<\/div>\n\n\t\t\t<figure class=\"hoyre-image-wrapper\"><div class=\"hoyre-image\"><img loading=\"lazy\" decoding=\"async\" width=\"309\" height=\"203\" src=\"https:\/\/hoyre.no\/content\/uploads\/sites\/164\/2025\/02\/Skjermbilde-2025-02-07-kl.-14.15.39.png\" class=\"attachment-scaled size-scaled\" alt=\"H\u00f8yre-bl\u00e5\" style=\"object-position: 55.00000000000001% 47%\" srcset=\"https:\/\/hoyre.no\/content\/uploads\/sites\/164\/2025\/02\/Skjermbilde-2025-02-07-kl.-14.15.39.png 309w, https:\/\/hoyre.no\/content\/uploads\/sites\/164\/2025\/02\/Skjermbilde-2025-02-07-kl.-14.15.39-300x197.png 300w\" sizes=\"auto, (max-width: 309px) 100vw, 309px\" \/><\/div><\/figure><\/div><\/div>\n\n\n\n\n<figure class=\"wp-block-image size-large\"><img loading=\"lazy\" decoding=\"async\" width=\"1024\" height=\"445\" src=\"https:\/\/hoyre.no\/content\/uploads\/sites\/164\/2023\/10\/trepartisamarbeid-2-1024x445.jpg\" alt=\"\" class=\"wp-image-490\" srcset=\"https:\/\/hoyre.no\/content\/uploads\/sites\/164\/2023\/10\/trepartisamarbeid-2-1024x445.jpg 1024w, https:\/\/hoyre.no\/content\/uploads\/sites\/164\/2023\/10\/trepartisamarbeid-2-300x130.jpg 300w, https:\/\/hoyre.no\/content\/uploads\/sites\/164\/2023\/10\/trepartisamarbeid-2-768x334.jpg 768w, https:\/\/hoyre.no\/content\/uploads\/sites\/164\/2023\/10\/trepartisamarbeid-2.jpg 1043w\" sizes=\"auto, (max-width: 1024px) 100vw, 1024px\" \/><\/figure>\n\n\n\n\n<p>Ren\u00e9 Rafshol og Erling Ek Iversen fortsetter som henholdsvis ordf\u00f8rer og varaordf\u00f8rer.&nbsp;<\/p>\n\n\n\n<p>De tre partiene er enige om \u00e5 dele det tidligere&nbsp;Helse-Oppvekst-Velferds utvalget i to nye utvalg.&nbsp; Et helse- og velferds utvalg, og ett oppvekst- og kultur utvalg.&nbsp;<\/p>\n\n\n\n<p>Vi er ogs\u00e5 enig om at H\u00f8yre f\u00e5r lederen i samfunnsutvalget, og oppvekst- og kultur utvalget. KRF f\u00e5r lederen i helse- og velferdutvalget og i administrasjonsutvalget. Nestlederne fordeles mellom de tre partiene.&nbsp;<\/p>\n\n\n\n<p>H\u00f8yre, Senterpartiet og Kristelig Folkeparti vil utarbeide en politisk plattform som skal gjelde for de neste 4 \u00e5rene. Politikken og innhold \u00f8nsker vi skal v\u00e6re i et langsiktig perspektiv, slik at vi utvikler R\u00e5de videre som en selvstendig kommune.&nbsp; Vi \u00f8nsker at utviklingen skal skje i tett dialog med innbyggere, lag og foreninger, n\u00e6ringsakt\u00f8rer, ansatte, administrativ ledelse, hytte\/camping eiere og de \u00f8vrige partiene. Det er sammen vi kan skape et bedre og varmere R\u00e5de.<\/p>\n\n\n\n<p>Detaljene i den politiske plattformen kommer senere, men vi \u00f8nsker allerede n\u00e5 \u00e5 kunngj\u00f8re noen av punktene for perioden 2024-28:<br><\/p>\n\n\n\n<ul class=\"wp-block-list\">\n<li>Starte byggingen av nytt Helsehus som en m\u00f8teplass med omsorgstjenester og tilbud for alle aldre<\/li>\n\n\n\n<li>La skolene bruke alderstilpassede verkt\u00f8y, ogs\u00e5 b\u00f8ker tilbake i enkelte fag,&nbsp; for at elevene skal oppn\u00e5 best mulig mestring<\/li>\n\n\n\n<li>Bedre offentlig transport mellom tettstedene i kommunen. Ferdigstille gang- og sykkelvei mellom Karlshus og Tomb og ved Eplehagen i l\u00f8pet av 2024<\/li>\n\n\n\n<li>La frivilligheten blomstre. Det skal v\u00e6re minst et \u00e5rlig \u00e5pent m\u00f8te mellom lag og foreninger, folkevalgte, og kommuneadministrasjonen.<\/li>\n\n\n\n<li>Lag og foreninger skal f\u00e5 den hjelp og st\u00f8tte de trenger, slik at de best mulig kan drive aktiviteter for alle innbyggerne i R\u00e5de<\/li>\n\n\n\n<li>S\u00f8rge for forutsigbare og gode rammebetingelser for utvikling av utbyggingsprosjekter p\u00e5 planlagte arealer<\/li>\n\n\n\n<li>Forebygge utenforskap. Etablere tiltak mot \u00f8kende&nbsp;sosiale&nbsp;forskjeller.<\/li>\n<\/ul>\n\n\n\n<div class=\"wp-block-teft-file icon-link-block\"><a href=\"https:\/\/hoyre.no\/content\/uploads\/sites\/164\/2023\/10\/signert-intensjonsavtale.pdf\" download><span class=\"file-title\">signert intensjonsavtale<\/span><span class=\"file-name\">signert-intensjonsavtale.pdf [43.9kb]<\/span><\/a><\/div>\n","protected":false},"excerpt":{"rendered":"<p>Ren\u00e9 Rafshol og Erling Ek Iversen fortsetter som henholdsvis ordf\u00f8rer og varaordf\u00f8rer.&nbsp; De tre partiene er enige om \u00e5 dele det tidligere&nbsp;Helse-Oppvekst-Velferds utvalget i to nye utvalg.&nbsp; Et helse- og velferds utvalg, og ett oppvekst- og kultur utvalg.&nbsp; Vi er ogs\u00e5 enig om at H\u00f8yre f\u00e5r lederen i samfunnsutvalget, og oppvekst- og kultur utvalget. KRF [&hellip;]<\/p>\n","protected":false},"author":15871,"featured_media":0,"parent":0,"menu_order":0,"comment_status":"closed","ping_status":"closed","template":"","meta":{"teft_cards_image_url":"","teft_cards_custom_pretitle":"","teft_cards_image_id":0,"teft_cards_image_focal_point_x":0,"teft_cards_image_focal_point_y":0,"teft_cards_title":"","teft_cards_excerpt":"","teft_show_chapters":false,"footnotes":""},"class_list":["post-489","page","type-page","status-publish","hentry"],"yoast_head":"<!-- This site is optimized with the Yoast SEO plugin v26.6 - https:\/\/yoast.com\/wordpress\/plugins\/seo\/ -->\n<title>Samarbeidsplattform - R\u00e5de H\u00f8yre<\/title>\n<meta name=\"robots\" content=\"index, follow, max-snippet:-1, max-image-preview:large, max-video-preview:-1\" \/>\n<link rel=\"canonical\" href=\"https:\/\/hoyre.no\/rade\/samarbeidsplattform\/\" \/>\n<meta property=\"og:locale\" content=\"nb_NO\" \/>\n<meta property=\"og:type\" content=\"article\" \/>\n<meta property=\"og:title\" content=\"Samarbeidsplattform - R\u00e5de H\u00f8yre\" \/>\n<meta property=\"og:description\" content=\"Ren\u00e9 Rafshol og Erling Ek Iversen fortsetter som henholdsvis ordf\u00f8rer og varaordf\u00f8rer.&nbsp; De tre partiene er enige om \u00e5 dele det tidligere&nbsp;Helse-Oppvekst-Velferds utvalget i to nye utvalg.&nbsp; Et helse- og velferds utvalg, og ett oppvekst- og kultur utvalg.&nbsp; Vi er ogs\u00e5 enig om at H\u00f8yre f\u00e5r lederen i samfunnsutvalget, og oppvekst- og kultur utvalget. KRF [&hellip;]\" \/>\n<meta property=\"og:url\" content=\"https:\/\/hoyre.no\/rade\/samarbeidsplattform\/\" \/>\n<meta property=\"og:site_name\" content=\"R\u00e5de H\u00f8yre\" \/>\n<meta property=\"article:modified_time\" content=\"2025-02-18T15:52:50+00:00\" \/>\n<meta property=\"og:image\" content=\"https:\/\/hoyre.no\/content\/uploads\/sites\/164\/2023\/10\/trepartisamarbeid-2-1024x445.jpg\" \/>\n<meta name=\"twitter:card\" content=\"summary_large_image\" \/>\n<meta name=\"twitter:label1\" content=\"Ansl. lesetid\" \/>\n\t<meta name=\"twitter:data1\" content=\"2 minutter\" \/>\n<script type=\"application\/ld+json\" class=\"yoast-schema-graph\">{\"@context\":\"https:\/\/schema.org\",\"@graph\":[{\"@type\":\"WebPage\",\"@id\":\"https:\/\/hoyre.no\/rade\/samarbeidsplattform\/\",\"url\":\"https:\/\/hoyre.no\/rade\/samarbeidsplattform\/\",\"name\":\"Samarbeidsplattform - R\u00e5de H\u00f8yre\",\"isPartOf\":{\"@id\":\"https:\/\/hoyre.no\/rade\/#website\"},\"image\":{\"@id\":\"https:\/\/hoyre.no\/rade\/samarbeidsplattform\/#primaryimage\"},\"thumbnailUrl\":\"https:\/\/hoyre.no\/content\/uploads\/sites\/164\/2023\/10\/trepartisamarbeid-2-1024x445.jpg\",\"datePublished\":\"2023-10-20T17:06:22+00:00\",\"dateModified\":\"2025-02-18T15:52:50+00:00\",\"breadcrumb\":{\"@id\":\"https:\/\/hoyre.no\/rade\/samarbeidsplattform\/#breadcrumb\"},\"inLanguage\":\"nb-NO\",\"potentialAction\":[{\"@type\":\"ReadAction\",\"target\":[\"https:\/\/hoyre.no\/rade\/samarbeidsplattform\/\"]}]},{\"@type\":\"ImageObject\",\"inLanguage\":\"nb-NO\",\"@id\":\"https:\/\/hoyre.no\/rade\/samarbeidsplattform\/#primaryimage\",\"url\":\"https:\/\/hoyre.no\/content\/uploads\/sites\/164\/2023\/10\/trepartisamarbeid-2-1024x445.jpg\",\"contentUrl\":\"https:\/\/hoyre.no\/content\/uploads\/sites\/164\/2023\/10\/trepartisamarbeid-2-1024x445.jpg\"},{\"@type\":\"BreadcrumbList\",\"@id\":\"https:\/\/hoyre.no\/rade\/samarbeidsplattform\/#breadcrumb\",\"itemListElement\":[{\"@type\":\"ListItem\",\"position\":1,\"name\":\"Til hoyre.no\",\"item\":\"https:\/\/hoyre.no\"},{\"@type\":\"ListItem\",\"position\":2,\"name\":\"Hjem\",\"item\":\"https:\/\/hoyre.no\/rade\/\"},{\"@type\":\"ListItem\",\"position\":3,\"name\":\"Samarbeidsplattform\"}]},{\"@type\":\"WebSite\",\"@id\":\"https:\/\/hoyre.no\/rade\/#website\",\"url\":\"https:\/\/hoyre.no\/rade\/\",\"name\":\"R\u00e5de H\u00f8yre\",\"description\":\"Bare enda et H\u00f8yres nettsteder-nettsted\",\"inLanguage\":\"nb-NO\"}]}<\/script>\n<!-- \/ Yoast SEO plugin. -->","yoast_head_json":{"title":"Samarbeidsplattform - R\u00e5de H\u00f8yre","robots":{"index":"index","follow":"follow","max-snippet":"max-snippet:-1","max-image-preview":"max-image-preview:large","max-video-preview":"max-video-preview:-1"},"canonical":"https:\/\/hoyre.no\/rade\/samarbeidsplattform\/","og_locale":"nb_NO","og_type":"article","og_title":"Samarbeidsplattform - R\u00e5de H\u00f8yre","og_description":"Ren\u00e9 Rafshol og Erling Ek Iversen fortsetter som henholdsvis ordf\u00f8rer og varaordf\u00f8rer.&nbsp; De tre partiene er enige om \u00e5 dele det tidligere&nbsp;Helse-Oppvekst-Velferds utvalget i to nye utvalg.&nbsp; Et helse- og velferds utvalg, og ett oppvekst- og kultur utvalg.&nbsp; Vi er ogs\u00e5 enig om at H\u00f8yre f\u00e5r lederen i samfunnsutvalget, og oppvekst- og kultur utvalget. KRF [&hellip;]","og_url":"https:\/\/hoyre.no\/rade\/samarbeidsplattform\/","og_site_name":"R\u00e5de H\u00f8yre","article_modified_time":"2025-02-18T15:52:50+00:00","og_image":[{"url":"https:\/\/hoyre.no\/content\/uploads\/sites\/164\/2023\/10\/trepartisamarbeid-2-1024x445.jpg","type":"","width":"","height":""}],"twitter_card":"summary_large_image","twitter_misc":{"Ansl. lesetid":"2 minutter"},"schema":{"@context":"https:\/\/schema.org","@graph":[{"@type":"WebPage","@id":"https:\/\/hoyre.no\/rade\/samarbeidsplattform\/","url":"https:\/\/hoyre.no\/rade\/samarbeidsplattform\/","name":"Samarbeidsplattform - R\u00e5de H\u00f8yre","isPartOf":{"@id":"https:\/\/hoyre.no\/rade\/#website"},"image":{"@id":"https:\/\/hoyre.no\/rade\/samarbeidsplattform\/#primaryimage"},"thumbnailUrl":"https:\/\/hoyre.no\/content\/uploads\/sites\/164\/2023\/10\/trepartisamarbeid-2-1024x445.jpg","datePublished":"2023-10-20T17:06:22+00:00","dateModified":"2025-02-18T15:52:50+00:00","breadcrumb":{"@id":"https:\/\/hoyre.no\/rade\/samarbeidsplattform\/#breadcrumb"},"inLanguage":"nb-NO","potentialAction":[{"@type":"ReadAction","target":["https:\/\/hoyre.no\/rade\/samarbeidsplattform\/"]}]},{"@type":"ImageObject","inLanguage":"nb-NO","@id":"https:\/\/hoyre.no\/rade\/samarbeidsplattform\/#primaryimage","url":"https:\/\/hoyre.no\/content\/uploads\/sites\/164\/2023\/10\/trepartisamarbeid-2-1024x445.jpg","contentUrl":"https:\/\/hoyre.no\/content\/uploads\/sites\/164\/2023\/10\/trepartisamarbeid-2-1024x445.jpg"},{"@type":"BreadcrumbList","@id":"https:\/\/hoyre.no\/rade\/samarbeidsplattform\/#breadcrumb","itemListElement":[{"@type":"ListItem","position":1,"name":"Til hoyre.no","item":"https:\/\/hoyre.no"},{"@type":"ListItem","position":2,"name":"Hjem","item":"https:\/\/hoyre.no\/rade\/"},{"@type":"ListItem","position":3,"name":"Samarbeidsplattform"}]},{"@type":"WebSite","@id":"https:\/\/hoyre.no\/rade\/#website","url":"https:\/\/hoyre.no\/rade\/","name":"R\u00e5de H\u00f8yre","description":"Bare enda et H\u00f8yres nettsteder-nettsted","inLanguage":"nb-NO"}]}},"distributor_meta":false,"distributor_terms":false,"distributor_media":false,"distributor_original_site_name":"R\u00e5de H\u00f8yre","distributor_original_site_url":"https:\/\/hoyre.no\/rade","push-errors":false,"_links":{"self":[{"href":"https:\/\/hoyre.no\/rade\/wp-json\/wp\/v2\/pages\/489","targetHints":{"allow":["GET"]}}],"collection":[{"href":"https:\/\/hoyre.no\/rade\/wp-json\/wp\/v2\/pages"}],"about":[{"href":"https:\/\/hoyre.no\/rade\/wp-json\/wp\/v2\/types\/page"}],"author":[{"embeddable":true,"href":"https:\/\/hoyre.no\/rade\/wp-json\/wp\/v2\/users\/15871"}],"replies":[{"embeddable":true,"href":"https:\/\/hoyre.no\/rade\/wp-json\/wp\/v2\/comments?post=489"}],"version-history":[{"count":4,"href":"https:\/\/hoyre.no\/rade\/wp-json\/wp\/v2\/pages\/489\/revisions"}],"predecessor-version":[{"id":616,"href":"https:\/\/hoyre.no\/rade\/wp-json\/wp\/v2\/pages\/489\/revisions\/616"}],"wp:attachment":[{"href":"https:\/\/hoyre.no\/rade\/wp-json\/wp\/v2\/media?parent=489"}],"curies":[{"name":"wp","href":"https:\/\/api.w.org\/{rel}","templated":true}]}}