{"id":110,"date":"2023-01-10T19:14:05","date_gmt":"2023-01-10T18:14:05","guid":{"rendered":"https:\/\/hoyre.no\/raelingen\/?page_id=110"},"modified":"2023-01-10T19:33:39","modified_gmt":"2023-01-10T18:33:39","slug":"var-ordforerkandidat","status":"publish","type":"page","link":"https:\/\/hoyre.no\/raelingen\/var-ordforerkandidat\/","title":{"rendered":"Gro Langdalen &#8211; v\u00e5r ordf\u00f8rerkandidat"},"content":{"rendered":"\n<div class=\"wp-block-hoyre-hero with-image-gradient text-color-light  has-media alignfull has-background\"><div class=\"hoyre-hero has-image\"><h1 class=\"title\">Gro Langdalen &#8211; ordf\u00f8rerkandidat<\/h1><p class=\"preamble\">Hvorfor skal du stemme p\u00e5 meg i R\u00e6lingen?<\/p>\t\t\t<div class=\"post-meta wp-block teft-byline-wrapper\">\n\t\t\t\t<div class=\"top\">\n\t\t\t\t\t<div class=\"signature\">\n\t\t\t\t\t\t<div class=\"teft-byline\">\n\t\t\t\t\t\t\t\t\t\t\t\t\t\t<div>\n\t\t\t\t\t\t\t\t<h3>H\u00f8yres redaksjon<\/h3>\t\t\t\t\t\t\t\t\n\t\t\t\t\t\t\t\t\t\t\t\t\t\t\t\t\t<span class=\"date\">Sist oppdatert: 10. januar 2023<\/span>\n\t\t\t\t\t\t\t\t\t\t\t\t\t\t\t\t\t\t\t\t\t\t\t\t\t<span class=\"reading-time\" itemprop=\"timeRequired\" content=\"PT3M\"><em>Ca. 3 minutter lesetid<\/em><\/span>\n\t\t\t\t\t\t\t\t\t\t\t\t\t\t\t<\/div>\n\t\t\t\t\t\t<\/div>\n\t\t\t\t\t<\/div>\n\t\t\t\t\t\t<div class=\"sharing\">\n\t\t<a class=\"share-button share-link copy-link\" data-copy=\"https:\/\/hoyre.no\/raelingen\/var-ordforerkandidat\/\" target=\"_blank\"><span class=\"screen-reader-text\">Del link<\/span><\/a>\n\t\t<a class=\"share-button share-twitter\" href=\"http:\/\/twitter.com\/share?text=Gro Langdalen &#8211; v\u00e5r ordf\u00f8rerkandidat&#038;url=https:\/\/hoyre.no\/raelingen\/var-ordforerkandidat\/&#038;hashtags=Hoyre\" target=\"_blank\"><span class=\"screen-reader-text\">Del p\u00e5 twitter<\/span><\/a>\n\t\t<a class=\"share-button share-facebook\" href=\"https:\/\/www.facebook.com\/sharer\/sharer.php?u=https:\/\/hoyre.no\/raelingen\/var-ordforerkandidat\/\" target=\"_blank\"><span class=\"screen-reader-text\">Del p\u00e5 facebook<\/span><\/a>\n\t<\/div>\n\t\t\t\t\t<\/div>\n\t\t\t<\/div>\n\n\t\t\t<figure class=\"hoyre-image-wrapper\"><div class=\"hoyre-image\"><img loading=\"lazy\" decoding=\"async\" width=\"2500\" height=\"1667\" src=\"https:\/\/hoyre.no\/content\/uploads\/sites\/165\/2023\/01\/Omslag-scaled.jpg\" class=\"attachment-scaled size-scaled\" alt=\"\" style=\"object-position: 70% 50%\" srcset=\"https:\/\/hoyre.no\/content\/uploads\/sites\/165\/2023\/01\/Omslag-scaled.jpg 2500w, https:\/\/hoyre.no\/content\/uploads\/sites\/165\/2023\/01\/Omslag-300x200.jpg 300w, https:\/\/hoyre.no\/content\/uploads\/sites\/165\/2023\/01\/Omslag-1024x683.jpg 1024w, https:\/\/hoyre.no\/content\/uploads\/sites\/165\/2023\/01\/Omslag-768x512.jpg 768w, https:\/\/hoyre.no\/content\/uploads\/sites\/165\/2023\/01\/Omslag-1536x1024.jpg 1536w, https:\/\/hoyre.no\/content\/uploads\/sites\/165\/2023\/01\/Omslag-2048x1365.jpg 2048w\" sizes=\"auto, (max-width: 2500px) 100vw, 2500px\" \/><\/div><\/figure><\/div><\/div>\n\n\n\n\n<div class=\"wp-block-buttons is-content-justification-center is-layout-flex wp-container-core-buttons-is-layout-16018d1d wp-block-buttons-is-layout-flex\">\n<div class=\"wp-block-button\"><a class=\"wp-block-button__link\" href=\"https:\/\/hoyre.no\/personprofiler\/gro-mette-langdalen\/\">kom i kontakt med Gro<\/a><\/div>\n\n\n\n<div class=\"wp-block-button\"><a class=\"wp-block-button__link\" href=\"https:\/\/www.facebook.com\/RaelingenHoyre\">f\u00f8lg R\u00e6lingen h\u00f8yre p\u00e5 facebook<\/a><\/div>\n<\/div>\n\n\n\n<div class=\"wp-block-hoyre-banner undefined has-icon-title icon-heart is-style-blue\"><div class=\"banner-inner\"><div class=\"banner-content\"><div class=\"entry-content\">\n<h2 class=\"has-text-align-center wp-block-heading\" id=\"h-bli-bedre-kjent-med-navn\">Bli bedre kjent med Gro!<\/h2>\n\n\n\n<p class=\"has-text-align-left\"><strong>Alder:<\/strong> 61 \u00e5r<\/p>\n\n\n\n<p class=\"has-text-align-left\"><strong>Bosted:<\/strong> R\u00e6lingen<\/p>\n\n\n\n<p class=\"has-text-align-left\"><strong>Sivilstatus:<\/strong> Samboer med Morten. To voksne d\u00f8tre<\/p>\n\n\n\n<p class=\"has-text-align-left\"><strong>Jobb:<\/strong> \u00d8konomikonsulent i DNB Eiendom<\/p>\n\n\n\n<p class=\"has-text-align-left\"><strong>Hvordan beskriver andre deg:<\/strong> Blid, \u00e6rlig, positiv, sosial, engasjert og \u00e5pen<\/p>\n\n\n\n<p class=\"has-text-align-left\"><strong>Idrett og kultur:<\/strong> Ivrig fotballmamma som aldri har gitt seg, og f\u00e5tt stadig nye verv. F\u00e5tt kulturprisen i R\u00e6lingen kommune og en rekke andre utmerkelser<\/p>\n\n\n\n<p class=\"has-text-align-left\"><strong>Politisk erfaring:<\/strong> Gruppeleder R\u00e6lingen H\u00f8yre fra 2011, Formannskap, Kommunestyret, Planutvalget, Forhandlingsutvalg og en rekke styreverv<\/p>\n\n\n\n<p class=\"has-text-align-left\"><strong>Konsert eller idrettsarrangement?<\/strong> <br>Idrettsarrangement &#8211; Fotballkamp!<\/p>\n\n\n\n<p class=\"has-text-align-left\"><strong>Hva er din favorittplass i kommunen <\/strong>&nbsp;Hvis det ikke er p\u00e5 en fotballbane m\u00e5 det v\u00e6re p\u00e5 Bygdetunet<\/p>\n\n\n\n<p class=\"has-text-align-left\"><strong>Hva gj\u00f8r du n\u00e5r du har fri?<\/strong>&nbsp;Fyller hytta p\u00e5 Furutangen i Innlandet med familie og venner til god mat og sosialt samv\u00e6r.<br><br><strong>Hvis du skulle valgt en, hva er din favorittartist?<\/strong> Rod Stewart<\/p>\n\n\n\n<p class=\"has-text-align-left\"><strong>Funfact?<\/strong> Synger for full hals i bilen mellom m\u00f8ter for \u00e5 nullstille<\/p>\n\n\n\n<p><\/p>\n\n\n\n<div class=\"wp-block-buttons is-layout-flex wp-block-buttons-is-layout-flex\"><\/div>\n<\/div><\/div><\/div><\/div>\n\n\n\n<h2 class=\"has-text-align-center wp-block-heading\">Hva er viktig for Gro?<\/h2>\n\n\n\n<h3 class=\"wp-block-heading\">Hvorfor vil du bli ordf\u00f8rer?<\/h3>\n\n\n\n<p>Jeg har lyst til \u00e5 v\u00e6re med \u00e5 videreutvikle R\u00e6lingen kommune og de tjenestene kommunen skal gi innbyggene fremover. Jeg vil ha en innbyggervennlig kommune som lytter til innbyggerne, som hjelper der det trengs og ellers gir folk valgfrihet til \u00e5 bestemme selv. <\/p>\n\n\n\n<p>Jeg vil ogs\u00e5 arbeide for at barna v\u00e5re skal ha en god og trygg barndom med kvalitet i barnehage og skole, uten mobbing, og med et godt og variert fritidstilbud.<\/p>\n\n\n\n<figure class=\"wp-block-teft-gallery columns-3 count-3 rows-2 is-cropped\"><ul class=\"teft-gallery-grid\"><li class=\"teft-gallery-item \"><figure><a href=\"https:\/\/hoyre.no\/content\/uploads\/sites\/165\/2022\/06\/Gro-leder-scaled.jpg\" data-size=\"1667x2500\"><img loading=\"lazy\" decoding=\"async\" width=\"683\" height=\"1024\" src=\"https:\/\/hoyre.no\/content\/uploads\/sites\/165\/2022\/06\/Gro-leder-683x1024.jpg\" class=\"attachment-large size-large\" alt=\"\" srcset=\"https:\/\/hoyre.no\/content\/uploads\/sites\/165\/2022\/06\/Gro-leder-683x1024.jpg 683w, https:\/\/hoyre.no\/content\/uploads\/sites\/165\/2022\/06\/Gro-leder-200x300.jpg 200w, https:\/\/hoyre.no\/content\/uploads\/sites\/165\/2022\/06\/Gro-leder-768x1152.jpg 768w, https:\/\/hoyre.no\/content\/uploads\/sites\/165\/2022\/06\/Gro-leder-1024x1536.jpg 1024w, https:\/\/hoyre.no\/content\/uploads\/sites\/165\/2022\/06\/Gro-leder-1365x2048.jpg 1365w, https:\/\/hoyre.no\/content\/uploads\/sites\/165\/2022\/06\/Gro-leder-scaled.jpg 1667w\" sizes=\"auto, (max-width: 683px) 100vw, 683px\" \/ data-full-url=\"https:\/\/hoyre.no\/content\/uploads\/sites\/165\/2022\/06\/Gro-leder-scaled.jpg\" data-id=\"46\" data-caption=\"46\"\/><\/a><\/figure><\/li><li class=\"teft-gallery-item \"><figure><a href=\"https:\/\/hoyre.no\/content\/uploads\/sites\/165\/2022\/11\/Raelingen-Hoyre-Nominasjon.jpg\" data-size=\"1536x2048\"><img loading=\"lazy\" decoding=\"async\" width=\"768\" height=\"1024\" src=\"https:\/\/hoyre.no\/content\/uploads\/sites\/165\/2022\/11\/Raelingen-Hoyre-Nominasjon-768x1024.jpg\" class=\"attachment-large size-large\" alt=\"\" srcset=\"https:\/\/hoyre.no\/content\/uploads\/sites\/165\/2022\/11\/Raelingen-Hoyre-Nominasjon-768x1024.jpg 768w, https:\/\/hoyre.no\/content\/uploads\/sites\/165\/2022\/11\/Raelingen-Hoyre-Nominasjon-225x300.jpg 225w, https:\/\/hoyre.no\/content\/uploads\/sites\/165\/2022\/11\/Raelingen-Hoyre-Nominasjon-1152x1536.jpg 1152w, https:\/\/hoyre.no\/content\/uploads\/sites\/165\/2022\/11\/Raelingen-Hoyre-Nominasjon.jpg 1536w\" sizes=\"auto, (max-width: 768px) 100vw, 768px\" \/ data-full-url=\"https:\/\/hoyre.no\/content\/uploads\/sites\/165\/2022\/11\/Raelingen-Hoyre-Nominasjon.jpg\" data-id=\"67\" data-caption=\"67\"\/><\/a><\/figure><\/li><li class=\"teft-gallery-item \"><figure><a href=\"https:\/\/hoyre.no\/content\/uploads\/sites\/165\/2023\/01\/Gro-pa-idrettsbanen.jpg\" data-size=\"2048x1536\"><img loading=\"lazy\" decoding=\"async\" width=\"1024\" height=\"768\" src=\"https:\/\/hoyre.no\/content\/uploads\/sites\/165\/2023\/01\/Gro-pa-idrettsbanen-1024x768.jpg\" class=\"attachment-large size-large\" alt=\"\" srcset=\"https:\/\/hoyre.no\/content\/uploads\/sites\/165\/2023\/01\/Gro-pa-idrettsbanen-1024x768.jpg 1024w, https:\/\/hoyre.no\/content\/uploads\/sites\/165\/2023\/01\/Gro-pa-idrettsbanen-300x225.jpg 300w, https:\/\/hoyre.no\/content\/uploads\/sites\/165\/2023\/01\/Gro-pa-idrettsbanen-768x576.jpg 768w, https:\/\/hoyre.no\/content\/uploads\/sites\/165\/2023\/01\/Gro-pa-idrettsbanen-1536x1152.jpg 1536w, https:\/\/hoyre.no\/content\/uploads\/sites\/165\/2023\/01\/Gro-pa-idrettsbanen.jpg 2048w\" sizes=\"auto, (max-width: 1024px) 100vw, 1024px\" \/ data-full-url=\"https:\/\/hoyre.no\/content\/uploads\/sites\/165\/2023\/01\/Gro-pa-idrettsbanen.jpg\" data-id=\"119\" data-caption=\"119\"\/><\/a><\/figure><\/li><\/ul><\/figure>\n\n\n\n<h3 class=\"wp-block-heading\">Hvorfor er H\u00f8yre partiet for deg?<\/h3>\n\n\n\n<p>H\u00f8yre gir mulighet til \u00e5 velge selv!  <br>Jeg mener H\u00f8yre, treffer den riktige balansen mellom frihet og ansvar for den enkelte, samtidig som H\u00f8yre er partiet som best sikrer at det virkelig finnes muligheter for alle, uansett bakgrunn. Kombinasjonen av at H\u00f8yre er et ansvarlig styringsparti som evner \u00e5 kombinere god \u00f8konomistyring, med offensiv klimapolitikk og har et stort hjerte for dem som trenger det lille ekstra, gj\u00f8r at det helt klart er mitt parti.<\/p>\n\n\n\n<p><br><\/p>\n\n\n\n<p><\/p>\n\n\n\n<p><\/p>\n\n\n\n<div class=\"wp-block-teft-accentuated-link undefined has-image\"><div class=\"kf-link__wrapper\"><div class=\"kf-link__tagline\">LES MER<\/div><a class=\"kf-link__link\" href=\"https:\/\/hoyre.no\/personprofiler\/gro-mette-langdalen\/\" rel=\"noreferrer noopener\" target=\"_blank\">Kom i kontakt med Gro Langdalen<span class=\"kf-link__link-source\">hoyre.no<\/span><\/a><\/div><figure class=\"hoyre-image-wrapper\"><div class=\"hoyre-image\"><img loading=\"lazy\" decoding=\"async\" width=\"1657\" height=\"1759\" src=\"https:\/\/hoyre.no\/content\/uploads\/sites\/165\/2022\/06\/Gro-Langdalen2-4f-scaled-e1655843143575.jpg\" class=\"attachment-scaled size-scaled\" alt=\"\" style=\"object-position: 39% 56.99999999999999%\" srcset=\"https:\/\/hoyre.no\/content\/uploads\/sites\/165\/2022\/06\/Gro-Langdalen2-4f-scaled-e1655843143575.jpg 1657w, https:\/\/hoyre.no\/content\/uploads\/sites\/165\/2022\/06\/Gro-Langdalen2-4f-scaled-e1655843143575-283x300.jpg 283w, https:\/\/hoyre.no\/content\/uploads\/sites\/165\/2022\/06\/Gro-Langdalen2-4f-scaled-e1655843143575-965x1024.jpg 965w, https:\/\/hoyre.no\/content\/uploads\/sites\/165\/2022\/06\/Gro-Langdalen2-4f-scaled-e1655843143575-768x815.jpg 768w, https:\/\/hoyre.no\/content\/uploads\/sites\/165\/2022\/06\/Gro-Langdalen2-4f-scaled-e1655843143575-1447x1536.jpg 1447w\" sizes=\"auto, (max-width: 1657px) 100vw, 1657px\" \/><\/div><\/figure><\/div>\n\n","protected":false},"excerpt":{"rendered":"","protected":false},"author":31684,"featured_media":0,"parent":0,"menu_order":0,"comment_status":"closed","ping_status":"closed","template":"","meta":{"teft_cards_image_url":"","teft_cards_custom_pretitle":"","teft_cards_image_id":46,"teft_cards_image_focal_point_x":0.47,"teft_cards_image_focal_point_y":0.45,"teft_cards_title":"Navn Navnesen - v\u00e5r ordf\u00f8rerkandidat","teft_cards_excerpt":"","teft_show_chapters":false,"footnotes":""},"class_list":["post-110","page","type-page","status-publish","hentry"],"yoast_head":"<!-- This site is optimized with the Yoast SEO plugin v26.6 - https:\/\/yoast.com\/wordpress\/plugins\/seo\/ -->\n<title>Gro Langdalen - v\u00e5r ordf\u00f8rerkandidat - R\u00e6lingen H\u00f8yre<\/title>\n<meta name=\"robots\" content=\"index, follow, max-snippet:-1, max-image-preview:large, max-video-preview:-1\" \/>\n<link rel=\"canonical\" href=\"https:\/\/hoyre.no\/raelingen\/var-ordforerkandidat\/\" \/>\n<meta property=\"og:locale\" content=\"nb_NO\" \/>\n<meta property=\"og:type\" content=\"article\" \/>\n<meta property=\"og:title\" content=\"Gro Langdalen - v\u00e5r ordf\u00f8rerkandidat - R\u00e6lingen H\u00f8yre\" \/>\n<meta property=\"og:url\" content=\"https:\/\/hoyre.no\/raelingen\/var-ordforerkandidat\/\" \/>\n<meta property=\"og:site_name\" content=\"R\u00e6lingen H\u00f8yre\" \/>\n<meta property=\"article:modified_time\" content=\"2023-01-10T18:33:39+00:00\" \/>\n<meta property=\"og:image\" content=\"https:\/\/hoyre.no\/content\/uploads\/sites\/165\/2022\/06\/Gro-leder-683x1024.jpg\" \/>\n<meta name=\"twitter:card\" content=\"summary_large_image\" \/>\n<meta name=\"twitter:label1\" content=\"Ansl. lesetid\" \/>\n\t<meta name=\"twitter:data1\" content=\"2 minutter\" \/>\n<script type=\"application\/ld+json\" class=\"yoast-schema-graph\">{\"@context\":\"https:\/\/schema.org\",\"@graph\":[{\"@type\":\"WebPage\",\"@id\":\"https:\/\/hoyre.no\/raelingen\/var-ordforerkandidat\/\",\"url\":\"https:\/\/hoyre.no\/raelingen\/var-ordforerkandidat\/\",\"name\":\"Gro Langdalen - v\u00e5r ordf\u00f8rerkandidat - R\u00e6lingen H\u00f8yre\",\"isPartOf\":{\"@id\":\"https:\/\/hoyre.no\/raelingen\/#website\"},\"datePublished\":\"2023-01-10T18:14:05+00:00\",\"dateModified\":\"2023-01-10T18:33:39+00:00\",\"breadcrumb\":{\"@id\":\"https:\/\/hoyre.no\/raelingen\/var-ordforerkandidat\/#breadcrumb\"},\"inLanguage\":\"nb-NO\",\"potentialAction\":[{\"@type\":\"ReadAction\",\"target\":[\"https:\/\/hoyre.no\/raelingen\/var-ordforerkandidat\/\"]}]},{\"@type\":\"BreadcrumbList\",\"@id\":\"https:\/\/hoyre.no\/raelingen\/var-ordforerkandidat\/#breadcrumb\",\"itemListElement\":[{\"@type\":\"ListItem\",\"position\":1,\"name\":\"Til hoyre.no\",\"item\":\"https:\/\/hoyre.no\"},{\"@type\":\"ListItem\",\"position\":2,\"name\":\"Hjem\",\"item\":\"https:\/\/hoyre.no\/raelingen\/\"},{\"@type\":\"ListItem\",\"position\":3,\"name\":\"Gro Langdalen &#8211; v\u00e5r ordf\u00f8rerkandidat\"}]},{\"@type\":\"WebSite\",\"@id\":\"https:\/\/hoyre.no\/raelingen\/#website\",\"url\":\"https:\/\/hoyre.no\/raelingen\/\",\"name\":\"R\u00e6lingen H\u00f8yre\",\"description\":\"Bare enda et H\u00f8yres nettsteder-nettsted\",\"inLanguage\":\"nb-NO\"}]}<\/script>\n<!-- \/ Yoast SEO plugin. -->","yoast_head_json":{"title":"Gro Langdalen - v\u00e5r ordf\u00f8rerkandidat - R\u00e6lingen H\u00f8yre","robots":{"index":"index","follow":"follow","max-snippet":"max-snippet:-1","max-image-preview":"max-image-preview:large","max-video-preview":"max-video-preview:-1"},"canonical":"https:\/\/hoyre.no\/raelingen\/var-ordforerkandidat\/","og_locale":"nb_NO","og_type":"article","og_title":"Gro Langdalen - v\u00e5r ordf\u00f8rerkandidat - R\u00e6lingen H\u00f8yre","og_url":"https:\/\/hoyre.no\/raelingen\/var-ordforerkandidat\/","og_site_name":"R\u00e6lingen H\u00f8yre","article_modified_time":"2023-01-10T18:33:39+00:00","og_image":[{"url":"https:\/\/hoyre.no\/content\/uploads\/sites\/165\/2022\/06\/Gro-leder-683x1024.jpg","width":"","height":"","type":""}],"twitter_card":"summary_large_image","twitter_misc":{"Ansl. lesetid":"2 minutter"},"schema":{"@context":"https:\/\/schema.org","@graph":[{"@type":"WebPage","@id":"https:\/\/hoyre.no\/raelingen\/var-ordforerkandidat\/","url":"https:\/\/hoyre.no\/raelingen\/var-ordforerkandidat\/","name":"Gro Langdalen - v\u00e5r ordf\u00f8rerkandidat - R\u00e6lingen H\u00f8yre","isPartOf":{"@id":"https:\/\/hoyre.no\/raelingen\/#website"},"datePublished":"2023-01-10T18:14:05+00:00","dateModified":"2023-01-10T18:33:39+00:00","breadcrumb":{"@id":"https:\/\/hoyre.no\/raelingen\/var-ordforerkandidat\/#breadcrumb"},"inLanguage":"nb-NO","potentialAction":[{"@type":"ReadAction","target":["https:\/\/hoyre.no\/raelingen\/var-ordforerkandidat\/"]}]},{"@type":"BreadcrumbList","@id":"https:\/\/hoyre.no\/raelingen\/var-ordforerkandidat\/#breadcrumb","itemListElement":[{"@type":"ListItem","position":1,"name":"Til hoyre.no","item":"https:\/\/hoyre.no"},{"@type":"ListItem","position":2,"name":"Hjem","item":"https:\/\/hoyre.no\/raelingen\/"},{"@type":"ListItem","position":3,"name":"Gro Langdalen &#8211; v\u00e5r ordf\u00f8rerkandidat"}]},{"@type":"WebSite","@id":"https:\/\/hoyre.no\/raelingen\/#website","url":"https:\/\/hoyre.no\/raelingen\/","name":"R\u00e6lingen H\u00f8yre","description":"Bare enda et H\u00f8yres nettsteder-nettsted","inLanguage":"nb-NO"}]}},"distributor_meta":false,"distributor_terms":false,"distributor_media":false,"distributor_original_site_name":"R\u00e6lingen H\u00f8yre","distributor_original_site_url":"https:\/\/hoyre.no\/raelingen","push-errors":false,"_links":{"self":[{"href":"https:\/\/hoyre.no\/raelingen\/wp-json\/wp\/v2\/pages\/110","targetHints":{"allow":["GET"]}}],"collection":[{"href":"https:\/\/hoyre.no\/raelingen\/wp-json\/wp\/v2\/pages"}],"about":[{"href":"https:\/\/hoyre.no\/raelingen\/wp-json\/wp\/v2\/types\/page"}],"author":[{"embeddable":true,"href":"https:\/\/hoyre.no\/raelingen\/wp-json\/wp\/v2\/users\/31684"}],"replies":[{"embeddable":true,"href":"https:\/\/hoyre.no\/raelingen\/wp-json\/wp\/v2\/comments?post=110"}],"version-history":[{"count":7,"href":"https:\/\/hoyre.no\/raelingen\/wp-json\/wp\/v2\/pages\/110\/revisions"}],"predecessor-version":[{"id":132,"href":"https:\/\/hoyre.no\/raelingen\/wp-json\/wp\/v2\/pages\/110\/revisions\/132"}],"wp:attachment":[{"href":"https:\/\/hoyre.no\/raelingen\/wp-json\/wp\/v2\/media?parent=110"}],"curies":[{"name":"wp","href":"https:\/\/api.w.org\/{rel}","templated":true}]}}