{"id":153,"date":"2026-04-20T18:11:52","date_gmt":"2026-04-20T16:11:52","guid":{"rendered":"https:\/\/hoyre.no\/randaberg\/?page_id=153"},"modified":"2026-04-22T14:39:42","modified_gmt":"2026-04-22T12:39:42","slug":"kommunestyrevalget-2027","status":"publish","type":"page","link":"https:\/\/hoyre.no\/randaberg\/kommunestyrevalget-2027\/","title":{"rendered":"Kommunestyrevalget 2027"},"content":{"rendered":"\n<div class=\"wp-block-hoyre-hero with-image-gradient text-color-light  alignfull has-background \"><div class=\"hoyre-hero \"><h1 class=\"title\">Lokalvalget 2027 &#8211; Randaberg H\u00f8yres nominasjonsprosess<\/h1><p class=\"preamble\">Vi ser frem til Kommunestyrevalget i september 2027 og prosessen med \u00e5 finne gode kandidater til H\u00f8yres valgliste. Her kan du lese mer om v\u00e5r prosess og arbeidet fremover.<\/p><\/div><\/div>\n\n\n\n<figure class=\"wp-block-image size-large\"><img loading=\"lazy\" decoding=\"async\" width=\"1024\" height=\"536\" src=\"https:\/\/hoyre.no\/content\/uploads\/sites\/216\/2026\/04\/Nominasjon-2-1024x536.png\" alt=\"\" class=\"wp-image-160\" srcset=\"https:\/\/hoyre.no\/content\/uploads\/sites\/216\/2026\/04\/Nominasjon-2-1024x536.png 1024w, https:\/\/hoyre.no\/content\/uploads\/sites\/216\/2026\/04\/Nominasjon-2-300x157.png 300w, https:\/\/hoyre.no\/content\/uploads\/sites\/216\/2026\/04\/Nominasjon-2-768x402.png 768w, https:\/\/hoyre.no\/content\/uploads\/sites\/216\/2026\/04\/Nominasjon-2-1536x804.png 1536w, https:\/\/hoyre.no\/content\/uploads\/sites\/216\/2026\/04\/Nominasjon-2.png 2048w\" sizes=\"auto, (max-width: 1024px) 100vw, 1024px\" \/><\/figure>\n\n\n\n<h4 class=\"wp-block-heading\">Nominasjonskomiteen best\u00e5r av:<\/h4>\n\n\n\n<ul class=\"wp-block-list\">\n<li>Anne Tove \u00d8sten\u00e5 (leder)<\/li>\n\n\n\n<li>Marius Haga<\/li>\n\n\n\n<li>Fredrik Iversen<\/li>\n\n\n\n<li>Geir Yttri<\/li>\n\n\n\n<li>Kirsti Gjerde<\/li>\n<\/ul>\n\n\n\n<p>.<\/p>\n\n\n\n<p>Nominasjonskomiteen har igangsatt arbeidet med kommunestyrevalglisten for 2027-2031.<\/p>\n\n\n\n<p>Nominasjonskomiteen vil med dette oppfordre til \u00e5 sende inn forslag. Hvem b\u00f8r representere H\u00f8yre i kommunestyret neste periode?<\/p>\n\n\n\n<p>Kandidatforslag sendes til: <strong>anne.t.ostena@gmail.com<\/strong> innen <strong>30.april<\/strong>. Alle som blir foresl\u00e5tt, og som Nominasjonskomiteen \u00f8nsker \u00e5 ha med p\u00e5 listen, vil bli forespurt om de er valgvillige.<\/p>\n\n\n\n<p>.<\/p>\n\n\n\n<p>Med vennlig hilsen,<\/p>\n\n\n\n<p><strong>Randaberg H\u00f8yre nominasjonskomit\u00e9<\/strong><\/p>\n","protected":false},"excerpt":{"rendered":"<p>Nominasjonskomiteen best\u00e5r av: . Nominasjonskomiteen har igangsatt arbeidet med kommunestyrevalglisten for 2027-2031. Nominasjonskomiteen vil med dette oppfordre til \u00e5 sende inn forslag. Hvem b\u00f8r representere H\u00f8yre i kommunestyret neste periode? Kandidatforslag sendes til: anne.t.ostena@gmail.com innen 30.april. Alle som blir foresl\u00e5tt, og som Nominasjonskomiteen \u00f8nsker \u00e5 ha med p\u00e5 listen, vil bli forespurt om de er [&hellip;]<\/p>\n","protected":false},"author":48354,"featured_media":0,"parent":0,"menu_order":0,"comment_status":"closed","ping_status":"closed","template":"","meta":{"teft_cards_image_url":"","teft_cards_custom_pretitle":"Kommunestyrevalget 2027","teft_cards_image_id":155,"teft_cards_image_focal_point_x":0.5,"teft_cards_image_focal_point_y":0.5,"teft_cards_title":"","teft_cards_excerpt":"","teft_show_chapters":false,"footnotes":""},"class_list":["post-153","page","type-page","status-publish","hentry"],"yoast_head":"<!-- This site is optimized with the Yoast SEO plugin v26.6 - https:\/\/yoast.com\/wordpress\/plugins\/seo\/ -->\n<title>Kommunestyrevalget 2027 - Randaberg H\u00f8yre<\/title>\n<meta name=\"robots\" content=\"index, follow, max-snippet:-1, max-image-preview:large, max-video-preview:-1\" \/>\n<link rel=\"canonical\" href=\"https:\/\/hoyre.no\/randaberg\/kommunestyrevalget-2027\/\" \/>\n<meta property=\"og:locale\" content=\"nb_NO\" \/>\n<meta property=\"og:type\" content=\"article\" \/>\n<meta property=\"og:title\" content=\"Kommunestyrevalget 2027 - Randaberg H\u00f8yre\" \/>\n<meta property=\"og:description\" content=\"Nominasjonskomiteen best\u00e5r av: . Nominasjonskomiteen har igangsatt arbeidet med kommunestyrevalglisten for 2027-2031. Nominasjonskomiteen vil med dette oppfordre til \u00e5 sende inn forslag. Hvem b\u00f8r representere H\u00f8yre i kommunestyret neste periode? Kandidatforslag sendes til: anne.t.ostena@gmail.com innen 30.april. Alle som blir foresl\u00e5tt, og som Nominasjonskomiteen \u00f8nsker \u00e5 ha med p\u00e5 listen, vil bli forespurt om de er [&hellip;]\" \/>\n<meta property=\"og:url\" content=\"https:\/\/hoyre.no\/randaberg\/kommunestyrevalget-2027\/\" \/>\n<meta property=\"og:site_name\" content=\"Randaberg H\u00f8yre\" \/>\n<meta property=\"article:modified_time\" content=\"2026-04-22T12:39:42+00:00\" \/>\n<meta property=\"og:image\" content=\"https:\/\/hoyre.no\/content\/uploads\/sites\/216\/2026\/04\/Nominasjon-1-1024x536.png\" \/>\n<meta name=\"twitter:card\" content=\"summary_large_image\" \/>\n<meta name=\"twitter:label1\" content=\"Ansl. lesetid\" \/>\n\t<meta name=\"twitter:data1\" content=\"1 minutt\" \/>\n<script type=\"application\/ld+json\" class=\"yoast-schema-graph\">{\"@context\":\"https:\/\/schema.org\",\"@graph\":[{\"@type\":\"WebPage\",\"@id\":\"https:\/\/hoyre.no\/randaberg\/kommunestyrevalget-2027\/\",\"url\":\"https:\/\/hoyre.no\/randaberg\/kommunestyrevalget-2027\/\",\"name\":\"Kommunestyrevalget 2027 - Randaberg H\u00f8yre\",\"isPartOf\":{\"@id\":\"https:\/\/hoyre.no\/randaberg\/#website\"},\"image\":{\"@id\":\"https:\/\/hoyre.no\/randaberg\/kommunestyrevalget-2027\/#primaryimage\"},\"thumbnailUrl\":\"https:\/\/hoyre.no\/content\/uploads\/sites\/216\/2026\/04\/Nominasjon-2-1024x536.png\",\"datePublished\":\"2026-04-20T16:11:52+00:00\",\"dateModified\":\"2026-04-22T12:39:42+00:00\",\"breadcrumb\":{\"@id\":\"https:\/\/hoyre.no\/randaberg\/kommunestyrevalget-2027\/#breadcrumb\"},\"inLanguage\":\"nb-NO\",\"potentialAction\":[{\"@type\":\"ReadAction\",\"target\":[\"https:\/\/hoyre.no\/randaberg\/kommunestyrevalget-2027\/\"]}]},{\"@type\":\"ImageObject\",\"inLanguage\":\"nb-NO\",\"@id\":\"https:\/\/hoyre.no\/randaberg\/kommunestyrevalget-2027\/#primaryimage\",\"url\":\"https:\/\/hoyre.no\/content\/uploads\/sites\/216\/2026\/04\/Nominasjon-2-1024x536.png\",\"contentUrl\":\"https:\/\/hoyre.no\/content\/uploads\/sites\/216\/2026\/04\/Nominasjon-2-1024x536.png\"},{\"@type\":\"BreadcrumbList\",\"@id\":\"https:\/\/hoyre.no\/randaberg\/kommunestyrevalget-2027\/#breadcrumb\",\"itemListElement\":[{\"@type\":\"ListItem\",\"position\":1,\"name\":\"Til hoyre.no\",\"item\":\"https:\/\/hoyre.no\"},{\"@type\":\"ListItem\",\"position\":2,\"name\":\"Hjem\",\"item\":\"https:\/\/hoyre.no\/randaberg\/\"},{\"@type\":\"ListItem\",\"position\":3,\"name\":\"Kommunestyrevalget 2027\"}]},{\"@type\":\"WebSite\",\"@id\":\"https:\/\/hoyre.no\/randaberg\/#website\",\"url\":\"https:\/\/hoyre.no\/randaberg\/\",\"name\":\"Randaberg H\u00f8yre\",\"description\":\"Bare enda et H\u00f8yres nettsteder-nettsted\",\"inLanguage\":\"nb-NO\"}]}<\/script>\n<!-- \/ Yoast SEO plugin. -->","yoast_head_json":{"title":"Kommunestyrevalget 2027 - Randaberg H\u00f8yre","robots":{"index":"index","follow":"follow","max-snippet":"max-snippet:-1","max-image-preview":"max-image-preview:large","max-video-preview":"max-video-preview:-1"},"canonical":"https:\/\/hoyre.no\/randaberg\/kommunestyrevalget-2027\/","og_locale":"nb_NO","og_type":"article","og_title":"Kommunestyrevalget 2027 - Randaberg H\u00f8yre","og_description":"Nominasjonskomiteen best\u00e5r av: . Nominasjonskomiteen har igangsatt arbeidet med kommunestyrevalglisten for 2027-2031. Nominasjonskomiteen vil med dette oppfordre til \u00e5 sende inn forslag. Hvem b\u00f8r representere H\u00f8yre i kommunestyret neste periode? Kandidatforslag sendes til: anne.t.ostena@gmail.com innen 30.april. Alle som blir foresl\u00e5tt, og som Nominasjonskomiteen \u00f8nsker \u00e5 ha med p\u00e5 listen, vil bli forespurt om de er [&hellip;]","og_url":"https:\/\/hoyre.no\/randaberg\/kommunestyrevalget-2027\/","og_site_name":"Randaberg H\u00f8yre","article_modified_time":"2026-04-22T12:39:42+00:00","og_image":[{"url":"https:\/\/hoyre.no\/content\/uploads\/sites\/216\/2026\/04\/Nominasjon-1-1024x536.png","width":"","height":"","type":""}],"twitter_card":"summary_large_image","twitter_misc":{"Ansl. lesetid":"1 minutt"},"schema":{"@context":"https:\/\/schema.org","@graph":[{"@type":"WebPage","@id":"https:\/\/hoyre.no\/randaberg\/kommunestyrevalget-2027\/","url":"https:\/\/hoyre.no\/randaberg\/kommunestyrevalget-2027\/","name":"Kommunestyrevalget 2027 - Randaberg H\u00f8yre","isPartOf":{"@id":"https:\/\/hoyre.no\/randaberg\/#website"},"image":{"@id":"https:\/\/hoyre.no\/randaberg\/kommunestyrevalget-2027\/#primaryimage"},"thumbnailUrl":"https:\/\/hoyre.no\/content\/uploads\/sites\/216\/2026\/04\/Nominasjon-2-1024x536.png","datePublished":"2026-04-20T16:11:52+00:00","dateModified":"2026-04-22T12:39:42+00:00","breadcrumb":{"@id":"https:\/\/hoyre.no\/randaberg\/kommunestyrevalget-2027\/#breadcrumb"},"inLanguage":"nb-NO","potentialAction":[{"@type":"ReadAction","target":["https:\/\/hoyre.no\/randaberg\/kommunestyrevalget-2027\/"]}]},{"@type":"ImageObject","inLanguage":"nb-NO","@id":"https:\/\/hoyre.no\/randaberg\/kommunestyrevalget-2027\/#primaryimage","url":"https:\/\/hoyre.no\/content\/uploads\/sites\/216\/2026\/04\/Nominasjon-2-1024x536.png","contentUrl":"https:\/\/hoyre.no\/content\/uploads\/sites\/216\/2026\/04\/Nominasjon-2-1024x536.png"},{"@type":"BreadcrumbList","@id":"https:\/\/hoyre.no\/randaberg\/kommunestyrevalget-2027\/#breadcrumb","itemListElement":[{"@type":"ListItem","position":1,"name":"Til hoyre.no","item":"https:\/\/hoyre.no"},{"@type":"ListItem","position":2,"name":"Hjem","item":"https:\/\/hoyre.no\/randaberg\/"},{"@type":"ListItem","position":3,"name":"Kommunestyrevalget 2027"}]},{"@type":"WebSite","@id":"https:\/\/hoyre.no\/randaberg\/#website","url":"https:\/\/hoyre.no\/randaberg\/","name":"Randaberg H\u00f8yre","description":"Bare enda et H\u00f8yres nettsteder-nettsted","inLanguage":"nb-NO"}]}},"distributor_meta":false,"distributor_terms":false,"distributor_media":false,"distributor_original_site_name":"Randaberg H\u00f8yre","distributor_original_site_url":"https:\/\/hoyre.no\/randaberg","push-errors":false,"_links":{"self":[{"href":"https:\/\/hoyre.no\/randaberg\/wp-json\/wp\/v2\/pages\/153","targetHints":{"allow":["GET"]}}],"collection":[{"href":"https:\/\/hoyre.no\/randaberg\/wp-json\/wp\/v2\/pages"}],"about":[{"href":"https:\/\/hoyre.no\/randaberg\/wp-json\/wp\/v2\/types\/page"}],"author":[{"embeddable":true,"href":"https:\/\/hoyre.no\/randaberg\/wp-json\/wp\/v2\/users\/48354"}],"replies":[{"embeddable":true,"href":"https:\/\/hoyre.no\/randaberg\/wp-json\/wp\/v2\/comments?post=153"}],"version-history":[{"count":8,"href":"https:\/\/hoyre.no\/randaberg\/wp-json\/wp\/v2\/pages\/153\/revisions"}],"predecessor-version":[{"id":178,"href":"https:\/\/hoyre.no\/randaberg\/wp-json\/wp\/v2\/pages\/153\/revisions\/178"}],"wp:attachment":[{"href":"https:\/\/hoyre.no\/randaberg\/wp-json\/wp\/v2\/media?parent=153"}],"curies":[{"name":"wp","href":"https:\/\/api.w.org\/{rel}","templated":true}]}}

<div class="wp-block-hoyre-hero with-image-gradient text-color-light  alignfull has-background "><div class="hoyre-hero "><h1 class="title">Lokalvalget 2027 &#8211; Randaberg Høyres nominasjonsprosess</h1><p class="preamble">Vi ser frem til Kommunestyrevalget i september 2027 og prosessen med å finne gode kandidater til Høyres valgliste. Her kan du lese mer om vår prosess og arbeidet fremover.</p></div></div>



<figure class="wp-block-image size-large"><img loading="lazy" decoding="async" width="1024" height="536" src="https://hoyre.no/content/uploads/sites/216/2026/04/Nominasjon-2-1024x536.png" alt="" class="wp-image-160" srcset="https://hoyre.no/content/uploads/sites/216/2026/04/Nominasjon-2-1024x536.png 1024w, https://hoyre.no/content/uploads/sites/216/2026/04/Nominasjon-2-300x157.png 300w, https://hoyre.no/content/uploads/sites/216/2026/04/Nominasjon-2-768x402.png 768w, https://hoyre.no/content/uploads/sites/216/2026/04/Nominasjon-2-1536x804.png 1536w, https://hoyre.no/content/uploads/sites/216/2026/04/Nominasjon-2.png 2048w" sizes="auto, (max-width: 1024px) 100vw, 1024px" /></figure>



<h4 class="wp-block-heading">Nominasjonskomiteen består av:</h4>



<ul class="wp-block-list">
<li>Anne Tove Østenå (leder)</li>



<li>Marius Haga</li>



<li>Fredrik Iversen</li>



<li>Geir Yttri</li>



<li>Kirsti Gjerde</li>
</ul>



<p>.</p>



<p>Nominasjonskomiteen har igangsatt arbeidet med kommunestyrevalglisten for 2027-2031.</p>



<p>Nominasjonskomiteen vil med dette oppfordre til å sende inn forslag. Hvem bør representere Høyre i kommunestyret neste periode?</p>



<p>Kandidatforslag sendes til: <strong>anne.t.ostena@gmail.com</strong> innen <strong>30.april</strong>. Alle som blir foreslått, og som Nominasjonskomiteen ønsker å ha med på listen, vil bli forespurt om de er valgvillige.</p>



<p>.</p>



<p>Med vennlig hilsen,</p>



<p><strong>Randaberg Høyre nominasjonskomité</strong></p>

<p>Nominasjonskomiteen består av: . Nominasjonskomiteen har igangsatt arbeidet med kommunestyrevalglisten for 2027-2031. Nominasjonskomiteen vil med dette oppfordre til å sende inn forslag. Hvem bør representere Høyre i kommunestyret neste periode? Kandidatforslag sendes til: anne.t.ostena@gmail.com innen 30.april. Alle som blir foreslått, og som Nominasjonskomiteen ønsker å ha med på listen, vil bli forespurt om de er [&hellip;]</p>

<!-- This site is optimized with the Yoast SEO plugin v26.6 - https://yoast.com/wordpress/plugins/seo/ -->
<title>Kommunestyrevalget 2027 - Randaberg Høyre</title>
<meta name="robots" content="index, follow, max-snippet:-1, max-image-preview:large, max-video-preview:-1" />
<link rel="canonical" href="https://hoyre.no/randaberg/kommunestyrevalget-2027/" />
<meta property="og:locale" content="nb_NO" />
<meta property="og:type" content="article" />
<meta property="og:title" content="Kommunestyrevalget 2027 - Randaberg Høyre" />
<meta property="og:description" content="Nominasjonskomiteen består av: . Nominasjonskomiteen har igangsatt arbeidet med kommunestyrevalglisten for 2027-2031. Nominasjonskomiteen vil med dette oppfordre til å sende inn forslag. Hvem bør representere Høyre i kommunestyret neste periode? Kandidatforslag sendes til: anne.t.ostena@gmail.com innen 30.april. Alle som blir foreslått, og som Nominasjonskomiteen ønsker å ha med på listen, vil bli forespurt om de er [&hellip;]" />
<meta property="og:url" content="https://hoyre.no/randaberg/kommunestyrevalget-2027/" />
<meta property="og:site_name" content="Randaberg Høyre" />
<meta property="article:modified_time" content="2026-04-22T12:39:42+00:00" />
<meta property="og:image" content="https://hoyre.no/content/uploads/sites/216/2026/04/Nominasjon-1-1024x536.png" />
<meta name="twitter:card" content="summary_large_image" />
<meta name="twitter:label1" content="Ansl. lesetid" />
	<meta name="twitter:data1" content="1 minutt" />
<script type="application/ld+json" class="yoast-schema-graph">{"@context":"https://schema.org","@graph":[{"@type":"WebPage","@id":"https://hoyre.no/randaberg/kommunestyrevalget-2027/","url":"https://hoyre.no/randaberg/kommunestyrevalget-2027/","name":"Kommunestyrevalget 2027 - Randaberg Høyre","isPartOf":{"@id":"https://hoyre.no/randaberg/#website"},"image":{"@id":"https://hoyre.no/randaberg/kommunestyrevalget-2027/#primaryimage"},"thumbnailUrl":"https://hoyre.no/content/uploads/sites/216/2026/04/Nominasjon-2-1024x536.png","datePublished":"2026-04-20T16:11:52+00:00","dateModified":"2026-04-22T12:39:42+00:00","breadcrumb":{"@id":"https://hoyre.no/randaberg/kommunestyrevalget-2027/#breadcrumb"},"inLanguage":"nb-NO","potentialAction":[{"@type":"ReadAction","target":["https://hoyre.no/randaberg/kommunestyrevalget-2027/"]}]},{"@type":"ImageObject","inLanguage":"nb-NO","@id":"https://hoyre.no/randaberg/kommunestyrevalget-2027/#primaryimage","url":"https://hoyre.no/content/uploads/sites/216/2026/04/Nominasjon-2-1024x536.png","contentUrl":"https://hoyre.no/content/uploads/sites/216/2026/04/Nominasjon-2-1024x536.png"},{"@type":"BreadcrumbList","@id":"https://hoyre.no/randaberg/kommunestyrevalget-2027/#breadcrumb","itemListElement":[{"@type":"ListItem","position":1,"name":"Til hoyre.no","item":"https://hoyre.no"},{"@type":"ListItem","position":2,"name":"Hjem","item":"https://hoyre.no/randaberg/"},{"@type":"ListItem","position":3,"name":"Kommunestyrevalget 2027"}]},{"@type":"WebSite","@id":"https://hoyre.no/randaberg/#website","url":"https://hoyre.no/randaberg/","name":"Randaberg Høyre","description":"Bare enda et Høyres nettsteder-nettsted","inLanguage":"nb-NO"}]}</script>
<!-- / Yoast SEO plugin. -->

Kommunestyrevalget 2027 - Randaberg Høyre

Nominasjonskomiteen består av: . Nominasjonskomiteen har igangsatt arbeidet med kommunestyrevalglisten for 2027-2031. Nominasjonskomiteen vil med dette oppfordre til å sende inn forslag. Hvem bør representere Høyre i kommunestyret neste periode? Kandidatforslag sendes til: anne.t.ostena@gmail.com innen 30.april. Alle som blir foreslått, og som Nominasjonskomiteen ønsker å ha med på listen, vil bli forespurt om de er [&hellip;]

Randaberg Høyre

Bare enda et Høyres nettsteder-nettsted
