{"version":"1.0","provider_name":"Rogaland H\u00f8yre","provider_url":"https:\/\/hoyre.no\/rogaland","author_name":"Nora Gotteberg H\u00f8yer","author_url":"https:\/\/hoyre.no\/rogaland\/aktuelt\/author\/m52239233\/","title":"Fylkestingsvalg 2027 - Rogaland H\u00f8yres nominasjonsprosess - Rogaland H\u00f8yre","type":"rich","width":600,"height":338,"html":"<blockquote class=\"wp-embedded-content\" data-secret=\"ewwtVx1Ged\"><a href=\"https:\/\/hoyre.no\/rogaland\/fylkestingsvalg\/\">Fylkestingsvalg 2027 &#8211; Rogaland H\u00f8yres nominasjonsprosess<\/a><\/blockquote><iframe sandbox=\"allow-scripts\" security=\"restricted\" src=\"https:\/\/hoyre.no\/rogaland\/fylkestingsvalg\/embed\/#?secret=ewwtVx1Ged\" width=\"600\" height=\"338\" title=\"&laquo;Fylkestingsvalg 2027 &#8211; Rogaland H\u00f8yres nominasjonsprosess&raquo; &#8212; Rogaland H\u00f8yre\" data-secret=\"ewwtVx1Ged\" frameborder=\"0\" marginwidth=\"0\" marginheight=\"0\" scrolling=\"no\" class=\"wp-embedded-content\"><\/iframe><script type=\"text\/javascript\">\n\/* <![CDATA[ *\/\n\/*! This file is auto-generated *\/\n!function(d,l){\"use strict\";l.querySelector&&d.addEventListener&&\"undefined\"!=typeof URL&&(d.wp=d.wp||{},d.wp.receiveEmbedMessage||(d.wp.receiveEmbedMessage=function(e){var t=e.data;if((t||t.secret||t.message||t.value)&&!\/[^a-zA-Z0-9]\/.test(t.secret)){for(var s,r,n,a=l.querySelectorAll('iframe[data-secret=\"'+t.secret+'\"]'),o=l.querySelectorAll('blockquote[data-secret=\"'+t.secret+'\"]'),c=new RegExp(\"^https?:$\",\"i\"),i=0;i<o.length;i++)o[i].style.display=\"none\";for(i=0;i<a.length;i++)s=a[i],e.source===s.contentWindow&&(s.removeAttribute(\"style\"),\"height\"===t.message?(1e3<(r=parseInt(t.value,10))?r=1e3:~~r<200&&(r=200),s.height=r):\"link\"===t.message&&(r=new URL(s.getAttribute(\"src\")),n=new URL(t.value),c.test(n.protocol))&&n.host===r.host&&l.activeElement===s&&(d.top.location.href=t.value))}},d.addEventListener(\"message\",d.wp.receiveEmbedMessage,!1),l.addEventListener(\"DOMContentLoaded\",function(){for(var e,t,s=l.querySelectorAll(\"iframe.wp-embedded-content\"),r=0;r<s.length;r++)(t=(e=s[r]).getAttribute(\"data-secret\"))||(t=Math.random().toString(36).substring(2,12),e.src+=\"#?secret=\"+t,e.setAttribute(\"data-secret\",t)),e.contentWindow.postMessage({message:\"ready\",secret:t},\"*\")},!1)))}(window,document);\n\/* ]]> *\/\n<\/script>\n","description":"Nominasjonskomiteen best\u00e5r av: Dato. 2026 Sak Frist 31. januar Nedsettelse av nominasjonskomite:Fylkesstyret oppnevner nominasjonskomit\u00e9 ognominasjonskomiteleder og vedtar enoverordnet datoplan for helenominasjonsprosessen. Nedsettessenest innen 1.mars. februar\/ mars Konstituerende m\u00f8te fornominasjonskomiteen. februar\/ mars Etter konstituerende m\u00f8te tilskrives sittenderepresentanter og vararepresentanter medsp\u00f8rsm\u00e5l om de \u00f8nsker gjenvalg. Svarfrist mai. mars\/ april Organisasjonsledd og medlemmer inviteres til\u00e5 komme med forslag [&hellip;]","thumbnail_url":"https:\/\/hoyre.no\/content\/uploads\/sites\/11\/2026\/02\/Dokument-uten-navn-09.02.2026-1-scaled.png","thumbnail_width":2500,"thumbnail_height":1309}

Rogaland Høyre

Nora Gotteberg Høyer

Fylkestingsvalg 2027 - Rogaland Høyres nominasjonsprosess - Rogaland Høyre

<blockquote class="wp-embedded-content" data-secret="ewwtVx1Ged"><a href="https://hoyre.no/rogaland/fylkestingsvalg/">Fylkestingsvalg 2027 &#8211; Rogaland Høyres nominasjonsprosess</a></blockquote><iframe sandbox="allow-scripts" security="restricted" src="https://hoyre.no/rogaland/fylkestingsvalg/embed/#?secret=ewwtVx1Ged" width="600" height="338" title="&laquo;Fylkestingsvalg 2027 &#8211; Rogaland Høyres nominasjonsprosess&raquo; &#8212; Rogaland Høyre" data-secret="ewwtVx1Ged" frameborder="0" marginwidth="0" marginheight="0" scrolling="no" class="wp-embedded-content"></iframe><script type="text/javascript">
/* <![CDATA[ */
/*! This file is auto-generated */
!function(d,l){"use strict";l.querySelector&&d.addEventListener&&"undefined"!=typeof URL&&(d.wp=d.wp||{},d.wp.receiveEmbedMessage||(d.wp.receiveEmbedMessage=function(e){var t=e.data;if((t||t.secret||t.message||t.value)&&!/[^a-zA-Z0-9]/.test(t.secret)){for(var s,r,n,a=l.querySelectorAll('iframe[data-secret="'+t.secret+'"]'),o=l.querySelectorAll('blockquote[data-secret="'+t.secret+'"]'),c=new RegExp("^https?:$","i"),i=0;i<o.length;i++)o[i].style.display="none";for(i=0;i<a.length;i++)s=a[i],e.source===s.contentWindow&&(s.removeAttribute("style"),"height"===t.message?(1e3<(r=parseInt(t.value,10))?r=1e3:~~r<200&&(r=200),s.height=r):"link"===t.message&&(r=new URL(s.getAttribute("src")),n=new URL(t.value),c.test(n.protocol))&&n.host===r.host&&l.activeElement===s&&(d.top.location.href=t.value))}},d.addEventListener("message",d.wp.receiveEmbedMessage,!1),l.addEventListener("DOMContentLoaded",function(){for(var e,t,s=l.querySelectorAll("iframe.wp-embedded-content"),r=0;r<s.length;r++)(t=(e=s[r]).getAttribute("data-secret"))||(t=Math.random().toString(36).substring(2,12),e.src+="#?secret="+t,e.setAttribute("data-secret",t)),e.contentWindow.postMessage({message:"ready",secret:t},"*")},!1)))}(window,document);
/* ]]> */
</script>

Nominasjonskomiteen består av: Dato. 2026 Sak Frist 31. januar Nedsettelse av nominasjonskomite:Fylkesstyret oppnevner nominasjonskomité ognominasjonskomiteleder og vedtar enoverordnet datoplan for helenominasjonsprosessen. Nedsettessenest innen 1.mars. februar/ mars Konstituerende møte fornominasjonskomiteen. februar/ mars Etter konstituerende møte tilskrives sittenderepresentanter og vararepresentanter medspørsmål om de ønsker gjenvalg. Svarfrist mai. mars/ april Organisasjonsledd og medlemmer inviteres tilå komme med forslag [&hellip;]
