{"id":1185,"date":"2024-07-26T19:26:22","date_gmt":"2024-07-26T17:26:22","guid":{"rendered":"https:\/\/hoyre.no\/sarpsborg\/?page_id=1185"},"modified":"2024-07-26T19:28:05","modified_gmt":"2024-07-26T17:28:05","slug":"ordforer-magnus-arnesen","status":"publish","type":"page","link":"https:\/\/hoyre.no\/sarpsborg\/ordforer-magnus-arnesen\/","title":{"rendered":"Ordf\u00f8rer Magnus Arnesen"},"content":{"rendered":"\n<div class=\"wp-block-hoyre-hero with-image-gradient text-color-light  has-media alignfull has-background\"><div class=\"hoyre-hero has-image\"><h1 class=\"title\">Ordf\u00f8rer <br>Magnus Arnesen <\/h1><figure class=\"hoyre-image-wrapper\"><div class=\"hoyre-image\"><img loading=\"lazy\" decoding=\"async\" width=\"800\" height=\"533\" src=\"https:\/\/hoyre.no\/content\/uploads\/sites\/161\/2023\/01\/Foto_Hans_Kristian_Thorbjornsen-4699.png\" class=\"attachment-scaled size-scaled\" alt=\"\" style=\"object-position: 61% 5%\" srcset=\"https:\/\/hoyre.no\/content\/uploads\/sites\/161\/2023\/01\/Foto_Hans_Kristian_Thorbjornsen-4699.png 800w, https:\/\/hoyre.no\/content\/uploads\/sites\/161\/2023\/01\/Foto_Hans_Kristian_Thorbjornsen-4699-300x200.png 300w, https:\/\/hoyre.no\/content\/uploads\/sites\/161\/2023\/01\/Foto_Hans_Kristian_Thorbjornsen-4699-768x512.png 768w\" sizes=\"auto, (max-width: 800px) 100vw, 800px\" \/><\/div><\/figure><\/div><\/div>\n\n\n\n\n<div class=\"wp-block-buttons is-content-justification-center is-layout-flex wp-container-core-buttons-is-layout-16018d1d wp-block-buttons-is-layout-flex\">\n<div class=\"wp-block-button\"><a class=\"wp-block-button__link wp-element-button\" href=\"https:\/\/hoyre.no\/nyhetsbrev\/\">F\u00f8lg magnus p\u00e5 facebook<\/a><\/div>\n\n\n\n<div class=\"wp-block-button\"><a class=\"wp-block-button__link wp-element-button\" href=\"https:\/\/hoyre.no\/sarpsborg\/vare-folk\/\" rel=\"sarpsborg@hoyreforening.no\">kom i kontakt meD Magnus<\/a><\/div>\n\n\n\n<div class=\"wp-block-button\"><a class=\"wp-block-button__link wp-element-button\" href=\"https:\/\/www.facebook.com\/sarpsborghoyre\" rel=\"https:\/\/www.facebook.com\/sarpsborghoyre\">f\u00f8lg Sarpsborg h\u00f8yre p\u00e5 facebook<\/a><\/div>\n<\/div>\n\n\n\n<p>Jeg er en optimist, og som Jahn Teigen \u00abTenker jeg opp n\u00e5r jeg er nede\u00bb. Jeg har l\u00e6rt at optimisme fostrer positive resultater, og tar med meg optimisme inn i v\u00e5rt prosjekt for \u00e5 skape fremtidens Sarpsborg.<\/p>\n\n\n\n<p>Vi har et stort uforl\u00f8st potensial for \u00e5 tiltrekke oss flere arbeidsplasser. Nye E6 var en gavepakke til byen i sin tid, og med etableringen av sykehuset p\u00e5 Kalnes fikk vi et h\u00f8yteknologisk kompetansesenter i fanget. Jeg mener vi ikke har lyktes med \u00e5 realisere potensialet s\u00e5 langt.<\/p>\n\n\n\n<p>Med en sunn \u00f8konomi i bunnen kan vi f\u00e5 n\u00f8dvendig trygghet til \u00e5 se inn i fremtiden med et optimistisk og fremoverlent blikk.<\/p>\n\n\n\n<p>Med optimisme har vi startet p\u00e5 et prosjekt hvor alle sarpinger skal f\u00e5 muligheter til \u00e5 lykkes. Vi skal arbeide hardt for \u00e5 gi deg optimisme for fremtiden.<\/p>\n\n\n\n<div class=\"wp-block-hoyre-banner undefined has-icon-title icon-heart is-style-blue\"><div class=\"banner-inner\"><figure class=\"hoyre-image-wrapper\"><div class=\"hoyre-image\"><img loading=\"lazy\" decoding=\"async\" width=\"2500\" height=\"2201\" src=\"https:\/\/hoyre.no\/content\/uploads\/sites\/161\/2023\/05\/IMG_95854-scaled.jpg\" class=\"attachment-scaled size-scaled\" alt=\"\" style=\"object-position: 50% 13%\" srcset=\"https:\/\/hoyre.no\/content\/uploads\/sites\/161\/2023\/05\/IMG_95854-scaled.jpg 2500w, https:\/\/hoyre.no\/content\/uploads\/sites\/161\/2023\/05\/IMG_95854-300x264.jpg 300w, https:\/\/hoyre.no\/content\/uploads\/sites\/161\/2023\/05\/IMG_95854-1024x901.jpg 1024w, https:\/\/hoyre.no\/content\/uploads\/sites\/161\/2023\/05\/IMG_95854-768x676.jpg 768w, https:\/\/hoyre.no\/content\/uploads\/sites\/161\/2023\/05\/IMG_95854-1536x1352.jpg 1536w, https:\/\/hoyre.no\/content\/uploads\/sites\/161\/2023\/05\/IMG_95854-2048x1803.jpg 2048w\" sizes=\"auto, (max-width: 2500px) 100vw, 2500px\" \/><\/div><\/figure><div class=\"banner-content\"><div class=\"entry-content\">\n<h2 class=\"wp-block-heading has-text-align-center\" id=\"h-bli-bedre-kjent-med-navn\">Bli bedre kjent med Magnus!<\/h2>\n\n\n\n<p class=\"has-text-align-left\"><strong>Alder:<\/strong> 43 \u00e5r<\/p>\n\n\n\n<p class=\"has-text-align-left\"><strong>Bosted:<\/strong> Gre\u00e5ker<\/p>\n\n\n\n<p class=\"has-text-align-left\"><strong>Sivilstatus:<\/strong> Gift med Linda, 3 barn<\/p>\n\n\n\n<p class=\"has-text-align-left\"><strong>Jobb:<\/strong> Ordf\u00f8rer i Sarpsborg kommune.<\/p>\n\n\n\n<p class=\"has-text-align-left\"><strong>Bakgrunn:<\/strong> Utdannet Sivil\u00f8konom. 17 \u00e5rs erfaring fra n\u00e6ringslivet innenfor teknologi, data og innsikt.<\/p>\n\n\n\n<p class=\"has-text-align-left\"><strong>Politisk erfaring:<\/strong> Leder av Sarpsborg H\u00f8yre siden 2019. I perioden 2019-2023 var medlem av utvalg for velferd og folkehelse, samt vara i bystyret og planutvalget.<\/p>\n\n\n\n<p class=\"has-text-align-left\"><strong>Hvorfor er H\u00f8yre rett parti for deg?<\/strong> Jeg ble Leeds-fan n\u00e5r de sist vant serien i 1992 og lynvingen Gordon Strachan herjet p\u00e5 kanten. Noen \u00e5r tidligere ble jeg H\u00f8yre-fan n\u00e5r K\u00e5re Willoch herjet i debatter p\u00e5 TV. I dag er H\u00f8yre mitt parti fordi det har troen p\u00e5 at alle kan lykkes, bare de f\u00e5r muligheten. Individet er viktigere enn systemet! For eksempel i skolen er det viktig \u00e5 innse at ikke alle l\u00e6rer likt, alle elever fortjener en tilpasset skolehverdag.<\/p>\n\n\n\n<p class=\"has-text-align-left\"><strong>Det er l\u00f8rdag, klokka n\u00e6rmer seg 19.00. Hva spiser du helst til middag?<\/strong> Pizza<\/p>\n\n\n\n<p class=\"has-text-align-left\"><strong>Konsert eller idrettsarrangement?<\/strong> Idretts-arrangement, og aller helst med mine egne barn i aksjon.<\/p>\n\n\n\n<p class=\"has-text-align-left\"><strong>Hvis du skulle valgt en, hva er din favorittartist?<\/strong> Artist er Bryan Adams, men n\u00e5r det gjelder gruppe er det uten tvil <br>Guns n Roses.<\/p>\n\n\n\n<p class=\"has-text-align-left\"><strong>Funfact?<\/strong> Jeg er tidligere norgesmester i ungdomsbedrift.<\/p>\n\n\n\n<p class=\"has-text-align-left\"><strong>Hva er din favorittplass i kommunen og utenfor kommunen?<\/strong>&nbsp;Jeg er veldig glad i n\u00e6rmilj\u00f8et mitt p\u00e5 Gre\u00e5ker, og spesielt \u00abGre\u00e5kerstien\u00bb med utsikt over Vister er en fin plass som jeg ofte g\u00e5r tur med hunden. Ellers har jeg det veldig bra p\u00e5 hytta p\u00e5 Hvaler om sommeren.<\/p>\n\n\n\n<div class=\"wp-block-buttons is-layout-flex wp-block-buttons-is-layout-flex\"><\/div>\n<\/div><\/div><\/div><\/div>\n\n\n\n<div class=\"wp-block-teft-accentuated-link undefined has-image\"><div class=\"kf-link__wrapper\"><div class=\"kf-link__tagline\">LES MER<\/div><a class=\"kf-link__link\" href=\"https:\/\/hoyre.no\/personprofiler\/magnus-arnesen\/\" rel=\"noreferrer noopener\" target=\"_blank\">Kom i kontakt med Magnus Arnesen<span class=\"kf-link__link-source\">hoyre.no<\/span><\/a><\/div><figure class=\"hoyre-image-wrapper\"><div class=\"hoyre-image\"><img loading=\"lazy\" decoding=\"async\" width=\"800\" height=\"533\" src=\"https:\/\/hoyre.no\/content\/uploads\/sites\/161\/2023\/01\/Foto_Hans_Kristian_Thorbjornsen-4699.png\" class=\"attachment-scaled size-scaled\" alt=\"\" style=\"object-position: 52% 33%\" srcset=\"https:\/\/hoyre.no\/content\/uploads\/sites\/161\/2023\/01\/Foto_Hans_Kristian_Thorbjornsen-4699.png 800w, https:\/\/hoyre.no\/content\/uploads\/sites\/161\/2023\/01\/Foto_Hans_Kristian_Thorbjornsen-4699-300x200.png 300w, https:\/\/hoyre.no\/content\/uploads\/sites\/161\/2023\/01\/Foto_Hans_Kristian_Thorbjornsen-4699-768x512.png 768w\" sizes=\"auto, (max-width: 800px) 100vw, 800px\" \/><\/div><\/figure><\/div>\n\n\n\n<h2 class=\"wp-block-heading has-text-align-center\">Magnus sine hjertesaker<\/h2>\n\n\n\n<h3 class=\"wp-block-heading\">Sarpsborg &#8211; fra &laquo;gammel industriby&raquo; til en vekstmotor i \u00d8stfold<\/h3>\n\n\n\n<p>Sarpsborg har ambisjon om \u00e5 bli k\u00e5ret til Norges mest attraktive by innen 2027, en ambisjon som H\u00f8yre s\u00e5 absolutt stiller seg bak. Vi skal v\u00e5ge \u00e5 sette oss h\u00f8ye m\u00e5l. Samtidig betyr en slik tittel lite om vi ikke l\u00f8ser v\u00e5rt samfunns store utfordring, det faktum at flere sarpinger m\u00e5 f\u00e5 en sjanse i arbeidslivet. Det er H\u00f8yres og min hovedprioritet n\u00e5r vi snart g\u00e5r inn i en ny politisk periode.<\/p>\n\n\n\n<p>Sarpsborg kan stolt kalle seg en \u00abgammel industriby\u00bb. Det er mye inspirasjon for fremtiden \u00e5 hente i v\u00e5r lange industrihistorie med flaggskipet Borregaard i spissen som stadig fornyer seg. Mindre stolt kan vi v\u00e6re av stempelet som \u00ablavinntektskommune\u00bb. Ofte ser vi at \u00abgammel industriby\u00bb brukes som en forklaring p\u00e5 hvorfor vi betegnes som nettopp \u00ablavinntektskommune\u00bb. \u00abGammel industriby\u00bb fungerer i dag like mye som en brems for utvikling som en katalysator for vekst.<\/p>\n\n\n\n<p>\u00abGammel industriby\u00bb har blitt selve overskriften til statistikkene over arbeidsledighet, antall uf\u00f8re, lave skatteinntekter, barnefattigdom og utflating i arbeidsplassvekst. La 2023 bli \u00e5ret hvor \u00abgammel industriby\u00bb blir katalysatoren for vekst og hvor vi henter inspirasjon til nye ideer. For H\u00f8yre er 2023 \u00e5ret hvor vi sammen med et borgerlig flertall h\u00e5per \u00e5 stake ut en ny kurs for Sarpsborg.<\/p>\n\n\n\n<p>For \u00e5 sette kommunen v\u00e5r i stand til \u00e5 m\u00f8te fremtidens utfordringer m\u00e5 vi raskt f\u00e5 kontroll p\u00e5 kommunens \u00f8konomi. Forholdet mellom inntekter og kostnader m\u00e5 tilbake til et positivt fortegn. Enda viktigere blir det \u00e5 stanse det galopperende merforbruket. Det er ikke b\u00e6rekraftig \u00e5 bruke mer penger enn man planlegger i budsjettet.<\/p>\n\n\n\n<p>Samtidig som vi rydder opp i \u00f8konomien m\u00e5 vi ikke glemme v\u00e5r aller viktigste oppgave, nemlig at flere sarpinger m\u00e5 i jobb og det m\u00e5 fylles p\u00e5 i begge ender. I den ene enden m\u00e5 de som st\u00e5r i k\u00f8 for \u00e5 komme inn i arbeidslivet gis en sjanse. Det er en sammensatt oppgave, og H\u00f8yre vil styrke satsningen p\u00e5 utdanning og spr\u00e5kundervisning slik at flere blir rustet til arbeidslivet. Dersom Sarpsborg hadde hatt samme arbeidsledighet som resten av landet, ville over 600 flere sarpinger v\u00e6rt i arbeid. Potensialet er enormt selv med lave ambisjoner!<\/p>\n\n\n\n<p>I den andre enden m\u00e5 det skapes flere arbeidsplasser. En H\u00f8yre-styrt kommune er en JA-kommune, en kommune som sier ja n\u00e5r den kan, og nei kun n\u00e5r den m\u00e5. Det betyr at vi skal legge til rette for raske areal-reguleringer n\u00e5r det er n\u00f8dvendig, samt s\u00f8rge for at v\u00e5r langsiktige arealplan har tilstrekkelig rom for vekst og nyetableringer. Det er positivt at Sarpsborg har hatt en vekst i antall arbeidsplasser de siste ti \u00e5rene, men det er bekymringsverdig at \u00f8kningen i private arbeidsplasser bortimot er frav\u00e6rende. <\/p>\n\n\n\n<p>Vi trenger flere arbeidsplasser som bidrar <strong><em>til<\/em><\/strong> kommune\u00f8konomien, og ikke er en del av den. En god og trygg oppvekst skal forhindre at unge mennesker starter p\u00e5 voksenlivet i utenforskap. Forskning viser at det er klare sammenhenger mellom ikke fullf\u00f8rt videreg\u00e5ende utdanning og sannsynligheten for \u00e5 havne utenfor arbeidslivet og samfunnet ellers. Det bekymrer meg at s\u00e5 mye som \u00e9n av fire unge i Sarpsborg ikke fullf\u00f8rte videreg\u00e5ende utdanning i 2021. Kommunen er avhengige av \u00e5 snu denne trenden. <\/p>\n\n\n\n<p>H\u00f8yre i regjering gjennomf\u00f8rte tidenes satsing p\u00e5 videreutdanning av l\u00e6rere, og den satsingen vil vi ogs\u00e5 f\u00f8lge opp lokalt i Sarpsborg i \u00e5rene som kommer. I tillegg m\u00e5 det legges til rette for at l\u00e6rerne f\u00e5r mer til tid til \u00e5 v\u00e6re nettopp l\u00e6rere.<\/p>\n\n\n\n<p>Med optimisme vil vi starte p\u00e5 et prosjekt hvor alle sarpinger skal f\u00e5 muligheter til \u00e5 lykkes, og jeg h\u00e5per du vil gi Sarpsborg H\u00f8yre og meg den tilliten. Vi skal arbeide hardt for \u00e5 gi deg optimisme for fremtiden.<\/p>\n\n","protected":false},"excerpt":{"rendered":"","protected":false},"author":17718,"featured_media":0,"parent":0,"menu_order":0,"comment_status":"closed","ping_status":"closed","template":"","meta":{"teft_cards_image_url":"","teft_cards_custom_pretitle":"","teft_cards_image_id":0,"teft_cards_image_focal_point_x":0,"teft_cards_image_focal_point_y":0,"teft_cards_title":"","teft_cards_excerpt":"","teft_show_chapters":false,"footnotes":""},"class_list":["post-1185","page","type-page","status-publish","hentry"],"yoast_head":"<!-- This site is optimized with the Yoast SEO plugin v26.6 - https:\/\/yoast.com\/wordpress\/plugins\/seo\/ -->\n<title>Ordf\u00f8rer Magnus Arnesen - Sarpsborg H\u00f8yre<\/title>\n<meta name=\"robots\" content=\"index, follow, max-snippet:-1, max-image-preview:large, max-video-preview:-1\" \/>\n<link rel=\"canonical\" href=\"https:\/\/hoyre.no\/sarpsborg\/ordforer-magnus-arnesen\/\" \/>\n<meta property=\"og:locale\" content=\"nb_NO\" \/>\n<meta property=\"og:type\" content=\"article\" \/>\n<meta property=\"og:title\" content=\"Ordf\u00f8rer Magnus Arnesen - Sarpsborg H\u00f8yre\" \/>\n<meta property=\"og:url\" content=\"https:\/\/hoyre.no\/sarpsborg\/ordforer-magnus-arnesen\/\" \/>\n<meta property=\"og:site_name\" content=\"Sarpsborg H\u00f8yre\" \/>\n<meta property=\"article:modified_time\" content=\"2024-07-26T17:28:05+00:00\" \/>\n<meta property=\"og:image\" content=\"https:\/\/hoyre.no\/content\/uploads\/sites\/161\/2022\/11\/Hoyres-logo.png\" \/>\n\t<meta property=\"og:image:width\" content=\"1000\" \/>\n\t<meta property=\"og:image:height\" content=\"1000\" \/>\n\t<meta property=\"og:image:type\" content=\"image\/png\" \/>\n<meta name=\"twitter:card\" content=\"summary_large_image\" \/>\n<meta name=\"twitter:label1\" content=\"Ansl. lesetid\" \/>\n\t<meta name=\"twitter:data1\" content=\"6 minutter\" \/>\n<script type=\"application\/ld+json\" class=\"yoast-schema-graph\">{\"@context\":\"https:\/\/schema.org\",\"@graph\":[{\"@type\":\"WebPage\",\"@id\":\"https:\/\/hoyre.no\/sarpsborg\/ordforer-magnus-arnesen\/\",\"url\":\"https:\/\/hoyre.no\/sarpsborg\/ordforer-magnus-arnesen\/\",\"name\":\"Ordf\u00f8rer Magnus Arnesen - Sarpsborg H\u00f8yre\",\"isPartOf\":{\"@id\":\"https:\/\/hoyre.no\/sarpsborg\/#website\"},\"datePublished\":\"2024-07-26T17:26:22+00:00\",\"dateModified\":\"2024-07-26T17:28:05+00:00\",\"breadcrumb\":{\"@id\":\"https:\/\/hoyre.no\/sarpsborg\/ordforer-magnus-arnesen\/#breadcrumb\"},\"inLanguage\":\"nb-NO\",\"potentialAction\":[{\"@type\":\"ReadAction\",\"target\":[\"https:\/\/hoyre.no\/sarpsborg\/ordforer-magnus-arnesen\/\"]}]},{\"@type\":\"BreadcrumbList\",\"@id\":\"https:\/\/hoyre.no\/sarpsborg\/ordforer-magnus-arnesen\/#breadcrumb\",\"itemListElement\":[{\"@type\":\"ListItem\",\"position\":1,\"name\":\"Til hoyre.no\",\"item\":\"https:\/\/hoyre.no\"},{\"@type\":\"ListItem\",\"position\":2,\"name\":\"Hjem\",\"item\":\"https:\/\/hoyre.no\/sarpsborg\/\"},{\"@type\":\"ListItem\",\"position\":3,\"name\":\"Ordf\u00f8rer Magnus Arnesen\"}]},{\"@type\":\"WebSite\",\"@id\":\"https:\/\/hoyre.no\/sarpsborg\/#website\",\"url\":\"https:\/\/hoyre.no\/sarpsborg\/\",\"name\":\"Sarpsborg H\u00f8yre\",\"description\":\"Bare enda et H\u00f8yres nettsteder-nettsted\",\"inLanguage\":\"nb-NO\"}]}<\/script>\n<!-- \/ Yoast SEO plugin. -->","yoast_head_json":{"title":"Ordf\u00f8rer Magnus Arnesen - Sarpsborg H\u00f8yre","robots":{"index":"index","follow":"follow","max-snippet":"max-snippet:-1","max-image-preview":"max-image-preview:large","max-video-preview":"max-video-preview:-1"},"canonical":"https:\/\/hoyre.no\/sarpsborg\/ordforer-magnus-arnesen\/","og_locale":"nb_NO","og_type":"article","og_title":"Ordf\u00f8rer Magnus Arnesen - Sarpsborg H\u00f8yre","og_url":"https:\/\/hoyre.no\/sarpsborg\/ordforer-magnus-arnesen\/","og_site_name":"Sarpsborg H\u00f8yre","article_modified_time":"2024-07-26T17:28:05+00:00","og_image":[{"width":1000,"height":1000,"url":"https:\/\/hoyre.no\/content\/uploads\/sites\/161\/2022\/11\/Hoyres-logo.png","type":"image\/png"}],"twitter_card":"summary_large_image","twitter_misc":{"Ansl. lesetid":"6 minutter"},"schema":{"@context":"https:\/\/schema.org","@graph":[{"@type":"WebPage","@id":"https:\/\/hoyre.no\/sarpsborg\/ordforer-magnus-arnesen\/","url":"https:\/\/hoyre.no\/sarpsborg\/ordforer-magnus-arnesen\/","name":"Ordf\u00f8rer Magnus Arnesen - Sarpsborg H\u00f8yre","isPartOf":{"@id":"https:\/\/hoyre.no\/sarpsborg\/#website"},"datePublished":"2024-07-26T17:26:22+00:00","dateModified":"2024-07-26T17:28:05+00:00","breadcrumb":{"@id":"https:\/\/hoyre.no\/sarpsborg\/ordforer-magnus-arnesen\/#breadcrumb"},"inLanguage":"nb-NO","potentialAction":[{"@type":"ReadAction","target":["https:\/\/hoyre.no\/sarpsborg\/ordforer-magnus-arnesen\/"]}]},{"@type":"BreadcrumbList","@id":"https:\/\/hoyre.no\/sarpsborg\/ordforer-magnus-arnesen\/#breadcrumb","itemListElement":[{"@type":"ListItem","position":1,"name":"Til hoyre.no","item":"https:\/\/hoyre.no"},{"@type":"ListItem","position":2,"name":"Hjem","item":"https:\/\/hoyre.no\/sarpsborg\/"},{"@type":"ListItem","position":3,"name":"Ordf\u00f8rer Magnus Arnesen"}]},{"@type":"WebSite","@id":"https:\/\/hoyre.no\/sarpsborg\/#website","url":"https:\/\/hoyre.no\/sarpsborg\/","name":"Sarpsborg H\u00f8yre","description":"Bare enda et H\u00f8yres nettsteder-nettsted","inLanguage":"nb-NO"}]}},"distributor_meta":false,"distributor_terms":false,"distributor_media":false,"distributor_original_site_name":"Sarpsborg H\u00f8yre","distributor_original_site_url":"https:\/\/hoyre.no\/sarpsborg","push-errors":false,"_links":{"self":[{"href":"https:\/\/hoyre.no\/sarpsborg\/wp-json\/wp\/v2\/pages\/1185","targetHints":{"allow":["GET"]}}],"collection":[{"href":"https:\/\/hoyre.no\/sarpsborg\/wp-json\/wp\/v2\/pages"}],"about":[{"href":"https:\/\/hoyre.no\/sarpsborg\/wp-json\/wp\/v2\/types\/page"}],"author":[{"embeddable":true,"href":"https:\/\/hoyre.no\/sarpsborg\/wp-json\/wp\/v2\/users\/17718"}],"replies":[{"embeddable":true,"href":"https:\/\/hoyre.no\/sarpsborg\/wp-json\/wp\/v2\/comments?post=1185"}],"version-history":[{"count":5,"href":"https:\/\/hoyre.no\/sarpsborg\/wp-json\/wp\/v2\/pages\/1185\/revisions"}],"predecessor-version":[{"id":1193,"href":"https:\/\/hoyre.no\/sarpsborg\/wp-json\/wp\/v2\/pages\/1185\/revisions\/1193"}],"wp:attachment":[{"href":"https:\/\/hoyre.no\/sarpsborg\/wp-json\/wp\/v2\/media?parent=1185"}],"curies":[{"name":"wp","href":"https:\/\/api.w.org\/{rel}","templated":true}]}}