{"id":738,"date":"2023-05-02T12:46:37","date_gmt":"2023-05-02T10:46:37","guid":{"rendered":"https:\/\/hoyre.no\/sarpsborg\/?page_id=738"},"modified":"2023-07-28T12:39:52","modified_gmt":"2023-07-28T10:39:52","slug":"politikk","status":"publish","type":"page","link":"https:\/\/hoyre.no\/sarpsborg\/politikk\/","title":{"rendered":"Politikk"},"content":{"rendered":"\n<div class=\"wp-block-hoyre-hero with-image-gradient text-color-light  alignfull has-background\"><div class=\"hoyre-hero \"><h1 class=\"title\">Politikk<\/h1><p class=\"preamble\">Sarpsborg H\u00f8yre vil f\u00f8re en politikk som gir muligheter for alle, med tillit til deg som innbygger. Alle skal ha st\u00f8rst mulig frihet til \u00e5 forme sitt eget liv. <br><br>St\u00f8rre valgfrihet er en naturlig del av \u00e5 kunne bestemme sitt eget liv. H\u00f8yre vil gj\u00f8re Sarpsborg til en ja-kommune \u2013 en kommune det er lett \u00e5 henvende seg til.<\/p><\/div><\/div>\n\n\n\n\n<h2 class=\"wp-block-heading\">Se hva vi jobber med gjennom v\u00e5rt partiprogram<\/h2>\n\n\n\n<p>Klikk deg inn p\u00e5 de ulike kapitlene for \u00e5 lese hva vi jobber med.<\/p>\n\n\n\n<div class=\"wp-block-teft-accordion\"><div class=\"teft-accordion__inner\">\n<div class=\"wp-block-teft-item\"><div class=\"teft-item__inner\"><h4 class=\"toggle\">Trygg styring og b\u00e6rekraftig \u00f8konomi<\/h4><div class=\"teft-item__inner-content entry-content\">\n<p>V\u00e5r viktigste oppgave er \u00e5 f\u00e5 orden p\u00e5 kommunens \u00f8konomi slik at vi unng\u00e5r \u00e5 komme p\u00e5 ROBEK listen og dermed miste selvstyreretten. En gang for alle skal vi l\u00f8fte kommunen bort fra stempelet som lavinntektskommune.&nbsp;&nbsp;<\/p>\n\n\n\n<p>Kommunen er en viktig tjenesteleverand\u00f8r til innbyggerne. Samtidig er kommunen ogs\u00e5 en viktig myndighetsut\u00f8ver, noe som inneb\u00e6rer forvaltning av mange lover og forskrifter. I alle sine roller er det viktig at kommunen m\u00f8ter innbyggere, kommunens n\u00e6ringsliv, og alle andre virksomheter og enkeltpersoner, med tillit, der kommunen skal v\u00e6re tilgjengelig og l\u00f8sningsorientert.<\/p>\n\n\n\n<p>Et samarbeid mellom private og det offentlige kan gi lavere kostnader, bedre tjenester og raskere oppbygging av nye tjenester. Sarpsborg H\u00f8yre \u00f8nsker at kommunen skal \u00f8ke samarbeid med frivillige, ideelle og private akt\u00f8rer.<\/p>\n\n\n\n<p><strong>Sarpsborg H\u00f8yre vil<\/strong><\/p>\n\n\n\n<ul class=\"wp-block-list\"><li>At kommunen skal leie lokaler til kommunens administrasjon og drift fremfor \u00e5 eie n\u00e5r det er mest \u00f8konomisk gunstig.<\/li><li>Jobbe for en flat organisasjonsstruktur med tydelige ansvarsomr\u00e5der for effektive beslutningsprosesser<\/li><li>S\u00f8rge for at kommunen oppfattes som en positiv medspiller gjennom \u00e5 m\u00f8te innbyggerne med en konstruktiv og l\u00f8sningsorientert holdning.<\/li><\/ul>\n\n\n\n<ul class=\"wp-block-list\"><li>Jobbe for at nye \u00d8stfold ikke overstyrer kommunen.<\/li><li>At eiendommer og eiendeler som kommunen ikke bruker skal selges.<\/li><li>Fremme likestilling gjennom \u00e5 redusere bruken av deltidsstillinger.<\/li><li>At offentlig eller privat l\u00f8sning skal likebehandles ved vurdering av kommunale tjenester.<\/li><li>Ta i bruk innovative anskaffelser hvor leverand\u00f8rene utfordres p\u00e5 \u00e5 konkurrere om nye og bedre l\u00f8sninger. Legge vekt p\u00e5 funksjonelle krav framfor detaljerte kravspesifikasjoner.<\/li><li>Legge til rette for at anbud kan deles opp i flere deler, slik at lokalt n\u00e6ringsliv f\u00e5r \u00f8kt mulighet til \u00e5 delta.<\/li><li>S\u00f8rge for gode og effektive digitale l\u00f8sninger i kommunen, helst i samarbeid med andre kommuner eller akt\u00f8rer for \u00e5 sikre st\u00f8rre innkj\u00f8p.<\/li><li>S\u00f8rge for at kommunen har h\u00f8ye kvalitetskrav til arbeidet kommunen utf\u00f8rer, og tjenestene de tilbyr, og f\u00f8lger opp eventuelle avvik.<\/li><li>Utvikle et godt samarbeid med n\u00e6ringslivet og v\u00e5re nabokommuner for \u00e5 oppn\u00e5 stordriftsfordeler, optimalisere driften og gi tjenester av bedre kvalitet enn det vi kan gj\u00f8re alene.<\/li><li>Vil ha f\u00e6rre kommunale planer og unng\u00e5 planer som overlapper hverandre.<\/li><li>Jobbe for lavere kommunale avgifter ved alltid \u00e5 vurdere \u00e5 l\u00f8se oppgaver eller prosjekter i samarbeid med andre kommuner og\/eller private akt\u00f8rer.<\/li><\/ul>\n<\/div><\/div><\/div>\n\n\n\n<div class=\"wp-block-teft-item\"><div class=\"teft-item__inner\"><h4 class=\"toggle\">Kvalitet, valgfrihet og trygghet<\/h4><div class=\"teft-item__inner-content entry-content\">\n<p>For \u00e5 gi flere med pleiebehov muligheten til \u00e5 leve frie og selvstendige liv i eget hjem, vil vi satse p\u00e5 st\u00f8rre mangfold med nye og fremtidsrettede boformer og bofellesskap. For mange eldre kan eksempelvis en tilpasset omsorgsbolig med trygghetsskapende teknologi v\u00e6re et bedre tilbud enn et sykehjem. Derfor \u00f8nsker vi \u00e5 utvide tilbudet av omsorgsboliger og nye boformer tilpasset den enkeltes behov i samarbeid med ideelle og private akt\u00f8rer.<\/p>\n\n\n\n<p><strong>Sarpsborg H\u00f8yre vil<\/strong><\/p>\n\n\n\n<ul class=\"wp-block-list\"><li>Legge til rette for fritt brukervalg av hjemmetjeneste, hjemmesykepleie, brukerstyrt personlig assistent med mer. Brukerne m\u00e5 selv kunne velge om de vil benytte det kommunale tilbudet eller en annen privat leverand\u00f8r til samme pris.<\/li><li>Etablere flere hjemmelsinnehavere innenfor fysioterapi og psykisk helse.<\/li><li>Ha full \u00e5penhet om kvalitet i helse og omsorgstjenestene. Brukere, p\u00e5r\u00f8rende og ansatte skal bli h\u00f8rt.<\/li><li>Inng\u00e5 driftsavtaler med private og ideelle organisasjoner som \u00f8nsker \u00e5 etablere dagsenter, sykehjemsplasser og eldre- og omsorgsboliger.<\/li><li>Intensivere satsning p\u00e5 velferdsteknologi for \u00e5 styrke den enkelte innbyggers evne til \u00e5 klare seg selv i hverdagen, til tross for sykdom eller nedsatt funksjonsevne.&nbsp;<\/li><li>Samarbeide med organisasjoner, sosiale entrepren\u00f8rer og frivillige som arbeider med \u00e5 redusere ensomhet blant eldre.<\/li><li>Etablere et responssenter som er en sentral alarmstasjon og kompetansesenter for velferdsteknologi, gjerne i samarbeid med nabokommuner.<\/li><li>Arbeide for at det opprettes en demenslandsby for \u00e5 kunne tilby boforhold tilpasset mennesker med demens.<\/li><\/ul>\n<\/div><\/div><\/div>\n\n\n\n<div class=\"wp-block-teft-item\"><div class=\"teft-item__inner\"><h4 class=\"toggle\">Mestring og integrering<\/h4><div class=\"teft-item__inner-content entry-content\">\n<p>De offentlige tjenestene skal bidra til at alle innbyggere f\u00e5r mulighet til \u00e5 delta i samfunnet, v\u00e6re en stolt Sarping fellesskapet og klare seg selv. Veien ut av fattigdom g\u00e5r via arbeid. En jobb er s\u00e5 mye mer enn en l\u00f8nningspose. Innvandrere som kommer til Sarpsborg, har i likhet med de som bor her fra f\u00f8r, et selvstendig ansvar for \u00e5 bli integrert, l\u00e6re spr\u00e5ket og ta del i det norske samfunnet.&nbsp;<\/p>\n\n\n\n<p><strong>Sarpsborg H\u00f8yre vil<\/strong><\/p>\n\n\n\n<ul class=\"wp-block-list\"><li>Et godt samarbeid mellom kommunen, n\u00e6ringslivet og NAV slik at bosatte flyktninger kommer raskt ut i arbeid, eksempelvis gjennom arbeidsrettede tiltak i samarbeid med lokale arbeidsgivere.<\/li><li>Ha en s\u00e6rskilt oppf\u00f8lgning av sekund\u00e6rtilflyttere som ikke er i jobb ved ankomst.<\/li><li>Ha et m\u00e5l om at 5% av alle nyansettelser i kommunen skal v\u00e6re av personer med innvandrerbakgrunn, nedsatt funksjonsevne eller hull i CV`en.<\/li><li>S\u00f8rge for at godt kvalifiserte innvandrere f\u00e5r tilbud om spisset arbeidsrettet spr\u00e5koppl\u00e6ring for \u00e5 komme raskt ut i arbeid.<\/li><li>Legge til rette for at flere jenter med minoritetsbakgrunn deltar i organisert idrett ved \u00e5 bruke skolen som arena.<\/li><li>Ikke bosette flyktninger i omr\u00e5der med mer en 25% innvandrerandel, for bedre integrering.<\/li><li>Tilby rehabilitering og arbeidsinkludering for personer med psykiske helseplager ved for eksempel \u00e5 etablere et Fontene-hus.<\/li><li>Aktivitetsplikt for mottakere av sosialst\u00f8nad som er over 30 \u00e5r. Unntak ved tungtveiende grunner.<\/li><\/ul>\n<\/div><\/div><\/div>\n\n\n\n<div class=\"wp-block-teft-item\"><div class=\"teft-item__inner\"><h4 class=\"toggle\">Kunnskap og oppvekst<\/h4><div class=\"teft-item__inner-content entry-content\">\n<p>For at barna v\u00e5re skal kunne m\u00f8te forventningene fra samfunnet, m\u00e5 de l\u00e6re n\u00f8dvendig kunnskap og ferdigheter p\u00e5 skolen. Det krever en skole hvor alle elevene opplever mestring.<\/p>\n\n\n\n<p>Sarpsborg H\u00f8yre erkjenner at l\u00e6rerne er fagpersoner. Vi vil la l\u00e6rerne og skolelederne ved den enkelte skole utvikle og bruke undervisningsmetodene de mener er best for sine elever. De m\u00e5 jevnlig evaluere seg selv og justere sin praksis deretter. Gjennom \u00e5 formidle hva som blir gjort, hvordan og hvorfor til skoleeiere og foresatte, vil det skapes forst\u00e5else og tillit til valgt undervisningsmetode.<\/p>\n\n\n\n<p><strong>Sarpsborg H\u00f8yre vil<\/strong><\/p>\n\n\n\n<ul class=\"wp-block-list\"><li>Likebehandle alle barn og barnehager for \u00e5 sikre kvalitet og stort mangfold i barnehagene i Sarpsborg.<\/li><li>At foreldrenes valg av barnehage skal v\u00e6re f\u00f8rende for barnehagestrukturen i Sarpsborg.<\/li><li>Legge til rette for at barnehager som er \u00f8nsket av foreldrene skal f\u00e5 etablere flere plasser.<\/li><li>At skolene skal ha oppdaterte l\u00e6remidler.<\/li><li>Gradvis erstatte skolefritidsordningen med en aktivitetsskole (AKS). AKS skal v\u00e6re en alternativ l\u00e6ringsarena som underst\u00f8tter skolens arbeid med elevenes faglige og sosiale utvikling, tilby l\u00e6rings st\u00f8ttende aktiviteter, samt gi rom for fysisk aktivitet og lek.<\/li><li>At skolene skal ha oppdaterte l\u00e6remidler.<\/li><li>Legge til rette for at l\u00e6rere kan ta videreutdanning for \u00e5 oppdatere fagkompetansen og l\u00e6rerrollen.<\/li><li>At skolene har et bevisst forhold til hvordan de ut\u00f8ver god klasseledelse p\u00e5 sin skole. &nbsp;&nbsp;<\/li><li>At undervisningen skal organiseres slik at elevene f\u00e5r oppl\u00e6ring tilpasset sitt niv\u00e5 for \u00e5 f\u00e5 best mulig l\u00e6ringsutbytte.<\/li><li>Styrke r\u00e5dgivningstjenesten p\u00e5 skolene og samtidig se p\u00e5 alternative organiseringsformer.<\/li><li>Ha et klart m\u00e5l om \u00e5 redusere antall undervisningstimer i Sarpsborg skolen som gjennomf\u00f8res av l\u00e6rer uten godkjent utdanning.<\/li><li>At skolen skal ha et bevist forhold til hvilke yrkesgrupper de tar inn i skolen, i tillegg til l\u00e6rerne, for at elevene skal ha det beste laget rundt seg.<\/li><li>Tilby forberedende sommerkurs f\u00f8r videreg\u00e5ende skole for elever med karakter 1 eller 2 i matte, norsk og engelsk.<\/li><li>Tilby l\u00e6ring gjennom arbeid, hvor elevene i ungdomsskolen f\u00e5r pr\u00f8ve ut ulike l\u00e6ringsarenaer med praktisk tiln\u00e6rming til fagene.<\/li><\/ul>\n\n\n\n<p>Sikre en sterk offentlig fellesskole samtidig som vi er positive til etablering av alternativer til den offentlige skolen.<\/p>\n<\/div><\/div><\/div>\n\n\n\n<div class=\"wp-block-teft-item\"><div class=\"teft-item__inner\"><h4 class=\"toggle\">Kultur, idrett og frivillighet<\/h4><div class=\"teft-item__inner-content entry-content\">\n<p>V\u00e5rt m\u00e5l er en offensiv kulturpolitikk som sikrer mangfold og vekstkraft. Kulturen har en egenverdi for den enkelte av oss. Et levende og selvstendig kulturliv er en forutsetning for et skapende samfunn med h\u00f8y livskvalitet for innbyggerne, hvor kulturarven tillegges stor betydning.<\/p>\n\n\n\n<p>I Sarpsborg f\u00f8rer press p\u00e5 kommunens idrettsanlegg til at barn og unge f\u00e5r treningstider sent p\u00e5 kvelden.&nbsp; For \u00e5 \u00f8ke antall anlegg er Sarpsborg H\u00f8yre positive til at idrettsklubber eller andre finansierer og bygger nye anlegg.<\/p>\n\n\n\n<p><strong>Sarpsborg H\u00f8yre vil<\/strong><\/p>\n\n\n\n<ul class=\"wp-block-list\"><li>Vurdere \u00e5 innf\u00f8re Fritidskonto som er en digital l\u00f8sning for \u00e5 gi st\u00f8tte til medlemskontingenten til fritidsaktiviteten for barn og unge som vokser opp i familier med trang \u00f8konomi.<\/li><li>Tilby lag og foreninger en fast kontaktperson i kommunen som kan veilede og aktivt koordinere henvendelser til andre avdelinger i kommunen.<\/li><li>Skape arenaer hvor innbyggerne kan m\u00f8tes til uorganiserte fritidsaktiviteter.<\/li><\/ul>\n<\/div><\/div><\/div>\n\n\n\n<div class=\"wp-block-teft-item\"><div class=\"teft-item__inner\"><h4 class=\"toggle\">Sarpsborg som milj\u00f8by<\/h4><div class=\"teft-item__inner-content entry-content\">\n<p>For et konservativt parti som H\u00f8yre er ansvaret for \u00e5 forvalte naturen og etterlate den til neste generasjon i best mulig stand helt sentralt. Derfor legger H\u00f8yre prinsippene &laquo;f\u00f8re var&raquo; og &laquo;forurenseren betaler&raquo; til grunn for milj\u00f8politikken. Hensynet til milj\u00f8 skal ivaretas p\u00e5 alle politikkomr\u00e5der.<\/p>\n\n\n\n<p>\u00c5 l\u00f8se de store klimaproblemene vi st\u00e5r overfor i dag, er b\u00e5de en global, nasjonal og lokal utfordring. Det er viktig \u00e5 ha ambisi\u00f8se m\u00e5l for kommunens milj\u00f8- og klimapolitikk som samtidig har en reell effekt.<\/p>\n\n\n\n<p><strong>Sarpsborg H\u00f8yre vil<\/strong><\/p>\n\n\n\n<ul class=\"wp-block-list\"><li>Utrede muligheten for solceller, og andre \u00f8konomiske tiltak p\u00e5 alle kommunale bygg.<\/li><li>Arbeide for fri konkurranse for etablering av lokale fjernvarmeanlegg (trevirke).<\/li><li>Arbeide for etablering av fornybar energi (vind-, sol- og vannkraft) i Sarpsborg.<\/li><li>V\u00e6re positiv til kjernekraft som energikilde i samarbeid med andre kommuner i \u00d8stfold.<\/li><li>Kommunen skal prioritere gjenbruk av m\u00f8bler og inventar foran nyinnkj\u00f8p.<\/li><li>Stille milj\u00f8krav til alle kommunens anbud og innkj\u00f8p, b\u00e5de til produkter, tjenester og transport.<\/li><\/ul>\n<\/div><\/div><\/div>\n\n\n\n<div class=\"wp-block-teft-item\"><div class=\"teft-item__inner\"><h4 class=\"toggle\">Fornyelse gjennom god arealpolitikk<\/h4><div class=\"teft-item__inner-content entry-content\">\n<p>Sarpsborg er en kommune med variert natur og landskap. Gjennom styring av arealbruken har kommunen et stort ansvar for at byen v\u00e5r skal v\u00e6re b\u00e5de trivelig, trygg og n\u00e6ringsvennlig i fremtiden. Sarpsborg trenger attraktive n\u00e6ringsarealer for \u00e5 kunne ivareta framtidige ekspansjonsbehov hos de allerede etablerte virksomheter og tiltrekke oss nye.<\/p>\n\n\n\n<p>Landbruket er en viktig n\u00e6ring i Sarpsborg som er en av landets st\u00f8rste landbrukskommuner. Landbruket videref\u00f8rer v\u00e5re lange mattradisjoner, og skal ha som hovedoppgave \u00e5 levere trygg kvalitetsmat. Sarpsborg H\u00f8yre vil sikre en langsiktig plan for bevaring av sammenhengende landbruksarealer med et balansert og fornuftig jordvern.<\/p>\n\n\n\n<p><strong>Sarpsborg H\u00f8yre vil<\/strong><\/p>\n\n\n\n<ul class=\"wp-block-list\"><li>Ta hensyn til eksisterende bebyggelse ved nye byggeprosjekter.<\/li><li>Pr\u00f8veprosjekt for opps\u00f8kende byggesaksbehandling (veiledning p\u00e5 stedet) for rask og god saksbehandling.<\/li><li>Bevare utvalgte karakteristiske omr\u00e5der og verneverdige bygninger.<\/li><li>Planlegge for etablering av omr\u00e5der for selvbyggertomter i hele kommunen.<\/li><li>Hurtigspor for de enkle byggesakene for \u00e5 redusere saksbehandlingstiden.<\/li><li>Universell utforming skal ligge til grunn for all regional planlegging i Sarpsborg.<\/li><li>Ta hensyn til jordvern i alle prosjekter.<\/li><li>\u00d8ke samarbeidet med v\u00e5re nabokommuner om disponering av arealer for n\u00e6ringsvirksomhet, da vi anser Nedre Glomma som ett arbeidsmarked.<\/li><li>Ta hensyn til kapasiteten p\u00e5 skoler, barnehager, veier og annen infrastruktur n\u00e5r et omr\u00e5de skal bygges ut, transformeres eller fortettes.<\/li><li>At det er prioritert behandling for prosjekter som involverer arbeidsplasser.<\/li><\/ul>\n<\/div><\/div><\/div>\n\n\n\n<div class=\"wp-block-teft-item\"><div class=\"teft-item__inner\"><h4 class=\"toggle\">Vekstmuligheter for n\u00e6ringslivet<\/h4><div class=\"teft-item__inner-content entry-content\">\n<p>En H\u00f8yre-kommune er en JA-kommune.Et moderne og fremtidsrettet samfunn er tuftet p\u00e5 tillit mellom kommunen og privat n\u00e6ringsliv. Kommunen m\u00e5 v\u00e6re l\u00f8sningsorientert og positiv i m\u00f8te med sine innbyggere og n\u00e6ringslivet. Det betyr blant annet at skjemaveldet og byr\u00e5kratiet m\u00e5 forenkles der hvor det er mulig.<\/p>\n\n\n\n<p>Arbeid og egen inntekt styrker selvf\u00f8lelsen og verdigheten og gir oss mulighet til \u00e5 skape v\u00e5r egen framtid. Utenforskapet mange opplever n\u00e5r de er uten jobb, er en byrde for den enkelte og en tapt ressurs for samfunnet. I Sarpsborg st\u00e5r flere utenfor arbeidslivet enn i resten av landet.&nbsp; Et av Sarpsborg H\u00f8yres prioriterte omr\u00e5der er derfor \u00e5 bidra til at det skapes flere jobber.<\/p>\n\n\n\n<p><strong>Sarpsborg H\u00f8yre vil<\/strong><\/p>\n\n\n\n<ul class=\"wp-block-list\"><li>Arbeide for flere arbeidsplasser i Sarpsborg fordi arbeid er n\u00f8kkelen til \u00e5 utjevne sosiale forskjeller.<\/li><li>At det skal etableres flere attraktive lokaler i sentrum for \u00e5 tiltrekke seg nye kontorarbeidsplasser i sentrum<\/li><li>At alle bedrifter som vil utvide skal finne nye arealer innad i kommunen.<\/li><li>\u00d8ke tilgjengelige n\u00e6ringsarealer i n\u00e6rhet til E6&nbsp;<\/li><li>At n\u00e6ringsarealer som omreguleres skal erstattes med tilsvarende n\u00e6ringsareal et annet sted i kommunen.<\/li><li>Legge til rette for vekst av n\u00e6ringslivet ved forutsigbare areal- og reguleringsplaner i kommunen.<\/li><li>Bevare og videreutvikle det tradisjonelle landbruket. Bonden m\u00e5 f\u00e5 mulighet til \u00e5 drifte l\u00f8nnsomt, gjennom investeringer og utnyttelse av egen eiendom ogs\u00e5 til tilleggsn\u00e6ring.<\/li><\/ul>\n<\/div><\/div><\/div>\n\n\n\n<div class=\"wp-block-teft-item\"><div class=\"teft-item__inner\"><h4 class=\"toggle\">Samferdsel<\/h4><div class=\"teft-item__inner-content entry-content\">\n<p>God infrastruktur er avgj\u00f8rende for \u00e5 s\u00f8rge for mer by- og n\u00e6ringsutvikling, for \u00e5 sikre befolkningsvekst og for \u00e5 l\u00f8se milj\u00f8utfordringer. Vi trenger derfor \u00e5 ruste opp infrastrukturen slik at det blir bedre kapasitet i hele regionen.<\/p>\n\n\n\n<p>Det viktigste samferdselsprosjektet for Sarpsborg er ny Sarpsbru over Glomma. Den nye brua m\u00e5 bygges uavhengig av jernbane og ikke til hinder for utbygging av kraftverk (Sarp 3).<\/p>\n\n\n\n<p><strong>Sarpsborg H\u00f8yre vil<\/strong><\/p>\n\n\n\n<ul class=\"wp-block-list\"><li>Jobbe for \u00e5 realisere parkeringshus med kapasitet for korttidsparkering og langtidsleie p\u00e5 gml. Pizza 3-tomta, og i tillegg se p\u00e5 muligheten for et annet parkeringshus eksempelvis \u00f8stre del av sentrum.<\/li><li>Utnytte veikapasiteten maksimalt ved \u00e5 s\u00f8rge for at kollektivfelt blir sambruksfelt for eksempel kollektiv og nyttetrafikk i samme felt.<\/li><li>Jobbe for innfartsparkeringer for at flere skal kunne benytte kollektivtilbudet.<\/li><li>Fullf\u00f8re gang- og sykkeltraseer der hvor det er mulig \u00e5 f\u00e5 sammenhengende traseer ved \u00e5 bygge delen som mangler med enklere standard.<\/li><li>At det godkjennes flere omr\u00e5der for parkering av bobiler ved \u00e5 ta i bruk allerede opparbeidede omr\u00e5der som ikke er i bruk om sommeren.<\/li><li>Se p\u00e5 muligheten for egen parkeringstillatelse i sentrum for av- og p\u00e5lessing for h\u00e5ndverkere.<\/li><li>V\u00e6re positive til private initiativ for utbygging av jernbane.<\/li><li>Etablere trygge sykkelparkeringer ved kollektivknutepunkter slik som innfartsparkeringer, jernbanestasjon og ved bussterminalen.<\/li><li>Arbeide for ladestasjoner i forbindelse med innfartsparkeringer og parkeringshus.<\/li><li>La kommunens tjenestebiler g\u00e5 inn i en bil-delings&raquo;pool&raquo; n\u00e5r de ikke er i bruk slik at de kan benyttes av kommunens innbyggere.<\/li><li>Gjennomf\u00f8re en mulighetsstudie for en milj\u00f8vennlig hurtigb\u00e5t for persontrafikk mellom Sandesund og Fredrikstad.<\/li><\/ul>\n<\/div><\/div><\/div>\n<\/div><\/div>\n\n\n\n<div class=\"wp-block-teft-file icon-link-block\"><a href=\"https:\/\/hoyre.no\/content\/uploads\/sites\/161\/2023\/07\/Program-Sarpsborg-Hoyre-2023-2027.pdf\" download><span class=\"file-title\">Eller last ned v\u00e5rt program i pdf-versjon her<\/span><span class=\"file-name\">Program-Sarpsborg-Hoyre-2023-2027.pdf [64.4kb]<\/span><\/a><\/div>\n\n","protected":false},"excerpt":{"rendered":"","protected":false},"author":51320,"featured_media":0,"parent":0,"menu_order":0,"comment_status":"closed","ping_status":"closed","template":"","meta":{"teft_cards_image_url":"","teft_cards_custom_pretitle":"","teft_cards_image_id":0,"teft_cards_image_focal_point_x":0,"teft_cards_image_focal_point_y":0,"teft_cards_title":"","teft_cards_excerpt":"","teft_show_chapters":false,"footnotes":""},"class_list":["post-738","page","type-page","status-publish","hentry"],"yoast_head":"<!-- This site is optimized with the Yoast SEO plugin v26.6 - https:\/\/yoast.com\/wordpress\/plugins\/seo\/ -->\n<title>Politikk - Sarpsborg H\u00f8yre<\/title>\n<meta name=\"robots\" content=\"index, follow, max-snippet:-1, max-image-preview:large, max-video-preview:-1\" \/>\n<link rel=\"canonical\" href=\"https:\/\/hoyre.no\/sarpsborg\/politikk\/\" \/>\n<meta property=\"og:locale\" content=\"nb_NO\" \/>\n<meta property=\"og:type\" content=\"article\" \/>\n<meta property=\"og:title\" content=\"Politikk - Sarpsborg H\u00f8yre\" \/>\n<meta property=\"og:url\" content=\"https:\/\/hoyre.no\/sarpsborg\/politikk\/\" \/>\n<meta property=\"og:site_name\" content=\"Sarpsborg H\u00f8yre\" \/>\n<meta property=\"article:modified_time\" content=\"2023-07-28T10:39:52+00:00\" \/>\n<meta property=\"og:image\" content=\"https:\/\/hoyre.no\/content\/uploads\/sites\/161\/2022\/11\/Hoyres-logo.png\" \/>\n\t<meta property=\"og:image:width\" content=\"1000\" \/>\n\t<meta property=\"og:image:height\" content=\"1000\" \/>\n\t<meta property=\"og:image:type\" content=\"image\/png\" \/>\n<meta name=\"twitter:card\" content=\"summary_large_image\" \/>\n<meta name=\"twitter:label1\" content=\"Ansl. lesetid\" \/>\n\t<meta name=\"twitter:data1\" content=\"13 minutter\" \/>\n<script type=\"application\/ld+json\" class=\"yoast-schema-graph\">{\"@context\":\"https:\/\/schema.org\",\"@graph\":[{\"@type\":\"WebPage\",\"@id\":\"https:\/\/hoyre.no\/sarpsborg\/politikk\/\",\"url\":\"https:\/\/hoyre.no\/sarpsborg\/politikk\/\",\"name\":\"Politikk - Sarpsborg H\u00f8yre\",\"isPartOf\":{\"@id\":\"https:\/\/hoyre.no\/sarpsborg\/#website\"},\"datePublished\":\"2023-05-02T10:46:37+00:00\",\"dateModified\":\"2023-07-28T10:39:52+00:00\",\"breadcrumb\":{\"@id\":\"https:\/\/hoyre.no\/sarpsborg\/politikk\/#breadcrumb\"},\"inLanguage\":\"nb-NO\",\"potentialAction\":[{\"@type\":\"ReadAction\",\"target\":[\"https:\/\/hoyre.no\/sarpsborg\/politikk\/\"]}]},{\"@type\":\"BreadcrumbList\",\"@id\":\"https:\/\/hoyre.no\/sarpsborg\/politikk\/#breadcrumb\",\"itemListElement\":[{\"@type\":\"ListItem\",\"position\":1,\"name\":\"Til hoyre.no\",\"item\":\"https:\/\/hoyre.no\"},{\"@type\":\"ListItem\",\"position\":2,\"name\":\"Hjem\",\"item\":\"https:\/\/hoyre.no\/sarpsborg\/\"},{\"@type\":\"ListItem\",\"position\":3,\"name\":\"Politikk\"}]},{\"@type\":\"WebSite\",\"@id\":\"https:\/\/hoyre.no\/sarpsborg\/#website\",\"url\":\"https:\/\/hoyre.no\/sarpsborg\/\",\"name\":\"Sarpsborg H\u00f8yre\",\"description\":\"Bare enda et H\u00f8yres nettsteder-nettsted\",\"inLanguage\":\"nb-NO\"}]}<\/script>\n<!-- \/ Yoast SEO plugin. -->","yoast_head_json":{"title":"Politikk - Sarpsborg H\u00f8yre","robots":{"index":"index","follow":"follow","max-snippet":"max-snippet:-1","max-image-preview":"max-image-preview:large","max-video-preview":"max-video-preview:-1"},"canonical":"https:\/\/hoyre.no\/sarpsborg\/politikk\/","og_locale":"nb_NO","og_type":"article","og_title":"Politikk - Sarpsborg H\u00f8yre","og_url":"https:\/\/hoyre.no\/sarpsborg\/politikk\/","og_site_name":"Sarpsborg H\u00f8yre","article_modified_time":"2023-07-28T10:39:52+00:00","og_image":[{"width":1000,"height":1000,"url":"https:\/\/hoyre.no\/content\/uploads\/sites\/161\/2022\/11\/Hoyres-logo.png","type":"image\/png"}],"twitter_card":"summary_large_image","twitter_misc":{"Ansl. lesetid":"13 minutter"},"schema":{"@context":"https:\/\/schema.org","@graph":[{"@type":"WebPage","@id":"https:\/\/hoyre.no\/sarpsborg\/politikk\/","url":"https:\/\/hoyre.no\/sarpsborg\/politikk\/","name":"Politikk - Sarpsborg H\u00f8yre","isPartOf":{"@id":"https:\/\/hoyre.no\/sarpsborg\/#website"},"datePublished":"2023-05-02T10:46:37+00:00","dateModified":"2023-07-28T10:39:52+00:00","breadcrumb":{"@id":"https:\/\/hoyre.no\/sarpsborg\/politikk\/#breadcrumb"},"inLanguage":"nb-NO","potentialAction":[{"@type":"ReadAction","target":["https:\/\/hoyre.no\/sarpsborg\/politikk\/"]}]},{"@type":"BreadcrumbList","@id":"https:\/\/hoyre.no\/sarpsborg\/politikk\/#breadcrumb","itemListElement":[{"@type":"ListItem","position":1,"name":"Til hoyre.no","item":"https:\/\/hoyre.no"},{"@type":"ListItem","position":2,"name":"Hjem","item":"https:\/\/hoyre.no\/sarpsborg\/"},{"@type":"ListItem","position":3,"name":"Politikk"}]},{"@type":"WebSite","@id":"https:\/\/hoyre.no\/sarpsborg\/#website","url":"https:\/\/hoyre.no\/sarpsborg\/","name":"Sarpsborg H\u00f8yre","description":"Bare enda et H\u00f8yres nettsteder-nettsted","inLanguage":"nb-NO"}]}},"distributor_meta":false,"distributor_terms":false,"distributor_media":false,"distributor_original_site_name":"Sarpsborg H\u00f8yre","distributor_original_site_url":"https:\/\/hoyre.no\/sarpsborg","push-errors":false,"_links":{"self":[{"href":"https:\/\/hoyre.no\/sarpsborg\/wp-json\/wp\/v2\/pages\/738","targetHints":{"allow":["GET"]}}],"collection":[{"href":"https:\/\/hoyre.no\/sarpsborg\/wp-json\/wp\/v2\/pages"}],"about":[{"href":"https:\/\/hoyre.no\/sarpsborg\/wp-json\/wp\/v2\/types\/page"}],"author":[{"embeddable":true,"href":"https:\/\/hoyre.no\/sarpsborg\/wp-json\/wp\/v2\/users\/51320"}],"replies":[{"embeddable":true,"href":"https:\/\/hoyre.no\/sarpsborg\/wp-json\/wp\/v2\/comments?post=738"}],"version-history":[{"count":3,"href":"https:\/\/hoyre.no\/sarpsborg\/wp-json\/wp\/v2\/pages\/738\/revisions"}],"predecessor-version":[{"id":991,"href":"https:\/\/hoyre.no\/sarpsborg\/wp-json\/wp\/v2\/pages\/738\/revisions\/991"}],"wp:attachment":[{"href":"https:\/\/hoyre.no\/sarpsborg\/wp-json\/wp\/v2\/media?parent=738"}],"curies":[{"name":"wp","href":"https:\/\/api.w.org\/{rel}","templated":true}]}}