{"id":48,"date":"2023-06-21T14:09:26","date_gmt":"2023-06-21T12:09:26","guid":{"rendered":"https:\/\/hoyre.no\/senior\/?page_id=48"},"modified":"2025-05-15T14:14:38","modified_gmt":"2025-05-15T12:14:38","slug":"3-grunner-til-at-seniorer-skal-stemme-hoyre","status":"publish","type":"page","link":"https:\/\/hoyre.no\/senior\/3-grunner-til-at-seniorer-skal-stemme-hoyre\/","title":{"rendered":"4 grunner til at seniorer skal stemme H\u00f8yre"},"content":{"rendered":"\n\n<div class=\"wp-block-hoyre-banner alignwide undefined  is-style-blue\"><div class=\"banner-inner\"><figure class=\"hoyre-image-wrapper\"><div class=\"hoyre-image\"><img loading=\"lazy\" decoding=\"async\" width=\"2500\" height=\"1667\" src=\"https:\/\/hoyre.no\/content\/uploads\/sites\/376\/2025\/02\/GettyImages-1909425621-scaled.jpg\" class=\"attachment-scaled size-scaled\" alt=\"eldre\" style=\"object-position: 40% 44%\" srcset=\"https:\/\/hoyre.no\/content\/uploads\/sites\/376\/2025\/02\/GettyImages-1909425621-scaled.jpg 2500w, https:\/\/hoyre.no\/content\/uploads\/sites\/376\/2025\/02\/GettyImages-1909425621-300x200.jpg 300w, https:\/\/hoyre.no\/content\/uploads\/sites\/376\/2025\/02\/GettyImages-1909425621-1024x683.jpg 1024w, https:\/\/hoyre.no\/content\/uploads\/sites\/376\/2025\/02\/GettyImages-1909425621-768x512.jpg 768w, https:\/\/hoyre.no\/content\/uploads\/sites\/376\/2025\/02\/GettyImages-1909425621-1536x1025.jpg 1536w, https:\/\/hoyre.no\/content\/uploads\/sites\/376\/2025\/02\/GettyImages-1909425621-2048x1366.jpg 2048w\" sizes=\"auto, (max-width: 2500px) 100vw, 2500px\" \/><\/div><\/figure><div class=\"banner-content\"><div class=\"entry-content\">\n<h2 class=\"wp-block-heading\" id=\"h-et-samfunn-der-ingen-gar-ut-pa-dato\">Et samfunn der ingen g\u00e5r ut p\u00e5 dato<\/h2>\n\n\n\n<p> Kvalitet og valgfrihet er viktigst, ikke hvem som tilbyr tjenesten. Du skal st\u00e5 i sentrum, ikke systemet. Alle, ogs\u00e5 eldre, skal ha medbestemmelse og mulighet til \u00e5 p\u00e5virke samfunnsutviklingen. Eldre skal inkluderes i arbeidslivet s\u00e5 lenge de \u00f8nsker det &#8211; enten i full jobb eller i nedsatte stillinger.<\/p>\n\n\n\n<div class=\"wp-block-buttons alignwide is-layout-flex wp-block-buttons-is-layout-flex\"><\/div>\n<\/div><\/div><\/div><\/div>\n\n\n\n<div class=\"wp-block-media-text is-stacked-on-mobile is-image-fill alignwide is-style-pale-green\"><figure class=\"wp-block-media-text__media\" style=\"background-image:url('https:\/\/hoyre.no\/content\/uploads\/sites\/376\/2023\/06\/GettyImages-514112498-1024x722.jpg');background-position:50% 50%\"><img loading=\"lazy\" decoding=\"async\" width=\"1024\" height=\"722\" src=\"https:\/\/hoyre.no\/content\/uploads\/sites\/376\/2023\/06\/GettyImages-514112498-1024x722.jpg\" alt=\"\" class=\"wp-image-50 size-full\" srcset=\"https:\/\/hoyre.no\/content\/uploads\/sites\/376\/2023\/06\/GettyImages-514112498-1024x722.jpg 1024w, https:\/\/hoyre.no\/content\/uploads\/sites\/376\/2023\/06\/GettyImages-514112498-300x212.jpg 300w, https:\/\/hoyre.no\/content\/uploads\/sites\/376\/2023\/06\/GettyImages-514112498-768x542.jpg 768w, https:\/\/hoyre.no\/content\/uploads\/sites\/376\/2023\/06\/GettyImages-514112498-1536x1083.jpg 1536w, https:\/\/hoyre.no\/content\/uploads\/sites\/376\/2023\/06\/GettyImages-514112498-2048x1445.jpg 2048w\" sizes=\"auto, (max-width: 1024px) 100vw, 1024px\" \/><\/figure><div class=\"wp-block-media-text__content\">\n\n<h2 class=\"wp-block-heading\" id=\"h-1-pasientens-helsetjeneste\">1. Pasientens helsetjeneste<\/h2>\n\n\n<p>Kvalitet og valgfrihet er viktigst, ikke hvem som tilbyr tjenesten.&nbsp; Vi trenger alle gode krefter for \u00e5 skape gode tjenester. Du skal st\u00e5 i sentrum, ikke systemet. Fastlegeordningen m\u00e5 styrkes. Fastlegene m\u00e5 frigj\u00f8res fra enkle rutiner.&nbsp;&nbsp;&nbsp;<\/p>\n\n<\/div><\/div>\n\n\n\n<div class=\"wp-block-media-text has-media-on-the-right is-stacked-on-mobile is-image-fill alignwide is-style-pink\"><div class=\"wp-block-media-text__content\">\n\n<h2 class=\"wp-block-heading\" id=\"h-2-du-skal-glede-deg-til-a-bli-gammel-i-din-kommune-nbsp\">2. <strong>Du skal glede deg til \u00e5 bli gammel i din kommune<\/strong>&nbsp;<\/h2>\n\n\n<p>Det skal v\u00e6re trygt \u00e5 bo hjemme, og du skal ha sikkerhet for at det er en sykehjemsplass for deg n\u00e5r behovet oppst\u00e5r. Eldre er gamle nok til \u00e5 bestemme selv, ogs\u00e5 om de blir avhengig av omsorgstjenester. Fritt brukervalg og fritt valg av sykehjem b\u00f8r innf\u00f8res i alle kommuner, der det er mulig. Det m\u00e5 legges til rette for aktiviteter og fellesskap i lokalsamfunnet og p\u00e5 sykehjemmet. Her er samarbeidet med frivillige organisasjoner helt avgj\u00f8rende. Det b\u00f8r lages plan for forebygging og oppf\u00f8lging av personer med demenssykdom i alle kommuner.<\/p>\n\n<\/div><figure class=\"wp-block-media-text__media\" style=\"background-image:url('https:\/\/hoyre.no\/content\/uploads\/sites\/376\/2023\/06\/GettyImages-1205244545-1024x683.jpg');background-position:50% 50%\"><img loading=\"lazy\" decoding=\"async\" width=\"1024\" height=\"683\" src=\"https:\/\/hoyre.no\/content\/uploads\/sites\/376\/2023\/06\/GettyImages-1205244545-1024x683.jpg\" alt=\"\" class=\"wp-image-51 size-full\" srcset=\"https:\/\/hoyre.no\/content\/uploads\/sites\/376\/2023\/06\/GettyImages-1205244545-1024x683.jpg 1024w, https:\/\/hoyre.no\/content\/uploads\/sites\/376\/2023\/06\/GettyImages-1205244545-300x200.jpg 300w, https:\/\/hoyre.no\/content\/uploads\/sites\/376\/2023\/06\/GettyImages-1205244545-768x512.jpg 768w, https:\/\/hoyre.no\/content\/uploads\/sites\/376\/2023\/06\/GettyImages-1205244545-1536x1024.jpg 1536w, https:\/\/hoyre.no\/content\/uploads\/sites\/376\/2023\/06\/GettyImages-1205244545-2048x1365.jpg 2048w\" sizes=\"auto, (max-width: 1024px) 100vw, 1024px\" \/><\/figure><\/div>\n\n\n\n<div class=\"wp-block-media-text is-stacked-on-mobile is-image-fill alignwide is-style-pale-blue\"><figure class=\"wp-block-media-text__media\" style=\"background-image:url('https:\/\/hoyre.no\/content\/uploads\/sites\/376\/2023\/06\/GettyImages-1076508954-1024x681.jpg');background-position:50% 50%\"><img loading=\"lazy\" decoding=\"async\" width=\"1024\" height=\"681\" src=\"https:\/\/hoyre.no\/content\/uploads\/sites\/376\/2023\/06\/GettyImages-1076508954-1024x681.jpg\" alt=\"\" class=\"wp-image-52 size-full\" srcset=\"https:\/\/hoyre.no\/content\/uploads\/sites\/376\/2023\/06\/GettyImages-1076508954-1024x681.jpg 1024w, https:\/\/hoyre.no\/content\/uploads\/sites\/376\/2023\/06\/GettyImages-1076508954-300x200.jpg 300w, https:\/\/hoyre.no\/content\/uploads\/sites\/376\/2023\/06\/GettyImages-1076508954-768x511.jpg 768w, https:\/\/hoyre.no\/content\/uploads\/sites\/376\/2023\/06\/GettyImages-1076508954-1536x1022.jpg 1536w, https:\/\/hoyre.no\/content\/uploads\/sites\/376\/2023\/06\/GettyImages-1076508954-2048x1363.jpg 2048w\" sizes=\"auto, (max-width: 1024px) 100vw, 1024px\" \/><\/figure><div class=\"wp-block-media-text__content\">\n\n<h2 class=\"wp-block-heading\" id=\"h-3-et-aldersvennlige-lokalsamfunn-med-trygge-boliger-nbsp-nbsp\">3. <strong>Et aldersvennlige lokalsamfunn, med trygge boliger&nbsp;<\/strong>&nbsp;<\/h2>\n\n\n<p>Samfunnet m\u00e5 legge rette for at eldre skal f\u00e5 mulighet til \u00e5 bo hjemme s\u00e5 lenge som mulig. Nye former for bofelleskap b\u00f8r utvikles i alle kommuner. Utbyggingsselskap m\u00e5 f\u00e5 st\u00f8tte fra Husbanken for \u00e5 bygge bofelleskap med tilknytning til omsorgstjenester og servicetilbud slik som fysioterapi, fotterapi, h\u00e5rpleie, apotek og caf\u00e9\/restauranter.<\/p>\n\n<\/div><\/div>\n\n\n\n<div class=\"wp-block-media-text has-media-on-the-right is-stacked-on-mobile is-image-fill alignwide is-style-darkest-blue\"><div class=\"wp-block-media-text__content\">\n\n<h2 class=\"wp-block-heading\" id=\"h-4-aldersinkludering-ingen-skal-ga-ut-pa-dato-nbsp\">4. <strong>Aldersinkludering \u2013 ingen skal g\u00e5 ut p\u00e5 dato<\/strong>&nbsp;<\/h2>\n\n\n<p>Alle, ogs\u00e5 eldre, skal ha medbestemmelse og mulighet til \u00e5 p\u00e5virke samfunnsutviklingen. Eldre skal inkluderes i arbeidslivet s\u00e5 lenge de \u00f8nsker det &#8211; enten i full jobb eller i nedsatte stillinger. Generasjonene m\u00e5 samarbeide, samspillet mellom unge og eldre bidrar til overf\u00f8ring av kunnskap og erfaring. Det er viktig \u00e5 hindre digitalt utenforskap. Bedre oppl\u00e6ringsverkt\u00f8y m\u00e5 tas i bruk slik at eldre kan bli selvstendig digitale brukere. Helse- og velferdsteknologi gj\u00f8r eldre bedre i stand til \u00e5 leve selvstendige liv. Eldre og p\u00e5r\u00f8rende skal tilbys brukerunders\u00f8kelser som behandles i kommunestyret.&nbsp;<\/p>\n\n<\/div><figure class=\"wp-block-media-text__media\" style=\"background-image:url('https:\/\/hoyre.no\/content\/uploads\/sites\/376\/2023\/06\/GettyImages-1047669486-1024x683.jpg');background-position:50% 50%\"><img loading=\"lazy\" decoding=\"async\" width=\"1024\" height=\"683\" src=\"https:\/\/hoyre.no\/content\/uploads\/sites\/376\/2023\/06\/GettyImages-1047669486-1024x683.jpg\" alt=\"\" class=\"wp-image-53 size-full\" srcset=\"https:\/\/hoyre.no\/content\/uploads\/sites\/376\/2023\/06\/GettyImages-1047669486-1024x683.jpg 1024w, https:\/\/hoyre.no\/content\/uploads\/sites\/376\/2023\/06\/GettyImages-1047669486-300x200.jpg 300w, https:\/\/hoyre.no\/content\/uploads\/sites\/376\/2023\/06\/GettyImages-1047669486-768x512.jpg 768w, https:\/\/hoyre.no\/content\/uploads\/sites\/376\/2023\/06\/GettyImages-1047669486-1536x1024.jpg 1536w, https:\/\/hoyre.no\/content\/uploads\/sites\/376\/2023\/06\/GettyImages-1047669486-2048x1365.jpg 2048w\" sizes=\"auto, (max-width: 1024px) 100vw, 1024px\" \/><\/figure><\/div>\n\n","protected":false},"excerpt":{"rendered":"","protected":false},"author":382,"featured_media":0,"parent":0,"menu_order":0,"comment_status":"closed","ping_status":"closed","template":"","meta":{"teft_cards_image_url":"","teft_cards_custom_pretitle":"","teft_cards_image_id":0,"teft_cards_image_focal_point_x":0,"teft_cards_image_focal_point_y":0,"teft_cards_title":"","teft_cards_excerpt":"","teft_show_chapters":false,"footnotes":""},"class_list":["post-48","page","type-page","status-publish","hentry"],"yoast_head":"<!-- This site is optimized with the Yoast SEO plugin v26.6 - https:\/\/yoast.com\/wordpress\/plugins\/seo\/ -->\n<title>4 grunner til at seniorer skal stemme H\u00f8yre - Senior H\u00f8yres Landsforbund<\/title>\n<meta name=\"description\" content=\"Her f\u00e5r du fire gode grunner til hvorfor du b\u00f8r stemme H\u00f8yre som senior.\" \/>\n<meta name=\"robots\" content=\"index, follow, max-snippet:-1, max-image-preview:large, max-video-preview:-1\" \/>\n<link rel=\"canonical\" href=\"https:\/\/hoyre.no\/senior\/3-grunner-til-at-seniorer-skal-stemme-hoyre\/\" \/>\n<meta property=\"og:locale\" content=\"nb_NO\" \/>\n<meta property=\"og:type\" content=\"article\" \/>\n<meta property=\"og:title\" content=\"4 grunner til at seniorer skal stemme H\u00f8yre - Senior H\u00f8yres Landsforbund\" \/>\n<meta property=\"og:description\" content=\"Her f\u00e5r du fire gode grunner til hvorfor du b\u00f8r stemme H\u00f8yre som senior.\" \/>\n<meta property=\"og:url\" content=\"https:\/\/hoyre.no\/senior\/3-grunner-til-at-seniorer-skal-stemme-hoyre\/\" \/>\n<meta property=\"og:site_name\" content=\"Senior H\u00f8yres Landsforbund\" \/>\n<meta property=\"article:modified_time\" content=\"2025-05-15T12:14:38+00:00\" \/>\n<meta property=\"og:image\" content=\"https:\/\/hoyre.no\/content\/uploads\/sites\/376\/2023\/06\/GettyImages-514112498-1024x722.jpg\" \/>\n<meta name=\"twitter:card\" content=\"summary_large_image\" \/>\n<meta name=\"twitter:label1\" content=\"Ansl. lesetid\" \/>\n\t<meta name=\"twitter:data1\" content=\"3 minutter\" \/>\n<script type=\"application\/ld+json\" class=\"yoast-schema-graph\">{\"@context\":\"https:\/\/schema.org\",\"@graph\":[{\"@type\":\"WebPage\",\"@id\":\"https:\/\/hoyre.no\/senior\/3-grunner-til-at-seniorer-skal-stemme-hoyre\/\",\"url\":\"https:\/\/hoyre.no\/senior\/3-grunner-til-at-seniorer-skal-stemme-hoyre\/\",\"name\":\"4 grunner til at seniorer skal stemme H\u00f8yre - Senior H\u00f8yres Landsforbund\",\"isPartOf\":{\"@id\":\"https:\/\/hoyre.no\/senior\/#website\"},\"image\":{\"@id\":\"https:\/\/hoyre.no\/senior\/3-grunner-til-at-seniorer-skal-stemme-hoyre\/#primaryimage\"},\"thumbnailUrl\":\"https:\/\/hoyre.no\/content\/uploads\/sites\/376\/2023\/06\/GettyImages-514112498-1024x722.jpg\",\"datePublished\":\"2023-06-21T12:09:26+00:00\",\"dateModified\":\"2025-05-15T12:14:38+00:00\",\"description\":\"Her f\u00e5r du fire gode grunner til hvorfor du b\u00f8r stemme H\u00f8yre som senior.\",\"breadcrumb\":{\"@id\":\"https:\/\/hoyre.no\/senior\/3-grunner-til-at-seniorer-skal-stemme-hoyre\/#breadcrumb\"},\"inLanguage\":\"nb-NO\",\"potentialAction\":[{\"@type\":\"ReadAction\",\"target\":[\"https:\/\/hoyre.no\/senior\/3-grunner-til-at-seniorer-skal-stemme-hoyre\/\"]}]},{\"@type\":\"ImageObject\",\"inLanguage\":\"nb-NO\",\"@id\":\"https:\/\/hoyre.no\/senior\/3-grunner-til-at-seniorer-skal-stemme-hoyre\/#primaryimage\",\"url\":\"https:\/\/hoyre.no\/content\/uploads\/sites\/376\/2023\/06\/GettyImages-514112498-1024x722.jpg\",\"contentUrl\":\"https:\/\/hoyre.no\/content\/uploads\/sites\/376\/2023\/06\/GettyImages-514112498-1024x722.jpg\"},{\"@type\":\"BreadcrumbList\",\"@id\":\"https:\/\/hoyre.no\/senior\/3-grunner-til-at-seniorer-skal-stemme-hoyre\/#breadcrumb\",\"itemListElement\":[{\"@type\":\"ListItem\",\"position\":1,\"name\":\"Til hoyre.no\",\"item\":\"https:\/\/hoyre.no\"},{\"@type\":\"ListItem\",\"position\":2,\"name\":\"Hjem\",\"item\":\"https:\/\/hoyre.no\/senior\/\"},{\"@type\":\"ListItem\",\"position\":3,\"name\":\"4 grunner til at seniorer skal stemme H\u00f8yre\"}]},{\"@type\":\"WebSite\",\"@id\":\"https:\/\/hoyre.no\/senior\/#website\",\"url\":\"https:\/\/hoyre.no\/senior\/\",\"name\":\"Senior H\u00f8yres Landsforbund\",\"description\":\"Bare enda et H\u00f8yres nettsteder-nettsted\",\"inLanguage\":\"nb-NO\"}]}<\/script>\n<!-- \/ Yoast SEO plugin. -->","yoast_head_json":{"title":"4 grunner til at seniorer skal stemme H\u00f8yre - Senior H\u00f8yres Landsforbund","description":"Her f\u00e5r du fire gode grunner til hvorfor du b\u00f8r stemme H\u00f8yre som senior.","robots":{"index":"index","follow":"follow","max-snippet":"max-snippet:-1","max-image-preview":"max-image-preview:large","max-video-preview":"max-video-preview:-1"},"canonical":"https:\/\/hoyre.no\/senior\/3-grunner-til-at-seniorer-skal-stemme-hoyre\/","og_locale":"nb_NO","og_type":"article","og_title":"4 grunner til at seniorer skal stemme H\u00f8yre - Senior H\u00f8yres Landsforbund","og_description":"Her f\u00e5r du fire gode grunner til hvorfor du b\u00f8r stemme H\u00f8yre som senior.","og_url":"https:\/\/hoyre.no\/senior\/3-grunner-til-at-seniorer-skal-stemme-hoyre\/","og_site_name":"Senior H\u00f8yres Landsforbund","article_modified_time":"2025-05-15T12:14:38+00:00","og_image":[{"url":"https:\/\/hoyre.no\/content\/uploads\/sites\/376\/2023\/06\/GettyImages-514112498-1024x722.jpg","type":"","width":"","height":""}],"twitter_card":"summary_large_image","twitter_misc":{"Ansl. lesetid":"3 minutter"},"schema":{"@context":"https:\/\/schema.org","@graph":[{"@type":"WebPage","@id":"https:\/\/hoyre.no\/senior\/3-grunner-til-at-seniorer-skal-stemme-hoyre\/","url":"https:\/\/hoyre.no\/senior\/3-grunner-til-at-seniorer-skal-stemme-hoyre\/","name":"4 grunner til at seniorer skal stemme H\u00f8yre - Senior H\u00f8yres Landsforbund","isPartOf":{"@id":"https:\/\/hoyre.no\/senior\/#website"},"image":{"@id":"https:\/\/hoyre.no\/senior\/3-grunner-til-at-seniorer-skal-stemme-hoyre\/#primaryimage"},"thumbnailUrl":"https:\/\/hoyre.no\/content\/uploads\/sites\/376\/2023\/06\/GettyImages-514112498-1024x722.jpg","datePublished":"2023-06-21T12:09:26+00:00","dateModified":"2025-05-15T12:14:38+00:00","description":"Her f\u00e5r du fire gode grunner til hvorfor du b\u00f8r stemme H\u00f8yre som senior.","breadcrumb":{"@id":"https:\/\/hoyre.no\/senior\/3-grunner-til-at-seniorer-skal-stemme-hoyre\/#breadcrumb"},"inLanguage":"nb-NO","potentialAction":[{"@type":"ReadAction","target":["https:\/\/hoyre.no\/senior\/3-grunner-til-at-seniorer-skal-stemme-hoyre\/"]}]},{"@type":"ImageObject","inLanguage":"nb-NO","@id":"https:\/\/hoyre.no\/senior\/3-grunner-til-at-seniorer-skal-stemme-hoyre\/#primaryimage","url":"https:\/\/hoyre.no\/content\/uploads\/sites\/376\/2023\/06\/GettyImages-514112498-1024x722.jpg","contentUrl":"https:\/\/hoyre.no\/content\/uploads\/sites\/376\/2023\/06\/GettyImages-514112498-1024x722.jpg"},{"@type":"BreadcrumbList","@id":"https:\/\/hoyre.no\/senior\/3-grunner-til-at-seniorer-skal-stemme-hoyre\/#breadcrumb","itemListElement":[{"@type":"ListItem","position":1,"name":"Til hoyre.no","item":"https:\/\/hoyre.no"},{"@type":"ListItem","position":2,"name":"Hjem","item":"https:\/\/hoyre.no\/senior\/"},{"@type":"ListItem","position":3,"name":"4 grunner til at seniorer skal stemme H\u00f8yre"}]},{"@type":"WebSite","@id":"https:\/\/hoyre.no\/senior\/#website","url":"https:\/\/hoyre.no\/senior\/","name":"Senior H\u00f8yres Landsforbund","description":"Bare enda et H\u00f8yres nettsteder-nettsted","inLanguage":"nb-NO"}]}},"distributor_meta":false,"distributor_terms":false,"distributor_media":false,"distributor_original_site_name":"Senior H\u00f8yres Landsforbund","distributor_original_site_url":"https:\/\/hoyre.no\/senior","push-errors":false,"_links":{"self":[{"href":"https:\/\/hoyre.no\/senior\/wp-json\/wp\/v2\/pages\/48","targetHints":{"allow":["GET"]}}],"collection":[{"href":"https:\/\/hoyre.no\/senior\/wp-json\/wp\/v2\/pages"}],"about":[{"href":"https:\/\/hoyre.no\/senior\/wp-json\/wp\/v2\/types\/page"}],"author":[{"embeddable":true,"href":"https:\/\/hoyre.no\/senior\/wp-json\/wp\/v2\/users\/382"}],"replies":[{"embeddable":true,"href":"https:\/\/hoyre.no\/senior\/wp-json\/wp\/v2\/comments?post=48"}],"version-history":[{"count":23,"href":"https:\/\/hoyre.no\/senior\/wp-json\/wp\/v2\/pages\/48\/revisions"}],"predecessor-version":[{"id":301,"href":"https:\/\/hoyre.no\/senior\/wp-json\/wp\/v2\/pages\/48\/revisions\/301"}],"wp:attachment":[{"href":"https:\/\/hoyre.no\/senior\/wp-json\/wp\/v2\/media?parent=48"}],"curies":[{"name":"wp","href":"https:\/\/api.w.org\/{rel}","templated":true}]}}