{"id":243,"date":"2023-06-28T23:33:53","date_gmt":"2023-06-28T21:33:53","guid":{"rendered":"https:\/\/hoyre.no\/strand\/?page_id=243"},"modified":"2023-07-03T23:19:49","modified_gmt":"2023-07-03T21:19:49","slug":"barnehage-og-skole","status":"publish","type":"page","link":"https:\/\/hoyre.no\/strand\/barnehage-og-skole\/","title":{"rendered":"Barnehage og skole"},"content":{"rendered":"\n<div class=\"wp-block-hoyre-hero with-image-gradient text-color-light  has-media alignfull has-background\"><div class=\"hoyre-hero has-image\"><h1 class=\"title\">Barnehage og Skole <\/h1><p class=\"preamble\">Sammen med andre har H\u00f8yre i perioden 2015-2023 blant annet bidratt til :\u00a0<\/p>\t\t\t<div class=\"post-meta wp-block teft-byline-wrapper\">\n\t\t\t\t<div class=\"top\">\n\t\t\t\t\t<div class=\"signature\">\n\t\t\t\t\t\t<div class=\"teft-byline\">\n\t\t\t\t\t\t\t\t\t\t\t\t\t\t<div>\n\t\t\t\t\t\t\t\t<h3>H\u00f8yres redaksjon<\/h3>\t\t\t\t\t\t\t\t\n\t\t\t\t\t\t\t\t\t\t\t\t\t\t\t\t\t<span class=\"date\">Sist oppdatert: 3. juli 2023<\/span>\n\t\t\t\t\t\t\t\t\t\t\t\t\t\t\t\t\t\t\t\t\t\t\t<\/div>\n\t\t\t\t\t\t<\/div>\n\t\t\t\t\t<\/div>\n\t\t\t\t\t\t<div class=\"sharing\">\n\t\t<a class=\"share-button share-link copy-link\" data-copy=\"https:\/\/hoyre.no\/strand\/barnehage-og-skole\/\" target=\"_blank\"><span class=\"screen-reader-text\">Del link<\/span><\/a>\n\t\t<a class=\"share-button share-twitter\" href=\"http:\/\/twitter.com\/share?text=Barnehage og skole&#038;url=https:\/\/hoyre.no\/strand\/barnehage-og-skole\/&#038;hashtags=Hoyre\" target=\"_blank\"><span class=\"screen-reader-text\">Del p\u00e5 twitter<\/span><\/a>\n\t\t<a class=\"share-button share-facebook\" href=\"https:\/\/www.facebook.com\/sharer\/sharer.php?u=https:\/\/hoyre.no\/strand\/barnehage-og-skole\/\" target=\"_blank\"><span class=\"screen-reader-text\">Del p\u00e5 facebook<\/span><\/a>\n\t<\/div>\n\t\t\t\t\t<\/div>\n\t\t\t<\/div>\n\n\t\t\t<figure class=\"hoyre-image-wrapper\"><div class=\"hoyre-image\"><img loading=\"lazy\" decoding=\"async\" width=\"2500\" height=\"1875\" src=\"https:\/\/hoyre.no\/content\/uploads\/sites\/209\/2023\/06\/TauSkole-scaled.jpg\" class=\"attachment-scaled size-scaled\" alt=\"\" style=\"object-position: 50% 50%\" srcset=\"https:\/\/hoyre.no\/content\/uploads\/sites\/209\/2023\/06\/TauSkole-scaled.jpg 2500w, https:\/\/hoyre.no\/content\/uploads\/sites\/209\/2023\/06\/TauSkole-300x225.jpg 300w, https:\/\/hoyre.no\/content\/uploads\/sites\/209\/2023\/06\/TauSkole-1024x768.jpg 1024w, https:\/\/hoyre.no\/content\/uploads\/sites\/209\/2023\/06\/TauSkole-768x576.jpg 768w, https:\/\/hoyre.no\/content\/uploads\/sites\/209\/2023\/06\/TauSkole-1536x1152.jpg 1536w, https:\/\/hoyre.no\/content\/uploads\/sites\/209\/2023\/06\/TauSkole-2048x1536.jpg 2048w\" sizes=\"auto, (max-width: 2500px) 100vw, 2500px\" \/><\/div><\/figure><\/div><\/div>\n\n\n\n\n\n<ul class=\"wp-block-list\"><li>Bygget ny barneskole p\u00e5 Tau<\/li><li>Bygget ny barneskole p\u00e5 J\u00f8rpeland<\/li><li>Renovert Nordre Strand Skole<\/li><li>&nbsp;Bygget nytt uteomr\u00e5de p\u00e5 Tau Skole<\/li><li>Bygget nytt uteomr\u00e5de p\u00e5 Fjelltun Skole<\/li><li>Investert i digitale verkt\u00f8y p\u00e5 skolene (f\u00f8r covid, heldigvis)<\/li><li>Etterutdannet 114 l\u00e6rere ordningen \u00abKompetanse for kvalitet\u00bb<\/li><li>\u00d8kt betydelig antall helsesykepleiere p\u00e5 skolene<\/li><li>&nbsp;Innf\u00f8rt sommerskole\/sommeraktiviteter<\/li><li>&nbsp;Besluttet kontinuerlig barnehageopptak<\/li><\/ul>\n","protected":false},"excerpt":{"rendered":"<p>Bygget ny barneskole p\u00e5 Tau Bygget ny barneskole p\u00e5 J\u00f8rpeland Renovert Nordre Strand Skole &nbsp;Bygget nytt uteomr\u00e5de p\u00e5 Tau Skole Bygget nytt uteomr\u00e5de p\u00e5 Fjelltun Skole Investert i digitale verkt\u00f8y p\u00e5 skolene (f\u00f8r covid, heldigvis) Etterutdannet 114 l\u00e6rere ordningen \u00abKompetanse for kvalitet\u00bb \u00d8kt betydelig antall helsesykepleiere p\u00e5 skolene &nbsp;Innf\u00f8rt sommerskole\/sommeraktiviteter &nbsp;Besluttet kontinuerlig barnehageopptak<\/p>\n","protected":false},"author":8714,"featured_media":0,"parent":0,"menu_order":0,"comment_status":"closed","ping_status":"closed","template":"","meta":{"teft_cards_image_url":"","teft_cards_custom_pretitle":"","teft_cards_image_id":0,"teft_cards_image_focal_point_x":0,"teft_cards_image_focal_point_y":0,"teft_cards_title":"","teft_cards_excerpt":"","teft_show_chapters":false,"footnotes":""},"class_list":["post-243","page","type-page","status-publish","hentry"],"yoast_head":"<!-- This site is optimized with the Yoast SEO plugin v26.6 - https:\/\/yoast.com\/wordpress\/plugins\/seo\/ -->\n<title>Barnehage og skole - Strand H\u00f8yre<\/title>\n<meta name=\"robots\" content=\"index, follow, max-snippet:-1, max-image-preview:large, max-video-preview:-1\" \/>\n<link rel=\"canonical\" href=\"https:\/\/hoyre.no\/strand\/barnehage-og-skole\/\" \/>\n<meta property=\"og:locale\" content=\"nb_NO\" \/>\n<meta property=\"og:type\" content=\"article\" \/>\n<meta property=\"og:title\" content=\"Barnehage og skole - Strand H\u00f8yre\" \/>\n<meta property=\"og:description\" content=\"Bygget ny barneskole p\u00e5 Tau Bygget ny barneskole p\u00e5 J\u00f8rpeland Renovert Nordre Strand Skole &nbsp;Bygget nytt uteomr\u00e5de p\u00e5 Tau Skole Bygget nytt uteomr\u00e5de p\u00e5 Fjelltun Skole Investert i digitale verkt\u00f8y p\u00e5 skolene (f\u00f8r covid, heldigvis) Etterutdannet 114 l\u00e6rere ordningen \u00abKompetanse for kvalitet\u00bb \u00d8kt betydelig antall helsesykepleiere p\u00e5 skolene &nbsp;Innf\u00f8rt sommerskole\/sommeraktiviteter &nbsp;Besluttet kontinuerlig barnehageopptak\" \/>\n<meta property=\"og:url\" content=\"https:\/\/hoyre.no\/strand\/barnehage-og-skole\/\" \/>\n<meta property=\"og:site_name\" content=\"Strand H\u00f8yre\" \/>\n<meta property=\"article:modified_time\" content=\"2023-07-03T21:19:49+00:00\" \/>\n<meta property=\"og:image\" content=\"https:\/\/hoyre.no\/content\/uploads\/sites\/209\/2022\/11\/Hoyres-logo.png\" \/>\n\t<meta property=\"og:image:width\" content=\"1000\" \/>\n\t<meta property=\"og:image:height\" content=\"1000\" \/>\n\t<meta property=\"og:image:type\" content=\"image\/png\" \/>\n<meta name=\"twitter:card\" content=\"summary_large_image\" \/>\n<meta name=\"twitter:label1\" content=\"Ansl. lesetid\" \/>\n\t<meta name=\"twitter:data1\" content=\"1 minutt\" \/>\n<script type=\"application\/ld+json\" class=\"yoast-schema-graph\">{\"@context\":\"https:\/\/schema.org\",\"@graph\":[{\"@type\":\"WebPage\",\"@id\":\"https:\/\/hoyre.no\/strand\/barnehage-og-skole\/\",\"url\":\"https:\/\/hoyre.no\/strand\/barnehage-og-skole\/\",\"name\":\"Barnehage og skole - Strand H\u00f8yre\",\"isPartOf\":{\"@id\":\"https:\/\/hoyre.no\/strand\/#website\"},\"datePublished\":\"2023-06-28T21:33:53+00:00\",\"dateModified\":\"2023-07-03T21:19:49+00:00\",\"breadcrumb\":{\"@id\":\"https:\/\/hoyre.no\/strand\/barnehage-og-skole\/#breadcrumb\"},\"inLanguage\":\"nb-NO\",\"potentialAction\":[{\"@type\":\"ReadAction\",\"target\":[\"https:\/\/hoyre.no\/strand\/barnehage-og-skole\/\"]}]},{\"@type\":\"BreadcrumbList\",\"@id\":\"https:\/\/hoyre.no\/strand\/barnehage-og-skole\/#breadcrumb\",\"itemListElement\":[{\"@type\":\"ListItem\",\"position\":1,\"name\":\"Til hoyre.no\",\"item\":\"https:\/\/hoyre.no\"},{\"@type\":\"ListItem\",\"position\":2,\"name\":\"Hjem\",\"item\":\"https:\/\/hoyre.no\/strand\/\"},{\"@type\":\"ListItem\",\"position\":3,\"name\":\"Barnehage og skole\"}]},{\"@type\":\"WebSite\",\"@id\":\"https:\/\/hoyre.no\/strand\/#website\",\"url\":\"https:\/\/hoyre.no\/strand\/\",\"name\":\"Strand H\u00f8yre\",\"description\":\"Bare enda et H\u00f8yres nettsteder-nettsted\",\"inLanguage\":\"nb-NO\"}]}<\/script>\n<!-- \/ Yoast SEO plugin. -->","yoast_head_json":{"title":"Barnehage og skole - Strand H\u00f8yre","robots":{"index":"index","follow":"follow","max-snippet":"max-snippet:-1","max-image-preview":"max-image-preview:large","max-video-preview":"max-video-preview:-1"},"canonical":"https:\/\/hoyre.no\/strand\/barnehage-og-skole\/","og_locale":"nb_NO","og_type":"article","og_title":"Barnehage og skole - Strand H\u00f8yre","og_description":"Bygget ny barneskole p\u00e5 Tau Bygget ny barneskole p\u00e5 J\u00f8rpeland Renovert Nordre Strand Skole &nbsp;Bygget nytt uteomr\u00e5de p\u00e5 Tau Skole Bygget nytt uteomr\u00e5de p\u00e5 Fjelltun Skole Investert i digitale verkt\u00f8y p\u00e5 skolene (f\u00f8r covid, heldigvis) Etterutdannet 114 l\u00e6rere ordningen \u00abKompetanse for kvalitet\u00bb \u00d8kt betydelig antall helsesykepleiere p\u00e5 skolene &nbsp;Innf\u00f8rt sommerskole\/sommeraktiviteter &nbsp;Besluttet kontinuerlig barnehageopptak","og_url":"https:\/\/hoyre.no\/strand\/barnehage-og-skole\/","og_site_name":"Strand H\u00f8yre","article_modified_time":"2023-07-03T21:19:49+00:00","og_image":[{"width":1000,"height":1000,"url":"https:\/\/hoyre.no\/content\/uploads\/sites\/209\/2022\/11\/Hoyres-logo.png","type":"image\/png"}],"twitter_card":"summary_large_image","twitter_misc":{"Ansl. lesetid":"1 minutt"},"schema":{"@context":"https:\/\/schema.org","@graph":[{"@type":"WebPage","@id":"https:\/\/hoyre.no\/strand\/barnehage-og-skole\/","url":"https:\/\/hoyre.no\/strand\/barnehage-og-skole\/","name":"Barnehage og skole - Strand H\u00f8yre","isPartOf":{"@id":"https:\/\/hoyre.no\/strand\/#website"},"datePublished":"2023-06-28T21:33:53+00:00","dateModified":"2023-07-03T21:19:49+00:00","breadcrumb":{"@id":"https:\/\/hoyre.no\/strand\/barnehage-og-skole\/#breadcrumb"},"inLanguage":"nb-NO","potentialAction":[{"@type":"ReadAction","target":["https:\/\/hoyre.no\/strand\/barnehage-og-skole\/"]}]},{"@type":"BreadcrumbList","@id":"https:\/\/hoyre.no\/strand\/barnehage-og-skole\/#breadcrumb","itemListElement":[{"@type":"ListItem","position":1,"name":"Til hoyre.no","item":"https:\/\/hoyre.no"},{"@type":"ListItem","position":2,"name":"Hjem","item":"https:\/\/hoyre.no\/strand\/"},{"@type":"ListItem","position":3,"name":"Barnehage og skole"}]},{"@type":"WebSite","@id":"https:\/\/hoyre.no\/strand\/#website","url":"https:\/\/hoyre.no\/strand\/","name":"Strand H\u00f8yre","description":"Bare enda et H\u00f8yres nettsteder-nettsted","inLanguage":"nb-NO"}]}},"distributor_meta":false,"distributor_terms":false,"distributor_media":false,"distributor_original_site_name":"Strand H\u00f8yre","distributor_original_site_url":"https:\/\/hoyre.no\/strand","push-errors":false,"_links":{"self":[{"href":"https:\/\/hoyre.no\/strand\/wp-json\/wp\/v2\/pages\/243","targetHints":{"allow":["GET"]}}],"collection":[{"href":"https:\/\/hoyre.no\/strand\/wp-json\/wp\/v2\/pages"}],"about":[{"href":"https:\/\/hoyre.no\/strand\/wp-json\/wp\/v2\/types\/page"}],"author":[{"embeddable":true,"href":"https:\/\/hoyre.no\/strand\/wp-json\/wp\/v2\/users\/8714"}],"replies":[{"embeddable":true,"href":"https:\/\/hoyre.no\/strand\/wp-json\/wp\/v2\/comments?post=243"}],"version-history":[{"count":5,"href":"https:\/\/hoyre.no\/strand\/wp-json\/wp\/v2\/pages\/243\/revisions"}],"predecessor-version":[{"id":431,"href":"https:\/\/hoyre.no\/strand\/wp-json\/wp\/v2\/pages\/243\/revisions\/431"}],"wp:attachment":[{"href":"https:\/\/hoyre.no\/strand\/wp-json\/wp\/v2\/media?parent=243"}],"curies":[{"name":"wp","href":"https:\/\/api.w.org\/{rel}","templated":true}]}}