{"id":326,"date":"2023-07-02T23:41:17","date_gmt":"2023-07-02T21:41:17","guid":{"rendered":"https:\/\/hoyre.no\/strand\/?page_id=326"},"modified":"2023-07-03T00:15:02","modified_gmt":"2023-07-02T22:15:02","slug":"leif-ove-voster","status":"publish","type":"page","link":"https:\/\/hoyre.no\/strand\/leif-ove-voster\/","title":{"rendered":"Leif Ove Voster"},"content":{"rendered":"\n<div class=\"wp-block-hoyre-hero with-image-gradient text-color-light  has-media alignfull has-background\"><div class=\"hoyre-hero has-image\"><h1 class=\"title\">Leif Ove Voster<\/h1><p class=\"preamble\">Liste Kandidat for Strand H\u00f8yre<br><br><em><strong>\u00abJeg brenner s\u00e6rlig for n\u00e6ringslivet og at det legges til rette for utvikling og flere arbeidsplasser\u00bb<\/strong><\/em><br><em><strong>\u00abEr ogs\u00e5 opptatt av skolepolitikk og rammebetingelser for frivillige lag og organisasjoner.\u00bb<\/strong><\/em><\/p>\t\t\t<div class=\"post-meta wp-block teft-byline-wrapper\">\n\t\t\t\t<div class=\"top\">\n\t\t\t\t\t<div class=\"signature\">\n\t\t\t\t\t\t<div class=\"teft-byline\">\n\t\t\t\t\t\t\t\t\t\t\t\t\t\t<div>\n\t\t\t\t\t\t\t\t<h3>H\u00f8yres redaksjon<\/h3>\t\t\t\t\t\t\t\t\n\t\t\t\t\t\t\t\t\t\t\t\t\t\t\t\t\t<span class=\"date\">Sist oppdatert: 3. juli 2023<\/span>\n\t\t\t\t\t\t\t\t\t\t\t\t\t\t\t\t\t\t\t\t\t\t\t\t\t<span class=\"reading-time\" itemprop=\"timeRequired\" content=\"PT1M\"><em>Ca. 1 minutter lesetid<\/em><\/span>\n\t\t\t\t\t\t\t\t\t\t\t\t\t\t\t<\/div>\n\t\t\t\t\t\t<\/div>\n\t\t\t\t\t<\/div>\n\t\t\t\t\t\t<div class=\"sharing\">\n\t\t<a class=\"share-button share-link copy-link\" data-copy=\"https:\/\/hoyre.no\/strand\/leif-ove-voster\/\" target=\"_blank\"><span class=\"screen-reader-text\">Del link<\/span><\/a>\n\t\t<a class=\"share-button share-twitter\" href=\"http:\/\/twitter.com\/share?text=Leif Ove Voster&#038;url=https:\/\/hoyre.no\/strand\/leif-ove-voster\/&#038;hashtags=Hoyre\" target=\"_blank\"><span class=\"screen-reader-text\">Del p\u00e5 twitter<\/span><\/a>\n\t\t<a class=\"share-button share-facebook\" href=\"https:\/\/www.facebook.com\/sharer\/sharer.php?u=https:\/\/hoyre.no\/strand\/leif-ove-voster\/\" target=\"_blank\"><span class=\"screen-reader-text\">Del p\u00e5 facebook<\/span><\/a>\n\t<\/div>\n\t\t\t\t\t<\/div>\n\t\t\t<\/div>\n\n\t\t\t<figure class=\"hoyre-image-wrapper\"><div class=\"hoyre-image\"><img loading=\"lazy\" decoding=\"async\" width=\"457\" height=\"640\" src=\"https:\/\/hoyre.no\/content\/uploads\/sites\/209\/2023\/05\/LeifOve.jpg\" class=\"attachment-scaled size-scaled\" alt=\"\" style=\"object-position: 50% 50%\" srcset=\"https:\/\/hoyre.no\/content\/uploads\/sites\/209\/2023\/05\/LeifOve.jpg 457w, https:\/\/hoyre.no\/content\/uploads\/sites\/209\/2023\/05\/LeifOve-214x300.jpg 214w\" sizes=\"auto, (max-width: 457px) 100vw, 457px\" \/><\/div><\/figure><\/div><\/div>\n\n\n\n<div class=\"wp-block-buttons is-layout-flex wp-block-buttons-is-layout-flex\">\n\n<\/div>\n\n\n\n<p><\/p>\n\n\n\n<p>Litt om meg:<\/p>\n\n\n\n<p class=\"has-text-align-center\">Jeg er 45 \u00e5r og bor p\u00e5 Tau med samboer og 3 gutter i alderen 8 \u2013 14 \u00e5r. Jeg er utdannet sivil\u00f8konom og statsautorisert revisor fra BI og har 12 \u00e5rs erfaring som revisor\/bedriftsr\u00e5dgiver i EY. De siste 10 \u00e5rene har jeg jobbet som \u00f8konomisjef ved Tau Mek Verksted i Nordmarka.<\/p>\n\n\n\n<p class=\"has-text-align-center\">I tillegg sitter jeg i flere styrer, blant annet som styreleder i Tau Autonomy Center AS, Nestleder i styret i Avanti, og tidligere som styremedlem i Ryfast AS.<\/p>\n\n\n\n<p class=\"has-text-align-center\">P\u00e5 fritiden er jeg politisk aktiv i h\u00f8yre der jeg sitter i kommunestyre og formannskap i innev\u00e6rende periode. I tillegg til \u00e5 v\u00e6re trebarnsfar er jeg er med som trener i Strand judoklubb. Jeg er aktiv jeger med godkjent etters\u00f8kshund og trives godt p\u00e5 mine foreldres gardsbruk i Hjelmeland. I den grad tiden strekker til har jeg ogs\u00e5 ambisjoner om \u00e5 v\u00e6re aktiv b\u00e5de som syklist og skytter.<\/p>\n\n\n\n\n\n<div class=\"wp-block-buttons is-layout-flex wp-block-buttons-is-layout-flex\">\n<div class=\"wp-block-button\"><a class=\"wp-block-button__link\" href=\"https:\/\/hoyre.no\/strand\/mer-om-liste-kandidater\/\">LES MER OM LISTEKANDIDATER<\/a><\/div>\n\n\n\n<div class=\"wp-block-button\"><a class=\"wp-block-button__link\" href=\"https:\/\/hoyre.no\/strand\/\">TILBAKE TIL FORSIDEN<\/a><\/div>\n<\/div>\n","protected":false},"excerpt":{"rendered":"<p>Litt om meg: Jeg er 45 \u00e5r og bor p\u00e5 Tau med samboer og 3 gutter i alderen 8 \u2013 14 \u00e5r. Jeg er utdannet sivil\u00f8konom og statsautorisert revisor fra BI og har 12 \u00e5rs erfaring som revisor\/bedriftsr\u00e5dgiver i EY. De siste 10 \u00e5rene har jeg jobbet som \u00f8konomisjef ved Tau Mek Verksted i Nordmarka. [&hellip;]<\/p>\n","protected":false},"author":8714,"featured_media":0,"parent":0,"menu_order":0,"comment_status":"closed","ping_status":"closed","template":"","meta":{"teft_cards_image_url":"","teft_cards_custom_pretitle":"","teft_cards_image_id":0,"teft_cards_image_focal_point_x":0,"teft_cards_image_focal_point_y":0,"teft_cards_title":"","teft_cards_excerpt":"","teft_show_chapters":false,"footnotes":""},"class_list":["post-326","page","type-page","status-publish","hentry"],"yoast_head":"<!-- This site is optimized with the Yoast SEO plugin v26.6 - https:\/\/yoast.com\/wordpress\/plugins\/seo\/ -->\n<title>Leif Ove Voster - Strand H\u00f8yre<\/title>\n<meta name=\"robots\" content=\"index, follow, max-snippet:-1, max-image-preview:large, max-video-preview:-1\" \/>\n<link rel=\"canonical\" href=\"https:\/\/hoyre.no\/strand\/leif-ove-voster\/\" \/>\n<meta property=\"og:locale\" content=\"nb_NO\" \/>\n<meta property=\"og:type\" content=\"article\" \/>\n<meta property=\"og:title\" content=\"Leif Ove Voster - Strand H\u00f8yre\" \/>\n<meta property=\"og:description\" content=\"Litt om meg: Jeg er 45 \u00e5r og bor p\u00e5 Tau med samboer og 3 gutter i alderen 8 \u2013 14 \u00e5r. Jeg er utdannet sivil\u00f8konom og statsautorisert revisor fra BI og har 12 \u00e5rs erfaring som revisor\/bedriftsr\u00e5dgiver i EY. De siste 10 \u00e5rene har jeg jobbet som \u00f8konomisjef ved Tau Mek Verksted i Nordmarka. [&hellip;]\" \/>\n<meta property=\"og:url\" content=\"https:\/\/hoyre.no\/strand\/leif-ove-voster\/\" \/>\n<meta property=\"og:site_name\" content=\"Strand H\u00f8yre\" \/>\n<meta property=\"article:modified_time\" content=\"2023-07-02T22:15:02+00:00\" \/>\n<meta property=\"og:image\" content=\"https:\/\/hoyre.no\/content\/uploads\/sites\/209\/2022\/11\/Hoyres-logo.png\" \/>\n\t<meta property=\"og:image:width\" content=\"1000\" \/>\n\t<meta property=\"og:image:height\" content=\"1000\" \/>\n\t<meta property=\"og:image:type\" content=\"image\/png\" \/>\n<meta name=\"twitter:card\" content=\"summary_large_image\" \/>\n<meta name=\"twitter:label1\" content=\"Ansl. lesetid\" \/>\n\t<meta name=\"twitter:data1\" content=\"2 minutter\" \/>\n<script type=\"application\/ld+json\" class=\"yoast-schema-graph\">{\"@context\":\"https:\/\/schema.org\",\"@graph\":[{\"@type\":\"WebPage\",\"@id\":\"https:\/\/hoyre.no\/strand\/leif-ove-voster\/\",\"url\":\"https:\/\/hoyre.no\/strand\/leif-ove-voster\/\",\"name\":\"Leif Ove Voster - Strand H\u00f8yre\",\"isPartOf\":{\"@id\":\"https:\/\/hoyre.no\/strand\/#website\"},\"datePublished\":\"2023-07-02T21:41:17+00:00\",\"dateModified\":\"2023-07-02T22:15:02+00:00\",\"breadcrumb\":{\"@id\":\"https:\/\/hoyre.no\/strand\/leif-ove-voster\/#breadcrumb\"},\"inLanguage\":\"nb-NO\",\"potentialAction\":[{\"@type\":\"ReadAction\",\"target\":[\"https:\/\/hoyre.no\/strand\/leif-ove-voster\/\"]}]},{\"@type\":\"BreadcrumbList\",\"@id\":\"https:\/\/hoyre.no\/strand\/leif-ove-voster\/#breadcrumb\",\"itemListElement\":[{\"@type\":\"ListItem\",\"position\":1,\"name\":\"Til hoyre.no\",\"item\":\"https:\/\/hoyre.no\"},{\"@type\":\"ListItem\",\"position\":2,\"name\":\"Hjem\",\"item\":\"https:\/\/hoyre.no\/strand\/\"},{\"@type\":\"ListItem\",\"position\":3,\"name\":\"Leif Ove Voster\"}]},{\"@type\":\"WebSite\",\"@id\":\"https:\/\/hoyre.no\/strand\/#website\",\"url\":\"https:\/\/hoyre.no\/strand\/\",\"name\":\"Strand H\u00f8yre\",\"description\":\"Bare enda et H\u00f8yres nettsteder-nettsted\",\"inLanguage\":\"nb-NO\"}]}<\/script>\n<!-- \/ Yoast SEO plugin. -->","yoast_head_json":{"title":"Leif Ove Voster - Strand H\u00f8yre","robots":{"index":"index","follow":"follow","max-snippet":"max-snippet:-1","max-image-preview":"max-image-preview:large","max-video-preview":"max-video-preview:-1"},"canonical":"https:\/\/hoyre.no\/strand\/leif-ove-voster\/","og_locale":"nb_NO","og_type":"article","og_title":"Leif Ove Voster - Strand H\u00f8yre","og_description":"Litt om meg: Jeg er 45 \u00e5r og bor p\u00e5 Tau med samboer og 3 gutter i alderen 8 \u2013 14 \u00e5r. Jeg er utdannet sivil\u00f8konom og statsautorisert revisor fra BI og har 12 \u00e5rs erfaring som revisor\/bedriftsr\u00e5dgiver i EY. De siste 10 \u00e5rene har jeg jobbet som \u00f8konomisjef ved Tau Mek Verksted i Nordmarka. [&hellip;]","og_url":"https:\/\/hoyre.no\/strand\/leif-ove-voster\/","og_site_name":"Strand H\u00f8yre","article_modified_time":"2023-07-02T22:15:02+00:00","og_image":[{"width":1000,"height":1000,"url":"https:\/\/hoyre.no\/content\/uploads\/sites\/209\/2022\/11\/Hoyres-logo.png","type":"image\/png"}],"twitter_card":"summary_large_image","twitter_misc":{"Ansl. lesetid":"2 minutter"},"schema":{"@context":"https:\/\/schema.org","@graph":[{"@type":"WebPage","@id":"https:\/\/hoyre.no\/strand\/leif-ove-voster\/","url":"https:\/\/hoyre.no\/strand\/leif-ove-voster\/","name":"Leif Ove Voster - Strand H\u00f8yre","isPartOf":{"@id":"https:\/\/hoyre.no\/strand\/#website"},"datePublished":"2023-07-02T21:41:17+00:00","dateModified":"2023-07-02T22:15:02+00:00","breadcrumb":{"@id":"https:\/\/hoyre.no\/strand\/leif-ove-voster\/#breadcrumb"},"inLanguage":"nb-NO","potentialAction":[{"@type":"ReadAction","target":["https:\/\/hoyre.no\/strand\/leif-ove-voster\/"]}]},{"@type":"BreadcrumbList","@id":"https:\/\/hoyre.no\/strand\/leif-ove-voster\/#breadcrumb","itemListElement":[{"@type":"ListItem","position":1,"name":"Til hoyre.no","item":"https:\/\/hoyre.no"},{"@type":"ListItem","position":2,"name":"Hjem","item":"https:\/\/hoyre.no\/strand\/"},{"@type":"ListItem","position":3,"name":"Leif Ove Voster"}]},{"@type":"WebSite","@id":"https:\/\/hoyre.no\/strand\/#website","url":"https:\/\/hoyre.no\/strand\/","name":"Strand H\u00f8yre","description":"Bare enda et H\u00f8yres nettsteder-nettsted","inLanguage":"nb-NO"}]}},"distributor_meta":false,"distributor_terms":false,"distributor_media":false,"distributor_original_site_name":"Strand H\u00f8yre","distributor_original_site_url":"https:\/\/hoyre.no\/strand","push-errors":false,"_links":{"self":[{"href":"https:\/\/hoyre.no\/strand\/wp-json\/wp\/v2\/pages\/326","targetHints":{"allow":["GET"]}}],"collection":[{"href":"https:\/\/hoyre.no\/strand\/wp-json\/wp\/v2\/pages"}],"about":[{"href":"https:\/\/hoyre.no\/strand\/wp-json\/wp\/v2\/types\/page"}],"author":[{"embeddable":true,"href":"https:\/\/hoyre.no\/strand\/wp-json\/wp\/v2\/users\/8714"}],"replies":[{"embeddable":true,"href":"https:\/\/hoyre.no\/strand\/wp-json\/wp\/v2\/comments?post=326"}],"version-history":[{"count":6,"href":"https:\/\/hoyre.no\/strand\/wp-json\/wp\/v2\/pages\/326\/revisions"}],"predecessor-version":[{"id":461,"href":"https:\/\/hoyre.no\/strand\/wp-json\/wp\/v2\/pages\/326\/revisions\/461"}],"wp:attachment":[{"href":"https:\/\/hoyre.no\/strand\/wp-json\/wp\/v2\/media?parent=326"}],"curies":[{"name":"wp","href":"https:\/\/api.w.org\/{rel}","templated":true}]}}