{"id":40,"date":"2023-05-02T12:47:26","date_gmt":"2023-05-02T10:47:26","guid":{"rendered":"https:\/\/hoyre.no\/strand\/?page_id=40"},"modified":"2025-02-04T11:58:00","modified_gmt":"2025-02-04T10:58:00","slug":"politikk","status":"publish","type":"page","link":"https:\/\/hoyre.no\/strand\/politikk\/","title":{"rendered":"Politikk"},"content":{"rendered":"\n<div class=\"wp-block-hoyre-hero with-image-gradient text-color-light  alignfull has-background\"><div class=\"hoyre-hero \"><h1 class=\"title\">Politikk<\/h1><p class=\"preamble\">N\u00e5r frivilligheten, n\u00e6ringslivet og offentlig sektor spiller p\u00e5 lag, skapes det gode lokalsamfunn. H\u00f8yre tror p\u00e5 enkeltmenneskets evne og lyst til \u00e5 st\u00e5 p\u00e5 egne ben.<br><br>Det er v\u00e5r oppgave \u00e5 s\u00f8rge for at mennesker kan leve gode liv, uansett utgangspunkt. Vi skaper ikke politikk for kommunen, men for alle som bor der. H\u00f8yre tror p\u00e5 et samfunn som gir muligheter for alle.<\/p><\/div><\/div>\n\n\n\n\n<div class=\"wp-block-teft-file icon-link-block\"><a href=\"https:\/\/hoyre.no\/content\/uploads\/sites\/209\/2023\/08\/Program-Strand-Hoyre.pdf\" download><span class=\"file-title\">Her kan du lese valgprogrammet v\u00e5rt for 2023-2027<\/span><span class=\"file-name\"><\/span><\/a><\/div>\n\n\n\n\n<div class=\"wp-block-hoyre-banner alignwide undefined\"><div class=\"banner-inner\"><figure class=\"hoyre-image-wrapper\"><div class=\"hoyre-image\"><img loading=\"lazy\" decoding=\"async\" width=\"2500\" height=\"1666\" src=\"https:\/\/hoyre.no\/content\/uploads\/sites\/209\/2023\/05\/NEG8921-scaled.jpg\" class=\"attachment-scaled size-scaled\" alt=\"bilde av listekandidater\" style=\"object-position: 54% 47%\" srcset=\"https:\/\/hoyre.no\/content\/uploads\/sites\/209\/2023\/05\/NEG8921-scaled.jpg 2500w, https:\/\/hoyre.no\/content\/uploads\/sites\/209\/2023\/05\/NEG8921-300x200.jpg 300w, https:\/\/hoyre.no\/content\/uploads\/sites\/209\/2023\/05\/NEG8921-1024x683.jpg 1024w, https:\/\/hoyre.no\/content\/uploads\/sites\/209\/2023\/05\/NEG8921-768x512.jpg 768w, https:\/\/hoyre.no\/content\/uploads\/sites\/209\/2023\/05\/NEG8921-1536x1024.jpg 1536w, https:\/\/hoyre.no\/content\/uploads\/sites\/209\/2023\/05\/NEG8921-2048x1365.jpg 2048w\" sizes=\"auto, (max-width: 2500px) 100vw, 2500px\" \/><\/div><\/figure><div class=\"banner-content\"><div class=\"entry-content\">\n<h2 class=\"wp-block-heading\">Program for Strand H\u00f8yre 2023 &#8211; 2027 <\/h2>\n\n\n\n<ul class=\"wp-block-list\">\n<li><\/li>\n<\/ul>\n\n\n\n<p>Under kan du lese mer om noen utvalgte punkter fra kapitlene i programet <\/p>\n\n\n\n<div class=\"wp-block-buttons is-layout-flex wp-block-buttons-is-layout-flex\"><\/div>\n<\/div><\/div><\/div><\/div>\n\n\n\n<div class=\"wp-block-hoyre-banner alignwide undefined  is-style-light\"><div class=\"banner-inner\"><figure class=\"hoyre-image-wrapper\"><div class=\"hoyre-image\"><img loading=\"lazy\" decoding=\"async\" width=\"2048\" height=\"1536\" src=\"https:\/\/hoyre.no\/content\/uploads\/sites\/209\/2023\/05\/image-2.png\" class=\"attachment-scaled size-scaled\" alt=\"Utsyn over Strand\" style=\"object-position: 44% 73%\" srcset=\"https:\/\/hoyre.no\/content\/uploads\/sites\/209\/2023\/05\/image-2.png 2048w, https:\/\/hoyre.no\/content\/uploads\/sites\/209\/2023\/05\/image-2-300x225.png 300w, https:\/\/hoyre.no\/content\/uploads\/sites\/209\/2023\/05\/image-2-1024x768.png 1024w, https:\/\/hoyre.no\/content\/uploads\/sites\/209\/2023\/05\/image-2-768x576.png 768w, https:\/\/hoyre.no\/content\/uploads\/sites\/209\/2023\/05\/image-2-1536x1152.png 1536w\" sizes=\"auto, (max-width: 2048px) 100vw, 2048px\" \/><\/div><\/figure><div class=\"banner-content\"><div class=\"entry-content\">\n<h2 class=\"wp-block-heading\">Sammen bygger vi et godt sted \u00e5 bo &nbsp;<\/h2>\n\n\n\n<p>Strand kommune er en vakker perle i Ytre Ryfylke og en inngangsport til Ryfylke-regionen. Strand H\u00f8yre er opptatt av \u00e5 utvikle kommunen og skape muligheter, ikke begrensninger.<\/p>\n\n\n\n<p>Vi arbeider aktivt for \u00e5 gj\u00f8re kommunen v\u00e5r til et attraktivt sted \u00e5 bo og bes\u00f8ke. V\u00e5rt overordnede m\u00e5l er \u00e5 skape et inkluderende, engasjerende og b\u00e6rekraftig lokalsamfunn der alle innbyggere kan trives og utvikle seg.<\/p>\n\n\n\n<p>For \u00e5 oppn\u00e5 dette er det viktig \u00e5 tilby gode muligheter for arbeidsplasser, moderne og kvalitetsrike skoler, tilgang til attraktive friluftsomr\u00e5der, et mangfold i fritidstilbud og levende sentrum.&nbsp;<\/p>\n\n\n\n<p>Gjennom \u00e5 skape en helhetlig og b\u00e6rekraftig kommune, vil vi tiltrekke oss nye innbyggere og gj\u00f8re Strand til en enda bedre kommune \u00e5 bo i.<\/p>\n\n\n\n<p class=\"has-text-align-left\">Strand H\u00f8yre vil :<\/p>\n\n\n\n<ul class=\"wp-block-list\">\n<li>\ud83d\udc99 Jobbe aktivt for lavere priser i Ryfast og bedre kollektivtilbud<\/li>\n\n\n\n<li>\ud83d\udc99 Holde kommunale skatter og avgifter p\u00e5 et lavest mulig niv\u00e5<\/li>\n\n\n\n<li>\ud83d\udc99 Legge til rette for aldersvennlige boformer i sentrum av Tau og J\u00f8rpeland<\/li>\n\n\n\n<li>\ud83d\udc99 Legge til rette for rimelige urbane botilbud for unge i sentrum<\/li>\n\n\n\n<li>\ud83d\udc99 Styrke Strand sin posisjon som en friluftskommune<\/li>\n<\/ul>\n\n\n\n<div class=\"wp-block-buttons is-layout-flex wp-block-buttons-is-layout-flex\"><\/div>\n<\/div><\/div><\/div><\/div>\n\n\n\n<div class=\"wp-block-hoyre-banner alignwide undefined\"><div class=\"banner-inner\"><figure class=\"hoyre-image-wrapper\"><div class=\"hoyre-image\"><img loading=\"lazy\" decoding=\"async\" width=\"640\" height=\"480\" src=\"https:\/\/hoyre.no\/content\/uploads\/sites\/209\/2023\/05\/skatepark-2-thumbnail_IMG_2196.jpeg\" class=\"attachment-scaled size-scaled\" alt=\"Skatepark\" style=\"object-position: 50% 50%\" srcset=\"https:\/\/hoyre.no\/content\/uploads\/sites\/209\/2023\/05\/skatepark-2-thumbnail_IMG_2196.jpeg 640w, https:\/\/hoyre.no\/content\/uploads\/sites\/209\/2023\/05\/skatepark-2-thumbnail_IMG_2196-300x225.jpeg 300w\" sizes=\"auto, (max-width: 640px) 100vw, 640px\" \/><\/div><\/figure><div class=\"banner-content\"><div class=\"entry-content\">\n<h2 class=\"wp-block-heading\">V\u00e6re p\u00e5 lag med barn og unge<\/h2>\n\n\n\n<p>Strand H\u00f8yre vil fortsette \u00e5 jobbe for \u00e5 sikre at alle barn i kommunen v\u00e5r f\u00e5r en god start i livet. En god oppvekst er avgj\u00f8rende for \u00e5 sikre at barn og unge f\u00e5r de beste mulighetene for \u00e5 lykkes og leve gode, meningsfulle liv.&nbsp;&nbsp;<\/p>\n\n\n\n<p>Vi vil prioritere satsing p\u00e5 foreldrerollen, slik at foreldre og omsorgspersoner f\u00e5r n\u00f8dvendig st\u00f8tte og veiledning for \u00e5 kunne gi barna den beste oppveksten mulig. Vi vil ogs\u00e5 s\u00f8rge for at skolene og barnehagene i kommunen v\u00e5r er av h\u00f8y kvalitet og gir et trygt og stimulerende l\u00e6ringsmilj\u00f8.&nbsp;&nbsp;<\/p>\n\n\n\n<p>Ett bredt fritidstilbud er viktig for \u00e5 sikre at barn og unge f\u00e5r muligheten til \u00e5 utvikle seg b\u00e5de fysisk og mentalt. Vi vil derfor jobbe for \u00e5 tilby et variert utvalg av fritidsaktiviteter og kulturtilbud som vil gi barna muligheten til \u00e5 oppleve mestring og utvikling.<\/p>\n\n\n\n<h3 class=\"wp-block-heading\"><\/h3>\n\n\n\n<div class=\"wp-block-buttons is-layout-flex wp-block-buttons-is-layout-flex\"><\/div>\n\n\n\n<div class=\"wp-block-buttons is-style-default is-layout-flex wp-block-buttons-is-layout-flex\"><\/div>\n<\/div><\/div><\/div><\/div>\n\n\n\n<div class=\"wp-block-hoyre-banner alignwide undefined  is-style-light\"><div class=\"banner-inner\"><figure class=\"hoyre-image-wrapper\"><div class=\"hoyre-image\"><img loading=\"lazy\" decoding=\"async\" width=\"2500\" height=\"1667\" src=\"https:\/\/hoyre.no\/content\/uploads\/sites\/209\/2023\/05\/GettyImages-1212931050-scaled.jpg\" class=\"attachment-scaled size-scaled\" alt=\"senior par\" style=\"object-position: 56.00000000000001% 59%\" srcset=\"https:\/\/hoyre.no\/content\/uploads\/sites\/209\/2023\/05\/GettyImages-1212931050-scaled.jpg 2500w, https:\/\/hoyre.no\/content\/uploads\/sites\/209\/2023\/05\/GettyImages-1212931050-300x200.jpg 300w, https:\/\/hoyre.no\/content\/uploads\/sites\/209\/2023\/05\/GettyImages-1212931050-1024x683.jpg 1024w, https:\/\/hoyre.no\/content\/uploads\/sites\/209\/2023\/05\/GettyImages-1212931050-768x512.jpg 768w, https:\/\/hoyre.no\/content\/uploads\/sites\/209\/2023\/05\/GettyImages-1212931050-1536x1024.jpg 1536w, https:\/\/hoyre.no\/content\/uploads\/sites\/209\/2023\/05\/GettyImages-1212931050-2048x1365.jpg 2048w\" sizes=\"auto, (max-width: 2500px) 100vw, 2500px\" \/><\/div><\/figure><div class=\"banner-content\"><div class=\"entry-content\">\n<h2 class=\"wp-block-heading\">Vi vil m\u00f8te de eldre med engasjert omsorg <\/h2>\n\n\n\n<p>Strand H\u00f8yre vil arbeide for \u00e5 sikre at eldre mennesker har en verdig og trygg alderdom, med tilgang til gode tjenester og muligheter for \u00e5 delta aktivt i samfunnet. Vi mener at det m\u00e5 satses p\u00e5 en helhetlig tiln\u00e6rming til helse og eldreomsorg, der det tas hensyn til b\u00e5de fysisk, mentale og sosiale behov. Det b\u00f8r ogs\u00e5 legges til rette for at eldre kan bo hjemme s\u00e5 lenge som mulig, med tilstrekkelig st\u00f8tte og hjelp fra kommunale tjenester og p\u00e5r\u00f8rende. Da trenger vi en offensiv kommune som t\u00f8r \u00e5 tenke nytt og utnytte alle gode krefter.&nbsp;<\/p>\n\n\n\n<h3 class=\"wp-block-heading\">Strand H\u00f8yre vil: &nbsp;<\/h3>\n\n\n\n<ul class=\"wp-block-list\">\n<li>\ud83d\udc99 Strand kommune skal lage en plan for et aldersvennlig samfunn<\/li>\n\n\n\n<li>\ud83d\udc99 Eldremillion til varierte aktiviteter som arrangeres sammen med frivilligheten<\/li>\n\n\n\n<li>\ud83d\udc99 Tilrettelegge for nye boformer med sosiale m\u00f8teplasser<\/li>\n\n\n\n<li>\ud83d\udc99 Planlegge for flere trygge omsorgsplasser i takt med \u00f8kende behov<\/li>\n\n\n\n<li>\ud83d\udc99 Flere heltidsstillinger for \u00e5 skape stabilitet og bedre kvalitet i tjenestene<\/li>\n<\/ul>\n\n\n\n<div class=\"wp-block-buttons alignfull is-layout-flex wp-block-buttons-is-layout-flex\"><\/div>\n<\/div><\/div><\/div><\/div>\n\n\n\n<div class=\"wp-block-hoyre-banner alignwide undefined\"><div class=\"banner-inner\"><figure class=\"hoyre-image-wrapper\"><div class=\"hoyre-image\"><img loading=\"lazy\" decoding=\"async\" width=\"2500\" height=\"1875\" src=\"https:\/\/hoyre.no\/content\/uploads\/sites\/209\/2023\/05\/IMG_2270-scaled.jpg\" class=\"attachment-scaled size-scaled\" alt=\"droneoperat\u00f8r\" style=\"object-position: 47% 70%\" srcset=\"https:\/\/hoyre.no\/content\/uploads\/sites\/209\/2023\/05\/IMG_2270-scaled.jpg 2500w, https:\/\/hoyre.no\/content\/uploads\/sites\/209\/2023\/05\/IMG_2270-300x225.jpg 300w, https:\/\/hoyre.no\/content\/uploads\/sites\/209\/2023\/05\/IMG_2270-1024x768.jpg 1024w, https:\/\/hoyre.no\/content\/uploads\/sites\/209\/2023\/05\/IMG_2270-768x576.jpg 768w, https:\/\/hoyre.no\/content\/uploads\/sites\/209\/2023\/05\/IMG_2270-1536x1152.jpg 1536w, https:\/\/hoyre.no\/content\/uploads\/sites\/209\/2023\/05\/IMG_2270-2048x1536.jpg 2048w\" sizes=\"auto, (max-width: 2500px) 100vw, 2500px\" \/><\/div><\/figure><div class=\"banner-content\"><div class=\"entry-content\">\n<h2 class=\"wp-block-heading\">Utvikle p\u00e5 lag med folk og n\u00e6ringsliv <\/h2>\n\n\n\n<p>Vi \u00f8nsker \u00e5 bidra til \u00e5 skape minst 500 nye private arbeidsplasser i Strand i valgperioden. Flere arbeidsplasser vil bidra til verdiskapning og \u00f8ke tilflyttingen til v\u00e5r kommune. Strand skal v\u00e6re en JA-kommune i alle ledd. Nye ideer og utfordringer skal m\u00f8tes med en positiv holdning fra b\u00e5de politikere og kommunalt ansatte. Hovedfokus er \u00e5 \u00f8ke antall private arbeidsplasser i kommunen v\u00e5r. Vi skal legge til rette for et l\u00f8nnsomt n\u00e6ringsliv hvor det er attraktivt \u00e5 investere. Kommunens oppgave er f\u00f8rst og fremst er \u00e5 v\u00e6re tilrettelegger for nye og eksisterende akt\u00f8rer.<\/p>\n\n\n\n<h3 class=\"wp-block-heading\"><strong>Strand H\u00f8yre vil:<\/strong><\/h3>\n\n\n\n<ul class=\"wp-block-list\">\n<li>\ud83d\udc99<strong> <\/strong>Markedsf\u00f8re Strand kommune som en attraktiv kommune<\/li>\n\n\n\n<li>\ud83d\udc99 Stimulere til utbygging av flere attraktive boliger<\/li>\n\n\n\n<li>\ud83d\udc99 Jobbe for at Ryfast skal bidra til felles bo og arbeidsmarked med Nord-J\u00e6ren<\/li>\n\n\n\n<li>\ud83d\udc99 Ha n\u00e6ringssjef i hel stilling<\/li>\n\n\n\n<li>\ud83d\udc99 500 nye arbeidsplasser i Strand<\/li>\n<\/ul>\n\n\n\n<div class=\"wp-block-buttons is-layout-flex wp-block-buttons-is-layout-flex\"><\/div>\n<\/div><\/div><\/div><\/div>\n","protected":false},"excerpt":{"rendered":"","protected":false},"author":8714,"featured_media":0,"parent":0,"menu_order":0,"comment_status":"closed","ping_status":"closed","template":"","meta":{"teft_cards_image_url":"","teft_cards_custom_pretitle":"","teft_cards_image_id":0,"teft_cards_image_focal_point_x":0,"teft_cards_image_focal_point_y":0,"teft_cards_title":"","teft_cards_excerpt":"","teft_show_chapters":false,"footnotes":""},"class_list":["post-40","page","type-page","status-publish","hentry"],"yoast_head":"<!-- This site is optimized with the Yoast SEO plugin v26.6 - https:\/\/yoast.com\/wordpress\/plugins\/seo\/ -->\n<title>Politikk - Strand H\u00f8yre<\/title>\n<meta name=\"robots\" content=\"index, follow, max-snippet:-1, max-image-preview:large, max-video-preview:-1\" \/>\n<link rel=\"canonical\" href=\"https:\/\/hoyre.no\/strand\/politikk\/\" \/>\n<meta property=\"og:locale\" content=\"nb_NO\" \/>\n<meta property=\"og:type\" content=\"article\" \/>\n<meta property=\"og:title\" content=\"Politikk - Strand H\u00f8yre\" \/>\n<meta property=\"og:url\" content=\"https:\/\/hoyre.no\/strand\/politikk\/\" \/>\n<meta property=\"og:site_name\" content=\"Strand H\u00f8yre\" \/>\n<meta property=\"article:modified_time\" content=\"2025-02-04T10:58:00+00:00\" \/>\n<meta property=\"og:image\" content=\"https:\/\/hoyre.no\/content\/uploads\/sites\/209\/2022\/11\/Hoyres-logo.png\" \/>\n\t<meta property=\"og:image:width\" content=\"1000\" \/>\n\t<meta property=\"og:image:height\" content=\"1000\" \/>\n\t<meta property=\"og:image:type\" content=\"image\/png\" \/>\n<meta name=\"twitter:card\" content=\"summary_large_image\" \/>\n<meta name=\"twitter:label1\" content=\"Ansl. lesetid\" \/>\n\t<meta name=\"twitter:data1\" content=\"5 minutter\" \/>\n<script type=\"application\/ld+json\" class=\"yoast-schema-graph\">{\"@context\":\"https:\/\/schema.org\",\"@graph\":[{\"@type\":\"WebPage\",\"@id\":\"https:\/\/hoyre.no\/strand\/politikk\/\",\"url\":\"https:\/\/hoyre.no\/strand\/politikk\/\",\"name\":\"Politikk - Strand H\u00f8yre\",\"isPartOf\":{\"@id\":\"https:\/\/hoyre.no\/strand\/#website\"},\"datePublished\":\"2023-05-02T10:47:26+00:00\",\"dateModified\":\"2025-02-04T10:58:00+00:00\",\"breadcrumb\":{\"@id\":\"https:\/\/hoyre.no\/strand\/politikk\/#breadcrumb\"},\"inLanguage\":\"nb-NO\",\"potentialAction\":[{\"@type\":\"ReadAction\",\"target\":[\"https:\/\/hoyre.no\/strand\/politikk\/\"]}]},{\"@type\":\"BreadcrumbList\",\"@id\":\"https:\/\/hoyre.no\/strand\/politikk\/#breadcrumb\",\"itemListElement\":[{\"@type\":\"ListItem\",\"position\":1,\"name\":\"Til hoyre.no\",\"item\":\"https:\/\/hoyre.no\"},{\"@type\":\"ListItem\",\"position\":2,\"name\":\"Hjem\",\"item\":\"https:\/\/hoyre.no\/strand\/\"},{\"@type\":\"ListItem\",\"position\":3,\"name\":\"Politikk\"}]},{\"@type\":\"WebSite\",\"@id\":\"https:\/\/hoyre.no\/strand\/#website\",\"url\":\"https:\/\/hoyre.no\/strand\/\",\"name\":\"Strand H\u00f8yre\",\"description\":\"Bare enda et H\u00f8yres nettsteder-nettsted\",\"inLanguage\":\"nb-NO\"}]}<\/script>\n<!-- \/ Yoast SEO plugin. -->","yoast_head_json":{"title":"Politikk - Strand H\u00f8yre","robots":{"index":"index","follow":"follow","max-snippet":"max-snippet:-1","max-image-preview":"max-image-preview:large","max-video-preview":"max-video-preview:-1"},"canonical":"https:\/\/hoyre.no\/strand\/politikk\/","og_locale":"nb_NO","og_type":"article","og_title":"Politikk - Strand H\u00f8yre","og_url":"https:\/\/hoyre.no\/strand\/politikk\/","og_site_name":"Strand H\u00f8yre","article_modified_time":"2025-02-04T10:58:00+00:00","og_image":[{"width":1000,"height":1000,"url":"https:\/\/hoyre.no\/content\/uploads\/sites\/209\/2022\/11\/Hoyres-logo.png","type":"image\/png"}],"twitter_card":"summary_large_image","twitter_misc":{"Ansl. lesetid":"5 minutter"},"schema":{"@context":"https:\/\/schema.org","@graph":[{"@type":"WebPage","@id":"https:\/\/hoyre.no\/strand\/politikk\/","url":"https:\/\/hoyre.no\/strand\/politikk\/","name":"Politikk - Strand H\u00f8yre","isPartOf":{"@id":"https:\/\/hoyre.no\/strand\/#website"},"datePublished":"2023-05-02T10:47:26+00:00","dateModified":"2025-02-04T10:58:00+00:00","breadcrumb":{"@id":"https:\/\/hoyre.no\/strand\/politikk\/#breadcrumb"},"inLanguage":"nb-NO","potentialAction":[{"@type":"ReadAction","target":["https:\/\/hoyre.no\/strand\/politikk\/"]}]},{"@type":"BreadcrumbList","@id":"https:\/\/hoyre.no\/strand\/politikk\/#breadcrumb","itemListElement":[{"@type":"ListItem","position":1,"name":"Til hoyre.no","item":"https:\/\/hoyre.no"},{"@type":"ListItem","position":2,"name":"Hjem","item":"https:\/\/hoyre.no\/strand\/"},{"@type":"ListItem","position":3,"name":"Politikk"}]},{"@type":"WebSite","@id":"https:\/\/hoyre.no\/strand\/#website","url":"https:\/\/hoyre.no\/strand\/","name":"Strand H\u00f8yre","description":"Bare enda et H\u00f8yres nettsteder-nettsted","inLanguage":"nb-NO"}]}},"distributor_meta":false,"distributor_terms":false,"distributor_media":false,"distributor_original_site_name":"Strand H\u00f8yre","distributor_original_site_url":"https:\/\/hoyre.no\/strand","push-errors":false,"_links":{"self":[{"href":"https:\/\/hoyre.no\/strand\/wp-json\/wp\/v2\/pages\/40","targetHints":{"allow":["GET"]}}],"collection":[{"href":"https:\/\/hoyre.no\/strand\/wp-json\/wp\/v2\/pages"}],"about":[{"href":"https:\/\/hoyre.no\/strand\/wp-json\/wp\/v2\/types\/page"}],"author":[{"embeddable":true,"href":"https:\/\/hoyre.no\/strand\/wp-json\/wp\/v2\/users\/8714"}],"replies":[{"embeddable":true,"href":"https:\/\/hoyre.no\/strand\/wp-json\/wp\/v2\/comments?post=40"}],"version-history":[{"count":22,"href":"https:\/\/hoyre.no\/strand\/wp-json\/wp\/v2\/pages\/40\/revisions"}],"predecessor-version":[{"id":733,"href":"https:\/\/hoyre.no\/strand\/wp-json\/wp\/v2\/pages\/40\/revisions\/733"}],"wp:attachment":[{"href":"https:\/\/hoyre.no\/strand\/wp-json\/wp\/v2\/media?parent=40"}],"curies":[{"name":"wp","href":"https:\/\/api.w.org\/{rel}","templated":true}]}}