{"id":45,"date":"2023-05-02T12:45:18","date_gmt":"2023-05-02T10:45:18","guid":{"rendered":"https:\/\/hoyre.no\/stranda\/?page_id=45"},"modified":"2023-06-08T18:55:25","modified_gmt":"2023-06-08T16:55:25","slug":"politikk","status":"publish","type":"page","link":"https:\/\/hoyre.no\/stranda\/politikk\/","title":{"rendered":"Politikk"},"content":{"rendered":"\n<div class=\"wp-block-hoyre-hero with-image-gradient text-color-light  alignfull has-background\"><div class=\"hoyre-hero \"><h1 class=\"title\"><strong>Vi har trua p\u00e5 Stranda!<\/strong><\/h1><p class=\"preamble\">Stranda er ein god kommune \u00e5 bu, arbeide og leve i. Vi har ein fantastisk natur, l\u00e5g arbeidsl\u00f8yse, lite kriminalitet og dei sosiale problema er mindre enn mange andre stader i landet. Stranda har eit variert n\u00e6ringsliv med mange verksemder og arbeidsplassar for produksjon av mat. Det gjer oss til eit spiskammer for heile landet. Men vi har og fleire andre gode industribedrifter, samt ein sterk posisjon innan reiseliv og turisme.<br>Mange som bur i kommunen har kome fr\u00e5 andre land. Dei gjer god nytte for seg i arbeidslivet og yter til fellesskapet. Marknaden for bustader i kommunen er rimeleg bra, men tilbodet om leilegheiter kan verte betre.<br>Dei offentlege tenestene knytta til skule og oppvekst, helse og eldreomsorg held god kvalitet, sj\u00f8lv om det som er bra alltid kan gjerast betre.<br>Storfjord kulturhus er kommunen si fremste storstove. I alle bygdelaga er det eit rikt kultur- og organisasjonsliv som i stor grad vert drive av frivillige, mellom dei mange pensjonistar.<br>Vi som bur i Stranda har mykje \u00e5 vere stolte av og takksame for! For Stranda H\u00f8gre er det eit overordna m\u00e5l \u00e5 ta vare p\u00e5 og utvikle alt som er bra i samfunnet, og \u00e5 finne dei beste l\u00f8ysingane p\u00e5 dei utfordringane vi har. Ambisjonen v\u00e5r er eit samfunn der b\u00e5de dei som veks opp og dei som vert gamle har det trygt og godt. Kommunen si oppg\u00e5ve er \u00e5 levere tenester til innbyggjarane og til n\u00e6ringslivet med h\u00f8g kvalitet i alle bygdelag.<br>Vi ber om di tillit for \u00e5 f\u00e5 dette til. Stem H\u00f8gre 11. september!<\/p><\/div><\/div>\n\n\n\n\n<div class=\"wp-block-teft-file icon-link-block\"><a href=\"https:\/\/hoyre.no\/content\/uploads\/sites\/94\/2023\/06\/Stranda-Hogre-program-2023_2027.pdf\" download><span class=\"file-title\">Her kan du lese v\u00e5rt valprogram for 2023-2027<\/span><span class=\"file-name\">Stranda-Hogre-program-2023_2027.pdf [44.1kb]<\/span><\/a><\/div>\n\n","protected":false},"excerpt":{"rendered":"","protected":false},"author":1133,"featured_media":0,"parent":0,"menu_order":0,"comment_status":"closed","ping_status":"closed","template":"","meta":{"teft_cards_image_url":"","teft_cards_custom_pretitle":"","teft_cards_image_id":0,"teft_cards_image_focal_point_x":0,"teft_cards_image_focal_point_y":0,"teft_cards_title":"","teft_cards_excerpt":"","teft_show_chapters":false,"footnotes":""},"class_list":["post-45","page","type-page","status-publish","hentry"],"yoast_head":"<!-- This site is optimized with the Yoast SEO plugin v26.6 - https:\/\/yoast.com\/wordpress\/plugins\/seo\/ -->\n<title>Politikk - Stranda H\u00f8gre<\/title>\n<meta name=\"description\" content=\"Program;\" \/>\n<meta name=\"robots\" content=\"index, follow, max-snippet:-1, max-image-preview:large, max-video-preview:-1\" \/>\n<link rel=\"canonical\" href=\"https:\/\/hoyre.no\/stranda\/politikk\/\" \/>\n<meta property=\"og:locale\" content=\"nn_NO\" \/>\n<meta property=\"og:type\" content=\"article\" \/>\n<meta property=\"og:title\" content=\"Politikk - Stranda H\u00f8gre\" \/>\n<meta property=\"og:description\" content=\"Program;\" \/>\n<meta property=\"og:url\" content=\"https:\/\/hoyre.no\/stranda\/politikk\/\" \/>\n<meta property=\"og:site_name\" content=\"Stranda H\u00f8gre\" \/>\n<meta property=\"article:modified_time\" content=\"2023-06-08T16:55:25+00:00\" \/>\n<meta property=\"og:image\" content=\"https:\/\/hoyre.no\/content\/uploads\/sites\/94\/2022\/11\/Hoyres-logo.png\" \/>\n\t<meta property=\"og:image:width\" content=\"1000\" \/>\n\t<meta property=\"og:image:height\" content=\"1000\" \/>\n\t<meta property=\"og:image:type\" content=\"image\/png\" \/>\n<meta name=\"twitter:card\" content=\"summary_large_image\" \/>\n<meta name=\"twitter:label1\" content=\"Est. reading time\" \/>\n\t<meta name=\"twitter:data1\" content=\"2 minutt\" \/>\n<script type=\"application\/ld+json\" class=\"yoast-schema-graph\">{\"@context\":\"https:\/\/schema.org\",\"@graph\":[{\"@type\":\"WebPage\",\"@id\":\"https:\/\/hoyre.no\/stranda\/politikk\/\",\"url\":\"https:\/\/hoyre.no\/stranda\/politikk\/\",\"name\":\"Politikk - Stranda H\u00f8gre\",\"isPartOf\":{\"@id\":\"https:\/\/hoyre.no\/stranda\/#website\"},\"datePublished\":\"2023-05-02T10:45:18+00:00\",\"dateModified\":\"2023-06-08T16:55:25+00:00\",\"description\":\"Program;\",\"breadcrumb\":{\"@id\":\"https:\/\/hoyre.no\/stranda\/politikk\/#breadcrumb\"},\"inLanguage\":\"nn-NO\",\"potentialAction\":[{\"@type\":\"ReadAction\",\"target\":[\"https:\/\/hoyre.no\/stranda\/politikk\/\"]}]},{\"@type\":\"BreadcrumbList\",\"@id\":\"https:\/\/hoyre.no\/stranda\/politikk\/#breadcrumb\",\"itemListElement\":[{\"@type\":\"ListItem\",\"position\":1,\"name\":\"Til hoyre.no\",\"item\":\"https:\/\/hoyre.no\"},{\"@type\":\"ListItem\",\"position\":2,\"name\":\"Hjem\",\"item\":\"https:\/\/hoyre.no\/stranda\/\"},{\"@type\":\"ListItem\",\"position\":3,\"name\":\"Politikk\"}]},{\"@type\":\"WebSite\",\"@id\":\"https:\/\/hoyre.no\/stranda\/#website\",\"url\":\"https:\/\/hoyre.no\/stranda\/\",\"name\":\"Stranda H\u00f8gre\",\"description\":\"Bare enda et H\u00f8yres nettsteder-nettsted\",\"inLanguage\":\"nn-NO\"}]}<\/script>\n<!-- \/ Yoast SEO plugin. -->","yoast_head_json":{"title":"Politikk - Stranda H\u00f8gre","description":"Program;","robots":{"index":"index","follow":"follow","max-snippet":"max-snippet:-1","max-image-preview":"max-image-preview:large","max-video-preview":"max-video-preview:-1"},"canonical":"https:\/\/hoyre.no\/stranda\/politikk\/","og_locale":"nn_NO","og_type":"article","og_title":"Politikk - Stranda H\u00f8gre","og_description":"Program;","og_url":"https:\/\/hoyre.no\/stranda\/politikk\/","og_site_name":"Stranda H\u00f8gre","article_modified_time":"2023-06-08T16:55:25+00:00","og_image":[{"width":1000,"height":1000,"url":"https:\/\/hoyre.no\/content\/uploads\/sites\/94\/2022\/11\/Hoyres-logo.png","type":"image\/png"}],"twitter_card":"summary_large_image","twitter_misc":{"Est. reading time":"2 minutt"},"schema":{"@context":"https:\/\/schema.org","@graph":[{"@type":"WebPage","@id":"https:\/\/hoyre.no\/stranda\/politikk\/","url":"https:\/\/hoyre.no\/stranda\/politikk\/","name":"Politikk - Stranda H\u00f8gre","isPartOf":{"@id":"https:\/\/hoyre.no\/stranda\/#website"},"datePublished":"2023-05-02T10:45:18+00:00","dateModified":"2023-06-08T16:55:25+00:00","description":"Program;","breadcrumb":{"@id":"https:\/\/hoyre.no\/stranda\/politikk\/#breadcrumb"},"inLanguage":"nn-NO","potentialAction":[{"@type":"ReadAction","target":["https:\/\/hoyre.no\/stranda\/politikk\/"]}]},{"@type":"BreadcrumbList","@id":"https:\/\/hoyre.no\/stranda\/politikk\/#breadcrumb","itemListElement":[{"@type":"ListItem","position":1,"name":"Til hoyre.no","item":"https:\/\/hoyre.no"},{"@type":"ListItem","position":2,"name":"Hjem","item":"https:\/\/hoyre.no\/stranda\/"},{"@type":"ListItem","position":3,"name":"Politikk"}]},{"@type":"WebSite","@id":"https:\/\/hoyre.no\/stranda\/#website","url":"https:\/\/hoyre.no\/stranda\/","name":"Stranda H\u00f8gre","description":"Bare enda et H\u00f8yres nettsteder-nettsted","inLanguage":"nn-NO"}]}},"distributor_meta":false,"distributor_terms":false,"distributor_media":false,"distributor_original_site_name":"Stranda H\u00f8gre","distributor_original_site_url":"https:\/\/hoyre.no\/stranda","push-errors":false,"_links":{"self":[{"href":"https:\/\/hoyre.no\/stranda\/wp-json\/wp\/v2\/pages\/45","targetHints":{"allow":["GET"]}}],"collection":[{"href":"https:\/\/hoyre.no\/stranda\/wp-json\/wp\/v2\/pages"}],"about":[{"href":"https:\/\/hoyre.no\/stranda\/wp-json\/wp\/v2\/types\/page"}],"author":[{"embeddable":true,"href":"https:\/\/hoyre.no\/stranda\/wp-json\/wp\/v2\/users\/1133"}],"replies":[{"embeddable":true,"href":"https:\/\/hoyre.no\/stranda\/wp-json\/wp\/v2\/comments?post=45"}],"version-history":[{"count":4,"href":"https:\/\/hoyre.no\/stranda\/wp-json\/wp\/v2\/pages\/45\/revisions"}],"predecessor-version":[{"id":61,"href":"https:\/\/hoyre.no\/stranda\/wp-json\/wp\/v2\/pages\/45\/revisions\/61"}],"wp:attachment":[{"href":"https:\/\/hoyre.no\/stranda\/wp-json\/wp\/v2\/media?parent=45"}],"curies":[{"name":"wp","href":"https:\/\/api.w.org\/{rel}","templated":true}]}}