{"id":97,"date":"2023-08-11T10:41:43","date_gmt":"2023-08-11T08:41:43","guid":{"rendered":"https:\/\/hoyre.no\/time\/?page_id=97"},"modified":"2023-08-14T11:31:22","modified_gmt":"2023-08-14T09:31:22","slug":"8-grunner-til-a-stemme-hoyre-i-time","status":"publish","type":"page","link":"https:\/\/hoyre.no\/time\/8-grunner-til-a-stemme-hoyre-i-time\/","title":{"rendered":"8 Grunner til \u00e5 stemme H\u00f8yre i Time"},"content":{"rendered":"\n<div class=\"wp-block-hoyre-hero with-image-gradient text-color-light  has-media alignfull has-background\"><div class=\"hoyre-hero has-image\"><h1 class=\"title\">8 Grunner til \u00e5 stemme H\u00f8yre i Time<\/h1><figure class=\"hoyre-image-wrapper\"><div class=\"hoyre-image\"><img loading=\"lazy\" decoding=\"async\" width=\"1024\" height=\"352\" src=\"https:\/\/hoyre.no\/content\/uploads\/sites\/208\/2023\/08\/91734214_4344321808975871_1777184968036843520_n.jpg\" class=\"attachment-scaled size-scaled\" alt=\"\" style=\"object-position: 50% 50%\" srcset=\"https:\/\/hoyre.no\/content\/uploads\/sites\/208\/2023\/08\/91734214_4344321808975871_1777184968036843520_n.jpg 1024w, https:\/\/hoyre.no\/content\/uploads\/sites\/208\/2023\/08\/91734214_4344321808975871_1777184968036843520_n-300x103.jpg 300w, https:\/\/hoyre.no\/content\/uploads\/sites\/208\/2023\/08\/91734214_4344321808975871_1777184968036843520_n-768x264.jpg 768w\" sizes=\"auto, (max-width: 1024px) 100vw, 1024px\" \/><\/div><\/figure><\/div><\/div>\n\n\n\n\t\t<div class=\"has-lightest-blue-background-color is-layout-right alignwide alignwide wp-block-hoyre-media-text\">\n\t\t\t<div class=\"hoyre-media-text__media\">\n\t\t\t\t<img loading=\"lazy\" decoding=\"async\" width=\"1024\" height=\"683\" src=\"https:\/\/hoyre.no\/content\/uploads\/sites\/208\/2023\/08\/52951806412_c59ff8f739_o-1024x683.jpg\" class=\"hoyre-media-text__media-image\" alt=\"\" style=\"--focal: 50% 50%;\" srcset=\"https:\/\/hoyre.no\/content\/uploads\/sites\/208\/2023\/08\/52951806412_c59ff8f739_o-1024x683.jpg 1024w, https:\/\/hoyre.no\/content\/uploads\/sites\/208\/2023\/08\/52951806412_c59ff8f739_o-300x200.jpg 300w, https:\/\/hoyre.no\/content\/uploads\/sites\/208\/2023\/08\/52951806412_c59ff8f739_o-768x512.jpg 768w, https:\/\/hoyre.no\/content\/uploads\/sites\/208\/2023\/08\/52951806412_c59ff8f739_o-1536x1024.jpg 1536w, https:\/\/hoyre.no\/content\/uploads\/sites\/208\/2023\/08\/52951806412_c59ff8f739_o-2048x1365.jpg 2048w\" sizes=\"auto, (max-width: 1024px) 100vw, 1024px\" \/>\n\t\t\t<\/div>\n\t\t\t<div class=\"hoyre-media-text__content\">\n\t\t\t\t<div class=\"hoyre-media-text__content-inner\">\n\t\t\t\t\t\n\t\t\t<div class=\"hoyre-media-text__title-container\">\n\t\t\t\t\n\t\t\t\t<h2 class=\"hoyre-media-text__title\">Kj\u00e6re veljar,<\/h2>\n\t\t\t<\/div>\n\t\t\t\n\t\t\t\t\t<div class=\"hoyre-media-text__blocks\">\n<p>Eg g\u00e5r p\u00e5 jobb kvar dag for at Time skal utvikla seg og bli ein end\u00e5 betre kommune. Det g\u00e5r veldig godt i det lokale n\u00e6ringslivet. \u00c5 ha ein jobb \u00e5 g\u00e5 til er viktig for kvar enkelt av oss, men ogs\u00e5 for at kommunen skal ha skatteinntekter og kunne tilby gode tenester. Me i H\u00f8gre er og vil alltid vera p\u00e5 lag med jobbskaparane.<\/p>\n<\/div>\n\t\t\t\t\t\n\t\t\t\t<\/div>\n\t\t\t<\/div>\n\t\t<\/div>\n\t\t\n\n\n\n\t\t<div class=\"has-lightest-blue-background-color is-layout-left alignwide alignwide wp-block-hoyre-media-text\">\n\t\t\t<div class=\"hoyre-media-text__media\">\n\t\t\t\t<img loading=\"lazy\" decoding=\"async\" width=\"1024\" height=\"681\" src=\"https:\/\/hoyre.no\/content\/uploads\/sites\/208\/2023\/08\/GettyImages-516536297-1024x681.jpg\" class=\"hoyre-media-text__media-image\" alt=\"\" style=\"--focal: 50% 50%;\" srcset=\"https:\/\/hoyre.no\/content\/uploads\/sites\/208\/2023\/08\/GettyImages-516536297-1024x681.jpg 1024w, https:\/\/hoyre.no\/content\/uploads\/sites\/208\/2023\/08\/GettyImages-516536297-300x200.jpg 300w, https:\/\/hoyre.no\/content\/uploads\/sites\/208\/2023\/08\/GettyImages-516536297-768x511.jpg 768w, https:\/\/hoyre.no\/content\/uploads\/sites\/208\/2023\/08\/GettyImages-516536297-1536x1022.jpg 1536w, https:\/\/hoyre.no\/content\/uploads\/sites\/208\/2023\/08\/GettyImages-516536297-2048x1363.jpg 2048w\" sizes=\"auto, (max-width: 1024px) 100vw, 1024px\" \/>\n\t\t\t<\/div>\n\t\t\t<div class=\"hoyre-media-text__content\">\n\t\t\t\t<div class=\"hoyre-media-text__content-inner\">\n\t\t\t\t\t\n\t\t\t<div class=\"hoyre-media-text__title-container\">\n\t\t\t\t\n\t\t\t\t<h2 class=\"hoyre-media-text__title\">1. God og verdig eldreomsorg<\/h2>\n\t\t\t<\/div>\n\t\t\t\n\t\t\t\t\t<div class=\"hoyre-media-text__blocks\">\n<p>I dag er det god eldreomsorg og godt \u00e5 bli gammal i Time. Time H\u00f8yre skal sikra at det ogs\u00e5 blir slik i framtida. Me veit at om 10 \u00e5r blir det 80 prosent fleire innbyggjarar over 80 \u00e5r. Dette er bra og dei aller fleste klarer seg sj\u00f8lv utan hjelp og st\u00f8tte fr\u00e5 kommunen. Likevel er det viktig at me utvidar tilbodet slik at dei som treng hjelp f\u00e5r den hjelpa dei har rett p\u00e5.<\/p><p>Framover m\u00e5 me byggja nye institusjons- og omsorgsplassar, auka talet p\u00e5 dag- og aktivitetsplassar slik at me opprettheld den gode eldreomsorga ogs\u00e5 i framtida.<\/p>\n<\/div>\n\t\t\t\t\t\n\t\t\t\t<\/div>\n\t\t\t<\/div>\n\t\t<\/div>\n\t\t\n\n\n\n\t\t<div class=\"has-pale-purple-background-color is-layout-right alignwide alignwide wp-block-hoyre-media-text\">\n\t\t\t<div class=\"hoyre-media-text__media\">\n\t\t\t\t<img loading=\"lazy\" decoding=\"async\" width=\"1024\" height=\"683\" src=\"https:\/\/hoyre.no\/content\/uploads\/sites\/208\/2023\/08\/GettyImages-1269296368-1024x683.jpg\" class=\"hoyre-media-text__media-image\" alt=\"\" style=\"--focal: 35% 52%;\" srcset=\"https:\/\/hoyre.no\/content\/uploads\/sites\/208\/2023\/08\/GettyImages-1269296368-1024x683.jpg 1024w, https:\/\/hoyre.no\/content\/uploads\/sites\/208\/2023\/08\/GettyImages-1269296368-300x200.jpg 300w, https:\/\/hoyre.no\/content\/uploads\/sites\/208\/2023\/08\/GettyImages-1269296368-768x512.jpg 768w, https:\/\/hoyre.no\/content\/uploads\/sites\/208\/2023\/08\/GettyImages-1269296368-1536x1024.jpg 1536w, https:\/\/hoyre.no\/content\/uploads\/sites\/208\/2023\/08\/GettyImages-1269296368-2048x1365.jpg 2048w\" sizes=\"auto, (max-width: 1024px) 100vw, 1024px\" \/>\n\t\t\t<\/div>\n\t\t\t<div class=\"hoyre-media-text__content\">\n\t\t\t\t<div class=\"hoyre-media-text__content-inner\">\n\t\t\t\t\t\n\t\t\t<div class=\"hoyre-media-text__title-container\">\n\t\t\t\t\n\t\t\t\t<h2 class=\"hoyre-media-text__title\">2. Oppretthalda god kvalitet i barnehagar og skular<\/h2>\n\t\t\t<\/div>\n\t\t\t\n\t\t\t\t\t<div class=\"hoyre-media-text__blocks\">\n<p>\u00c5 veksa opp i Time skal vera trygt og godt. D\u00e5 treng me gode barnehagar og skular med nok tilsette med god kompetanse. Me skal sikra vidareutdanning slik at det blir fleire kvalifiserte l\u00e6rarar i skulen.<\/p><p>Tidleg innsats er viktig, derfor er styrkinga i 1-4 trinna viktig slik at alle elevar skal l\u00e6ra \u00e5 lesa, skriva og rekna. Time H\u00f8yre \u00f8nskjer ein inkluderande og mobbefri skule med fokus p\u00e5 trivsel.<\/p>\n<\/div>\n\t\t\t\t\t\n\t\t\t\t<\/div>\n\t\t\t<\/div>\n\t\t<\/div>\n\t\t\n\n\n\t\t<div class=\"has-dark-blue-background-color is-layout-left alignwide alignwide wp-block-hoyre-media-text\">\n\t\t\t<div class=\"hoyre-media-text__media\">\n\t\t\t\t<img loading=\"lazy\" decoding=\"async\" width=\"1024\" height=\"683\" src=\"https:\/\/hoyre.no\/content\/uploads\/sites\/208\/2023\/08\/GettyImages-610672696-1024x683.jpg\" class=\"hoyre-media-text__media-image\" alt=\"\" style=\"--focal: 50% 50%;\" srcset=\"https:\/\/hoyre.no\/content\/uploads\/sites\/208\/2023\/08\/GettyImages-610672696-1024x683.jpg 1024w, https:\/\/hoyre.no\/content\/uploads\/sites\/208\/2023\/08\/GettyImages-610672696-300x200.jpg 300w, https:\/\/hoyre.no\/content\/uploads\/sites\/208\/2023\/08\/GettyImages-610672696-768x512.jpg 768w, https:\/\/hoyre.no\/content\/uploads\/sites\/208\/2023\/08\/GettyImages-610672696-1536x1024.jpg 1536w, https:\/\/hoyre.no\/content\/uploads\/sites\/208\/2023\/08\/GettyImages-610672696-2048x1365.jpg 2048w\" sizes=\"auto, (max-width: 1024px) 100vw, 1024px\" \/>\n\t\t\t<\/div>\n\t\t\t<div class=\"hoyre-media-text__content\">\n\t\t\t\t<div class=\"hoyre-media-text__content-inner\">\n\t\t\t\t\t\n\t\t\t<div class=\"hoyre-media-text__title-container\">\n\t\t\t\t\n\t\t\t\t<h2 class=\"hoyre-media-text__title\">3. Ikkje innf\u00f8ra eigedomskatt<\/h2>\n\t\t\t<\/div>\n\t\t\t\n\t\t\t\t\t<div class=\"hoyre-media-text__blocks\">\n<p>Time kommune har aldri hatt eigedomskatt p\u00e5 bustader og n\u00e6ring. H\u00f8yre er garantist for at det heller ikkje skal innf\u00f8rast eigedomskatt i neste periode. Time er ein veldriven kommune med god \u00f8konomi. H\u00f8yre vil styra kommunen p\u00e5 ein forsvarleg m\u00e5te utan \u00e5 p\u00e5f\u00f8ra innbyggarane ei tilleggsrekning p\u00e5 fleire tusen kroner i \u00e5ret.<\/p>\n<\/div>\n\t\t\t\t\t\n\t\t\t\t<\/div>\n\t\t\t<\/div>\n\t\t<\/div>\n\t\t\n\n\n\t\t<div class=\"has-pink-background-color is-layout-left alignwide alignwide wp-block-hoyre-media-text\">\n\t\t\t<div class=\"hoyre-media-text__media\">\n\t\t\t\t<img loading=\"lazy\" decoding=\"async\" width=\"1024\" height=\"683\" src=\"https:\/\/hoyre.no\/content\/uploads\/sites\/208\/2023\/08\/GettyImages-846017896-1024x683.jpg\" class=\"hoyre-media-text__media-image\" alt=\"\" style=\"--focal: 70% 57%;\" srcset=\"https:\/\/hoyre.no\/content\/uploads\/sites\/208\/2023\/08\/GettyImages-846017896-1024x683.jpg 1024w, https:\/\/hoyre.no\/content\/uploads\/sites\/208\/2023\/08\/GettyImages-846017896-300x200.jpg 300w, https:\/\/hoyre.no\/content\/uploads\/sites\/208\/2023\/08\/GettyImages-846017896-768x512.jpg 768w, https:\/\/hoyre.no\/content\/uploads\/sites\/208\/2023\/08\/GettyImages-846017896-1536x1024.jpg 1536w, https:\/\/hoyre.no\/content\/uploads\/sites\/208\/2023\/08\/GettyImages-846017896-2048x1365.jpg 2048w\" sizes=\"auto, (max-width: 1024px) 100vw, 1024px\" \/>\n\t\t\t<\/div>\n\t\t\t<div class=\"hoyre-media-text__content\">\n\t\t\t\t<div class=\"hoyre-media-text__content-inner\">\n\t\t\t\t\t\n\t\t\t<div class=\"hoyre-media-text__title-container\">\n\t\t\t\t\n\t\t\t\t<h2 class=\"hoyre-media-text__title\">4. P\u00e5 lag med jobbskaparane <\/h2>\n\t\t\t<\/div>\n\t\t\t\n\t\t\t\t\t<div class=\"hoyre-media-text__blocks\">\n<p>\u00c5 ha ein jobb \u00e5 g\u00e5 til er viktig for var enkelt mennesket, men ogs\u00e5 for samfunnet. H\u00f8yre vil spela p\u00e5 lag med jobbskaparane for \u00e5 f\u00e5 fleire arbeidsplassar i kommunen. Dette skal me gjera ved \u00e5 lytta og i samspel, utvikla n\u00e6ringslivet. Ledig areal for \u00e5 veksa og for \u00e5 f\u00e5 nye bedrifter til \u00e5 etablera seg er avgjerande for vidare vekst.<\/p>\n<\/div>\n\t\t\t\t\t\n\t\t\t\t<\/div>\n\t\t\t<\/div>\n\t\t<\/div>\n\t\t\n\n\n\t\t<div class=\"has-lightest-blue-background-color is-layout-right alignwide alignwide wp-block-hoyre-media-text\">\n\t\t\t<div class=\"hoyre-media-text__media\">\n\t\t\t\t<img loading=\"lazy\" decoding=\"async\" width=\"1024\" height=\"683\" src=\"https:\/\/hoyre.no\/content\/uploads\/sites\/208\/2023\/08\/GettyImages-809860026-1024x683.jpg\" class=\"hoyre-media-text__media-image\" alt=\"\" style=\"--focal: 50% 50%;\" srcset=\"https:\/\/hoyre.no\/content\/uploads\/sites\/208\/2023\/08\/GettyImages-809860026-1024x683.jpg 1024w, https:\/\/hoyre.no\/content\/uploads\/sites\/208\/2023\/08\/GettyImages-809860026-300x200.jpg 300w, https:\/\/hoyre.no\/content\/uploads\/sites\/208\/2023\/08\/GettyImages-809860026-768x513.jpg 768w, https:\/\/hoyre.no\/content\/uploads\/sites\/208\/2023\/08\/GettyImages-809860026-1536x1025.jpg 1536w, https:\/\/hoyre.no\/content\/uploads\/sites\/208\/2023\/08\/GettyImages-809860026-2048x1367.jpg 2048w\" sizes=\"auto, (max-width: 1024px) 100vw, 1024px\" \/>\n\t\t\t<\/div>\n\t\t\t<div class=\"hoyre-media-text__content\">\n\t\t\t\t<div class=\"hoyre-media-text__content-inner\">\n\t\t\t\t\t\n\t\t\t<div class=\"hoyre-media-text__title-container\">\n\t\t\t\t\n\t\t\t\t<h2 class=\"hoyre-media-text__title\">5. Vidareutvikla Bryne som ein attraktiv by<\/h2>\n\t\t\t<\/div>\n\t\t\t\n\t\t\t\t\t<div class=\"hoyre-media-text__blocks\">\n<p>Bryne var i 2022 finalist i k\u00e5ringa av Noregs mest attraktive by. Det er et bevis p\u00e5 at Bryne har utvikla seg veldig positivt og me har ein levande og pulserande by. For Time H\u00f8yre er det viktig at me ikkje er forn\u00f8gde med dette, men at me held fram med \u00e5 utvikla byen p\u00e5 J\u00e6ren. Me \u00f8nskjer fleire nisjebutikkar, vidare utvikling av M44, Storgata som g\u00e5gate og st\u00f8tta arbeidet til N\u00e6ringsforeininga.<\/p>\n<\/div>\n\t\t\t\t\t\n\t\t\t\t<\/div>\n\t\t\t<\/div>\n\t\t<\/div>\n\t\t\n\n\n\t\t<div class=\"has-dark-blue-background-color is-layout-left alignwide alignwide wp-block-hoyre-media-text\">\n\t\t\t<div class=\"hoyre-media-text__media\">\n\t\t\t\t<img loading=\"lazy\" decoding=\"async\" width=\"1024\" height=\"683\" src=\"https:\/\/hoyre.no\/content\/uploads\/sites\/208\/2023\/08\/Idrett-1024x683-1.jpg\" class=\"hoyre-media-text__media-image\" alt=\"\" style=\"--focal: 50% 71%;\" srcset=\"https:\/\/hoyre.no\/content\/uploads\/sites\/208\/2023\/08\/Idrett-1024x683-1.jpg 1024w, https:\/\/hoyre.no\/content\/uploads\/sites\/208\/2023\/08\/Idrett-1024x683-1-300x200.jpg 300w, https:\/\/hoyre.no\/content\/uploads\/sites\/208\/2023\/08\/Idrett-1024x683-1-768x512.jpg 768w\" sizes=\"auto, (max-width: 1024px) 100vw, 1024px\" \/>\n\t\t\t<\/div>\n\t\t\t<div class=\"hoyre-media-text__content\">\n\t\t\t\t<div class=\"hoyre-media-text__content-inner\">\n\t\t\t\t\t\n\t\t\t<div class=\"hoyre-media-text__title-container\">\n\t\t\t\t\n\t\t\t\t<h2 class=\"hoyre-media-text__title\">6. Framleis leggja til rette for frivilligheita i kultur- og idrettslivet<\/h2>\n\t\t\t<\/div>\n\t\t\t\n\t\t\t\t\t<div class=\"hoyre-media-text__blocks\">\n<p>Dei siste \u00e5ra har det skjedd mykje p\u00e5 anleggssida til idretten. Det har skjedd eit historisk idrettsl\u00f8ft i kommunen. Time H\u00f8yre \u00f8nskjer \u00e5 vidaref\u00f8re dette ved \u00e5 st\u00f8tta opp om frivilligheita.<\/p><p>Me \u00f8nskjer \u00e5 auka den \u00f8konomiske st\u00f8tta til lag og organisasjonar, auka driftsst\u00f8tta til anlegg, byggja ny symjehall, arbeida for eige bygg til Kulturskulen, meir-opne idrettshallar i feriar, ny fotballhall p\u00e5 Kvernaland og byggja fleire turstiar og leikeplassar. <\/p>\n<\/div>\n\t\t\t\t\t\n\t\t\t\t<\/div>\n\t\t\t<\/div>\n\t\t<\/div>\n\t\t\n\n\n\t\t<div class=\"has-pale-green-background-color is-layout-right alignwide alignwide wp-block-hoyre-media-text\">\n\t\t\t<div class=\"hoyre-media-text__media\">\n\t\t\t\t<img loading=\"lazy\" decoding=\"async\" width=\"1024\" height=\"683\" src=\"https:\/\/hoyre.no\/content\/uploads\/sites\/208\/2023\/08\/GettyImages-1074061838-1024x683.jpg\" class=\"hoyre-media-text__media-image\" alt=\"\" style=\"--focal: 50% 50%;\" srcset=\"https:\/\/hoyre.no\/content\/uploads\/sites\/208\/2023\/08\/GettyImages-1074061838-1024x683.jpg 1024w, https:\/\/hoyre.no\/content\/uploads\/sites\/208\/2023\/08\/GettyImages-1074061838-300x200.jpg 300w, https:\/\/hoyre.no\/content\/uploads\/sites\/208\/2023\/08\/GettyImages-1074061838-768x512.jpg 768w, https:\/\/hoyre.no\/content\/uploads\/sites\/208\/2023\/08\/GettyImages-1074061838-1536x1024.jpg 1536w, https:\/\/hoyre.no\/content\/uploads\/sites\/208\/2023\/08\/GettyImages-1074061838-2048x1365.jpg 2048w\" sizes=\"auto, (max-width: 1024px) 100vw, 1024px\" \/>\n\t\t\t<\/div>\n\t\t\t<div class=\"hoyre-media-text__content\">\n\t\t\t\t<div class=\"hoyre-media-text__content-inner\">\n\t\t\t\t\t\n\t\t\t<div class=\"hoyre-media-text__title-container\">\n\t\t\t\t\n\t\t\t\t<h2 class=\"hoyre-media-text__title\">7. Behalda den langsiktige jordvernsgrensa og etablera nydyrkingsfond<\/h2>\n\t\t\t<\/div>\n\t\t\t\n\t\t\t\t\t<div class=\"hoyre-media-text__blocks\">\n<p>Forutsigbarhet er viktig for alle. Time H\u00f8yre \u00f8nsker \u00e5 beholda p\u00e5 den langsiktige jordvernsgrensa og forutsigbare grenser. Dette gjer at me kan f\u00e5 nye bustader, nye n\u00e6ringslivsakt\u00f8rar og at landbruket kan f\u00e5 utvikla seg vidare.<\/p><p>Fr\u00e5 2019 har samla dyrka jord i Time auka med 350 dekar. Dette er fordi me har produktive b\u00f8nder i Time som dyrkar og \u00f8nskjer \u00e5 dyrka opp meir ny jord. Derfor \u00f8nskjer Time H\u00f8yre \u00e5 setja av 1 million kroner som b\u00f8ndene i kommunen kan s\u00f8kja st\u00f8tte fr\u00e5 til \u00e5 dyrka ny jord. Dette vil stimulera til meir nydyrking og auka matproduksjon.<\/p>\n<\/div>\n\t\t\t\t\t\n\t\t\t\t<\/div>\n\t\t\t<\/div>\n\t\t<\/div>\n\t\t\n\n\n\t\t<div class=\"has-lightest-blue-background-color is-layout-right alignwide alignwide wp-block-hoyre-media-text\">\n\t\t\t<div class=\"hoyre-media-text__media\">\n\t\t\t\t<img loading=\"lazy\" decoding=\"async\" width=\"1024\" height=\"683\" src=\"https:\/\/hoyre.no\/content\/uploads\/sites\/208\/2023\/08\/GettyImages-1358014313-1024x683.jpg\" class=\"hoyre-media-text__media-image\" alt=\"\" style=\"--focal: 50% 50%;\" srcset=\"https:\/\/hoyre.no\/content\/uploads\/sites\/208\/2023\/08\/GettyImages-1358014313-1024x683.jpg 1024w, https:\/\/hoyre.no\/content\/uploads\/sites\/208\/2023\/08\/GettyImages-1358014313-300x200.jpg 300w, https:\/\/hoyre.no\/content\/uploads\/sites\/208\/2023\/08\/GettyImages-1358014313-768x512.jpg 768w, https:\/\/hoyre.no\/content\/uploads\/sites\/208\/2023\/08\/GettyImages-1358014313-1536x1024.jpg 1536w, https:\/\/hoyre.no\/content\/uploads\/sites\/208\/2023\/08\/GettyImages-1358014313-2048x1365.jpg 2048w\" sizes=\"auto, (max-width: 1024px) 100vw, 1024px\" \/>\n\t\t\t<\/div>\n\t\t\t<div class=\"hoyre-media-text__content\">\n\t\t\t\t<div class=\"hoyre-media-text__content-inner\">\n\t\t\t\t\t\n\t\t\t<div class=\"hoyre-media-text__title-container\">\n\t\t\t\t\n\t\t\t\t<h2 class=\"hoyre-media-text__title\">8. Auka ressursar til skulane<\/h2>\n\t\t\t<\/div>\n\t\t\t\n\t\t\t\t\t<div class=\"hoyre-media-text__blocks\">\n<p>Timeskulen driv godt og har gode faglege og sosiale resultat. For \u00e5 oppretthalde den gode Timeskulen \u00f8nskjer me \u00e5 auka resursane til skulane. Samtidig vil me setja av pengar til fysiske og digitale hjelpemidla.<\/p>\n<\/div>\n\t\t\t\t\t\n\t\t\t\t<\/div>\n\t\t\t<\/div>\n\t\t<\/div>\n\t\t","protected":false},"excerpt":{"rendered":"","protected":false},"author":10416,"featured_media":0,"parent":0,"menu_order":0,"comment_status":"closed","ping_status":"closed","template":"","meta":{"teft_cards_image_url":"","teft_cards_custom_pretitle":"","teft_cards_image_id":98,"teft_cards_image_focal_point_x":0.5,"teft_cards_image_focal_point_y":0.5,"teft_cards_title":"","teft_cards_excerpt":"","teft_show_chapters":false,"footnotes":""},"class_list":["post-97","page","type-page","status-publish","hentry"],"yoast_head":"<!-- This site is optimized with the Yoast SEO plugin v26.6 - https:\/\/yoast.com\/wordpress\/plugins\/seo\/ -->\n<title>8 Grunner til \u00e5 stemme H\u00f8yre i Time - Time H\u00f8yre<\/title>\n<meta name=\"robots\" content=\"index, follow, max-snippet:-1, max-image-preview:large, max-video-preview:-1\" \/>\n<link rel=\"canonical\" href=\"https:\/\/hoyre.no\/time\/8-grunner-til-a-stemme-hoyre-i-time\/\" \/>\n<meta property=\"og:locale\" content=\"nn_NO\" \/>\n<meta property=\"og:type\" content=\"article\" \/>\n<meta property=\"og:title\" content=\"8 Grunner til \u00e5 stemme H\u00f8yre i Time - Time H\u00f8yre\" \/>\n<meta property=\"og:url\" content=\"https:\/\/hoyre.no\/time\/8-grunner-til-a-stemme-hoyre-i-time\/\" \/>\n<meta property=\"og:site_name\" content=\"Time H\u00f8yre\" \/>\n<meta property=\"article:modified_time\" content=\"2023-08-14T09:31:22+00:00\" \/>\n<meta property=\"og:image\" content=\"https:\/\/hoyre.no\/content\/uploads\/sites\/208\/2023\/08\/91734214_4344321808975871_1777184968036843520_n.jpg\" \/>\n<meta name=\"twitter:card\" content=\"summary_large_image\" \/>\n<meta name=\"twitter:label1\" content=\"Est. reading time\" \/>\n\t<meta name=\"twitter:data1\" content=\"4 minutt\" \/>\n<script type=\"application\/ld+json\" class=\"yoast-schema-graph\">{\"@context\":\"https:\/\/schema.org\",\"@graph\":[{\"@type\":\"WebPage\",\"@id\":\"https:\/\/hoyre.no\/time\/8-grunner-til-a-stemme-hoyre-i-time\/\",\"url\":\"https:\/\/hoyre.no\/time\/8-grunner-til-a-stemme-hoyre-i-time\/\",\"name\":\"8 Grunner til \u00e5 stemme H\u00f8yre i Time - Time H\u00f8yre\",\"isPartOf\":{\"@id\":\"https:\/\/hoyre.no\/time\/#website\"},\"datePublished\":\"2023-08-11T08:41:43+00:00\",\"dateModified\":\"2023-08-14T09:31:22+00:00\",\"breadcrumb\":{\"@id\":\"https:\/\/hoyre.no\/time\/8-grunner-til-a-stemme-hoyre-i-time\/#breadcrumb\"},\"inLanguage\":\"nn-NO\",\"potentialAction\":[{\"@type\":\"ReadAction\",\"target\":[\"https:\/\/hoyre.no\/time\/8-grunner-til-a-stemme-hoyre-i-time\/\"]}]},{\"@type\":\"BreadcrumbList\",\"@id\":\"https:\/\/hoyre.no\/time\/8-grunner-til-a-stemme-hoyre-i-time\/#breadcrumb\",\"itemListElement\":[{\"@type\":\"ListItem\",\"position\":1,\"name\":\"Til hoyre.no\",\"item\":\"https:\/\/hoyre.no\"},{\"@type\":\"ListItem\",\"position\":2,\"name\":\"Hjem\",\"item\":\"https:\/\/hoyre.no\/time\/\"},{\"@type\":\"ListItem\",\"position\":3,\"name\":\"8 Grunner til \u00e5 stemme H\u00f8yre i Time\"}]},{\"@type\":\"WebSite\",\"@id\":\"https:\/\/hoyre.no\/time\/#website\",\"url\":\"https:\/\/hoyre.no\/time\/\",\"name\":\"Time H\u00f8yre\",\"description\":\"Bare enda et H\u00f8yres nettsteder-nettsted\",\"inLanguage\":\"nn-NO\"}]}<\/script>\n<!-- \/ Yoast SEO plugin. -->","yoast_head_json":{"title":"8 Grunner til \u00e5 stemme H\u00f8yre i Time - Time H\u00f8yre","robots":{"index":"index","follow":"follow","max-snippet":"max-snippet:-1","max-image-preview":"max-image-preview:large","max-video-preview":"max-video-preview:-1"},"canonical":"https:\/\/hoyre.no\/time\/8-grunner-til-a-stemme-hoyre-i-time\/","og_locale":"nn_NO","og_type":"article","og_title":"8 Grunner til \u00e5 stemme H\u00f8yre i Time - Time H\u00f8yre","og_url":"https:\/\/hoyre.no\/time\/8-grunner-til-a-stemme-hoyre-i-time\/","og_site_name":"Time H\u00f8yre","article_modified_time":"2023-08-14T09:31:22+00:00","og_image":[{"url":"https:\/\/hoyre.no\/content\/uploads\/sites\/208\/2023\/08\/91734214_4344321808975871_1777184968036843520_n.jpg","width":"","height":"","type":""}],"twitter_card":"summary_large_image","twitter_misc":{"Est. reading time":"4 minutt"},"schema":{"@context":"https:\/\/schema.org","@graph":[{"@type":"WebPage","@id":"https:\/\/hoyre.no\/time\/8-grunner-til-a-stemme-hoyre-i-time\/","url":"https:\/\/hoyre.no\/time\/8-grunner-til-a-stemme-hoyre-i-time\/","name":"8 Grunner til \u00e5 stemme H\u00f8yre i Time - Time H\u00f8yre","isPartOf":{"@id":"https:\/\/hoyre.no\/time\/#website"},"datePublished":"2023-08-11T08:41:43+00:00","dateModified":"2023-08-14T09:31:22+00:00","breadcrumb":{"@id":"https:\/\/hoyre.no\/time\/8-grunner-til-a-stemme-hoyre-i-time\/#breadcrumb"},"inLanguage":"nn-NO","potentialAction":[{"@type":"ReadAction","target":["https:\/\/hoyre.no\/time\/8-grunner-til-a-stemme-hoyre-i-time\/"]}]},{"@type":"BreadcrumbList","@id":"https:\/\/hoyre.no\/time\/8-grunner-til-a-stemme-hoyre-i-time\/#breadcrumb","itemListElement":[{"@type":"ListItem","position":1,"name":"Til hoyre.no","item":"https:\/\/hoyre.no"},{"@type":"ListItem","position":2,"name":"Hjem","item":"https:\/\/hoyre.no\/time\/"},{"@type":"ListItem","position":3,"name":"8 Grunner til \u00e5 stemme H\u00f8yre i Time"}]},{"@type":"WebSite","@id":"https:\/\/hoyre.no\/time\/#website","url":"https:\/\/hoyre.no\/time\/","name":"Time H\u00f8yre","description":"Bare enda et H\u00f8yres nettsteder-nettsted","inLanguage":"nn-NO"}]}},"distributor_meta":false,"distributor_terms":false,"distributor_media":false,"distributor_original_site_name":"Time H\u00f8yre","distributor_original_site_url":"https:\/\/hoyre.no\/time","push-errors":false,"_links":{"self":[{"href":"https:\/\/hoyre.no\/time\/wp-json\/wp\/v2\/pages\/97","targetHints":{"allow":["GET"]}}],"collection":[{"href":"https:\/\/hoyre.no\/time\/wp-json\/wp\/v2\/pages"}],"about":[{"href":"https:\/\/hoyre.no\/time\/wp-json\/wp\/v2\/types\/page"}],"author":[{"embeddable":true,"href":"https:\/\/hoyre.no\/time\/wp-json\/wp\/v2\/users\/10416"}],"replies":[{"embeddable":true,"href":"https:\/\/hoyre.no\/time\/wp-json\/wp\/v2\/comments?post=97"}],"version-history":[{"count":8,"href":"https:\/\/hoyre.no\/time\/wp-json\/wp\/v2\/pages\/97\/revisions"}],"predecessor-version":[{"id":119,"href":"https:\/\/hoyre.no\/time\/wp-json\/wp\/v2\/pages\/97\/revisions\/119"}],"wp:attachment":[{"href":"https:\/\/hoyre.no\/time\/wp-json\/wp\/v2\/media?parent=97"}],"curies":[{"name":"wp","href":"https:\/\/api.w.org\/{rel}","templated":true}]}}