{"id":1328,"date":"2023-04-14T13:25:46","date_gmt":"2023-04-14T11:25:46","guid":{"rendered":"https:\/\/hoyre.no\/tonsberg\/?page_id=1328"},"modified":"2023-05-02T12:49:43","modified_gmt":"2023-05-02T10:49:43","slug":"en-mer-familievennlig-barnehagepolitikk%ef%bf%bc","status":"publish","type":"page","link":"https:\/\/hoyre.no\/tonsberg\/politikk\/en-mer-familievennlig-barnehagepolitikk%ef%bf%bc\/","title":{"rendered":"En mer familievennlig barnehagepolitikk\ufffc"},"content":{"rendered":"\n\t\t<div class=\" has-simple-highlight style-white has-mobile-text-aligned-center slogan-type-custom wp-block-hoyre-slogan\">\n\t\t\t<div class=\"slogan-container\">\n\t\t\t\t<div class=\"slogan__image\">\n\t\t\t\t\t<img loading=\"lazy\" decoding=\"async\" width=\"2500\" height=\"1667\" src=\"https:\/\/hoyre.no\/content\/uploads\/sites\/353\/2023\/04\/GettyImages-983418152-scaled.jpg\" class=\"slogan__background-media\" alt=\"To barnehagebarn som leker\" style=\"--focal-point: 50% 65%;\" srcset=\"https:\/\/hoyre.no\/content\/uploads\/sites\/353\/2023\/04\/GettyImages-983418152-scaled.jpg 2500w, https:\/\/hoyre.no\/content\/uploads\/sites\/353\/2023\/04\/GettyImages-983418152-300x200.jpg 300w, https:\/\/hoyre.no\/content\/uploads\/sites\/353\/2023\/04\/GettyImages-983418152-1024x683.jpg 1024w, https:\/\/hoyre.no\/content\/uploads\/sites\/353\/2023\/04\/GettyImages-983418152-768x512.jpg 768w, https:\/\/hoyre.no\/content\/uploads\/sites\/353\/2023\/04\/GettyImages-983418152-1536x1024.jpg 1536w, https:\/\/hoyre.no\/content\/uploads\/sites\/353\/2023\/04\/GettyImages-983418152-2048x1365.jpg 2048w\" sizes=\"auto, (max-width: 2500px) 100vw, 2500px\" \/>\n\t\t\t\t<\/div>\n\t\t\t\t<div class=\"slogan__content\">\n\t\t\t\t\t<img loading=\"lazy\" decoding=\"async\" width=\"1024\" height=\"588\" src=\"https:\/\/hoyre.no\/content\/uploads\/sites\/353\/2023\/03\/Pa-lag-med-Tonsberg-1024x588.png\" class=\"slogan__slogan-image\" alt=\"\" srcset=\"https:\/\/hoyre.no\/content\/uploads\/sites\/353\/2023\/03\/Pa-lag-med-Tonsberg-1024x588.png 1024w, https:\/\/hoyre.no\/content\/uploads\/sites\/353\/2023\/03\/Pa-lag-med-Tonsberg-300x172.png 300w, https:\/\/hoyre.no\/content\/uploads\/sites\/353\/2023\/03\/Pa-lag-med-Tonsberg-768x441.png 768w, https:\/\/hoyre.no\/content\/uploads\/sites\/353\/2023\/03\/Pa-lag-med-Tonsberg.png 1033w\" sizes=\"auto, (max-width: 1024px) 100vw, 1024px\" \/>\n\t\t\t\t\t<h2 class=\"screen-reader-text\">P\u00e5 lag med T\u00f8nsberg<\/h2>\n\t\t\t\t\t<p>T\u00f8nsberg H\u00f8yre \u00f8nsker en mer familievennlig barnehagepolitikk i T\u00f8nsberg, hvor vi skal legge bedre til rette for barnefamiliene og deres behov for fleksibilitet. Vi m\u00e5 tilpasse barnehagetilbudet etter barnefamiliene, ikke omvendt.<\/p>\n\t\t\t\t\t\n\t\t\t\t<\/div>\n\t\t\t<\/div>\n\t\t\t\n\t\t<\/div>\n\t\t\n\n\n\n\n<h1 class=\"wp-block-heading\">En mer familievennlig barnehagepolitikk<\/h1>\n\n\n\n<p>T\u00f8nsberg H\u00f8yre vil ha et variert og mangfoldig barnehagetilbud med h\u00f8y kvalitet og godt innhold. Familier er forskjellige og har ulike verdier og interesser. Derfor er det viktig at vi har ulike typer barnehager slik at foreldre kan velge den barnehagen de synes passer best for seg og sitt barn, uavhengig av \u00f8konomisk situasjon. H\u00f8yre vil l\u00f8fte den faglige kvaliteten og vil \u00f8ke rekrutteringen av barnehagel\u00e6rere og spesialpedagoger. De ansatte er barnehagens viktigste ressurs, og god kvalitet i barnehagen er avhengig av dem som jobber der.<\/p>\n\n\n\n<p>Barnehagen er b\u00e5de en trygg omsorgsarena og en arena for \u00e5 l\u00e6re gjennom lek og stimulere barns naturlige nysgjerrighet. Det er viktig med et godt innhold og god kvalitet p\u00e5 tilbudet i barnehagen. T\u00f8nsberg H\u00f8yre vil arbeide for et l\u00f8ft i kompetansen til de ansatte gjennom etter- og videreutdanning, og at det gis tilbud om faglig utvikling og p\u00e5fyll til de ansatte. H\u00f8yre vil ha klare krav til et godt pedagogisk arbeid og s\u00e6rlig legge vekt p\u00e5 barnas spr\u00e5kutvikling. Tidlig innsats starter i barnehagen!<\/p>\n\n\n\n<p>T\u00f8nsberg H\u00f8yre \u00f8nsker en mer familievennlig barnehagepolitikk i T\u00f8nsberg, hvor vi skal legge bedre til rette for barnefamiliene og deres behov for fleksibilitet. Vi m\u00e5 tilpasse barnehagetilbudet etter barnefamiliene, ikke omvendt.<\/p>\n\n\n\n<div class=\"wp-block-teft-factbox is-style-blue\"><div class=\"factbox-inner\"><div class=\"entry-content\"><h4 class=\"toggle\">T\u00f8nsberg H\u00f8yre vil:<\/h4>\n<ul class=\"wp-block-list\"><li>styrke bemanningen i barnehagens \u00e5pningstid<\/li><li>at alle barnehager skal ha minst 50 prosent pedagogdekning<\/li><li>likebehandle alle barnehager for \u00e5 sikre h\u00f8y kvalitet og stort mangfold i barnehagesektoren lokalt<\/li><li>legge til rette for at ufagl\u00e6rte\/assistenter skal f\u00e5 mulighet til \u00e5 ta fagbrev<\/li><li>arbeide for rimeligere barnehage for lavinntektsfamilier<\/li><li>arbeide for at det innf\u00f8res spesialpedagoger i flere barnehager<\/li><li>bygge opp barnehagekapasiteten i pressomr\u00e5der som T\u00f8nsberg sentrum, Sem og Slagen slik at flere barnefamilier f\u00e5r barnehageplass der de bor<\/li><li>tilby barn f\u00f8dt i desember rett til barnehageplass fra barnet fyller ett \u00e5r<\/li><li>utvide \u00e5pningstidene i de kommunale barnehagene<\/li><li>arbeide for \u00e5 redusere sommerstengte uker i barnehagene fra fire til tre uker i enkelte barnehager i kommunen&nbsp;<\/li><\/ul>\n<\/div><\/div><\/div>\n","protected":false},"excerpt":{"rendered":"<p>En mer familievennlig barnehagepolitikk T\u00f8nsberg H\u00f8yre vil ha et variert og mangfoldig barnehagetilbud med h\u00f8y kvalitet og godt innhold. Familier er forskjellige og har ulike verdier og interesser. Derfor er det viktig at vi har ulike typer barnehager slik at foreldre kan velge den barnehagen de synes passer best for seg og sitt barn, uavhengig [&hellip;]<\/p>\n","protected":false},"author":14966,"featured_media":0,"parent":1438,"menu_order":0,"comment_status":"closed","ping_status":"closed","template":"","meta":{"teft_cards_image_url":"","teft_cards_custom_pretitle":"","teft_cards_image_id":1311,"teft_cards_image_focal_point_x":0.5,"teft_cards_image_focal_point_y":0.5,"teft_cards_title":"","teft_cards_excerpt":"","teft_show_chapters":false,"footnotes":""},"class_list":["post-1328","page","type-page","status-publish","hentry"],"yoast_head":"<!-- This site is optimized with the Yoast SEO plugin v26.6 - https:\/\/yoast.com\/wordpress\/plugins\/seo\/ -->\n<title>En mer familievennlig barnehagepolitikk\ufffc - T\u00f8nsberg H\u00f8yre<\/title>\n<meta name=\"robots\" content=\"index, follow, max-snippet:-1, max-image-preview:large, max-video-preview:-1\" \/>\n<link rel=\"canonical\" href=\"https:\/\/hoyre.no\/tonsberg\/politikk\/en-mer-familievennlig-barnehagepolitikk\ufffc\/\" \/>\n<meta property=\"og:locale\" content=\"nb_NO\" \/>\n<meta property=\"og:type\" content=\"article\" \/>\n<meta property=\"og:title\" content=\"En mer familievennlig barnehagepolitikk\ufffc - T\u00f8nsberg H\u00f8yre\" \/>\n<meta property=\"og:description\" content=\"En mer familievennlig barnehagepolitikk T\u00f8nsberg H\u00f8yre vil ha et variert og mangfoldig barnehagetilbud med h\u00f8y kvalitet og godt innhold. Familier er forskjellige og har ulike verdier og interesser. Derfor er det viktig at vi har ulike typer barnehager slik at foreldre kan velge den barnehagen de synes passer best for seg og sitt barn, uavhengig [&hellip;]\" \/>\n<meta property=\"og:url\" content=\"https:\/\/hoyre.no\/tonsberg\/politikk\/en-mer-familievennlig-barnehagepolitikk\ufffc\/\" \/>\n<meta property=\"og:site_name\" content=\"T\u00f8nsberg H\u00f8yre\" \/>\n<meta property=\"article:modified_time\" content=\"2023-05-02T10:49:43+00:00\" \/>\n<meta property=\"og:image\" content=\"https:\/\/hoyre.no\/content\/uploads\/sites\/353\/2023\/04\/GettyImages-983418152-scaled.jpg\" \/>\n\t<meta property=\"og:image:width\" content=\"2500\" \/>\n\t<meta property=\"og:image:height\" content=\"1667\" \/>\n\t<meta property=\"og:image:type\" content=\"image\/jpeg\" \/>\n<meta name=\"twitter:card\" content=\"summary_large_image\" \/>\n<meta name=\"twitter:label1\" content=\"Ansl. lesetid\" \/>\n\t<meta name=\"twitter:data1\" content=\"2 minutter\" \/>\n<script type=\"application\/ld+json\" class=\"yoast-schema-graph\">{\"@context\":\"https:\/\/schema.org\",\"@graph\":[{\"@type\":\"WebPage\",\"@id\":\"https:\/\/hoyre.no\/tonsberg\/politikk\/en-mer-familievennlig-barnehagepolitikk%ef%bf%bc\/\",\"url\":\"https:\/\/hoyre.no\/tonsberg\/politikk\/en-mer-familievennlig-barnehagepolitikk%ef%bf%bc\/\",\"name\":\"En mer familievennlig barnehagepolitikk\ufffc - T\u00f8nsberg H\u00f8yre\",\"isPartOf\":{\"@id\":\"https:\/\/hoyre.no\/tonsberg\/#website\"},\"datePublished\":\"2023-04-14T11:25:46+00:00\",\"dateModified\":\"2023-05-02T10:49:43+00:00\",\"breadcrumb\":{\"@id\":\"https:\/\/hoyre.no\/tonsberg\/politikk\/en-mer-familievennlig-barnehagepolitikk%ef%bf%bc\/#breadcrumb\"},\"inLanguage\":\"nb-NO\",\"potentialAction\":[{\"@type\":\"ReadAction\",\"target\":[\"https:\/\/hoyre.no\/tonsberg\/politikk\/en-mer-familievennlig-barnehagepolitikk%ef%bf%bc\/\"]}]},{\"@type\":\"BreadcrumbList\",\"@id\":\"https:\/\/hoyre.no\/tonsberg\/politikk\/en-mer-familievennlig-barnehagepolitikk%ef%bf%bc\/#breadcrumb\",\"itemListElement\":[{\"@type\":\"ListItem\",\"position\":1,\"name\":\"Til hoyre.no\",\"item\":\"https:\/\/hoyre.no\"},{\"@type\":\"ListItem\",\"position\":2,\"name\":\"Hjem\",\"item\":\"https:\/\/hoyre.no\/tonsberg\/\"},{\"@type\":\"ListItem\",\"position\":3,\"name\":\"Politikk\",\"item\":\"https:\/\/hoyre.no\/tonsberg\/politikk\/\"},{\"@type\":\"ListItem\",\"position\":4,\"name\":\"En mer familievennlig barnehagepolitikk\ufffc\"}]},{\"@type\":\"WebSite\",\"@id\":\"https:\/\/hoyre.no\/tonsberg\/#website\",\"url\":\"https:\/\/hoyre.no\/tonsberg\/\",\"name\":\"T\u00f8nsberg H\u00f8yre\",\"description\":\"Bare enda et H\u00f8yres nettsteder-nettsted\",\"inLanguage\":\"nb-NO\"}]}<\/script>\n<!-- \/ Yoast SEO plugin. -->","yoast_head_json":{"title":"En mer familievennlig barnehagepolitikk\ufffc - T\u00f8nsberg H\u00f8yre","robots":{"index":"index","follow":"follow","max-snippet":"max-snippet:-1","max-image-preview":"max-image-preview:large","max-video-preview":"max-video-preview:-1"},"canonical":"https:\/\/hoyre.no\/tonsberg\/politikk\/en-mer-familievennlig-barnehagepolitikk\ufffc\/","og_locale":"nb_NO","og_type":"article","og_title":"En mer familievennlig barnehagepolitikk\ufffc - T\u00f8nsberg H\u00f8yre","og_description":"En mer familievennlig barnehagepolitikk T\u00f8nsberg H\u00f8yre vil ha et variert og mangfoldig barnehagetilbud med h\u00f8y kvalitet og godt innhold. Familier er forskjellige og har ulike verdier og interesser. Derfor er det viktig at vi har ulike typer barnehager slik at foreldre kan velge den barnehagen de synes passer best for seg og sitt barn, uavhengig [&hellip;]","og_url":"https:\/\/hoyre.no\/tonsberg\/politikk\/en-mer-familievennlig-barnehagepolitikk\ufffc\/","og_site_name":"T\u00f8nsberg H\u00f8yre","article_modified_time":"2023-05-02T10:49:43+00:00","og_image":[{"width":2500,"height":1667,"url":"https:\/\/hoyre.no\/content\/uploads\/sites\/353\/2023\/04\/GettyImages-983418152-scaled.jpg","type":"image\/jpeg"}],"twitter_card":"summary_large_image","twitter_misc":{"Ansl. lesetid":"2 minutter"},"schema":{"@context":"https:\/\/schema.org","@graph":[{"@type":"WebPage","@id":"https:\/\/hoyre.no\/tonsberg\/politikk\/en-mer-familievennlig-barnehagepolitikk%ef%bf%bc\/","url":"https:\/\/hoyre.no\/tonsberg\/politikk\/en-mer-familievennlig-barnehagepolitikk%ef%bf%bc\/","name":"En mer familievennlig barnehagepolitikk\ufffc - T\u00f8nsberg H\u00f8yre","isPartOf":{"@id":"https:\/\/hoyre.no\/tonsberg\/#website"},"datePublished":"2023-04-14T11:25:46+00:00","dateModified":"2023-05-02T10:49:43+00:00","breadcrumb":{"@id":"https:\/\/hoyre.no\/tonsberg\/politikk\/en-mer-familievennlig-barnehagepolitikk%ef%bf%bc\/#breadcrumb"},"inLanguage":"nb-NO","potentialAction":[{"@type":"ReadAction","target":["https:\/\/hoyre.no\/tonsberg\/politikk\/en-mer-familievennlig-barnehagepolitikk%ef%bf%bc\/"]}]},{"@type":"BreadcrumbList","@id":"https:\/\/hoyre.no\/tonsberg\/politikk\/en-mer-familievennlig-barnehagepolitikk%ef%bf%bc\/#breadcrumb","itemListElement":[{"@type":"ListItem","position":1,"name":"Til hoyre.no","item":"https:\/\/hoyre.no"},{"@type":"ListItem","position":2,"name":"Hjem","item":"https:\/\/hoyre.no\/tonsberg\/"},{"@type":"ListItem","position":3,"name":"Politikk","item":"https:\/\/hoyre.no\/tonsberg\/politikk\/"},{"@type":"ListItem","position":4,"name":"En mer familievennlig barnehagepolitikk\ufffc"}]},{"@type":"WebSite","@id":"https:\/\/hoyre.no\/tonsberg\/#website","url":"https:\/\/hoyre.no\/tonsberg\/","name":"T\u00f8nsberg H\u00f8yre","description":"Bare enda et H\u00f8yres nettsteder-nettsted","inLanguage":"nb-NO"}]}},"distributor_meta":false,"distributor_terms":false,"distributor_media":false,"distributor_original_site_name":"T\u00f8nsberg H\u00f8yre","distributor_original_site_url":"https:\/\/hoyre.no\/tonsberg","push-errors":false,"_links":{"self":[{"href":"https:\/\/hoyre.no\/tonsberg\/wp-json\/wp\/v2\/pages\/1328","targetHints":{"allow":["GET"]}}],"collection":[{"href":"https:\/\/hoyre.no\/tonsberg\/wp-json\/wp\/v2\/pages"}],"about":[{"href":"https:\/\/hoyre.no\/tonsberg\/wp-json\/wp\/v2\/types\/page"}],"author":[{"embeddable":true,"href":"https:\/\/hoyre.no\/tonsberg\/wp-json\/wp\/v2\/users\/14966"}],"replies":[{"embeddable":true,"href":"https:\/\/hoyre.no\/tonsberg\/wp-json\/wp\/v2\/comments?post=1328"}],"version-history":[{"count":4,"href":"https:\/\/hoyre.no\/tonsberg\/wp-json\/wp\/v2\/pages\/1328\/revisions"}],"predecessor-version":[{"id":1332,"href":"https:\/\/hoyre.no\/tonsberg\/wp-json\/wp\/v2\/pages\/1328\/revisions\/1332"}],"up":[{"embeddable":true,"href":"https:\/\/hoyre.no\/tonsberg\/wp-json\/wp\/v2\/pages\/1438"}],"wp:attachment":[{"href":"https:\/\/hoyre.no\/tonsberg\/wp-json\/wp\/v2\/media?parent=1328"}],"curies":[{"name":"wp","href":"https:\/\/api.w.org\/{rel}","templated":true}]}}