{"id":1392,"date":"2023-04-14T15:05:18","date_gmt":"2023-04-14T13:05:18","guid":{"rendered":"https:\/\/hoyre.no\/tonsberg\/?page_id=1392"},"modified":"2023-05-02T12:49:38","modified_gmt":"2023-05-02T10:49:38","slug":"gode-og-varierte-bomiljoer%ef%bf%bc","status":"publish","type":"page","link":"https:\/\/hoyre.no\/tonsberg\/politikk\/gode-og-varierte-bomiljoer%ef%bf%bc\/","title":{"rendered":"Gode og varierte bomilj\u00f8er\ufffc"},"content":{"rendered":"\n\t\t<div class=\" has-simple-highlight style-white has-mobile-text-aligned-center slogan-type-custom wp-block-hoyre-slogan\">\n\t\t\t<div class=\"slogan-container\">\n\t\t\t\t<div class=\"slogan__image\">\n\t\t\t\t\t<img loading=\"lazy\" decoding=\"async\" width=\"2500\" height=\"2053\" src=\"https:\/\/hoyre.no\/content\/uploads\/sites\/353\/2023\/04\/GettyImages-860044542-scaled.jpg\" class=\"slogan__background-media\" alt=\"\" style=\"--focal-point: 50% 34%;\" srcset=\"https:\/\/hoyre.no\/content\/uploads\/sites\/353\/2023\/04\/GettyImages-860044542-scaled.jpg 2500w, https:\/\/hoyre.no\/content\/uploads\/sites\/353\/2023\/04\/GettyImages-860044542-300x246.jpg 300w, https:\/\/hoyre.no\/content\/uploads\/sites\/353\/2023\/04\/GettyImages-860044542-1024x841.jpg 1024w, https:\/\/hoyre.no\/content\/uploads\/sites\/353\/2023\/04\/GettyImages-860044542-768x631.jpg 768w, https:\/\/hoyre.no\/content\/uploads\/sites\/353\/2023\/04\/GettyImages-860044542-1536x1261.jpg 1536w, https:\/\/hoyre.no\/content\/uploads\/sites\/353\/2023\/04\/GettyImages-860044542-2048x1682.jpg 2048w\" sizes=\"auto, (max-width: 2500px) 100vw, 2500px\" \/>\n\t\t\t\t<\/div>\n\t\t\t\t<div class=\"slogan__content\">\n\t\t\t\t\t<img loading=\"lazy\" decoding=\"async\" width=\"1024\" height=\"588\" src=\"https:\/\/hoyre.no\/content\/uploads\/sites\/353\/2023\/03\/Pa-lag-med-Tonsberg-1024x588.png\" class=\"slogan__slogan-image\" alt=\"\" srcset=\"https:\/\/hoyre.no\/content\/uploads\/sites\/353\/2023\/03\/Pa-lag-med-Tonsberg-1024x588.png 1024w, https:\/\/hoyre.no\/content\/uploads\/sites\/353\/2023\/03\/Pa-lag-med-Tonsberg-300x172.png 300w, https:\/\/hoyre.no\/content\/uploads\/sites\/353\/2023\/03\/Pa-lag-med-Tonsberg-768x441.png 768w, https:\/\/hoyre.no\/content\/uploads\/sites\/353\/2023\/03\/Pa-lag-med-Tonsberg.png 1033w\" sizes=\"auto, (max-width: 1024px) 100vw, 1024px\" \/>\n\t\t\t\t\t<h2 class=\"screen-reader-text\">P\u00e5 lag med T\u00f8nsberg<\/h2>\n\t\t\t\t\t<p>T\u00f8nsberg skal v\u00e6re byen, stedet og kommunen som du virkelig har lyst til \u00e5 flytte til.<\/p>\n\t\t\t\t\t\n\t\t\t\t<\/div>\n\t\t\t<\/div>\n\t\t\t\n\t\t<\/div>\n\t\t\n\n\n\n<h2 class=\"wp-block-heading\">Gode og varierte bomilj\u00f8er<\/h2>\n\n\n\n<p>T\u00f8nsberg skal v\u00e6re byen, stedet og kommunen som du virkelig har lyst til \u00e5 flytte til. Og hvor du finner et godt sted \u00e5 bo, et godt sted \u00e5 arbeide, et rikholdig fritidstilbud og gode offentlige tjenester.\u00a0H\u00f8yre \u00f8nsker at T\u00f8nsberg skal bli en inkluderende kommune, hvor alle blir sett og ivaretatt. Det skal v\u00e6re trygt og godt \u00e5 bo i T\u00f8nsberg, og vi skal v\u00e6re et godt vertskap for de som kommer og bes\u00f8ker oss.<\/p>\n\n\n\n<p>Vi vil lytte til mennesker og deres ulike behov om hvordan de \u00f8nsker \u00e5 ha det i kommunen sin. Det handler rett og slett om \u00e5 forst\u00e5 hvordan innbyggerne \u00f8nsker \u00e5 leve livet sine. T\u00f8nsberg H\u00f8yre vil skape en kultur som gj\u00f8r kommunen nytenkende, trygg og varm slik at vi sammen skaper tillit og fellesskap.<\/p>\n\n\n\n<div class=\"wp-block-teft-factbox is-style-blue\"><div class=\"factbox-inner\"><div class=\"entry-content\"><h4 class=\"toggle\">T\u00f8nsberg H\u00f8yre vil:<\/h4>\n<ul class=\"wp-block-list\"><li>at innbyggerne i T\u00f8nsberg skal ha tilgang p\u00e5 gode tjenester uavhengig av hvor i kommunen de bor<\/li><li>at det skal satses p\u00e5 opprusting og nyetablering av turstier, turveier og triml\u00f8yper i samarbeid med utbyggere og grunneiere<\/li><li>bruke areal- og boligplanlegging aktivt for \u00e5 forebygge fremvekst av levek\u00e5rsutfordringer<\/li><li>etablere planer for \u00e5 \u00f8ke kvaliteten i tjenestetilbudet, s\u00e6rlig i utsatte boomr\u00e5der<\/li><li>inng\u00e5 samarbeid med utbyggere av st\u00f8rre boligprosjekter med m\u00e5l om \u00e5 avsette en andel av omr\u00e5dene til gode arealer for egenorganisert idrett og fysisk aktivitet<\/li><li>arbeide for bedre bredb\u00e5ndsdekning i hele kommunen<\/li><li>bevare og ta vare p\u00e5 eksisterende park- og gr\u00f8ntomr\u00e5der med kunst og skulpturinnslag<\/li><li>tilrettelegge for en mer barne- og ungdomsvennlig utvikling i by og tettsteder med flere gr\u00f8ntomr\u00e5der og soner for lek, idrett og fysisk aktivitet<\/li><li>utnytte Husbankens virkemidler bedre for \u00e5 bidra til at flere kan kj\u00f8pe egen bolig<\/li><li>i samarbeid med utbyggere arbeide for tilrettelegging og etablering av flere rimelige boliger, slik at f\u00f8rstegangsetablerere kan komme seg inn p\u00e5 boligmarkedet<\/li><li>v\u00e6re garantist for at det ikke skal innf\u00f8res eiendomsskatt i kommunen<\/li><li>planlegge gode lokalsamfunn som reduserer behov for transport mellom hjem, jobb, fritid og service- og tjenestetilbud<\/li><\/ul>\n<\/div><\/div><\/div>\n\n","protected":false},"excerpt":{"rendered":"","protected":false},"author":14966,"featured_media":0,"parent":1438,"menu_order":0,"comment_status":"closed","ping_status":"closed","template":"","meta":{"teft_cards_image_url":"","teft_cards_custom_pretitle":"","teft_cards_image_id":1393,"teft_cards_image_focal_point_x":0.5,"teft_cards_image_focal_point_y":0.5,"teft_cards_title":"","teft_cards_excerpt":"","teft_show_chapters":false,"footnotes":""},"class_list":["post-1392","page","type-page","status-publish","hentry"],"yoast_head":"<!-- This site is optimized with the Yoast SEO plugin v26.6 - https:\/\/yoast.com\/wordpress\/plugins\/seo\/ -->\n<title>Gode og varierte bomilj\u00f8er\ufffc - T\u00f8nsberg H\u00f8yre<\/title>\n<meta name=\"robots\" content=\"index, follow, max-snippet:-1, max-image-preview:large, max-video-preview:-1\" \/>\n<link rel=\"canonical\" href=\"https:\/\/hoyre.no\/tonsberg\/politikk\/gode-og-varierte-bomiljoer\ufffc\/\" \/>\n<meta property=\"og:locale\" content=\"nb_NO\" \/>\n<meta property=\"og:type\" content=\"article\" \/>\n<meta property=\"og:title\" content=\"Gode og varierte bomilj\u00f8er\ufffc - T\u00f8nsberg H\u00f8yre\" \/>\n<meta property=\"og:url\" content=\"https:\/\/hoyre.no\/tonsberg\/politikk\/gode-og-varierte-bomiljoer\ufffc\/\" \/>\n<meta property=\"og:site_name\" content=\"T\u00f8nsberg H\u00f8yre\" \/>\n<meta property=\"article:modified_time\" content=\"2023-05-02T10:49:38+00:00\" \/>\n<meta property=\"og:image\" content=\"https:\/\/hoyre.no\/content\/uploads\/sites\/353\/2023\/04\/GettyImages-860044542-1024x841.jpg\" \/>\n<meta name=\"twitter:card\" content=\"summary_large_image\" \/>\n<meta name=\"twitter:label1\" content=\"Ansl. lesetid\" \/>\n\t<meta name=\"twitter:data1\" content=\"2 minutter\" \/>\n<script type=\"application\/ld+json\" class=\"yoast-schema-graph\">{\"@context\":\"https:\/\/schema.org\",\"@graph\":[{\"@type\":\"WebPage\",\"@id\":\"https:\/\/hoyre.no\/tonsberg\/politikk\/gode-og-varierte-bomiljoer%ef%bf%bc\/\",\"url\":\"https:\/\/hoyre.no\/tonsberg\/politikk\/gode-og-varierte-bomiljoer%ef%bf%bc\/\",\"name\":\"Gode og varierte bomilj\u00f8er\ufffc - T\u00f8nsberg H\u00f8yre\",\"isPartOf\":{\"@id\":\"https:\/\/hoyre.no\/tonsberg\/#website\"},\"datePublished\":\"2023-04-14T13:05:18+00:00\",\"dateModified\":\"2023-05-02T10:49:38+00:00\",\"breadcrumb\":{\"@id\":\"https:\/\/hoyre.no\/tonsberg\/politikk\/gode-og-varierte-bomiljoer%ef%bf%bc\/#breadcrumb\"},\"inLanguage\":\"nb-NO\",\"potentialAction\":[{\"@type\":\"ReadAction\",\"target\":[\"https:\/\/hoyre.no\/tonsberg\/politikk\/gode-og-varierte-bomiljoer%ef%bf%bc\/\"]}]},{\"@type\":\"BreadcrumbList\",\"@id\":\"https:\/\/hoyre.no\/tonsberg\/politikk\/gode-og-varierte-bomiljoer%ef%bf%bc\/#breadcrumb\",\"itemListElement\":[{\"@type\":\"ListItem\",\"position\":1,\"name\":\"Til hoyre.no\",\"item\":\"https:\/\/hoyre.no\"},{\"@type\":\"ListItem\",\"position\":2,\"name\":\"Hjem\",\"item\":\"https:\/\/hoyre.no\/tonsberg\/\"},{\"@type\":\"ListItem\",\"position\":3,\"name\":\"Politikk\",\"item\":\"https:\/\/hoyre.no\/tonsberg\/politikk\/\"},{\"@type\":\"ListItem\",\"position\":4,\"name\":\"Gode og varierte bomilj\u00f8er\ufffc\"}]},{\"@type\":\"WebSite\",\"@id\":\"https:\/\/hoyre.no\/tonsberg\/#website\",\"url\":\"https:\/\/hoyre.no\/tonsberg\/\",\"name\":\"T\u00f8nsberg H\u00f8yre\",\"description\":\"Bare enda et H\u00f8yres nettsteder-nettsted\",\"inLanguage\":\"nb-NO\"}]}<\/script>\n<!-- \/ Yoast SEO plugin. -->","yoast_head_json":{"title":"Gode og varierte bomilj\u00f8er\ufffc - T\u00f8nsberg H\u00f8yre","robots":{"index":"index","follow":"follow","max-snippet":"max-snippet:-1","max-image-preview":"max-image-preview:large","max-video-preview":"max-video-preview:-1"},"canonical":"https:\/\/hoyre.no\/tonsberg\/politikk\/gode-og-varierte-bomiljoer\ufffc\/","og_locale":"nb_NO","og_type":"article","og_title":"Gode og varierte bomilj\u00f8er\ufffc - T\u00f8nsberg H\u00f8yre","og_url":"https:\/\/hoyre.no\/tonsberg\/politikk\/gode-og-varierte-bomiljoer\ufffc\/","og_site_name":"T\u00f8nsberg H\u00f8yre","article_modified_time":"2023-05-02T10:49:38+00:00","og_image":[{"url":"https:\/\/hoyre.no\/content\/uploads\/sites\/353\/2023\/04\/GettyImages-860044542-1024x841.jpg","width":"","height":"","type":""}],"twitter_card":"summary_large_image","twitter_misc":{"Ansl. lesetid":"2 minutter"},"schema":{"@context":"https:\/\/schema.org","@graph":[{"@type":"WebPage","@id":"https:\/\/hoyre.no\/tonsberg\/politikk\/gode-og-varierte-bomiljoer%ef%bf%bc\/","url":"https:\/\/hoyre.no\/tonsberg\/politikk\/gode-og-varierte-bomiljoer%ef%bf%bc\/","name":"Gode og varierte bomilj\u00f8er\ufffc - T\u00f8nsberg H\u00f8yre","isPartOf":{"@id":"https:\/\/hoyre.no\/tonsberg\/#website"},"datePublished":"2023-04-14T13:05:18+00:00","dateModified":"2023-05-02T10:49:38+00:00","breadcrumb":{"@id":"https:\/\/hoyre.no\/tonsberg\/politikk\/gode-og-varierte-bomiljoer%ef%bf%bc\/#breadcrumb"},"inLanguage":"nb-NO","potentialAction":[{"@type":"ReadAction","target":["https:\/\/hoyre.no\/tonsberg\/politikk\/gode-og-varierte-bomiljoer%ef%bf%bc\/"]}]},{"@type":"BreadcrumbList","@id":"https:\/\/hoyre.no\/tonsberg\/politikk\/gode-og-varierte-bomiljoer%ef%bf%bc\/#breadcrumb","itemListElement":[{"@type":"ListItem","position":1,"name":"Til hoyre.no","item":"https:\/\/hoyre.no"},{"@type":"ListItem","position":2,"name":"Hjem","item":"https:\/\/hoyre.no\/tonsberg\/"},{"@type":"ListItem","position":3,"name":"Politikk","item":"https:\/\/hoyre.no\/tonsberg\/politikk\/"},{"@type":"ListItem","position":4,"name":"Gode og varierte bomilj\u00f8er\ufffc"}]},{"@type":"WebSite","@id":"https:\/\/hoyre.no\/tonsberg\/#website","url":"https:\/\/hoyre.no\/tonsberg\/","name":"T\u00f8nsberg H\u00f8yre","description":"Bare enda et H\u00f8yres nettsteder-nettsted","inLanguage":"nb-NO"}]}},"distributor_meta":false,"distributor_terms":false,"distributor_media":false,"distributor_original_site_name":"T\u00f8nsberg H\u00f8yre","distributor_original_site_url":"https:\/\/hoyre.no\/tonsberg","push-errors":false,"_links":{"self":[{"href":"https:\/\/hoyre.no\/tonsberg\/wp-json\/wp\/v2\/pages\/1392","targetHints":{"allow":["GET"]}}],"collection":[{"href":"https:\/\/hoyre.no\/tonsberg\/wp-json\/wp\/v2\/pages"}],"about":[{"href":"https:\/\/hoyre.no\/tonsberg\/wp-json\/wp\/v2\/types\/page"}],"author":[{"embeddable":true,"href":"https:\/\/hoyre.no\/tonsberg\/wp-json\/wp\/v2\/users\/14966"}],"replies":[{"embeddable":true,"href":"https:\/\/hoyre.no\/tonsberg\/wp-json\/wp\/v2\/comments?post=1392"}],"version-history":[{"count":1,"href":"https:\/\/hoyre.no\/tonsberg\/wp-json\/wp\/v2\/pages\/1392\/revisions"}],"predecessor-version":[{"id":1394,"href":"https:\/\/hoyre.no\/tonsberg\/wp-json\/wp\/v2\/pages\/1392\/revisions\/1394"}],"up":[{"embeddable":true,"href":"https:\/\/hoyre.no\/tonsberg\/wp-json\/wp\/v2\/pages\/1438"}],"wp:attachment":[{"href":"https:\/\/hoyre.no\/tonsberg\/wp-json\/wp\/v2\/media?parent=1392"}],"curies":[{"name":"wp","href":"https:\/\/api.w.org\/{rel}","templated":true}]}}