{"id":1402,"date":"2023-04-14T15:22:11","date_gmt":"2023-04-14T13:22:11","guid":{"rendered":"https:\/\/hoyre.no\/tonsberg\/?page_id=1402"},"modified":"2023-05-02T12:49:37","modified_gmt":"2023-05-02T10:49:37","slug":"kulturbyen-tonsberg-fra-sommerby-til-helarsby%ef%bf%bc","status":"publish","type":"page","link":"https:\/\/hoyre.no\/tonsberg\/politikk\/kulturbyen-tonsberg-fra-sommerby-til-helarsby%ef%bf%bc\/","title":{"rendered":"Kulturbyen T\u00f8nsberg \u2013 fra sommerby til hel\u00e5rsby\ufffc"},"content":{"rendered":"\n\t\t<div class=\" has-simple-highlight style-white has-mobile-text-aligned-center slogan-type-custom wp-block-hoyre-slogan\">\n\t\t\t<div class=\"slogan-container\">\n\t\t\t\t<div class=\"slogan__image\">\n\t\t\t\t\t<img loading=\"lazy\" decoding=\"async\" width=\"2500\" height=\"1667\" src=\"https:\/\/hoyre.no\/content\/uploads\/sites\/353\/2023\/04\/Tonsberg-Brygga-med-DS-Kysten-I-Foto-Mona-Grann-Meyer-IMG_3501-scaled.jpeg\" class=\"slogan__background-media\" alt=\"\" style=\"--focal-point: 50% 65%;\" srcset=\"https:\/\/hoyre.no\/content\/uploads\/sites\/353\/2023\/04\/Tonsberg-Brygga-med-DS-Kysten-I-Foto-Mona-Grann-Meyer-IMG_3501-scaled.jpeg 2500w, https:\/\/hoyre.no\/content\/uploads\/sites\/353\/2023\/04\/Tonsberg-Brygga-med-DS-Kysten-I-Foto-Mona-Grann-Meyer-IMG_3501-300x200.jpeg 300w, https:\/\/hoyre.no\/content\/uploads\/sites\/353\/2023\/04\/Tonsberg-Brygga-med-DS-Kysten-I-Foto-Mona-Grann-Meyer-IMG_3501-1024x683.jpeg 1024w, https:\/\/hoyre.no\/content\/uploads\/sites\/353\/2023\/04\/Tonsberg-Brygga-med-DS-Kysten-I-Foto-Mona-Grann-Meyer-IMG_3501-768x512.jpeg 768w, https:\/\/hoyre.no\/content\/uploads\/sites\/353\/2023\/04\/Tonsberg-Brygga-med-DS-Kysten-I-Foto-Mona-Grann-Meyer-IMG_3501-1536x1024.jpeg 1536w, https:\/\/hoyre.no\/content\/uploads\/sites\/353\/2023\/04\/Tonsberg-Brygga-med-DS-Kysten-I-Foto-Mona-Grann-Meyer-IMG_3501-2048x1365.jpeg 2048w\" sizes=\"auto, (max-width: 2500px) 100vw, 2500px\" \/>\n\t\t\t\t<\/div>\n\t\t\t\t<div class=\"slogan__content\">\n\t\t\t\t\t<img loading=\"lazy\" decoding=\"async\" width=\"1024\" height=\"588\" src=\"https:\/\/hoyre.no\/content\/uploads\/sites\/353\/2023\/03\/Pa-lag-med-Tonsberg-1024x588.png\" class=\"slogan__slogan-image\" alt=\"\" srcset=\"https:\/\/hoyre.no\/content\/uploads\/sites\/353\/2023\/03\/Pa-lag-med-Tonsberg-1024x588.png 1024w, https:\/\/hoyre.no\/content\/uploads\/sites\/353\/2023\/03\/Pa-lag-med-Tonsberg-300x172.png 300w, https:\/\/hoyre.no\/content\/uploads\/sites\/353\/2023\/03\/Pa-lag-med-Tonsberg-768x441.png 768w, https:\/\/hoyre.no\/content\/uploads\/sites\/353\/2023\/03\/Pa-lag-med-Tonsberg.png 1033w\" sizes=\"auto, (max-width: 1024px) 100vw, 1024px\" \/>\n\t\t\t\t\t<h2 class=\"screen-reader-text\"><\/h2>\n\t\t\t\t\t<p>Kultur, idrett og frivillig arbeid beriker menneskers liv. Kunst og kultur forankrer oss i v\u00e5r felles historie, utfordrer oss og \u00e5pner opp for det ukjente. T\u00f8nsberg H\u00f8yre \u00f8nsker et kulturliv preget av nyskaping, kvalitet og talentutvikling<\/p>\n\t\t\t\t\t\n\t\t\t\t<\/div>\n\t\t\t<\/div>\n\t\t\t\n\t\t<\/div>\n\t\t\n\n\n\n<h1 class=\"wp-block-heading\">Kulturbyen T\u00f8nsberg &#8211; fra sommerby til hel\u00e5rsby<\/h1>\n\n\n\n<p>Kultur, idrett og frivillig arbeid beriker menneskers liv. Kunst og kultur forankrer oss i v\u00e5r felles historie, utfordrer oss og \u00e5pner opp for det ukjente. T\u00f8nsberg H\u00f8yre \u00f8nsker et kulturliv preget av nyskaping, kvalitet og talentutvikling.<\/p>\n\n\n\n<p>T\u00f8nsberg er kjent som Norges sommerby \u00abnummer \u00e9n\u00bb. Det er noe vi skal v\u00e6re stolte av og bygge videre p\u00e5. T\u00f8nsberg H\u00f8yre mener det ligger et stort potensial i \u00e5 utvikle byen og kulturlivet. Det vil v\u00e6re med \u00e5 gj\u00f8re T\u00f8nsberg til Norges fremste opplevelses- og kulturkommune hele \u00e5ret.<\/p>\n\n\n\n<p>For at dette skal bli en realitet, trenger vi \u00e5 tilrettelegge for nettopp \u00e5 bygge sterke kulturinstitusjoner, \u00f8ke mangfoldet av akt\u00f8rer og s\u00f8rge for at kommunens lag og foreninger har gode rammebetingelser for \u00e5 drive god talentutvikling. Alle sm\u00e5 og store akt\u00f8rer m\u00e5 f\u00e5 komme med innspill til hvordan vi sammen kan utvikle T\u00f8nsberg kommune til \u00e5 bli Norges fremste kulturkommune.<\/p>\n\n\n\n<div class=\"wp-block-teft-factbox is-style-blue\"><div class=\"factbox-inner\"><div class=\"entry-content\"><h4 class=\"toggle\">T\u00f8nsberg H\u00f8yre vil:<\/h4>\n<ul class=\"wp-block-list\"><li>utarbeide en kulturstrategi og handlingsplan for hele kommunen<\/li><li>utarbeide en mulighetsstudie for omr\u00e5det rundt Ramnes kirke<\/li><li>bidra til etablering av flere sm\u00e5 og store kulturarenaer, for eksempel felles kultur- og idrettshus i Messeomr\u00e5det<\/li><li>at Staten overtar ansvaret for middelalderkirkene i kommunen. H\u00f8yre mener at dette ikke bare er kommunens kulturarv, men en nasjonal kulturarv<\/li><li>videreutvikle middelaldersatsingen i hele kommunen<\/li><li>videreutvikle vikingmilj\u00f8ene i kommunen og \u00abVikingodden\u00bb slik at T\u00f8nsberg blir landets fremste vikingdestinasjon<\/li><li>at barn og unge f\u00e5r tilgang til flere aktiviteter og kulturelle opplevelser gjennom \u00e5 utvide aktivitetskortet\u00a0<\/li><li>gjennomg\u00e5 kriterier for tildeling av midler. Det er i dag noen akt\u00f8rer som faller utenfor alle ordninger, og da m\u00e5 vi se p\u00e5 muligheten for at alle kan f\u00e5 noen tildelte midler<\/li><li>at kommunen skal v\u00e6re med \u00e5 videreutvikle arrangementer som kan skape et mer levende bysentrum<\/li><li>at gratis eller redusert leie skal v\u00e6re kommunens bidrag til st\u00f8rre arrangementer som vil komme lokalt n\u00e6ringsliv og andre akt\u00f8rer til gode<\/li><li>ivareta arbeidet i kommunens kulturhus og andre kulturarenaer<\/li><li>videreutvikle kulturskolen slik at tilbudet utvides og flere kan delta<\/li><li>arbeide for fortsatt satsing p\u00e5 maritim kulturformidling i kommunen slik at det blir en turist- og kulturattraksjon<\/li><\/ul>\n<\/div><\/div><\/div>\n\n","protected":false},"excerpt":{"rendered":"","protected":false},"author":14966,"featured_media":0,"parent":1438,"menu_order":0,"comment_status":"closed","ping_status":"closed","template":"","meta":{"teft_cards_image_url":"","teft_cards_custom_pretitle":"","teft_cards_image_id":1403,"teft_cards_image_focal_point_x":0.5,"teft_cards_image_focal_point_y":0.5,"teft_cards_title":"","teft_cards_excerpt":"","teft_show_chapters":false,"footnotes":""},"class_list":["post-1402","page","type-page","status-publish","hentry"],"yoast_head":"<!-- This site is optimized with the Yoast SEO plugin v26.6 - https:\/\/yoast.com\/wordpress\/plugins\/seo\/ -->\n<title>Kulturbyen T\u00f8nsberg \u2013 fra sommerby til hel\u00e5rsby\ufffc - T\u00f8nsberg H\u00f8yre<\/title>\n<meta name=\"robots\" content=\"index, follow, max-snippet:-1, max-image-preview:large, max-video-preview:-1\" \/>\n<link rel=\"canonical\" href=\"https:\/\/hoyre.no\/tonsberg\/politikk\/kulturbyen-tonsberg-fra-sommerby-til-helarsby\ufffc\/\" \/>\n<meta property=\"og:locale\" content=\"nb_NO\" \/>\n<meta property=\"og:type\" content=\"article\" \/>\n<meta property=\"og:title\" content=\"Kulturbyen T\u00f8nsberg \u2013 fra sommerby til hel\u00e5rsby\ufffc - T\u00f8nsberg H\u00f8yre\" \/>\n<meta property=\"og:url\" content=\"https:\/\/hoyre.no\/tonsberg\/politikk\/kulturbyen-tonsberg-fra-sommerby-til-helarsby\ufffc\/\" \/>\n<meta property=\"og:site_name\" content=\"T\u00f8nsberg H\u00f8yre\" \/>\n<meta property=\"article:modified_time\" content=\"2023-05-02T10:49:37+00:00\" \/>\n<meta property=\"og:image\" content=\"https:\/\/hoyre.no\/content\/uploads\/sites\/353\/2023\/04\/Tonsberg-Brygga-med-DS-Kysten-I-Foto-Mona-Grann-Meyer-IMG_3501-1024x683.jpeg\" \/>\n<meta name=\"twitter:card\" content=\"summary_large_image\" \/>\n<meta name=\"twitter:label1\" content=\"Ansl. lesetid\" \/>\n\t<meta name=\"twitter:data1\" content=\"2 minutter\" \/>\n<script type=\"application\/ld+json\" class=\"yoast-schema-graph\">{\"@context\":\"https:\/\/schema.org\",\"@graph\":[{\"@type\":\"WebPage\",\"@id\":\"https:\/\/hoyre.no\/tonsberg\/politikk\/kulturbyen-tonsberg-fra-sommerby-til-helarsby%ef%bf%bc\/\",\"url\":\"https:\/\/hoyre.no\/tonsberg\/politikk\/kulturbyen-tonsberg-fra-sommerby-til-helarsby%ef%bf%bc\/\",\"name\":\"Kulturbyen T\u00f8nsberg \u2013 fra sommerby til hel\u00e5rsby\ufffc - T\u00f8nsberg H\u00f8yre\",\"isPartOf\":{\"@id\":\"https:\/\/hoyre.no\/tonsberg\/#website\"},\"datePublished\":\"2023-04-14T13:22:11+00:00\",\"dateModified\":\"2023-05-02T10:49:37+00:00\",\"breadcrumb\":{\"@id\":\"https:\/\/hoyre.no\/tonsberg\/politikk\/kulturbyen-tonsberg-fra-sommerby-til-helarsby%ef%bf%bc\/#breadcrumb\"},\"inLanguage\":\"nb-NO\",\"potentialAction\":[{\"@type\":\"ReadAction\",\"target\":[\"https:\/\/hoyre.no\/tonsberg\/politikk\/kulturbyen-tonsberg-fra-sommerby-til-helarsby%ef%bf%bc\/\"]}]},{\"@type\":\"BreadcrumbList\",\"@id\":\"https:\/\/hoyre.no\/tonsberg\/politikk\/kulturbyen-tonsberg-fra-sommerby-til-helarsby%ef%bf%bc\/#breadcrumb\",\"itemListElement\":[{\"@type\":\"ListItem\",\"position\":1,\"name\":\"Til hoyre.no\",\"item\":\"https:\/\/hoyre.no\"},{\"@type\":\"ListItem\",\"position\":2,\"name\":\"Hjem\",\"item\":\"https:\/\/hoyre.no\/tonsberg\/\"},{\"@type\":\"ListItem\",\"position\":3,\"name\":\"Politikk\",\"item\":\"https:\/\/hoyre.no\/tonsberg\/politikk\/\"},{\"@type\":\"ListItem\",\"position\":4,\"name\":\"Kulturbyen T\u00f8nsberg \u2013 fra sommerby til hel\u00e5rsby\ufffc\"}]},{\"@type\":\"WebSite\",\"@id\":\"https:\/\/hoyre.no\/tonsberg\/#website\",\"url\":\"https:\/\/hoyre.no\/tonsberg\/\",\"name\":\"T\u00f8nsberg H\u00f8yre\",\"description\":\"Bare enda et H\u00f8yres nettsteder-nettsted\",\"inLanguage\":\"nb-NO\"}]}<\/script>\n<!-- \/ Yoast SEO plugin. -->","yoast_head_json":{"title":"Kulturbyen T\u00f8nsberg \u2013 fra sommerby til hel\u00e5rsby\ufffc - T\u00f8nsberg H\u00f8yre","robots":{"index":"index","follow":"follow","max-snippet":"max-snippet:-1","max-image-preview":"max-image-preview:large","max-video-preview":"max-video-preview:-1"},"canonical":"https:\/\/hoyre.no\/tonsberg\/politikk\/kulturbyen-tonsberg-fra-sommerby-til-helarsby\ufffc\/","og_locale":"nb_NO","og_type":"article","og_title":"Kulturbyen T\u00f8nsberg \u2013 fra sommerby til hel\u00e5rsby\ufffc - T\u00f8nsberg H\u00f8yre","og_url":"https:\/\/hoyre.no\/tonsberg\/politikk\/kulturbyen-tonsberg-fra-sommerby-til-helarsby\ufffc\/","og_site_name":"T\u00f8nsberg H\u00f8yre","article_modified_time":"2023-05-02T10:49:37+00:00","og_image":[{"url":"https:\/\/hoyre.no\/content\/uploads\/sites\/353\/2023\/04\/Tonsberg-Brygga-med-DS-Kysten-I-Foto-Mona-Grann-Meyer-IMG_3501-1024x683.jpeg","width":"","height":"","type":""}],"twitter_card":"summary_large_image","twitter_misc":{"Ansl. lesetid":"2 minutter"},"schema":{"@context":"https:\/\/schema.org","@graph":[{"@type":"WebPage","@id":"https:\/\/hoyre.no\/tonsberg\/politikk\/kulturbyen-tonsberg-fra-sommerby-til-helarsby%ef%bf%bc\/","url":"https:\/\/hoyre.no\/tonsberg\/politikk\/kulturbyen-tonsberg-fra-sommerby-til-helarsby%ef%bf%bc\/","name":"Kulturbyen T\u00f8nsberg \u2013 fra sommerby til hel\u00e5rsby\ufffc - T\u00f8nsberg H\u00f8yre","isPartOf":{"@id":"https:\/\/hoyre.no\/tonsberg\/#website"},"datePublished":"2023-04-14T13:22:11+00:00","dateModified":"2023-05-02T10:49:37+00:00","breadcrumb":{"@id":"https:\/\/hoyre.no\/tonsberg\/politikk\/kulturbyen-tonsberg-fra-sommerby-til-helarsby%ef%bf%bc\/#breadcrumb"},"inLanguage":"nb-NO","potentialAction":[{"@type":"ReadAction","target":["https:\/\/hoyre.no\/tonsberg\/politikk\/kulturbyen-tonsberg-fra-sommerby-til-helarsby%ef%bf%bc\/"]}]},{"@type":"BreadcrumbList","@id":"https:\/\/hoyre.no\/tonsberg\/politikk\/kulturbyen-tonsberg-fra-sommerby-til-helarsby%ef%bf%bc\/#breadcrumb","itemListElement":[{"@type":"ListItem","position":1,"name":"Til hoyre.no","item":"https:\/\/hoyre.no"},{"@type":"ListItem","position":2,"name":"Hjem","item":"https:\/\/hoyre.no\/tonsberg\/"},{"@type":"ListItem","position":3,"name":"Politikk","item":"https:\/\/hoyre.no\/tonsberg\/politikk\/"},{"@type":"ListItem","position":4,"name":"Kulturbyen T\u00f8nsberg \u2013 fra sommerby til hel\u00e5rsby\ufffc"}]},{"@type":"WebSite","@id":"https:\/\/hoyre.no\/tonsberg\/#website","url":"https:\/\/hoyre.no\/tonsberg\/","name":"T\u00f8nsberg H\u00f8yre","description":"Bare enda et H\u00f8yres nettsteder-nettsted","inLanguage":"nb-NO"}]}},"distributor_meta":false,"distributor_terms":false,"distributor_media":false,"distributor_original_site_name":"T\u00f8nsberg H\u00f8yre","distributor_original_site_url":"https:\/\/hoyre.no\/tonsberg","push-errors":false,"_links":{"self":[{"href":"https:\/\/hoyre.no\/tonsberg\/wp-json\/wp\/v2\/pages\/1402","targetHints":{"allow":["GET"]}}],"collection":[{"href":"https:\/\/hoyre.no\/tonsberg\/wp-json\/wp\/v2\/pages"}],"about":[{"href":"https:\/\/hoyre.no\/tonsberg\/wp-json\/wp\/v2\/types\/page"}],"author":[{"embeddable":true,"href":"https:\/\/hoyre.no\/tonsberg\/wp-json\/wp\/v2\/users\/14966"}],"replies":[{"embeddable":true,"href":"https:\/\/hoyre.no\/tonsberg\/wp-json\/wp\/v2\/comments?post=1402"}],"version-history":[{"count":1,"href":"https:\/\/hoyre.no\/tonsberg\/wp-json\/wp\/v2\/pages\/1402\/revisions"}],"predecessor-version":[{"id":1404,"href":"https:\/\/hoyre.no\/tonsberg\/wp-json\/wp\/v2\/pages\/1402\/revisions\/1404"}],"up":[{"embeddable":true,"href":"https:\/\/hoyre.no\/tonsberg\/wp-json\/wp\/v2\/pages\/1438"}],"wp:attachment":[{"href":"https:\/\/hoyre.no\/tonsberg\/wp-json\/wp\/v2\/media?parent=1402"}],"curies":[{"name":"wp","href":"https:\/\/api.w.org\/{rel}","templated":true}]}}